[INFO] cloning repository https://github.com/jingfanfeng/Rust-Testing
[INFO] running `Command { std: "git" "-c" "credential.helper=" "-c" "credential.helper=/workspace/cargo-home/bin/git-credential-null" "clone" "--bare" "https://github.com/jingfanfeng/Rust-Testing" "/workspace/cache/git-repos/https%3A%2F%2Fgithub.com%2Fjingfanfeng%2FRust-Testing", kill_on_drop: false }`
[INFO] [stderr] Cloning into bare repository '/workspace/cache/git-repos/https%3A%2F%2Fgithub.com%2Fjingfanfeng%2FRust-Testing'...
[INFO] running `Command { std: "git" "rev-parse" "HEAD", kill_on_drop: false }`
[INFO] [stdout] a75c22d587be974bdf4dbd989abaf7fe7c19831e
[INFO] testing jingfanfeng/Rust-Testing against nightly-2025-01-18 for randomize-layout-2
[INFO] running `Command { std: "git" "clone" "/workspace/cache/git-repos/https%3A%2F%2Fgithub.com%2Fjingfanfeng%2FRust-Testing" "/workspace/builds/worker-3-tc1/source", kill_on_drop: false }`
[INFO] [stderr] Cloning into '/workspace/builds/worker-3-tc1/source'...
[INFO] [stderr] done.
[INFO] validating manifest of git repo https://github.com/jingfanfeng/Rust-Testing on toolchain nightly-2025-01-18
[INFO] running `Command { std: CARGO_HOME="/workspace/cargo-home" RUSTUP_HOME="/workspace/rustup-home" "/workspace/cargo-home/bin/cargo" "+nightly-2025-01-18" "metadata" "--manifest-path" "Cargo.toml" "--no-deps", kill_on_drop: false }`
[INFO] started tweaking git repo https://github.com/jingfanfeng/Rust-Testing
[INFO] finished tweaking git repo https://github.com/jingfanfeng/Rust-Testing
[INFO] tweaked toml for git repo https://github.com/jingfanfeng/Rust-Testing written to /workspace/builds/worker-3-tc1/source/Cargo.toml
[INFO] crate git repo https://github.com/jingfanfeng/Rust-Testing already has a lockfile, it will not be regenerated
[INFO] running `Command { std: CARGO_HOME="/workspace/cargo-home" RUSTUP_HOME="/workspace/rustup-home" "/workspace/cargo-home/bin/cargo" "+nightly-2025-01-18" "fetch" "--manifest-path" "Cargo.toml", kill_on_drop: false }`
[INFO] running `Command { std: "docker" "create" "-v" "/var/lib/crater-agent-workspace/builds/worker-3-tc1/target:/opt/rustwide/target:rw,Z" "-v" "/var/lib/crater-agent-workspace/builds/worker-3-tc1/source:/opt/rustwide/workdir:ro,Z" "-v" "/var/lib/crater-agent-workspace/cargo-home:/opt/rustwide/cargo-home:ro,Z" "-v" "/var/lib/crater-agent-workspace/rustup-home:/opt/rustwide/rustup-home:ro,Z" "-e" "SOURCE_DIR=/opt/rustwide/workdir" "-e" "CARGO_TARGET_DIR=/opt/rustwide/target" "-e" "CARGO_HOME=/opt/rustwide/cargo-home" "-e" "RUSTUP_HOME=/opt/rustwide/rustup-home" "-w" "/opt/rustwide/workdir" "-m" "1610612736" "--user" "0:0" "--network" "none" "ghcr.io/rust-lang/crates-build-env/linux@sha256:819108c5571ea2e421544af4d832f968d213c87fbe3707a016657f43d2f853bc" "/opt/rustwide/cargo-home/bin/cargo" "+nightly-2025-01-18" "metadata" "--no-deps" "--format-version=1", kill_on_drop: false }`
[INFO] [stdout] 1d3baffbf5fbe8e2c33743ae0dd426b8006856d341739b239501674a5da51860
[INFO] running `Command { std: "docker" "start" "-a" "1d3baffbf5fbe8e2c33743ae0dd426b8006856d341739b239501674a5da51860", kill_on_drop: false }`
[INFO] running `Command { std: "docker" "inspect" "1d3baffbf5fbe8e2c33743ae0dd426b8006856d341739b239501674a5da51860", kill_on_drop: false }`
[INFO] running `Command { std: "docker" "rm" "-f" "1d3baffbf5fbe8e2c33743ae0dd426b8006856d341739b239501674a5da51860", kill_on_drop: false }`
[INFO] [stdout] 1d3baffbf5fbe8e2c33743ae0dd426b8006856d341739b239501674a5da51860
[INFO] running `Command { std: "docker" "create" "-v" "/var/lib/crater-agent-workspace/builds/worker-3-tc1/target:/opt/rustwide/target:rw,Z" "-v" "/var/lib/crater-agent-workspace/builds/worker-3-tc1/source:/opt/rustwide/workdir:ro,Z" "-v" "/var/lib/crater-agent-workspace/cargo-home:/opt/rustwide/cargo-home:ro,Z" "-v" "/var/lib/crater-agent-workspace/rustup-home:/opt/rustwide/rustup-home:ro,Z" "-e" "SOURCE_DIR=/opt/rustwide/workdir" "-e" "CARGO_TARGET_DIR=/opt/rustwide/target" "-e" "CARGO_INCREMENTAL=0" "-e" "RUST_BACKTRACE=full" "-e" "RUSTFLAGS=--cap-lints=forbid" "-e" "RUSTDOCFLAGS=--cap-lints=forbid" "-e" "CARGO_HOME=/opt/rustwide/cargo-home" "-e" "RUSTUP_HOME=/opt/rustwide/rustup-home" "-w" "/opt/rustwide/workdir" "-m" "1610612736" "--user" "0:0" "--network" "none" "ghcr.io/rust-lang/crates-build-env/linux@sha256:819108c5571ea2e421544af4d832f968d213c87fbe3707a016657f43d2f853bc" "/opt/rustwide/cargo-home/bin/cargo" "+nightly-2025-01-18" "build" "--frozen" "--message-format=json", kill_on_drop: false }`
[INFO] [stdout] 4dc56af842601cc42a6ac230e830cdcb816ff5673b32b245eeb5364e420ac9ce
[INFO] running `Command { std: "docker" "start" "-a" "4dc56af842601cc42a6ac230e830cdcb816ff5673b32b245eeb5364e420ac9ce", kill_on_drop: false }`
[INFO] [stderr]    Compiling Simple-Arithmetic-Utilities v0.1.0 (/opt/rustwide/workdir)
[INFO] [stdout] warning: crate `Simple_Arithmetic_Utilities` should have a snake case name
[INFO] [stdout]   |
[INFO] [stdout]   = help: convert the identifier to snake case: `simple_arithmetic_utilities`
[INFO] [stdout]   = note: `#[warn(non_snake_case)]` on by default
[INFO] [stdout] 
[INFO] [stdout] 
[INFO] [stderr]     Finished `dev` profile [unoptimized + debuginfo] target(s) in 0.11s
[INFO] running `Command { std: "docker" "inspect" "4dc56af842601cc42a6ac230e830cdcb816ff5673b32b245eeb5364e420ac9ce", kill_on_drop: false }`
[INFO] running `Command { std: "docker" "rm" "-f" "4dc56af842601cc42a6ac230e830cdcb816ff5673b32b245eeb5364e420ac9ce", kill_on_drop: false }`
[INFO] [stdout] 4dc56af842601cc42a6ac230e830cdcb816ff5673b32b245eeb5364e420ac9ce
[INFO] running `Command { std: "docker" "create" "-v" "/var/lib/crater-agent-workspace/builds/worker-3-tc1/target:/opt/rustwide/target:rw,Z" "-v" "/var/lib/crater-agent-workspace/builds/worker-3-tc1/source:/opt/rustwide/workdir:ro,Z" "-v" "/var/lib/crater-agent-workspace/cargo-home:/opt/rustwide/cargo-home:ro,Z" "-v" "/var/lib/crater-agent-workspace/rustup-home:/opt/rustwide/rustup-home:ro,Z" "-e" "SOURCE_DIR=/opt/rustwide/workdir" "-e" "CARGO_TARGET_DIR=/opt/rustwide/target" "-e" "CARGO_INCREMENTAL=0" "-e" "RUST_BACKTRACE=full" "-e" "RUSTFLAGS=--cap-lints=forbid" "-e" "RUSTDOCFLAGS=--cap-lints=forbid" "-e" "CARGO_HOME=/opt/rustwide/cargo-home" "-e" "RUSTUP_HOME=/opt/rustwide/rustup-home" "-w" "/opt/rustwide/workdir" "-m" "1610612736" "--user" "0:0" "--network" "none" "ghcr.io/rust-lang/crates-build-env/linux@sha256:819108c5571ea2e421544af4d832f968d213c87fbe3707a016657f43d2f853bc" "/opt/rustwide/cargo-home/bin/cargo" "+nightly-2025-01-18" "test" "--frozen" "--no-run" "--message-format=json", kill_on_drop: false }`
[INFO] [stdout] a048cdbcda9971c48e0373ab6d2e840b09bd74b9c3ccc35ed83441477bb6a5b0
[INFO] running `Command { std: "docker" "start" "-a" "a048cdbcda9971c48e0373ab6d2e840b09bd74b9c3ccc35ed83441477bb6a5b0", kill_on_drop: false }`
[INFO] [stderr]    Compiling Simple-Arithmetic-Utilities v0.1.0 (/opt/rustwide/workdir)
[INFO] [stdout] warning: crate `Simple_Arithmetic_Utilities` should have a snake case name
[INFO] [stdout]   |
[INFO] [stdout]   = help: convert the identifier to snake case: `simple_arithmetic_utilities`
[INFO] [stdout]   = note: `#[warn(non_snake_case)]` on by default
[INFO] [stdout] 
[INFO] [stdout] 
[INFO] [stderr]     Finished `test` profile [unoptimized + debuginfo] target(s) in 0.24s
[INFO] running `Command { std: "docker" "inspect" "a048cdbcda9971c48e0373ab6d2e840b09bd74b9c3ccc35ed83441477bb6a5b0", kill_on_drop: false }`
[INFO] running `Command { std: "docker" "rm" "-f" "a048cdbcda9971c48e0373ab6d2e840b09bd74b9c3ccc35ed83441477bb6a5b0", kill_on_drop: false }`
[INFO] [stdout] a048cdbcda9971c48e0373ab6d2e840b09bd74b9c3ccc35ed83441477bb6a5b0
[INFO] running `Command { std: "docker" "create" "-v" "/var/lib/crater-agent-workspace/builds/worker-3-tc1/target:/opt/rustwide/target:rw,Z" "-v" "/var/lib/crater-agent-workspace/builds/worker-3-tc1/source:/opt/rustwide/workdir:ro,Z" "-v" "/var/lib/crater-agent-workspace/cargo-home:/opt/rustwide/cargo-home:ro,Z" "-v" "/var/lib/crater-agent-workspace/rustup-home:/opt/rustwide/rustup-home:ro,Z" "-e" "SOURCE_DIR=/opt/rustwide/workdir" "-e" "CARGO_TARGET_DIR=/opt/rustwide/target" "-e" "CARGO_INCREMENTAL=0" "-e" "RUST_BACKTRACE=full" "-e" "RUSTFLAGS=--cap-lints=forbid" "-e" "RUSTDOCFLAGS=--cap-lints=forbid" "-e" "CARGO_HOME=/opt/rustwide/cargo-home" "-e" "RUSTUP_HOME=/opt/rustwide/rustup-home" "-w" "/opt/rustwide/workdir" "-m" "1610612736" "--user" "0:0" "--network" "none" "ghcr.io/rust-lang/crates-build-env/linux@sha256:819108c5571ea2e421544af4d832f968d213c87fbe3707a016657f43d2f853bc" "/opt/rustwide/cargo-home/bin/cargo" "+nightly-2025-01-18" "test" "--frozen", kill_on_drop: false }`
[INFO] [stdout] 02d8d04264f79d0e2844429444cade7c4cf0234087f2019f4758981ad71d96fa
[INFO] running `Command { std: "docker" "start" "-a" "02d8d04264f79d0e2844429444cade7c4cf0234087f2019f4758981ad71d96fa", kill_on_drop: false }`
[INFO] [stderr] warning: crate `Simple_Arithmetic_Utilities` should have a snake case name
[INFO] [stderr]   |
[INFO] [stderr]   = help: convert the identifier to snake case: `simple_arithmetic_utilities`
[INFO] [stderr]   = note: `#[warn(non_snake_case)]` on by default
[INFO] [stderr] 
[INFO] [stderr] warning: `Simple-Arithmetic-Utilities` (lib) generated 1 warning
[INFO] [stderr]     Finished `test` profile [unoptimized + debuginfo] target(s) in 0.01s
[INFO] [stderr]      Running unittests src/lib.rs (/opt/rustwide/target/debug/deps/Simple_Arithmetic_Utilities-39bf5e09b3e83b8e)
[INFO] [stdout] 
[INFO] [stdout] running 0 tests
[INFO] [stderr]    Doc-tests Simple_Arithmetic_Utilities
[INFO] [stdout] 
[INFO] [stdout] test result: ok. 0 passed; 0 failed; 0 ignored; 0 measured; 0 filtered out; finished in 0.00s
[INFO] [stdout] 
[INFO] [stdout] 
[INFO] [stdout] running 1 test
[INFO] [stdout] test src/lib.rs - add_one (line 9) ... FAILED
[INFO] [stdout] 
[INFO] [stdout] failures:
[INFO] [stdout] 
[INFO] [stdout] ---- src/lib.rs - add_one (line 9) stdout ----
[INFO] [stdout] error[E0433]: failed to resolve: use of undeclared crate or module `test_module`
[INFO] [stdout]  --> src/lib.rs:11:14
[INFO] [stdout]   |
[INFO] [stdout] 4 | let answer = test_module::add_one(arg);
[INFO] [stdout]   |              ^^^^^^^^^^^ use of undeclared crate or module `test_module`
[INFO] [stdout] 
[INFO] [stdout] error: aborting due to 1 previous error
[INFO] [stdout] 
[INFO] [stdout] For more information about this error, try `rustc --explain E0433`.
[INFO] [stdout] Couldn't compile the test.
[INFO] [stdout] 
[INFO] [stdout] failures:
[INFO] [stdout]     src/lib.rs - add_one (line 9)
[INFO] [stdout] 
[INFO] [stdout] test result: FAILED. 0 passed; 1 failed; 0 ignored; 0 measured; 0 filtered out; finished in 0.13s
[INFO] [stdout] 
[INFO] [stderr] error: doctest failed, to rerun pass `--doc`
[INFO] running `Command { std: "docker" "inspect" "02d8d04264f79d0e2844429444cade7c4cf0234087f2019f4758981ad71d96fa", kill_on_drop: false }`
[INFO] running `Command { std: "docker" "rm" "-f" "02d8d04264f79d0e2844429444cade7c4cf0234087f2019f4758981ad71d96fa", kill_on_drop: false }`
[INFO] [stdout] 02d8d04264f79d0e2844429444cade7c4cf0234087f2019f4758981ad71d96fa
