[INFO] cloning repository https://github.com/jiangzl0325/shadow-rust
[INFO] running `Command { std: "git" "-c" "credential.helper=" "-c" "credential.helper=/workspace/cargo-home/bin/git-credential-null" "clone" "--bare" "https://github.com/jiangzl0325/shadow-rust" "/workspace/cache/git-repos/https%3A%2F%2Fgithub.com%2Fjiangzl0325%2Fshadow-rust", kill_on_drop: false }`
[INFO] [stderr] Cloning into bare repository '/workspace/cache/git-repos/https%3A%2F%2Fgithub.com%2Fjiangzl0325%2Fshadow-rust'...
[INFO] running `Command { std: "git" "rev-parse" "HEAD", kill_on_drop: false }`
[INFO] [stdout] bdebccdfc1b7ea4be8084cdd2e426decf4196268
[INFO] testing jiangzl0325/shadow-rust against nightly-2025-01-18 for randomize-layout-2
[INFO] running `Command { std: "git" "clone" "/workspace/cache/git-repos/https%3A%2F%2Fgithub.com%2Fjiangzl0325%2Fshadow-rust" "/workspace/builds/worker-0-tc1/source", kill_on_drop: false }`
[INFO] [stderr] Cloning into '/workspace/builds/worker-0-tc1/source'...
[INFO] [stderr] done.
[INFO] validating manifest of git repo https://github.com/jiangzl0325/shadow-rust on toolchain nightly-2025-01-18
[INFO] running `Command { std: CARGO_HOME="/workspace/cargo-home" RUSTUP_HOME="/workspace/rustup-home" "/workspace/cargo-home/bin/cargo" "+nightly-2025-01-18" "metadata" "--manifest-path" "Cargo.toml" "--no-deps", kill_on_drop: false }`
[INFO] started tweaking git repo https://github.com/jiangzl0325/shadow-rust
[INFO] finished tweaking git repo https://github.com/jiangzl0325/shadow-rust
[INFO] tweaked toml for git repo https://github.com/jiangzl0325/shadow-rust written to /workspace/builds/worker-0-tc1/source/Cargo.toml
[INFO] crate git repo https://github.com/jiangzl0325/shadow-rust already has a lockfile, it will not be regenerated
[INFO] running `Command { std: CARGO_HOME="/workspace/cargo-home" RUSTUP_HOME="/workspace/rustup-home" "/workspace/cargo-home/bin/cargo" "+nightly-2025-01-18" "fetch" "--manifest-path" "Cargo.toml", kill_on_drop: false }`
[INFO] [stderr]     Updating crates.io index
[INFO] [stderr]  Downloading crates ...
[INFO] [stderr]   Downloaded xdg v2.5.2
[INFO] [stderr]   Downloaded windows-targets v0.48.1
[INFO] [stderr]   Downloaded anstyle v1.0.1
[INFO] [stderr]   Downloaded match_cfg v0.1.0
[INFO] [stderr]   Downloaded tcmalloc-sys v0.3.0
[INFO] [stderr]   Downloaded wasm-bindgen-shared v0.2.87
[INFO] [stderr]   Downloaded futures-sink v0.3.28
[INFO] [stderr]   Downloaded managed v0.8.0
[INFO] [stderr]   Downloaded anstyle-parse v0.2.1
[INFO] [stderr]   Downloaded pkg-config v0.3.27
[INFO] [stderr]   Downloaded jemallocator v0.5.4
[INFO] [stderr]   Downloaded iana-time-zone v0.1.57
[INFO] [stderr]   Downloaded terminal_size v0.2.6
[INFO] [stderr]   Downloaded log-mdc v0.1.0
[INFO] [stderr]   Downloaded clap_lex v0.5.0
[INFO] [stderr]   Downloaded anyhow v1.0.72
[INFO] [stderr]   Downloaded destructure_traitobject v0.2.0
[INFO] [stderr]   Downloaded daemonize v0.5.0
[INFO] [stderr]   Downloaded thread-id v4.1.0
[INFO] [stderr]   Downloaded chrono v0.4.26
[INFO] [stderr]   Downloaded qrcode v0.12.0
[INFO] [stderr]   Downloaded clap_builder v4.3.21
[INFO] [stderr]   Downloaded time v0.3.25
[INFO] [stderr]   Downloaded pest v2.7.2
[INFO] [stderr]   Downloaded aho-corasick v1.0.2
[INFO] [stderr]   Downloaded reqwest v0.11.20
[INFO] [stderr]   Downloaded trust-dns-proto v0.23.0-alpha.5
[INFO] [stderr]   Downloaded serde_derive v1.0.183
[INFO] [stderr]   Downloaded regex-syntax v0.7.4
[INFO] [stderr]   Downloaded p384 v0.11.2
[INFO] [stderr]   Downloaded rustix v0.37.23
[INFO] [stderr]   Downloaded regex v1.9.3
[INFO] [stderr]   Downloaded windows_aarch64_gnullvm v0.48.0
[INFO] [stderr]   Downloaded windows_x86_64_gnullvm v0.48.0
[INFO] [stderr]   Downloaded etherparse v0.13.0
[INFO] [stderr]   Downloaded nix v0.26.2
[INFO] [stderr]   Downloaded rustix v0.38.7
[INFO] [stderr]   Downloaded gimli v0.27.3
[INFO] [stderr]   Downloaded windows_x86_64_gnu v0.48.0
[INFO] [stderr]   Downloaded log4rs v1.2.0
[INFO] [stderr]   Downloaded rpmalloc-sys v0.2.3+b097fd0
[INFO] [stderr]   Downloaded windows_i686_gnu v0.48.0
[INFO] [stderr]   Downloaded windows_x86_64_msvc v0.48.0
[INFO] [stderr]   Downloaded regex-automata v0.3.6
[INFO] [stderr]   Downloaded libc v0.2.147
[INFO] [stderr]   Downloaded windows_i686_msvc v0.48.0
[INFO] [stderr]   Downloaded windows_aarch64_msvc v0.48.0
[INFO] [stderr]   Downloaded web-sys v0.3.64
[INFO] [stderr]   Downloaded tokio v1.29.1
[INFO] [stderr]   Downloaded der v0.6.1
[INFO] [stderr]   Downloaded openssl v0.10.56
[INFO] [stderr]   Downloaded rustls v0.21.6
[INFO] [stderr]   Downloaded webpki-roots v0.25.2
[INFO] [stderr]   Downloaded object v0.31.1
[INFO] [stderr]   Downloaded syn v2.0.28
[INFO] [stderr]   Downloaded jemalloc-sys v0.5.4+5.3.0-patched
[INFO] [stderr]   Downloaded elliptic-curve v0.12.3
[INFO] [stderr]   Downloaded const-oid v0.9.4
[INFO] [stderr]   Downloaded pkcs8 v0.9.0
[INFO] [stderr]   Downloaded yaml-rust v0.4.5
[INFO] [stderr]   Downloaded serde_yaml v0.8.26
[INFO] [stderr]   Downloaded libmimalloc-sys v0.1.33
[INFO] [stderr]   Downloaded shadowsocks-crypto v0.5.1
[INFO] [stderr]   Downloaded pest_meta v2.7.2
[INFO] [stderr]   Downloaded sec1 v0.3.0
[INFO] [stderr]   Downloaded spki v0.6.0
[INFO] [stderr]   Downloaded futures-executor v0.3.28
[INFO] [stderr]   Downloaded atomic-polyfill v0.1.11
[INFO] [stderr]   Downloaded semver v1.0.18
[INFO] [stderr]   Downloaded cookie v0.16.2
[INFO] [stderr]   Downloaded cookie_store v0.16.2
[INFO] [stderr]   Downloaded iprange v0.6.7
[INFO] [stderr]   Downloaded sha2 v0.10.7
[INFO] [stderr]   Downloaded pest_derive v2.7.2
[INFO] [stderr]   Downloaded rustls-native-certs v0.6.3
[INFO] [stderr]   Downloaded md-5 v0.10.5
[INFO] [stderr]   Downloaded linux-raw-sys v0.4.5
[INFO] [stderr]   Downloaded ed25519 v1.5.3
[INFO] [stderr]   Downloaded zeroize v1.6.0
[INFO] [stderr]   Downloaded cpufeatures v0.2.9
[INFO] [stderr]   Downloaded sha1 v0.10.5
[INFO] [stderr]   Downloaded critical-section v1.1.1
[INFO] [stderr]   Downloaded ordered-float v2.10.0
[INFO] [stderr]   Downloaded serde-value v0.7.0
[INFO] [stderr]   Downloaded typemap-ors v1.0.0
[INFO] [stderr]   Downloaded checked_int_cast v1.0.0
[INFO] [stderr]   Downloaded deranged v0.3.8
[INFO] [stderr]   Downloaded time-core v0.1.1
[INFO] [stderr]   Downloaded time-macros v0.2.11
[INFO] [stderr]   Downloaded wasm-bindgen-futures v0.4.37
[INFO] [stderr]   Downloaded rtoolbox v0.0.1
[INFO] [stderr]   Downloaded rpassword v7.2.0
[INFO] [stderr]   Downloaded rpmalloc v0.2.2
[INFO] [stderr]   Downloaded pest_generator v2.7.2
[INFO] [stderr]   Downloaded json5 v0.4.1
[INFO] [stderr]   Downloaded bloomfilter v1.0.9
[INFO] [stderr]   Downloaded byte_string v1.0.0
[INFO] [stderr]   Downloaded is-terminal v0.4.9
[INFO] [stderr]   Downloaded env_logger v0.10.0
[INFO] [stderr]   Downloaded lru_time_cache v0.11.11
[INFO] [stderr]   Downloaded crossbeam-channel v0.5.8
[INFO] [stderr]   Downloaded serde_json v1.0.104
[INFO] [stderr]   Downloaded aes v0.8.3
[INFO] [stderr]   Downloaded blake3 v1.4.1
[INFO] [stderr]   Downloaded unsafe-any-ors v1.0.0
[INFO] [stderr]   Downloaded mimalloc v0.1.37
[INFO] [stderr]   Downloaded matches v0.1.10
[INFO] [stderr]   Downloaded ucd-trie v0.1.6
[INFO] [stderr]   Downloaded walkdir v2.3.3
[INFO] [stderr]   Downloaded constant_time_eq v0.3.0
[INFO] [stderr]   Downloaded h2 v0.3.20
[INFO] [stderr]   Downloaded rustls-webpki v0.101.2
[INFO] [stderr]   Downloaded wasm-bindgen v0.2.87
[INFO] [stderr]   Downloaded filetime v0.2.22
[INFO] [stderr]   Downloaded notify v6.0.1
[INFO] [stderr]   Downloaded aes-gcm v0.10.2
[INFO] [stderr]   Downloaded ccm v0.5.0
[INFO] [stderr]   Downloaded p256 v0.11.1
[INFO] [stderr]   Downloaded signature v1.6.4
[INFO] [stderr]   Downloaded ring-compat v0.5.1
[INFO] [stderr]   Downloaded tokio-tfo v0.2.2
[INFO] [stderr]   Downloaded defmt-parser v0.3.3
[INFO] [stderr]   Downloaded sendfd v0.4.3
[INFO] [stderr]   Downloaded ghash v0.5.0
[INFO] [stderr]   Downloaded futures-util v0.3.28
[INFO] [stderr]   Downloaded polyval v0.6.1
[INFO] [stderr]   Downloaded hkdf v0.12.3
[INFO] [stderr]   Downloaded ecdsa v0.14.8
[INFO] [stderr]   Downloaded defmt-macros v0.3.6
[INFO] [stderr]   Downloaded defmt v0.3.5
[INFO] [stderr]   Downloaded hash32 v0.2.1
[INFO] [stderr]   Downloaded aes-gcm-siv v0.11.1
[INFO] [stderr]   Downloaded ctr v0.9.2
[INFO] [stderr]   Downloaded opaque-debug v0.3.0
[INFO] [stderr]   Downloaded crypto-bigint v0.4.9
[INFO] [stderr]   Downloaded futures v0.3.28
[INFO] [stderr]   Downloaded tokio-util v0.7.8
[INFO] [stderr]   Downloaded http v0.2.9
[INFO] [stderr]   Downloaded js-sys v0.3.64
[INFO] [stderr]   Downloaded bumpalo v3.13.0
[INFO] [stderr]   Downloaded trust-dns-resolver v0.23.0-alpha.5
[INFO] [stderr]   Downloaded serde v1.0.183
[INFO] [stderr]   Downloaded mio v0.8.8
[INFO] [stderr]   Downloaded num-traits v0.2.16
[INFO] [stderr]   Downloaded base16ct v0.1.1
[INFO] [stderr]   Downloaded security-framework v2.9.2
[INFO] [stderr]   Downloaded widestring v1.0.2
[INFO] [stderr]   Downloaded base64 v0.21.2
[INFO] [stderr]   Downloaded tracing-core v0.1.31
[INFO] [stderr]   Downloaded tracing v0.1.37
[INFO] [stderr]   Downloaded url v2.4.0
[INFO] [stderr]   Downloaded tokio-util v0.6.10
[INFO] [stderr]   Downloaded cc v1.0.82
[INFO] [stderr]   Downloaded backtrace v0.3.68
[INFO] [stderr]   Downloaded bytes v1.4.0
[INFO] [stderr]   Downloaded heapless v0.7.16
[INFO] [stderr]   Downloaded clap v4.3.21
[INFO] [stderr]   Downloaded smoltcp v0.10.0
[INFO] [stderr]   Downloaded openssl-sys v0.9.91
[INFO] [stderr]   Downloaded schannel v0.1.22
[INFO] [stderr]   Downloaded security-framework-sys v2.9.1
[INFO] [stderr]   Downloaded socket2 v0.5.3
[INFO] [stderr]   Downloaded ipconfig v0.3.2
[INFO] [stderr]   Downloaded getrandom v0.2.10
[INFO] [stderr]   Downloaded tracing-attributes v0.1.26
[INFO] [stderr]   Downloaded futures-core v0.3.28
[INFO] [stderr]   Downloaded parking_lot_core v0.9.8
[INFO] [stderr]   Downloaded socket2 v0.4.9
[INFO] [stderr]   Downloaded proc-macro2 v1.0.66
[INFO] [stderr]   Downloaded quote v1.0.32
[INFO] [stderr]   Downloaded unicode-ident v1.0.11
[INFO] [stderr]   Downloaded bitflags v2.3.3
[INFO] [stderr]   Downloaded tempfile v3.7.1
[INFO] [stderr]   Downloaded async-trait v0.1.73
[INFO] [stderr]   Downloaded ipnet v2.8.0
[INFO] [stderr]   Downloaded wasm-bindgen-backend v0.2.87
[INFO] [stderr]   Downloaded sct v0.7.0
[INFO] [stderr]   Downloaded smallvec v1.11.0
[INFO] [stderr]   Downloaded anstream v0.3.2
[INFO] [stderr]   Downloaded futures-channel v0.3.28
[INFO] [stderr]   Downloaded futures-task v0.3.28
[INFO] [stderr]   Downloaded wasm-bindgen-macro-support v0.2.87
[INFO] [stderr]   Downloaded thiserror-impl v1.0.44
[INFO] [stderr]   Downloaded addr2line v0.20.0
[INFO] [stderr]   Downloaded lock_api v0.4.10
[INFO] [stderr]   Downloaded pin-project-lite v0.2.11
[INFO] [stderr]   Downloaded build-time v0.1.3
[INFO] [stderr]   Downloaded anstyle-wincon v1.0.1
[INFO] [stderr]   Downloaded fastrand v2.0.0
[INFO] [stderr]   Downloaded errno v0.3.2
[INFO] [stderr]   Downloaded lru-cache v0.1.2
[INFO] [stderr]   Downloaded hostname v0.3.1
[INFO] [stderr]   Downloaded quick-error v1.2.3
[INFO] [stderr]   Downloaded resolv-conf v0.7.0
[INFO] [stderr]   Downloaded data-encoding v2.4.0
[INFO] [stderr]   Downloaded enum-as-inner v0.6.0
[INFO] [stderr]   Downloaded snmalloc-sys v0.3.4
[INFO] [stderr]   Downloaded futures-io v0.3.28
[INFO] [stderr]   Downloaded futures-macro v0.3.28
[INFO] [stderr]   Downloaded slab v0.4.8
[INFO] [stderr]   Downloaded rustls-pemfile v1.0.3
[INFO] [stderr]   Downloaded untrusted v0.7.1
[INFO] [stderr]   Downloaded tun v0.5.5
[INFO] [stderr]   Downloaded cmake v0.1.50
[INFO] [stderr]   Downloaded sysexits v0.6.3
[INFO] [stderr]   Downloaded hermit-abi v0.3.2
[INFO] [stderr]   Downloaded thiserror v1.0.44
[INFO] [stderr]   Downloaded tokio-macros v2.1.0
[INFO] [stderr]   Downloaded wasm-bindgen-macro v0.2.87
[INFO] [stderr]   Downloaded ioctl-sys v0.6.0
[INFO] [stderr]   Downloaded snmalloc-rs v0.3.4
[INFO] [stderr]   Downloaded tcmalloc v0.3.0
[INFO] [stderr]   Downloaded ring v0.16.20
[INFO] running `Command { std: "docker" "create" "-v" "/var/lib/crater-agent-workspace/builds/worker-0-tc1/target:/opt/rustwide/target:rw,Z" "-v" "/var/lib/crater-agent-workspace/builds/worker-0-tc1/source:/opt/rustwide/workdir:ro,Z" "-v" "/var/lib/crater-agent-workspace/cargo-home:/opt/rustwide/cargo-home:ro,Z" "-v" "/var/lib/crater-agent-workspace/rustup-home:/opt/rustwide/rustup-home:ro,Z" "-e" "SOURCE_DIR=/opt/rustwide/workdir" "-e" "CARGO_TARGET_DIR=/opt/rustwide/target" "-e" "CARGO_HOME=/opt/rustwide/cargo-home" "-e" "RUSTUP_HOME=/opt/rustwide/rustup-home" "-w" "/opt/rustwide/workdir" "-m" "1610612736" "--user" "0:0" "--network" "none" "ghcr.io/rust-lang/crates-build-env/linux@sha256:819108c5571ea2e421544af4d832f968d213c87fbe3707a016657f43d2f853bc" "/opt/rustwide/cargo-home/bin/cargo" "+nightly-2025-01-18" "metadata" "--no-deps" "--format-version=1", kill_on_drop: false }`
[INFO] [stdout] 241bfe73e0825f1a589a923b390fbfaf10bd58293718c508a6ea015cde68a9ea
[INFO] running `Command { std: "docker" "start" "-a" "241bfe73e0825f1a589a923b390fbfaf10bd58293718c508a6ea015cde68a9ea", kill_on_drop: false }`
[INFO] running `Command { std: "docker" "inspect" "241bfe73e0825f1a589a923b390fbfaf10bd58293718c508a6ea015cde68a9ea", kill_on_drop: false }`
[INFO] running `Command { std: "docker" "rm" "-f" "241bfe73e0825f1a589a923b390fbfaf10bd58293718c508a6ea015cde68a9ea", kill_on_drop: false }`
[INFO] [stdout] 241bfe73e0825f1a589a923b390fbfaf10bd58293718c508a6ea015cde68a9ea
[INFO] running `Command { std: "docker" "create" "-v" "/var/lib/crater-agent-workspace/builds/worker-0-tc1/target:/opt/rustwide/target:rw,Z" "-v" "/var/lib/crater-agent-workspace/builds/worker-0-tc1/source:/opt/rustwide/workdir:ro,Z" "-v" "/var/lib/crater-agent-workspace/cargo-home:/opt/rustwide/cargo-home:ro,Z" "-v" "/var/lib/crater-agent-workspace/rustup-home:/opt/rustwide/rustup-home:ro,Z" "-e" "SOURCE_DIR=/opt/rustwide/workdir" "-e" "CARGO_TARGET_DIR=/opt/rustwide/target" "-e" "CARGO_INCREMENTAL=0" "-e" "RUST_BACKTRACE=full" "-e" "RUSTFLAGS=--cap-lints=forbid" "-e" "RUSTDOCFLAGS=--cap-lints=forbid" "-e" "CARGO_HOME=/opt/rustwide/cargo-home" "-e" "RUSTUP_HOME=/opt/rustwide/rustup-home" "-w" "/opt/rustwide/workdir" "-m" "1610612736" "--user" "0:0" "--network" "none" "ghcr.io/rust-lang/crates-build-env/linux@sha256:819108c5571ea2e421544af4d832f968d213c87fbe3707a016657f43d2f853bc" "/opt/rustwide/cargo-home/bin/cargo" "+nightly-2025-01-18" "build" "--frozen" "--message-format=json", kill_on_drop: false }`
[INFO] [stdout] 4185b38fa7be459bb91162e40c6522ea972e0a215a1032a216b2cdea1fa930ad
[INFO] running `Command { std: "docker" "start" "-a" "4185b38fa7be459bb91162e40c6522ea972e0a215a1032a216b2cdea1fa930ad", kill_on_drop: false }`
[INFO] [stderr]    Compiling libc v0.2.147
[INFO] [stderr]    Compiling proc-macro2 v1.0.66
[INFO] [stderr]    Compiling unicode-ident v1.0.11
[INFO] [stderr]    Compiling typenum v1.16.0
[INFO] [stderr]    Compiling version_check v0.9.4
[INFO] [stderr]    Compiling serde v1.0.183
[INFO] [stderr]    Compiling serde_derive v1.0.183
[INFO] [stderr]    Compiling subtle v2.5.0
[INFO] [stderr]    Compiling once_cell v1.18.0
[INFO] [stderr]    Compiling pin-project-lite v0.2.11
[INFO] [stderr]    Compiling zeroize v1.6.0
[INFO] [stderr]    Compiling scopeguard v1.2.0
[INFO] [stderr]    Compiling parking_lot_core v0.9.8
[INFO] [stderr]    Compiling lock_api v0.4.10
[INFO] [stderr]    Compiling bytes v1.4.0
[INFO] [stderr]    Compiling smallvec v1.11.0
[INFO] [stderr]    Compiling futures-core v0.3.28
[INFO] [stderr]    Compiling slab v0.4.8
[INFO] [stderr]    Compiling tokio v1.29.1
[INFO] [stderr]    Compiling futures-channel v0.3.28
[INFO] [stderr]    Compiling futures-task v0.3.28
[INFO] [stderr]    Compiling futures-sink v0.3.28
[INFO] [stderr]    Compiling futures-util v0.3.28
[INFO] [stderr]    Compiling futures-io v0.3.28
[INFO] [stderr]    Compiling thiserror v1.0.44
[INFO] [stderr]    Compiling const-oid v0.9.4
[INFO] [stderr]    Compiling generic-array v0.14.7
[INFO] [stderr]    Compiling tracing-core v0.1.31
[INFO] [stderr]    Compiling cpufeatures v0.2.9
[INFO] [stderr]    Compiling pkg-config v0.3.27
[INFO] [stderr]    Compiling indexmap v1.9.3
[INFO] [stderr]    Compiling tinyvec_macros v0.1.1
[INFO] [stderr]    Compiling der v0.6.1
[INFO] [stderr]    Compiling base16ct v0.1.1
[INFO] [stderr]    Compiling opaque-debug v0.3.0
[INFO] [stderr]    Compiling tinyvec v1.6.0
[INFO] [stderr]    Compiling percent-encoding v2.3.0
[INFO] [stderr]    Compiling unicode-bidi v0.3.13
[INFO] [stderr]    Compiling form_urlencoded v1.2.0
[INFO] [stderr]    Compiling linked-hash-map v0.5.6
[INFO] [stderr]    Compiling ppv-lite86 v0.2.17
[INFO] [stderr]    Compiling http v0.2.9
[INFO] [stderr]    Compiling num-traits v0.2.16
[INFO] [stderr]    Compiling io-lifetimes v1.0.11
[INFO] [stderr]    Compiling openssl v0.10.56
[INFO] [stderr]    Compiling ipnet v2.8.0
[INFO] [stderr]    Compiling base64ct v1.6.0
[INFO] [stderr]    Compiling rustix v0.38.7
[INFO] [stderr]    Compiling async-trait v0.1.73
[INFO] [stderr]    Compiling cc v1.0.82
[INFO] [stderr]    Compiling crossbeam-utils v0.8.16
[INFO] [stderr]    Compiling quote v1.0.32
[INFO] [stderr]    Compiling unicode-normalization v0.1.22
[INFO] [stderr]    Compiling ucd-trie v0.1.6
[INFO] [stderr]    Compiling syn v2.0.28
[INFO] [stderr]    Compiling spki v0.6.0
[INFO] [stderr]    Compiling httparse v1.8.0
[INFO] [stderr]    Compiling untrusted v0.7.1
[INFO] [stderr]    Compiling match_cfg v0.1.0
[INFO] [stderr]    Compiling spin v0.5.2
[INFO] [stderr]    Compiling heck v0.4.1
[INFO] [stderr]    Compiling native-tls v0.2.11
[INFO] [stderr]    Compiling tower-service v0.3.2
[INFO] [stderr]    Compiling bitflags v2.3.3
[INFO] [stderr]    Compiling try-lock v0.2.4
[INFO] [stderr]    Compiling serde_json v1.0.104
[INFO] [stderr]    Compiling rustix v0.37.23
[INFO] [stderr]    Compiling linux-raw-sys v0.4.5
[INFO] [stderr]    Compiling want v0.3.1
[INFO] [stderr]    Compiling pkcs8 v0.9.0
[INFO] [stderr]    Compiling linux-raw-sys v0.3.8
[INFO] [stderr]    Compiling syn v1.0.109
[INFO] [stderr]    Compiling block-buffer v0.10.4
[INFO] [stderr]    Compiling inout v0.1.3
[INFO] [stderr]    Compiling sec1 v0.3.0
[INFO] [stderr]    Compiling idna v0.4.0
[INFO] [stderr]    Compiling constant_time_eq v0.3.0
[INFO] [stderr]    Compiling quick-error v1.2.3
[INFO] [stderr]    Compiling utf8parse v0.2.1
[INFO] [stderr]    Compiling getrandom v0.2.10
[INFO] [stderr]    Compiling socket2 v0.4.9
[INFO] [stderr]    Compiling signal-hook-registry v1.4.1
[INFO] [stderr]    Compiling num_cpus v1.16.0
[INFO] [stderr]    Compiling rand_core v0.6.4
[INFO] [stderr]    Compiling http-body v0.4.5
[INFO] [stderr]    Compiling parking_lot v0.12.1
[INFO] [stderr]    Compiling inotify-sys v0.1.5
[INFO] [stderr]    Compiling crypto-common v0.1.6
[INFO] [stderr]    Compiling crypto-bigint v0.4.9
[INFO] [stderr]    Compiling signature v1.6.4
[INFO] [stderr]    Compiling rand_chacha v0.3.1
[INFO] [stderr]    Compiling hostname v0.3.1
[INFO] [stderr]    Compiling digest v0.10.7
[INFO] [stderr]    Compiling universal-hash v0.5.1
[INFO] [stderr]    Compiling cipher v0.4.4
[INFO] [stderr]    Compiling aead v0.5.2
[INFO] [stderr]    Compiling ed25519 v1.5.3
[INFO] [stderr]    Compiling polyval v0.6.1
[INFO] [stderr]    Compiling poly1305 v0.8.0
[INFO] [stderr]    Compiling arrayvec v0.7.4
[INFO] [stderr]    Compiling ghash v0.5.0
[INFO] [stderr]    Compiling hmac v0.12.1
[INFO] [stderr]    Compiling rand v0.8.5
[INFO] [stderr]    Compiling openssl-sys v0.9.91
[INFO] [stderr]    Compiling ring v0.16.20
[INFO] [stderr]    Compiling blake3 v1.4.1
[INFO] [stderr]    Compiling aes v0.8.3
[INFO] [stderr]    Compiling ctr v0.9.2
[INFO] [stderr]    Compiling chacha20 v0.9.1
[INFO] [stderr]    Compiling httpdate v1.0.2
[INFO] [stderr]    Compiling data-encoding v2.4.0
[INFO] [stderr]    Compiling iana-time-zone v0.1.57
[INFO] [stderr]    Compiling arrayref v0.3.7
[INFO] [stderr]    Compiling is-terminal v0.4.9
[INFO] [stderr]    Compiling walkdir v2.3.3
[INFO] [stderr]    Compiling hkdf v0.12.3
[INFO] [stderr]    Compiling sha1 v0.10.5
[INFO] [stderr]    Compiling md-5 v0.10.5
[INFO] [stderr]    Compiling chacha20poly1305 v0.10.1
[INFO] [stderr]    Compiling resolv-conf v0.7.0
[INFO] [stderr]    Compiling inotify v0.9.6
[INFO] [stderr]    Compiling crossbeam-channel v0.5.8
[INFO] [stderr]    Compiling anstyle-parse v0.2.1
[INFO] [stderr]    Compiling elliptic-curve v0.12.3
[INFO] [stderr]    Compiling aes-gcm v0.10.2
[INFO] [stderr]    Compiling filetime v0.2.22
[INFO] [stderr]    Compiling ecdsa v0.14.8
[INFO] [stderr]    Compiling socket2 v0.5.3
[INFO] [stderr]    Compiling lru-cache v0.1.2
[INFO] [stderr]    Compiling aho-corasick v1.0.2
[INFO] [stderr]    Compiling destructure_traitobject v0.2.0
[INFO] [stderr]    Compiling regex-syntax v0.7.4
[INFO] [stderr]    Compiling anyhow v1.0.72
[INFO] [stderr]    Compiling arc-swap v1.6.0
[INFO] [stderr]    Compiling anstyle-query v1.0.0
[INFO] [stderr]    Compiling colorchoice v1.0.0
[INFO] [stderr]    Compiling base64 v0.21.2
[INFO] [stderr]    Compiling anstyle v1.0.1
[INFO] [stderr]    Compiling p256 v0.11.1
[INFO] [stderr]    Compiling p384 v0.11.2
[INFO] [stderr]    Compiling unsafe-any-ors v1.0.0
[INFO] [stderr]    Compiling ordered-float v2.10.0
[INFO] [stderr]    Compiling anstream v0.3.2
[INFO] [stderr]    Compiling time v0.1.45
[INFO] [stderr]    Compiling yaml-rust v0.4.5
[INFO] [stderr]    Compiling spin v0.9.8
[INFO] [stderr]    Compiling lru_time_cache v0.11.11
[INFO] [stderr]    Compiling option-ext v0.2.0
[INFO] [stderr]    Compiling clap_lex v0.5.0
[INFO] [stderr]    Compiling byte_string v1.0.0
[INFO] [stderr]    Compiling tower-layer v0.3.2
[INFO] [stderr]    Compiling strsim v0.10.0
[INFO] [stderr]    Compiling dirs-sys v0.4.1
[INFO] [stderr]    Compiling chrono v0.4.26
[INFO] [stderr]    Compiling typemap-ors v1.0.0
[INFO] [stderr]    Compiling rtoolbox v0.0.1
[INFO] [stderr]    Compiling log v0.4.20
[INFO] [stderr]    Compiling url v2.4.0
[INFO] [stderr]    Compiling serde_urlencoded v0.7.1
[INFO] [stderr]    Compiling mio v0.8.8
[INFO] [stderr]    Compiling serde_yaml v0.8.26
[INFO] [stderr]    Compiling serde-value v0.7.0
[INFO] [stderr]    Compiling terminal_size v0.2.6
[INFO] [stderr]    Compiling thread-id v4.1.0
[INFO] [stderr]    Compiling clap_builder v4.3.21
[INFO] [stderr]    Compiling iprange v0.6.7
[INFO] [stderr]    Compiling encoding_rs v0.8.33
[INFO] [stderr]    Compiling log-mdc v0.1.0
[INFO] [stderr]    Compiling notify v6.0.1
[INFO] [stderr]    Compiling checked_int_cast v1.0.0
[INFO] [stderr]    Compiling byteorder v1.4.3
[INFO] [stderr]    Compiling rpassword v7.2.0
[INFO] [stderr]    Compiling qrcode v0.12.0
[INFO] [stderr]    Compiling directories v5.0.1
[INFO] [stderr]    Compiling daemonize v0.5.0
[INFO] [stderr]    Compiling sysexits v0.6.3
[INFO] [stderr]    Compiling xdg v2.5.2
[INFO] [stderr]    Compiling ring-compat v0.5.1
[INFO] [stderr]    Compiling regex-automata v0.3.6
[INFO] [stderr]    Compiling shadowsocks-crypto v0.5.1
[INFO] [stderr]    Compiling tokio-macros v2.1.0
[INFO] [stderr]    Compiling futures-macro v0.3.28
[INFO] [stderr]    Compiling tracing-attributes v0.1.26
[INFO] [stderr]    Compiling thiserror-impl v1.0.44
[INFO] [stderr]    Compiling openssl-macros v0.1.1
[INFO] [stderr]    Compiling pin-project-internal v1.1.3
[INFO] [stderr]    Compiling enum-as-inner v0.6.0
[INFO] [stderr]    Compiling build-time v0.1.3
[INFO] [stderr]    Compiling clap v4.3.21
[INFO] [stderr]    Compiling derivative v2.2.0
[INFO] [stderr]    Compiling pin-project v1.1.3
[INFO] [stderr]    Compiling pest v2.7.2
[INFO] [stderr]    Compiling tracing v0.1.37
[INFO] [stderr]    Compiling tower v0.4.13
[INFO] [stderr]    Compiling log4rs v1.2.0
[INFO] [stderr]    Compiling pest_meta v2.7.2
[INFO] [stderr]    Compiling regex v1.9.3
[INFO] [stderr]    Compiling pest_generator v2.7.2
[INFO] [stderr]    Compiling futures-executor v0.3.28
[INFO] [stderr]    Compiling futures v0.3.28
[INFO] [stderr]    Compiling pest_derive v2.7.2
[INFO] [stderr]    Compiling json5 v0.4.1
[INFO] [stderr]    Compiling tokio-util v0.7.8
[INFO] [stderr]    Compiling trust-dns-proto v0.23.0-alpha.5
[INFO] [stderr]    Compiling tokio-tfo v0.2.2
[INFO] [stderr]    Compiling sendfd v0.4.3
[INFO] [stderr]    Compiling tokio-native-tls v0.3.1
[INFO] [stderr]    Compiling h2 v0.3.20
[INFO] [stderr]    Compiling trust-dns-resolver v0.23.0-alpha.5
[INFO] [stderr]    Compiling hyper v0.14.27
[INFO] [stderr]    Compiling shadowsocks v1.16.0 (/opt/rustwide/workdir/crates/shadowsocks)
[INFO] [stdout] warning: unused return value of `into_raw_fd` that must be used
[INFO] [stdout]   --> crates/shadowsocks/src/net/sys/mod.rs:70:5
[INFO] [stdout]    |
[INFO] [stdout] 70 |     sock.into_raw_fd();
[INFO] [stdout]    |     ^^^^^^^^^^^^^^^^^^
[INFO] [stdout]    |
[INFO] [stdout]    = note: losing the raw file descriptor may leak resources
[INFO] [stdout]    = note: `#[warn(unused_must_use)]` on by default
[INFO] [stdout] help: use `let _ = ...` to ignore the resulting value
[INFO] [stdout]    |
[INFO] [stdout] 70 |     let _ = sock.into_raw_fd();
[INFO] [stdout]    |     +++++++
[INFO] [stdout] 
[INFO] [stdout] 
[INFO] [stderr]    Compiling hyper-tls v0.5.0
[INFO] [stderr]    Compiling shadowsocks-service v1.16.0 (/opt/rustwide/workdir/crates/shadowsocks-service)
[INFO] [stderr]    Compiling reqwest v0.11.20
[INFO] [stderr]    Compiling shadowsocks-rust v1.16.0 (/opt/rustwide/workdir)
[INFO] [stdout] warning: unused import: `std::sync::Arc`
[INFO] [stdout]  --> crates/shadowsocks-https/src/main.rs:3:5
[INFO] [stdout]   |
[INFO] [stdout] 3 | use std::sync::Arc;
[INFO] [stdout]   |     ^^^^^^^^^^^^^^
[INFO] [stdout]   |
[INFO] [stdout]   = note: `#[warn(unused_imports)]` on by default
[INFO] [stdout] 
[INFO] [stdout] 
[INFO] [stdout] warning: unused variable: `cookie`
[INFO] [stdout]   --> crates/shadowsocks-https/src/main.rs:21:9
[INFO] [stdout]    |
[INFO] [stdout] 21 |     let cookie = "ctoken=69_e6Yu_Zr_G8bLWy1KQNxaK";
[INFO] [stdout]    |         ^^^^^^ help: if this is intentional, prefix it with an underscore: `_cookie`
[INFO] [stdout]    |
[INFO] [stdout]    = note: `#[warn(unused_variables)]` on by default
[INFO] [stdout] 
[INFO] [stdout] 
[INFO] [stdout] warning: unused variable: `url`
[INFO] [stdout]   --> crates/shadowsocks-https/src/main.rs:22:9
[INFO] [stdout]    |
[INFO] [stdout] 22 |     let url = "https://www.baidu.com".parse::<Url>().unwrap();
[INFO] [stdout]    |         ^^^ help: if this is intentional, prefix it with an underscore: `_url`
[INFO] [stdout] 
[INFO] [stdout] 
[INFO] [stderr]     Finished `dev` profile [unoptimized + debuginfo] target(s) in 1m 30s
[INFO] running `Command { std: "docker" "inspect" "4185b38fa7be459bb91162e40c6522ea972e0a215a1032a216b2cdea1fa930ad", kill_on_drop: false }`
[INFO] running `Command { std: "docker" "rm" "-f" "4185b38fa7be459bb91162e40c6522ea972e0a215a1032a216b2cdea1fa930ad", kill_on_drop: false }`
[INFO] [stdout] 4185b38fa7be459bb91162e40c6522ea972e0a215a1032a216b2cdea1fa930ad
[INFO] running `Command { std: "docker" "create" "-v" "/var/lib/crater-agent-workspace/builds/worker-0-tc1/target:/opt/rustwide/target:rw,Z" "-v" "/var/lib/crater-agent-workspace/builds/worker-0-tc1/source:/opt/rustwide/workdir:ro,Z" "-v" "/var/lib/crater-agent-workspace/cargo-home:/opt/rustwide/cargo-home:ro,Z" "-v" "/var/lib/crater-agent-workspace/rustup-home:/opt/rustwide/rustup-home:ro,Z" "-e" "SOURCE_DIR=/opt/rustwide/workdir" "-e" "CARGO_TARGET_DIR=/opt/rustwide/target" "-e" "CARGO_INCREMENTAL=0" "-e" "RUST_BACKTRACE=full" "-e" "RUSTFLAGS=--cap-lints=forbid" "-e" "RUSTDOCFLAGS=--cap-lints=forbid" "-e" "CARGO_HOME=/opt/rustwide/cargo-home" "-e" "RUSTUP_HOME=/opt/rustwide/rustup-home" "-w" "/opt/rustwide/workdir" "-m" "1610612736" "--user" "0:0" "--network" "none" "ghcr.io/rust-lang/crates-build-env/linux@sha256:819108c5571ea2e421544af4d832f968d213c87fbe3707a016657f43d2f853bc" "/opt/rustwide/cargo-home/bin/cargo" "+nightly-2025-01-18" "test" "--frozen" "--no-run" "--message-format=json", kill_on_drop: false }`
[INFO] [stdout] 3ab6d5e62cbe4b243e4a79e03c7d610303e5aff5e1d789efe5fbce3ecf1614e7
[INFO] running `Command { std: "docker" "start" "-a" "3ab6d5e62cbe4b243e4a79e03c7d610303e5aff5e1d789efe5fbce3ecf1614e7", kill_on_drop: false }`
[INFO] [stdout] warning: unused return value of `into_raw_fd` that must be used
[INFO] [stdout]   --> crates/shadowsocks/src/net/sys/mod.rs:70:5
[INFO] [stdout]    |
[INFO] [stdout] 70 |     sock.into_raw_fd();
[INFO] [stdout]    |     ^^^^^^^^^^^^^^^^^^
[INFO] [stdout]    |
[INFO] [stdout]    = note: losing the raw file descriptor may leak resources
[INFO] [stdout]    = note: `#[warn(unused_must_use)]` on by default
[INFO] [stdout] help: use `let _ = ...` to ignore the resulting value
[INFO] [stdout]    |
[INFO] [stdout] 70 |     let _ = sock.into_raw_fd();
[INFO] [stdout]    |     +++++++
[INFO] [stdout] 
[INFO] [stdout] 
[INFO] [stderr]    Compiling termcolor v1.2.0
[INFO] [stdout] warning: unused import: `std::sync::Arc`
[INFO] [stdout]  --> crates/shadowsocks-https/src/main.rs:3:5
[INFO] [stdout]   |
[INFO] [stdout] 3 | use std::sync::Arc;
[INFO] [stdout]   |     ^^^^^^^^^^^^^^
[INFO] [stdout]   |
[INFO] [stdout]   = note: `#[warn(unused_imports)]` on by default
[INFO] [stdout] 
[INFO] [stdout] 
[INFO] [stdout] warning: unused variable: `cookie`
[INFO] [stdout]   --> crates/shadowsocks-https/src/main.rs:21:9
[INFO] [stdout]    |
[INFO] [stdout] 21 |     let cookie = "ctoken=69_e6Yu_Zr_G8bLWy1KQNxaK";
[INFO] [stdout]    |         ^^^^^^ help: if this is intentional, prefix it with an underscore: `_cookie`
[INFO] [stdout]    |
[INFO] [stdout]    = note: `#[warn(unused_variables)]` on by default
[INFO] [stdout] 
[INFO] [stdout] 
[INFO] [stdout] warning: unused variable: `url`
[INFO] [stdout]   --> crates/shadowsocks-https/src/main.rs:22:9
[INFO] [stdout]    |
[INFO] [stdout] 22 |     let url = "https://www.baidu.com".parse::<Url>().unwrap();
[INFO] [stdout]    |         ^^^ help: if this is intentional, prefix it with an underscore: `_url`
[INFO] [stdout] 
[INFO] [stdout] 
[INFO] [stderr]    Compiling env_logger v0.10.0
[INFO] [stderr]    Compiling shadowsocks-rust v1.16.0 (/opt/rustwide/workdir)
[INFO] [stdout] warning: unused import: `std::sync::Arc`
[INFO] [stdout]  --> crates/shadowsocks-https/src/main.rs:3:5
[INFO] [stdout]   |
[INFO] [stdout] 3 | use std::sync::Arc;
[INFO] [stdout]   |     ^^^^^^^^^^^^^^
[INFO] [stdout]   |
[INFO] [stdout]   = note: `#[warn(unused_imports)]` on by default
[INFO] [stdout] 
[INFO] [stdout] 
[INFO] [stdout] warning: unused variable: `cookie`
[INFO] [stdout]   --> crates/shadowsocks-https/src/main.rs:21:9
[INFO] [stdout]    |
[INFO] [stdout] 21 |     let cookie = "ctoken=69_e6Yu_Zr_G8bLWy1KQNxaK";
[INFO] [stdout]    |         ^^^^^^ help: if this is intentional, prefix it with an underscore: `_cookie`
[INFO] [stdout]    |
[INFO] [stdout]    = note: `#[warn(unused_variables)]` on by default
[INFO] [stdout] 
[INFO] [stdout] 
[INFO] [stdout] warning: unused variable: `url`
[INFO] [stdout]   --> crates/shadowsocks-https/src/main.rs:22:9
[INFO] [stdout]    |
[INFO] [stdout] 22 |     let url = "https://www.baidu.com".parse::<Url>().unwrap();
[INFO] [stdout]    |         ^^^ help: if this is intentional, prefix it with an underscore: `_url`
[INFO] [stdout] 
[INFO] [stdout] 
[INFO] [stderr]     Finished `test` profile [unoptimized + debuginfo] target(s) in 29.21s
[INFO] running `Command { std: "docker" "inspect" "3ab6d5e62cbe4b243e4a79e03c7d610303e5aff5e1d789efe5fbce3ecf1614e7", kill_on_drop: false }`
[INFO] running `Command { std: "docker" "rm" "-f" "3ab6d5e62cbe4b243e4a79e03c7d610303e5aff5e1d789efe5fbce3ecf1614e7", kill_on_drop: false }`
[INFO] [stdout] 3ab6d5e62cbe4b243e4a79e03c7d610303e5aff5e1d789efe5fbce3ecf1614e7
[INFO] running `Command { std: "docker" "create" "-v" "/var/lib/crater-agent-workspace/builds/worker-0-tc1/target:/opt/rustwide/target:rw,Z" "-v" "/var/lib/crater-agent-workspace/builds/worker-0-tc1/source:/opt/rustwide/workdir:ro,Z" "-v" "/var/lib/crater-agent-workspace/cargo-home:/opt/rustwide/cargo-home:ro,Z" "-v" "/var/lib/crater-agent-workspace/rustup-home:/opt/rustwide/rustup-home:ro,Z" "-e" "SOURCE_DIR=/opt/rustwide/workdir" "-e" "CARGO_TARGET_DIR=/opt/rustwide/target" "-e" "CARGO_INCREMENTAL=0" "-e" "RUST_BACKTRACE=full" "-e" "RUSTFLAGS=--cap-lints=forbid" "-e" "RUSTDOCFLAGS=--cap-lints=forbid" "-e" "CARGO_HOME=/opt/rustwide/cargo-home" "-e" "RUSTUP_HOME=/opt/rustwide/rustup-home" "-w" "/opt/rustwide/workdir" "-m" "1610612736" "--user" "0:0" "--network" "none" "ghcr.io/rust-lang/crates-build-env/linux@sha256:819108c5571ea2e421544af4d832f968d213c87fbe3707a016657f43d2f853bc" "/opt/rustwide/cargo-home/bin/cargo" "+nightly-2025-01-18" "test" "--frozen", kill_on_drop: false }`
[INFO] [stdout] a0c524d0730f23c829dbdaff3095248c732051e7132bf654be5bb58c8f26a049
[INFO] running `Command { std: "docker" "start" "-a" "a0c524d0730f23c829dbdaff3095248c732051e7132bf654be5bb58c8f26a049", kill_on_drop: false }`
[INFO] [stderr] warning: unused return value of `into_raw_fd` that must be used
[INFO] [stderr]   --> crates/shadowsocks/src/net/sys/mod.rs:70:5
[INFO] [stderr]    |
[INFO] [stderr] 70 |     sock.into_raw_fd();
[INFO] [stderr]    |     ^^^^^^^^^^^^^^^^^^
[INFO] [stderr]    |
[INFO] [stderr]    = note: losing the raw file descriptor may leak resources
[INFO] [stderr]    = note: `#[warn(unused_must_use)]` on by default
[INFO] [stderr] help: use `let _ = ...` to ignore the resulting value
[INFO] [stderr]    |
[INFO] [stderr] 70 |     let _ = sock.into_raw_fd();
[INFO] [stderr]    |     +++++++
[INFO] [stderr] 
[INFO] [stderr] warning: `shadowsocks` (lib) generated 1 warning
[INFO] [stderr] warning: unused import: `std::sync::Arc`
[INFO] [stderr]  --> crates/shadowsocks-https/src/main.rs:3:5
[INFO] [stderr]   |
[INFO] [stderr] 3 | use std::sync::Arc;
[INFO] [stderr]   |     ^^^^^^^^^^^^^^
[INFO] [stderr]   |
[INFO] [stderr]   = note: `#[warn(unused_imports)]` on by default
[INFO] [stderr] 
[INFO] [stderr] warning: unused variable: `cookie`
[INFO] [stderr]   --> crates/shadowsocks-https/src/main.rs:21:9
[INFO] [stderr]    |
[INFO] [stderr] 21 |     let cookie = "ctoken=69_e6Yu_Zr_G8bLWy1KQNxaK";
[INFO] [stderr]    |         ^^^^^^ help: if this is intentional, prefix it with an underscore: `_cookie`
[INFO] [stderr]    |
[INFO] [stderr]    = note: `#[warn(unused_variables)]` on by default
[INFO] [stderr] 
[INFO] [stderr] warning: unused variable: `url`
[INFO] [stderr]   --> crates/shadowsocks-https/src/main.rs:22:9
[INFO] [stderr]    |
[INFO] [stderr] 22 |     let url = "https://www.baidu.com".parse::<Url>().unwrap();
[INFO] [stderr]    |         ^^^ help: if this is intentional, prefix it with an underscore: `_url`
[INFO] [stderr] 
[INFO] [stderr] warning: `shadowsocks-rust` (bin "sshttps") generated 3 warnings (run `cargo fix --bin "sshttps"` to apply 1 suggestion)
[INFO] [stderr] warning: `shadowsocks-rust` (bin "sshttps" test) generated 3 warnings (3 duplicates)
[INFO] [stderr]     Finished `test` profile [unoptimized + debuginfo] target(s) in 1.49s
[INFO] [stderr]      Running unittests src/lib.rs (/opt/rustwide/target/debug/deps/shadowsocks_rust-eee914dedde9b043)
[INFO] [stdout] 
[INFO] [stdout] running 3 tests
[INFO] [stdout] test service::server::test::verify_server_command ... ok
[INFO] [stdout] test service::manager::test::verify_manager_command ... ok
[INFO] [stdout] test service::local::test::verify_local_command ... ok
[INFO] [stdout] 
[INFO] [stdout] test result: ok. 3 passed; 0 failed; 0 ignored; 0 measured; 0 filtered out; finished in 0.01s
[INFO] [stdout] 
[INFO] [stderr]      Running unittests crates/shadowsocks-https/src/main.rs (/opt/rustwide/target/debug/deps/sshttps-ee48315ed7bd9f2e)
[INFO] [stdout] 
[INFO] [stdout] running 0 tests
[INFO] [stdout] 
[INFO] [stdout] test result: ok. 0 passed; 0 failed; 0 ignored; 0 measured; 0 filtered out; finished in 0.00s
[INFO] [stdout] 
[INFO] [stderr]      Running unittests bin/sslocal.rs (/opt/rustwide/target/debug/deps/sslocal-223ba517f2a3868b)
[INFO] [stdout] 
[INFO] [stdout] running 0 tests
[INFO] [stderr]      Running unittests bin/ssmanager.rs (/opt/rustwide/target/debug/deps/ssmanager-c7f132f399c1764f)
[INFO] [stdout] 
[INFO] [stdout] test result: ok. 0 passed; 0 failed; 0 ignored; 0 measured; 0 filtered out; finished in 0.00s
[INFO] [stdout] 
[INFO] [stdout] 
[INFO] [stdout] running 0 tests
[INFO] [stdout] 
[INFO] [stdout] test result: ok. 0 passed; 0 failed; 0 ignored; 0 measured; 0 filtered out; finished in 0.00s
[INFO] [stdout] 
[INFO] [stderr]      Running unittests bin/ssserver.rs (/opt/rustwide/target/debug/deps/ssserver-3ca22cae449eca8a)
[INFO] [stdout] 
[INFO] [stdout] running 0 tests
[INFO] [stdout] 
[INFO] [stdout] test result: ok. 0 passed; 0 failed; 0 ignored; 0 measured; 0 filtered out; finished in 0.00s
[INFO] [stdout] 
[INFO] [stderr]      Running unittests bin/ssservice.rs (/opt/rustwide/target/debug/deps/ssservice-da8b8a25d65c5fb6)
[INFO] [stdout] 
[INFO] [stdout] running 0 tests
[INFO] [stdout] 
[INFO] [stdout] test result: ok. 0 passed; 0 failed; 0 ignored; 0 measured; 0 filtered out; finished in 0.00s
[INFO] [stdout] 
[INFO] [stderr]      Running unittests bin/ssurl.rs (/opt/rustwide/target/debug/deps/ssurl-a8fc0dc28c298f4d)
[INFO] [stdout] 
[INFO] [stdout] running 0 tests
[INFO] [stdout] 
[INFO] [stdout] test result: ok. 0 passed; 0 failed; 0 ignored; 0 measured; 0 filtered out; finished in 0.00s
[INFO] [stdout] 
[INFO] [stderr]      Running tests/dns.rs (/opt/rustwide/target/debug/deps/dns-9ce89119f81c64ba)
[INFO] [stdout] 
[INFO] [stdout] running 0 tests
[INFO] [stdout] 
[INFO] [stdout] test result: ok. 0 passed; 0 failed; 0 ignored; 0 measured; 0 filtered out; finished in 0.00s
[INFO] [stdout] 
[INFO] [stderr]      Running tests/http.rs (/opt/rustwide/target/debug/deps/http-91e81518b506e4ff)
[INFO] [stdout] 
[INFO] [stdout] running 1 test
[INFO] [stderr] [2025-01-20T14:42:17Z ERROR shadowsocks_service::server::tcprelay] tcp tunnel 127.0.0.1:59298 -> www.example.com:80 connect failed, error: dns resolve www.example.com:80 error: proto error: io error: Network is unreachable (os error 101)
[INFO] [stderr] [2025-01-20T14:42:17Z ERROR shadowsocks_service::local::http::dispatcher] HTTP GET 127.0.0.1:57376 <-> www.example.com:80 relay failed, error: connection error: unexpected end of file
[INFO] [stdout] test http_proxy ... FAILED
[INFO] [stdout] 
[INFO] [stdout] failures:
[INFO] [stdout] 
[INFO] [stdout] ---- http_proxy stdout ----
[INFO] [stdout] 
[INFO] [stdout] thread 'http_proxy' panicked at tests/http.rs:66:9:
[INFO] [stdout] assertion failed: buf.starts_with(b"HTTP/1.0 200 OK\r\n")
[INFO] [stdout] stack backtrace:
[INFO] [stdout]    0:     0x5d9f99d7154a - std::backtrace_rs::backtrace::libunwind::trace::hb059275cfc8d6126
[INFO] [stdout]                                at /rustc/6067b36314ab5eb2eb47cecc464545ba58e1ad24/library/std/src/../../backtrace/src/backtrace/libunwind.rs:116:5
[INFO] [stdout]    1:     0x5d9f99d7154a - std::backtrace_rs::backtrace::trace_unsynchronized::h2da071e4327ce3ee
[INFO] [stdout]                                at /rustc/6067b36314ab5eb2eb47cecc464545ba58e1ad24/library/std/src/../../backtrace/src/backtrace/mod.rs:66:5
[INFO] [stdout]    2:     0x5d9f99d7154a - std::sys::backtrace::_print_fmt::h842a1474e6f8d23f
[INFO] [stdout]                                at /rustc/6067b36314ab5eb2eb47cecc464545ba58e1ad24/library/std/src/sys/backtrace.rs:66:9
[INFO] [stdout]    3:     0x5d9f99d7154a - <std::sys::backtrace::BacktraceLock::print::DisplayBacktrace as core::fmt::Display>::fmt::h71a62eb3b9696b12
[INFO] [stdout]                                at /rustc/6067b36314ab5eb2eb47cecc464545ba58e1ad24/library/std/src/sys/backtrace.rs:39:26
[INFO] [stdout]    4:     0x5d9f99da0a43 - core::fmt::rt::Argument::fmt::hdb6b616786b41dc1
[INFO] [stdout]                                at /rustc/6067b36314ab5eb2eb47cecc464545ba58e1ad24/library/core/src/fmt/rt.rs:177:76
[INFO] [stdout]    5:     0x5d9f99da0a43 - core::fmt::write::h2cc1698af7e2d686
[INFO] [stdout]                                at /rustc/6067b36314ab5eb2eb47cecc464545ba58e1ad24/library/core/src/fmt/mod.rs:1440:21
[INFO] [stdout]    6:     0x5d9f99d6ce83 - std::io::Write::write_fmt::hab1b4cd059a79022
[INFO] [stdout]                                at /rustc/6067b36314ab5eb2eb47cecc464545ba58e1ad24/library/std/src/io/mod.rs:1887:15
[INFO] [stdout]    7:     0x5d9f99d71392 - std::sys::backtrace::BacktraceLock::print::h147fe35b4ea13b08
[INFO] [stdout]                                at /rustc/6067b36314ab5eb2eb47cecc464545ba58e1ad24/library/std/src/sys/backtrace.rs:42:9
[INFO] [stdout]    8:     0x5d9f99d7296f - std::panicking::default_hook::{{closure}}::hbd44223dbdc0d208
[INFO] [stdout]                                at /rustc/6067b36314ab5eb2eb47cecc464545ba58e1ad24/library/std/src/panicking.rs:298:22
[INFO] [stdout]    9:     0x5d9f99d72788 - std::panicking::default_hook::h20f81eb0576efcec
[INFO] [stdout]                                at /rustc/6067b36314ab5eb2eb47cecc464545ba58e1ad24/library/std/src/panicking.rs:322:9
[INFO] [stdout]   10:     0x5d9f99225583 - <alloc::boxed::Box<F,A> as core::ops::function::Fn<Args>>::call::hdb53814c496a4d34
[INFO] [stdout]                                at /rustc/6067b36314ab5eb2eb47cecc464545ba58e1ad24/library/alloc/src/boxed.rs:2027:9
[INFO] [stdout]   11:     0x5d9f99225583 - test::test_main::{{closure}}::hc0a4963c59427c24
[INFO] [stdout]                                at /rustc/6067b36314ab5eb2eb47cecc464545ba58e1ad24/library/test/src/lib.rs:134:21
[INFO] [stdout]   12:     0x5d9f99d73463 - <alloc::boxed::Box<F,A> as core::ops::function::Fn<Args>>::call::h591b2225413a77e9
[INFO] [stdout]                                at /rustc/6067b36314ab5eb2eb47cecc464545ba58e1ad24/library/alloc/src/boxed.rs:2027:9
[INFO] [stdout]   13:     0x5d9f99d73463 - std::panicking::rust_panic_with_hook::h625eea43051b2edc
[INFO] [stdout]                                at /rustc/6067b36314ab5eb2eb47cecc464545ba58e1ad24/library/std/src/panicking.rs:839:13
[INFO] [stdout]   14:     0x5d9f99d730e6 - std::panicking::begin_panic_handler::{{closure}}::h4f9159cfbc3f6bd3
[INFO] [stdout]                                at /rustc/6067b36314ab5eb2eb47cecc464545ba58e1ad24/library/std/src/panicking.rs:697:13
[INFO] [stdout]   15:     0x5d9f99d71a49 - std::sys::backtrace::__rust_end_short_backtrace::h0390abce48353151
[INFO] [stdout]                                at /rustc/6067b36314ab5eb2eb47cecc464545ba58e1ad24/library/std/src/sys/backtrace.rs:168:18
[INFO] [stdout]   16:     0x5d9f99d72dad - rust_begin_unwind
[INFO] [stdout]                                at /rustc/6067b36314ab5eb2eb47cecc464545ba58e1ad24/library/std/src/panicking.rs:695:5
[INFO] [stdout]   17:     0x5d9f99d9d890 - core::panicking::panic_fmt::h9e7c637e9e5f29c9
[INFO] [stdout]                                at /rustc/6067b36314ab5eb2eb47cecc464545ba58e1ad24/library/core/src/panicking.rs:75:14
[INFO] [stdout]   18:     0x5d9f99d9d91c - core::panicking::panic::haa3255ea20181a33
[INFO] [stdout]                                at /rustc/6067b36314ab5eb2eb47cecc464545ba58e1ad24/library/core/src/panicking.rs:145:5
[INFO] [stdout]   19:     0x5d9f98f976e7 - http::http_proxy::{{closure}}::h0653e49617187466
[INFO] [stdout]                                at /opt/rustwide/workdir/tests/http.rs:66:9
[INFO] [stdout]   20:     0x5d9f99030872 - <core::pin::Pin<P> as core::future::future::Future>::poll::h3590760a4ee4b814
[INFO] [stdout]                                at /rustc/6067b36314ab5eb2eb47cecc464545ba58e1ad24/library/core/src/future/future.rs:124:9
[INFO] [stdout]   21:     0x5d9f99030aad - <core::pin::Pin<P> as core::future::future::Future>::poll::h7c007a15b7e42487
[INFO] [stdout]                                at /rustc/6067b36314ab5eb2eb47cecc464545ba58e1ad24/library/core/src/future/future.rs:124:9
[INFO] [stdout]   22:     0x5d9f9908699f - tokio::runtime::scheduler::current_thread::CoreGuard::block_on::{{closure}}::{{closure}}::{{closure}}::hc825798894189eb7
[INFO] [stdout]                                at /opt/rustwide/cargo-home/registry/src/index.crates.io-1949cf8c6b5b557f/tokio-1.29.1/src/runtime/scheduler/current_thread.rs:651:57
[INFO] [stdout]   23:     0x5d9f990868d5 - tokio::runtime::coop::with_budget::h37e5ee51beb0e299
[INFO] [stdout]                                at /opt/rustwide/cargo-home/registry/src/index.crates.io-1949cf8c6b5b557f/tokio-1.29.1/src/runtime/coop.rs:107:5
[INFO] [stdout]   24:     0x5d9f990868d5 - tokio::runtime::coop::budget::h6b11d916698a468e
[INFO] [stdout]                                at /opt/rustwide/cargo-home/registry/src/index.crates.io-1949cf8c6b5b557f/tokio-1.29.1/src/runtime/coop.rs:73:5
[INFO] [stdout]   25:     0x5d9f990868d5 - tokio::runtime::scheduler::current_thread::CoreGuard::block_on::{{closure}}::{{closure}}::h1b26cc306daf81ef
[INFO] [stdout]                                at /opt/rustwide/cargo-home/registry/src/index.crates.io-1949cf8c6b5b557f/tokio-1.29.1/src/runtime/scheduler/current_thread.rs:651:25
[INFO] [stdout]   26:     0x5d9f99085390 - tokio::runtime::scheduler::current_thread::Context::enter::h77acb6eb21c3c5be
[INFO] [stdout]                                at /opt/rustwide/cargo-home/registry/src/index.crates.io-1949cf8c6b5b557f/tokio-1.29.1/src/runtime/scheduler/current_thread.rs:410:19
[INFO] [stdout]   27:     0x5d9f9908613e - tokio::runtime::scheduler::current_thread::CoreGuard::block_on::{{closure}}::hbd9a2680e3672ad4
[INFO] [stdout]                                at /opt/rustwide/cargo-home/registry/src/index.crates.io-1949cf8c6b5b557f/tokio-1.29.1/src/runtime/scheduler/current_thread.rs:650:36
[INFO] [stdout]   28:     0x5d9f99085eb4 - tokio::runtime::scheduler::current_thread::CoreGuard::enter::{{closure}}::he1f2322552202896
[INFO] [stdout]                                at /opt/rustwide/cargo-home/registry/src/index.crates.io-1949cf8c6b5b557f/tokio-1.29.1/src/runtime/scheduler/current_thread.rs:729:68
[INFO] [stdout]   29:     0x5d9f98fc9b8b - tokio::runtime::context::scoped::Scoped<T>::set::hf8b11c71a588ab50
[INFO] [stdout]                                at /opt/rustwide/cargo-home/registry/src/index.crates.io-1949cf8c6b5b557f/tokio-1.29.1/src/runtime/context/scoped.rs:40:9
[INFO] [stdout]   30:     0x5d9f99050509 - tokio::runtime::context::set_scheduler::{{closure}}::hb1b1af370a89d554
[INFO] [stdout]                                at /opt/rustwide/cargo-home/registry/src/index.crates.io-1949cf8c6b5b557f/tokio-1.29.1/src/runtime/context.rs:176:26
[INFO] [stdout]   31:     0x5d9f99097592 - std::thread::local::LocalKey<T>::try_with::hc82989b39e7d39dd
[INFO] [stdout]                                at /rustc/6067b36314ab5eb2eb47cecc464545ba58e1ad24/library/std/src/thread/local.rs:308:12
[INFO] [stdout]   32:     0x5d9f99093e1a - std::thread::local::LocalKey<T>::with::h80393ac89f3cd879
[INFO] [stdout]                                at /rustc/6067b36314ab5eb2eb47cecc464545ba58e1ad24/library/std/src/thread/local.rs:272:9
[INFO] [stdout]   33:     0x5d9f990504bd - tokio::runtime::context::set_scheduler::hfebb71255156554b
[INFO] [stdout]                                at /opt/rustwide/cargo-home/registry/src/index.crates.io-1949cf8c6b5b557f/tokio-1.29.1/src/runtime/context.rs:176:9
[INFO] [stdout]   34:     0x5d9f99085c60 - tokio::runtime::scheduler::current_thread::CoreGuard::enter::h4d2274242fcd2725
[INFO] [stdout]                                at /opt/rustwide/cargo-home/registry/src/index.crates.io-1949cf8c6b5b557f/tokio-1.29.1/src/runtime/scheduler/current_thread.rs:729:27
[INFO] [stdout]   35:     0x5d9f99085ed3 - tokio::runtime::scheduler::current_thread::CoreGuard::block_on::h38bb98f8b3b5902d
[INFO] [stdout]                                at /opt/rustwide/cargo-home/registry/src/index.crates.io-1949cf8c6b5b557f/tokio-1.29.1/src/runtime/scheduler/current_thread.rs:638:19
[INFO] [stdout]   36:     0x5d9f9907ed3d - tokio::runtime::scheduler::current_thread::CurrentThread::block_on::{{closure}}::he2c10cfe260c5ceb
[INFO] [stdout]                                at /opt/rustwide/cargo-home/registry/src/index.crates.io-1949cf8c6b5b557f/tokio-1.29.1/src/runtime/scheduler/current_thread.rs:175:28
[INFO] [stdout]   37:     0x5d9f9909caf6 - tokio::runtime::context::runtime::enter_runtime::h99f1d157afcf1f8a
[INFO] [stdout]                                at /opt/rustwide/cargo-home/registry/src/index.crates.io-1949cf8c6b5b557f/tokio-1.29.1/src/runtime/context/runtime.rs:65:16
[INFO] [stdout]   38:     0x5d9f9907ec51 - tokio::runtime::scheduler::current_thread::CurrentThread::block_on::h97630689fecb2e62
[INFO] [stdout]                                at /opt/rustwide/cargo-home/registry/src/index.crates.io-1949cf8c6b5b557f/tokio-1.29.1/src/runtime/scheduler/current_thread.rs:167:9
[INFO] [stdout]   39:     0x5d9f99013cfd - tokio::runtime::runtime::Runtime::block_on::h4c75f165af346a51
[INFO] [stdout]                                at /opt/rustwide/cargo-home/registry/src/index.crates.io-1949cf8c6b5b557f/tokio-1.29.1/src/runtime/runtime.rs:311:47
[INFO] [stdout]   40:     0x5d9f98f965f4 - http::http_proxy::hab2ed6d4f33d5bce
[INFO] [stdout]                                at /opt/rustwide/workdir/tests/http.rs:55:5
[INFO] [stdout]   41:     0x5d9f98f96497 - http::http_proxy::{{closure}}::hb5b8f366bf47d29d
[INFO] [stdout]                                at /opt/rustwide/workdir/tests/http.rs:18:22
[INFO] [stdout]   42:     0x5d9f98f0f0e6 - core::ops::function::FnOnce::call_once::h566547c36728bc8d
[INFO] [stdout]                                at /rustc/6067b36314ab5eb2eb47cecc464545ba58e1ad24/library/core/src/ops/function.rs:250:5
[INFO] [stdout]   43:     0x5d9f9922acdb - core::ops::function::FnOnce::call_once::he27718dfdd183f43
[INFO] [stdout]                                at /rustc/6067b36314ab5eb2eb47cecc464545ba58e1ad24/library/core/src/ops/function.rs:250:5
[INFO] [stdout]   44:     0x5d9f9922acdb - test::__rust_begin_short_backtrace::h4e84902998457a5d
[INFO] [stdout]                                at /rustc/6067b36314ab5eb2eb47cecc464545ba58e1ad24/library/test/src/lib.rs:632:18
[INFO] [stdout]   45:     0x5d9f99229c13 - test::run_test_in_process::{{closure}}::h7176fd18fc1feca0
[INFO] [stdout]                                at /rustc/6067b36314ab5eb2eb47cecc464545ba58e1ad24/library/test/src/lib.rs:655:60
[INFO] [stdout]   46:     0x5d9f99229c13 - <core::panic::unwind_safe::AssertUnwindSafe<F> as core::ops::function::FnOnce<()>>::call_once::hf79cff2a624d8cf7
[INFO] [stdout]                                at /rustc/6067b36314ab5eb2eb47cecc464545ba58e1ad24/library/core/src/panic/unwind_safe.rs:272:9
[INFO] [stdout]   47:     0x5d9f99229c13 - std::panicking::try::do_call::h3da0561d9ab99c25
[INFO] [stdout]                                at /rustc/6067b36314ab5eb2eb47cecc464545ba58e1ad24/library/std/src/panicking.rs:587:40
[INFO] [stdout]   48:     0x5d9f99229c13 - std::panicking::try::h41c9fa508bc61df6
[INFO] [stdout]                                at /rustc/6067b36314ab5eb2eb47cecc464545ba58e1ad24/library/std/src/panicking.rs:550:19
[INFO] [stdout]   49:     0x5d9f99229c13 - std::panic::catch_unwind::h6b3ff07bb5afad93
[INFO] [stdout]                                at /rustc/6067b36314ab5eb2eb47cecc464545ba58e1ad24/library/std/src/panic.rs:358:14
[INFO] [stdout]   50:     0x5d9f99229c13 - test::run_test_in_process::hc7253dd11b39b9f4
[INFO] [stdout]                                at /rustc/6067b36314ab5eb2eb47cecc464545ba58e1ad24/library/test/src/lib.rs:655:27
[INFO] [stdout]   51:     0x5d9f99229c13 - test::run_test::{{closure}}::hfb2007f8649c30bb
[INFO] [stdout]                                at /rustc/6067b36314ab5eb2eb47cecc464545ba58e1ad24/library/test/src/lib.rs:576:43
[INFO] [stdout]   52:     0x5d9f991eccf5 - test::run_test::{{closure}}::h56a17aa7a282a9f4
[INFO] [stdout]                                at /rustc/6067b36314ab5eb2eb47cecc464545ba58e1ad24/library/test/src/lib.rs:606:41
[INFO] [stdout]   53:     0x5d9f991eccf5 - std::sys::backtrace::__rust_begin_short_backtrace::hd2d2d2fb8e8c6aac
[INFO] [stdout]                                at /rustc/6067b36314ab5eb2eb47cecc464545ba58e1ad24/library/std/src/sys/backtrace.rs:152:18
[INFO] [stdout]   54:     0x5d9f991f05da - std::thread::Builder::spawn_unchecked_::{{closure}}::{{closure}}::h4faa3f9db6133423
[INFO] [stdout]                                at /rustc/6067b36314ab5eb2eb47cecc464545ba58e1ad24/library/std/src/thread/mod.rs:559:17
[INFO] [stdout]   55:     0x5d9f991f05da - <core::panic::unwind_safe::AssertUnwindSafe<F> as core::ops::function::FnOnce<()>>::call_once::hf2e855a36a4ea846
[INFO] [stdout]                                at /rustc/6067b36314ab5eb2eb47cecc464545ba58e1ad24/library/core/src/panic/unwind_safe.rs:272:9
[INFO] [stdout]   56:     0x5d9f991f05da - std::panicking::try::do_call::h2f73af3616c35465
[INFO] [stdout]                                at /rustc/6067b36314ab5eb2eb47cecc464545ba58e1ad24/library/std/src/panicking.rs:587:40
[INFO] [stdout]   57:     0x5d9f991f05da - std::panicking::try::hd1660ce9efadef5a
[INFO] [stdout]                                at /rustc/6067b36314ab5eb2eb47cecc464545ba58e1ad24/library/std/src/panicking.rs:550:19
[INFO] [stdout]   58:     0x5d9f991f05da - std::panic::catch_unwind::h5ee8d7823b8ca744
[INFO] [stdout]                                at /rustc/6067b36314ab5eb2eb47cecc464545ba58e1ad24/library/std/src/panic.rs:358:14
[INFO] [stdout]   59:     0x5d9f991f05da - std::thread::Builder::spawn_unchecked_::{{closure}}::h53c3a1894dce8407
[INFO] [stdout]                                at /rustc/6067b36314ab5eb2eb47cecc464545ba58e1ad24/library/std/src/thread/mod.rs:557:30
[INFO] [stdout]   60:     0x5d9f991f05da - core::ops::function::FnOnce::call_once{{vtable.shim}}::h048ce291ad4f62bf
[INFO] [stdout]                                at /rustc/6067b36314ab5eb2eb47cecc464545ba58e1ad24/library/core/src/ops/function.rs:250:5
[INFO] [stdout]   61:     0x5d9f99d7813b - <alloc::boxed::Box<F,A> as core::ops::function::FnOnce<Args>>::call_once::ha52bedf99a3b4981
[INFO] [stdout]                                at /rustc/6067b36314ab5eb2eb47cecc464545ba58e1ad24/library/alloc/src/boxed.rs:2013:9
[INFO] [stdout]   62:     0x5d9f99d7813b - <alloc::boxed::Box<F,A> as core::ops::function::FnOnce<Args>>::call_once::h567748934d80ccf8
[INFO] [stdout]                                at /rustc/6067b36314ab5eb2eb47cecc464545ba58e1ad24/library/alloc/src/boxed.rs:2013:9
[INFO] [stdout]   63:     0x5d9f99d7813b - std::sys::pal::unix::thread::Thread::new::thread_start::h2d970728ae887adc
[INFO] [stdout]                                at /rustc/6067b36314ab5eb2eb47cecc464545ba58e1ad24/library/std/src/sys/pal/unix/thread.rs:106:17
[INFO] [stdout]   64:     0x763e21631ac3 - <unknown>
[INFO] [stdout]   65:     0x763e216c2a04 - clone
[INFO] [stdout]   66:                0x0 - <unknown>
[INFO] [stdout] 
[INFO] [stdout] 
[INFO] [stdout] failures:
[INFO] [stdout]     http_proxy
[INFO] [stdout] 
[INFO] [stdout] test result: FAILED. 0 passed; 1 failed; 0 ignored; 0 measured; 0 filtered out; finished in 1.10s
[INFO] [stdout] 
[INFO] [stderr] error: test failed, to rerun pass `--test http`
[INFO] running `Command { std: "docker" "inspect" "a0c524d0730f23c829dbdaff3095248c732051e7132bf654be5bb58c8f26a049", kill_on_drop: false }`
[INFO] running `Command { std: "docker" "rm" "-f" "a0c524d0730f23c829dbdaff3095248c732051e7132bf654be5bb58c8f26a049", kill_on_drop: false }`
[INFO] [stdout] a0c524d0730f23c829dbdaff3095248c732051e7132bf654be5bb58c8f26a049
