[INFO] cloning repository https://github.com/jeffreyrosenbluth/arrow
[INFO] running `Command { std: "git" "-c" "credential.helper=" "-c" "credential.helper=/workspace/cargo-home/bin/git-credential-null" "clone" "--bare" "https://github.com/jeffreyrosenbluth/arrow" "/workspace/cache/git-repos/https%3A%2F%2Fgithub.com%2Fjeffreyrosenbluth%2Farrow", kill_on_drop: false }`
[INFO] [stderr] Cloning into bare repository '/workspace/cache/git-repos/https%3A%2F%2Fgithub.com%2Fjeffreyrosenbluth%2Farrow'...
[INFO] running `Command { std: "git" "rev-parse" "HEAD", kill_on_drop: false }`
[INFO] [stdout] 656c8b8f6d9bc9aea5b00716f5f1fad8dece2446
[INFO] testing jeffreyrosenbluth/arrow against nightly-2025-01-18+rustflags=-Zrandomize-layout for randomize-layout-2
[INFO] running `Command { std: "git" "clone" "/workspace/cache/git-repos/https%3A%2F%2Fgithub.com%2Fjeffreyrosenbluth%2Farrow" "/workspace/builds/worker-3-tc2/source", kill_on_drop: false }`
[INFO] [stderr] Cloning into '/workspace/builds/worker-3-tc2/source'...
[INFO] [stderr] done.
[INFO] validating manifest of git repo https://github.com/jeffreyrosenbluth/arrow on toolchain nightly-2025-01-18
[INFO] running `Command { std: CARGO_HOME="/workspace/cargo-home" RUSTUP_HOME="/workspace/rustup-home" "/workspace/cargo-home/bin/cargo" "+nightly-2025-01-18" "metadata" "--manifest-path" "Cargo.toml" "--no-deps", kill_on_drop: false }`
[INFO] started tweaking git repo https://github.com/jeffreyrosenbluth/arrow
[INFO] finished tweaking git repo https://github.com/jeffreyrosenbluth/arrow
[INFO] tweaked toml for git repo https://github.com/jeffreyrosenbluth/arrow written to /workspace/builds/worker-3-tc2/source/Cargo.toml
[INFO] crate git repo https://github.com/jeffreyrosenbluth/arrow already has a lockfile, it will not be regenerated
[INFO] running `Command { std: CARGO_HOME="/workspace/cargo-home" RUSTUP_HOME="/workspace/rustup-home" "/workspace/cargo-home/bin/cargo" "+nightly-2025-01-18" "fetch" "--manifest-path" "Cargo.toml", kill_on_drop: false }`
[INFO] [stderr]     Blocking waiting for file lock on package cache
[INFO] running `Command { std: "docker" "create" "-v" "/var/lib/crater-agent-workspace/builds/worker-3-tc2/target:/opt/rustwide/target:rw,Z" "-v" "/var/lib/crater-agent-workspace/builds/worker-3-tc2/source:/opt/rustwide/workdir:ro,Z" "-v" "/var/lib/crater-agent-workspace/cargo-home:/opt/rustwide/cargo-home:ro,Z" "-v" "/var/lib/crater-agent-workspace/rustup-home:/opt/rustwide/rustup-home:ro,Z" "-e" "SOURCE_DIR=/opt/rustwide/workdir" "-e" "CARGO_TARGET_DIR=/opt/rustwide/target" "-e" "CARGO_HOME=/opt/rustwide/cargo-home" "-e" "RUSTUP_HOME=/opt/rustwide/rustup-home" "-w" "/opt/rustwide/workdir" "-m" "1610612736" "--user" "0:0" "--network" "none" "ghcr.io/rust-lang/crates-build-env/linux@sha256:819108c5571ea2e421544af4d832f968d213c87fbe3707a016657f43d2f853bc" "/opt/rustwide/cargo-home/bin/cargo" "+nightly-2025-01-18" "metadata" "--no-deps" "--format-version=1", kill_on_drop: false }`
[INFO] [stdout] a344ab0ef42647abd2384faa44cfe5cb02c2bb9c9d5c3a20c5b5a1221244150c
[INFO] running `Command { std: "docker" "start" "-a" "a344ab0ef42647abd2384faa44cfe5cb02c2bb9c9d5c3a20c5b5a1221244150c", kill_on_drop: false }`
[INFO] running `Command { std: "docker" "inspect" "a344ab0ef42647abd2384faa44cfe5cb02c2bb9c9d5c3a20c5b5a1221244150c", kill_on_drop: false }`
[INFO] running `Command { std: "docker" "rm" "-f" "a344ab0ef42647abd2384faa44cfe5cb02c2bb9c9d5c3a20c5b5a1221244150c", kill_on_drop: false }`
[INFO] [stdout] a344ab0ef42647abd2384faa44cfe5cb02c2bb9c9d5c3a20c5b5a1221244150c
[INFO] running `Command { std: "docker" "create" "-v" "/var/lib/crater-agent-workspace/builds/worker-3-tc2/target:/opt/rustwide/target:rw,Z" "-v" "/var/lib/crater-agent-workspace/builds/worker-3-tc2/source:/opt/rustwide/workdir:ro,Z" "-v" "/var/lib/crater-agent-workspace/cargo-home:/opt/rustwide/cargo-home:ro,Z" "-v" "/var/lib/crater-agent-workspace/rustup-home:/opt/rustwide/rustup-home:ro,Z" "-e" "SOURCE_DIR=/opt/rustwide/workdir" "-e" "CARGO_TARGET_DIR=/opt/rustwide/target" "-e" "CARGO_INCREMENTAL=0" "-e" "RUST_BACKTRACE=full" "-e" "RUSTFLAGS=--cap-lints=forbid -Zrandomize-layout" "-e" "RUSTDOCFLAGS=--cap-lints=forbid" "-e" "CARGO_HOME=/opt/rustwide/cargo-home" "-e" "RUSTUP_HOME=/opt/rustwide/rustup-home" "-w" "/opt/rustwide/workdir" "-m" "1610612736" "--user" "0:0" "--network" "none" "ghcr.io/rust-lang/crates-build-env/linux@sha256:819108c5571ea2e421544af4d832f968d213c87fbe3707a016657f43d2f853bc" "/opt/rustwide/cargo-home/bin/cargo" "+nightly-2025-01-18" "build" "--frozen" "--message-format=json", kill_on_drop: false }`
[INFO] [stdout] cd46b3a793b1a8964e5c364e3363616f96c758dd8c3ae050aaddbaf5ef72ab6c
[INFO] running `Command { std: "docker" "start" "-a" "cd46b3a793b1a8964e5c364e3363616f96c758dd8c3ae050aaddbaf5ef72ab6c", kill_on_drop: false }`
[INFO] [stderr]    Compiling autocfg v1.2.0
[INFO] [stderr]    Compiling cfg-if v1.0.0
[INFO] [stderr]    Compiling proc-macro2 v1.0.79
[INFO] [stderr]    Compiling unicode-ident v1.0.12
[INFO] [stderr]    Compiling libc v0.2.153
[INFO] [stderr]    Compiling libm v0.2.8
[INFO] [stderr]    Compiling crossbeam-utils v0.8.19
[INFO] [stderr]    Compiling rayon-core v1.12.1
[INFO] [stderr]    Compiling simd-adler32 v0.3.7
[INFO] [stderr]    Compiling either v1.10.0
[INFO] [stderr]    Compiling crc32fast v1.4.0
[INFO] [stderr]    Compiling bytemuck v1.15.0
[INFO] [stderr]    Compiling adler v1.0.2
[INFO] [stderr]    Compiling ppv-lite86 v0.2.17
[INFO] [stderr]    Compiling getrandom v0.1.16
[INFO] [stderr]    Compiling arrayvec v0.7.4
[INFO] [stderr]    Compiling scopeguard v1.2.0
[INFO] [stderr]    Compiling miniz_oxide v0.7.2
[INFO] [stderr]    Compiling thiserror v1.0.58
[INFO] [stderr]    Compiling log v0.4.21
[INFO] [stderr]    Compiling anyhow v1.0.81
[INFO] [stderr]    Compiling rand_core v0.6.4
[INFO] [stderr]    Compiling siphasher v0.3.11
[INFO] [stderr]    Compiling fdeflate v0.3.4
[INFO] [stderr]    Compiling rand v0.8.5
[INFO] [stderr]    Compiling paste v1.0.14
[INFO] [stderr]    Compiling weezl v0.1.8
[INFO] [stderr]    Compiling built v0.7.1
[INFO] [stderr]    Compiling bitflags v1.3.2
[INFO] [stderr]    Compiling memchr v2.7.1
[INFO] [stderr]    Compiling minimal-lexical v0.2.1
[INFO] [stderr]    Compiling aligned-vec v0.5.0
[INFO] [stderr]    Compiling num-traits v0.2.18
[INFO] [stderr]    Compiling lock_api v0.4.11
[INFO] [stderr]    Compiling num-bigint v0.4.4
[INFO] [stderr]    Compiling flate2 v1.0.28
[INFO] [stderr]    Compiling num-rational v0.4.1
[INFO] [stderr]    Compiling crossbeam-epoch v0.9.18
[INFO] [stderr]    Compiling phf_shared v0.11.2
[INFO] [stderr]    Compiling png v0.17.13
[INFO] [stderr]    Compiling quote v1.0.35
[INFO] [stderr]    Compiling phf_generator v0.11.2
[INFO] [stderr]    Compiling spin v0.9.8
[INFO] [stderr]    Compiling rav1e v0.7.1
[INFO] [stderr]    Compiling rgb v0.8.37
[INFO] [stderr]    Compiling zune-inflate v0.2.54
[INFO] [stderr]    Compiling half v2.4.0
[INFO] [stderr]    Compiling byteorder v1.5.0
[INFO] [stderr]    Compiling flume v0.11.0
[INFO] [stderr]    Compiling bit_field v0.10.2
[INFO] [stderr]    Compiling crossbeam-deque v0.8.5
[INFO] [stderr]    Compiling once_cell v1.19.0
[INFO] [stderr]    Compiling color_quant v1.1.0
[INFO] [stderr]    Compiling syn v2.0.55
[INFO] [stderr]    Compiling getrandom v0.2.12
[INFO] [stderr]    Compiling smallvec v1.13.2
[INFO] [stderr]    Compiling lebe v0.5.2
[INFO] [stderr]    Compiling simd_helpers v0.1.0
[INFO] [stderr]    Compiling gif v0.13.1
[INFO] [stderr]    Compiling rand_core v0.5.1
[INFO] [stderr]    Compiling nom v7.1.3
[INFO] [stderr]    Compiling qoi v0.4.1
[INFO] [stderr]    Compiling itertools v0.12.1
[INFO] [stderr]    Compiling serde v1.0.197
[INFO] [stderr]    Compiling rand_chacha v0.2.2
[INFO] [stderr]    Compiling bitstream-io v2.2.0
[INFO] [stderr]    Compiling strict-num v0.1.1
[INFO] [stderr]    Compiling noop_proc_macro v0.3.0
[INFO] [stderr]    Compiling palette v0.7.5
[INFO] [stderr]    Compiling rand_chacha v0.3.1
[INFO] [stderr]    Compiling arrayref v0.3.7
[INFO] [stderr]    Compiling imgref v1.10.1
[INFO] [stderr]    Compiling new_debug_unreachable v1.0.6
[INFO] [stderr]    Compiling tiny-skia-path v0.11.4
[INFO] [stderr]    Compiling rand_xorshift v0.2.0
[INFO] [stderr]    Compiling avif-serialize v0.8.1
[INFO] [stderr]    Compiling quick-error v2.0.1
[INFO] [stderr]    Compiling rayon v1.10.0
[INFO] [stderr]    Compiling exr v1.72.0
[INFO] [stderr]    Compiling rand v0.7.3
[INFO] [stderr]    Compiling loop9 v0.1.5
[INFO] [stderr]    Compiling zune-core v0.4.12
[INFO] [stderr]    Compiling num-integer v0.1.46
[INFO] [stderr]    Compiling v_frame v0.3.8
[INFO] [stderr]    Compiling approx v0.5.1
[INFO] [stderr]    Compiling fast-srgb8 v1.0.0
[INFO] [stderr]    Compiling serde_json v1.0.115
[INFO] [stderr]    Compiling zune-jpeg v0.4.11
[INFO] [stderr]    Compiling tiny-skia v0.11.4
[INFO] [stderr]    Compiling num-complex v0.4.5
[INFO] [stderr]    Compiling rand_xorshift v0.3.0
[INFO] [stderr]    Compiling color-thief v0.2.2
[INFO] [stderr]    Compiling typed-arena v2.0.2
[INFO] [stderr]    Compiling itoa v1.0.11
[INFO] [stderr]    Compiling ryu v1.0.17
[INFO] [stderr]    Compiling unicode-width v0.1.11
[INFO] [stderr]    Compiling arrayvec v0.5.2
[INFO] [stderr]    Compiling winnow v0.6.5
[INFO] [stderr]    Compiling glam v0.27.0
[INFO] [stderr]    Compiling rand_distr v0.4.3
[INFO] [stderr]    Compiling noise v0.8.2
[INFO] [stderr]    Compiling noise v0.9.0
[INFO] [stderr]    Compiling pretty v0.12.3
[INFO] [stderr]    Compiling av1-grain v0.2.3
[INFO] [stderr]    Compiling jpeg-decoder v0.3.1
[INFO] [stderr]    Compiling maybe-rayon v0.1.1
[INFO] [stderr]    Compiling tiff v0.9.1
[INFO] [stderr]    Compiling thiserror-impl v1.0.58
[INFO] [stderr]    Compiling profiling-procmacros v1.0.15
[INFO] [stderr]    Compiling num-derive v0.4.2
[INFO] [stderr]    Compiling arg_enum_proc_macro v0.3.4
[INFO] [stderr]    Compiling phf_macros v0.11.2
[INFO] [stderr]    Compiling palette_derive v0.7.5
[INFO] [stderr]    Compiling serde_derive v1.0.197
[INFO] [stderr]    Compiling profiling v1.0.15
[INFO] [stderr]    Compiling image v0.24.9
[INFO] [stderr]    Compiling phf v0.11.2
[INFO] [stderr]    Compiling image-webp v0.1.1
[INFO] [stderr]    Compiling ravif v0.11.5
[INFO] [stderr]    Compiling wassily v0.1.0
[INFO] [stderr]    Compiling image v0.25.0
[INFO] [stderr]    Compiling arrow v0.1.0 (/opt/rustwide/workdir)
[INFO] [stdout] warning: unused import: `super::*`
[INFO] [stdout]    --> src/core.rs:246:9
[INFO] [stdout]     |
[INFO] [stdout] 246 |     use super::*;
[INFO] [stdout]     |         ^^^^^^^^
[INFO] [stdout]     |
[INFO] [stdout]     = note: `#[warn(unused_imports)]` on by default
[INFO] [stdout] 
[INFO] [stdout] 
[INFO] [stdout] warning: unused import: `fbm_perlin`
[INFO] [stdout]  --> src/sdfs.rs:1:19
[INFO] [stdout]   |
[INFO] [stdout] 1 | use crate::core::{fbm_perlin, fbm_value, v3, I, ZERO3};
[INFO] [stdout]   |                   ^^^^^^^^^^
[INFO] [stdout] 
[INFO] [stdout] 
[INFO] [stdout] warning: unused import: `perlin_noise`
[INFO] [stdout]  --> src/sdfs.rs:3:52
[INFO] [stdout]   |
[INFO] [stdout] 3 | use crate::{box2, box3, dot, functions::*, length, perlin_noise, value_noise};
[INFO] [stdout]   |                                                    ^^^^^^^^^^^^
[INFO] [stdout] 
[INFO] [stdout] 
[INFO] [stderr]     Finished `dev` profile [unoptimized + debuginfo] target(s) in 1m 15s
[INFO] running `Command { std: "docker" "inspect" "cd46b3a793b1a8964e5c364e3363616f96c758dd8c3ae050aaddbaf5ef72ab6c", kill_on_drop: false }`
[INFO] running `Command { std: "docker" "rm" "-f" "cd46b3a793b1a8964e5c364e3363616f96c758dd8c3ae050aaddbaf5ef72ab6c", kill_on_drop: false }`
[INFO] [stdout] cd46b3a793b1a8964e5c364e3363616f96c758dd8c3ae050aaddbaf5ef72ab6c
[INFO] running `Command { std: "docker" "create" "-v" "/var/lib/crater-agent-workspace/builds/worker-3-tc2/target:/opt/rustwide/target:rw,Z" "-v" "/var/lib/crater-agent-workspace/builds/worker-3-tc2/source:/opt/rustwide/workdir:ro,Z" "-v" "/var/lib/crater-agent-workspace/cargo-home:/opt/rustwide/cargo-home:ro,Z" "-v" "/var/lib/crater-agent-workspace/rustup-home:/opt/rustwide/rustup-home:ro,Z" "-e" "SOURCE_DIR=/opt/rustwide/workdir" "-e" "CARGO_TARGET_DIR=/opt/rustwide/target" "-e" "CARGO_INCREMENTAL=0" "-e" "RUST_BACKTRACE=full" "-e" "RUSTFLAGS=--cap-lints=forbid -Zrandomize-layout" "-e" "RUSTDOCFLAGS=--cap-lints=forbid" "-e" "CARGO_HOME=/opt/rustwide/cargo-home" "-e" "RUSTUP_HOME=/opt/rustwide/rustup-home" "-w" "/opt/rustwide/workdir" "-m" "1610612736" "--user" "0:0" "--network" "none" "ghcr.io/rust-lang/crates-build-env/linux@sha256:819108c5571ea2e421544af4d832f968d213c87fbe3707a016657f43d2f853bc" "/opt/rustwide/cargo-home/bin/cargo" "+nightly-2025-01-18" "test" "--frozen" "--no-run" "--message-format=json", kill_on_drop: false }`
[INFO] [stdout] 4717ffc9d073af8c7b77eb2df5affbe5341d5dea96c13e1edbb315419aaa359f
[INFO] running `Command { std: "docker" "start" "-a" "4717ffc9d073af8c7b77eb2df5affbe5341d5dea96c13e1edbb315419aaa359f", kill_on_drop: false }`
[INFO] [stderr]    Compiling arrow v0.1.0 (/opt/rustwide/workdir)
[INFO] [stdout] warning: unused import: `super::*`
[INFO] [stdout]    --> src/core.rs:246:9
[INFO] [stdout]     |
[INFO] [stdout] 246 |     use super::*;
[INFO] [stdout]     |         ^^^^^^^^
[INFO] [stdout]     |
[INFO] [stdout]     = note: `#[warn(unused_imports)]` on by default
[INFO] [stdout] 
[INFO] [stdout] 
[INFO] [stdout] warning: unused import: `fbm_perlin`
[INFO] [stdout]  --> src/sdfs.rs:1:19
[INFO] [stdout]   |
[INFO] [stdout] 1 | use crate::core::{fbm_perlin, fbm_value, v3, I, ZERO3};
[INFO] [stdout]   |                   ^^^^^^^^^^
[INFO] [stdout] 
[INFO] [stdout] 
[INFO] [stdout] warning: unused import: `perlin_noise`
[INFO] [stdout]  --> src/sdfs.rs:3:52
[INFO] [stdout]   |
[INFO] [stdout] 3 | use crate::{box2, box3, dot, functions::*, length, perlin_noise, value_noise};
[INFO] [stdout]   |                                                    ^^^^^^^^^^^^
[INFO] [stdout] 
[INFO] [stdout] 
[INFO] [stdout] warning: unused import: `fbm_perlin`
[INFO] [stdout]  --> src/sdfs.rs:1:19
[INFO] [stdout]   |
[INFO] [stdout] 1 | use crate::core::{fbm_perlin, fbm_value, v3, I, ZERO3};
[INFO] [stdout]   |                   ^^^^^^^^^^
[INFO] [stdout]   |
[INFO] [stdout]   = note: `#[warn(unused_imports)]` on by default
[INFO] [stdout] 
[INFO] [stdout] 
[INFO] [stdout] warning: unused import: `perlin_noise`
[INFO] [stdout]  --> src/sdfs.rs:3:52
[INFO] [stdout]   |
[INFO] [stdout] 3 | use crate::{box2, box3, dot, functions::*, length, perlin_noise, value_noise};
[INFO] [stdout]   |                                                    ^^^^^^^^^^^^
[INFO] [stdout] 
[INFO] [stdout] 
[INFO] [stderr]     Finished `test` profile [unoptimized + debuginfo] target(s) in 3.09s
[INFO] running `Command { std: "docker" "inspect" "4717ffc9d073af8c7b77eb2df5affbe5341d5dea96c13e1edbb315419aaa359f", kill_on_drop: false }`
[INFO] running `Command { std: "docker" "rm" "-f" "4717ffc9d073af8c7b77eb2df5affbe5341d5dea96c13e1edbb315419aaa359f", kill_on_drop: false }`
[INFO] [stdout] 4717ffc9d073af8c7b77eb2df5affbe5341d5dea96c13e1edbb315419aaa359f
[INFO] running `Command { std: "docker" "create" "-v" "/var/lib/crater-agent-workspace/builds/worker-3-tc2/target:/opt/rustwide/target:rw,Z" "-v" "/var/lib/crater-agent-workspace/builds/worker-3-tc2/source:/opt/rustwide/workdir:ro,Z" "-v" "/var/lib/crater-agent-workspace/cargo-home:/opt/rustwide/cargo-home:ro,Z" "-v" "/var/lib/crater-agent-workspace/rustup-home:/opt/rustwide/rustup-home:ro,Z" "-e" "SOURCE_DIR=/opt/rustwide/workdir" "-e" "CARGO_TARGET_DIR=/opt/rustwide/target" "-e" "CARGO_INCREMENTAL=0" "-e" "RUST_BACKTRACE=full" "-e" "RUSTFLAGS=--cap-lints=forbid -Zrandomize-layout" "-e" "RUSTDOCFLAGS=--cap-lints=forbid" "-e" "CARGO_HOME=/opt/rustwide/cargo-home" "-e" "RUSTUP_HOME=/opt/rustwide/rustup-home" "-w" "/opt/rustwide/workdir" "-m" "1610612736" "--user" "0:0" "--network" "none" "ghcr.io/rust-lang/crates-build-env/linux@sha256:819108c5571ea2e421544af4d832f968d213c87fbe3707a016657f43d2f853bc" "/opt/rustwide/cargo-home/bin/cargo" "+nightly-2025-01-18" "test" "--frozen", kill_on_drop: false }`
[INFO] [stdout] ad527af42ada4a81494bb4af4d2ec51c89ed20dac37b4a0bfb2416ca64097d49
[INFO] running `Command { std: "docker" "start" "-a" "ad527af42ada4a81494bb4af4d2ec51c89ed20dac37b4a0bfb2416ca64097d49", kill_on_drop: false }`
[INFO] [stderr] warning: unused import: `super::*`
[INFO] [stderr]    --> src/core.rs:246:9
[INFO] [stderr]     |
[INFO] [stderr] 246 |     use super::*;
[INFO] [stderr]     |         ^^^^^^^^
[INFO] [stderr]     |
[INFO] [stderr]     = note: `#[warn(unused_imports)]` on by default
[INFO] [stderr] 
[INFO] [stderr] warning: unused import: `fbm_perlin`
[INFO] [stderr]  --> src/sdfs.rs:1:19
[INFO] [stderr]   |
[INFO] [stderr] 1 | use crate::core::{fbm_perlin, fbm_value, v3, I, ZERO3};
[INFO] [stderr]   |                   ^^^^^^^^^^
[INFO] [stderr] 
[INFO] [stderr] warning: unused import: `perlin_noise`
[INFO] [stderr]  --> src/sdfs.rs:3:52
[INFO] [stderr]   |
[INFO] [stderr] 3 | use crate::{box2, box3, dot, functions::*, length, perlin_noise, value_noise};
[INFO] [stderr]   |                                                    ^^^^^^^^^^^^
[INFO] [stderr] 
[INFO] [stderr] warning: unused import: `fbm_perlin`
[INFO] [stderr]  --> src/sdfs.rs:1:19
[INFO] [stderr]   |
[INFO] [stderr] 1 | use crate::core::{fbm_perlin, fbm_value, v3, I, ZERO3};
[INFO] [stderr]   |                   ^^^^^^^^^^
[INFO] [stderr]   |
[INFO] [stderr]   = note: `#[warn(unused_imports)]` on by default
[INFO] [stderr] 
[INFO] [stderr] warning: `arrow` (lib) generated 3 warnings (run `cargo fix --lib -p arrow` to apply 3 suggestions)
[INFO] [stderr] warning: `arrow` (lib test) generated 2 warnings (1 duplicate) (run `cargo fix --lib -p arrow --tests` to apply 1 suggestion)
[INFO] [stderr]     Finished `test` profile [unoptimized + debuginfo] target(s) in 0.15s
[INFO] [stderr]      Running unittests src/lib.rs (/opt/rustwide/target/debug/deps/arrow-aa4a0c6bb5b6070e)
[INFO] [stdout] 
[INFO] [stdout] running 23 tests
[INFO] [stdout] test codegen::tests::assign_from ... ok
[INFO] [stdout] test codegen::tests::assign_to ... ok
[INFO] [stdout] test codegen::tests::assign_variable ... ok
[INFO] [stdout] test codegen::tests::binop ... ok
[INFO] [stdout] test codegen::tests::func ... ok
[INFO] [stdout] test expand::tests::expand_test ... ok
[INFO] [stdout] test lexer::tests::test_assign ... ok
[INFO] [stdout] test pratt::tests::g67 ... ok
[INFO] [stdout] test codegen::tests::ternary ... ok
[INFO] [stdout] test core::tests::test_noise ... ok
[INFO] [stdout] test pratt::tests::no_more_ray ... ok
[INFO] [stdout] test lexer::tests::test_function ... ok
[INFO] [stdout] test pratt::tests::sponge ... ok
[INFO] [stdout] test codegen::tests::show ... ok
[INFO] [stdout] test lexer::tests::show ... ok
[INFO] [stdout] test codegen::tests::assign_expr ... ok
[INFO] [stdout] test pratt::tests::quanta ... ok
[INFO] [stdout] test pratt::tests::random_python ... ok
[INFO] [stdout] test pratt::tests::show ... ok
[INFO] [stdout] test pratt::tests::statement_tests ... ok
[INFO] [stdout] test pratt::tests::expr_tests ... ok
[INFO] [stdout] test pratt::tests::temple ... ok
[INFO] [stdout] test codegen::tests::sequence ... FAILED
[INFO] [stdout] 
[INFO] [stdout] failures:
[INFO] [stdout] 
[INFO] [stdout] ---- codegen::tests::sequence stdout ----
[INFO] [stdout] 
[INFO] [stdout] thread 'codegen::tests::sequence' panicked at src/codegen.rs:356:9:
[INFO] [stdout] assertion `left == right` failed
[INFO] [stdout]   left: "let x = 1f32;\nlet s = 2.3f32;"
[INFO] [stdout]  right: "x = 1f32;\nlet s = 2.3f32;"
[INFO] [stdout] stack backtrace:
[INFO] [stdout]    0:     0x5c127a6fdc9a - std::backtrace_rs::backtrace::libunwind::trace::hb059275cfc8d6126
[INFO] [stdout]                                at /rustc/6067b36314ab5eb2eb47cecc464545ba58e1ad24/library/std/src/../../backtrace/src/backtrace/libunwind.rs:116:5
[INFO] [stdout]    1:     0x5c127a6fdc9a - std::backtrace_rs::backtrace::trace_unsynchronized::h2da071e4327ce3ee
[INFO] [stdout]                                at /rustc/6067b36314ab5eb2eb47cecc464545ba58e1ad24/library/std/src/../../backtrace/src/backtrace/mod.rs:66:5
[INFO] [stdout]    2:     0x5c127a6fdc9a - std::sys::backtrace::_print_fmt::h842a1474e6f8d23f
[INFO] [stdout]                                at /rustc/6067b36314ab5eb2eb47cecc464545ba58e1ad24/library/std/src/sys/backtrace.rs:66:9
[INFO] [stdout]    3:     0x5c127a6fdc9a - <std::sys::backtrace::BacktraceLock::print::DisplayBacktrace as core::fmt::Display>::fmt::h71a62eb3b9696b12
[INFO] [stdout]                                at /rustc/6067b36314ab5eb2eb47cecc464545ba58e1ad24/library/std/src/sys/backtrace.rs:39:26
[INFO] [stdout]    4:     0x5c127a726d23 - core::fmt::rt::Argument::fmt::hdb6b616786b41dc1
[INFO] [stdout]                                at /rustc/6067b36314ab5eb2eb47cecc464545ba58e1ad24/library/core/src/fmt/rt.rs:177:76
[INFO] [stdout]    5:     0x5c127a726d23 - core::fmt::write::h2cc1698af7e2d686
[INFO] [stdout]                                at /rustc/6067b36314ab5eb2eb47cecc464545ba58e1ad24/library/core/src/fmt/mod.rs:1440:21
[INFO] [stdout]    6:     0x5c127a6fa7f3 - std::io::Write::write_fmt::hab1b4cd059a79022
[INFO] [stdout]                                at /rustc/6067b36314ab5eb2eb47cecc464545ba58e1ad24/library/std/src/io/mod.rs:1887:15
[INFO] [stdout]    7:     0x5c127a6fdae2 - std::sys::backtrace::BacktraceLock::print::h147fe35b4ea13b08
[INFO] [stdout]                                at /rustc/6067b36314ab5eb2eb47cecc464545ba58e1ad24/library/std/src/sys/backtrace.rs:42:9
[INFO] [stdout]    8:     0x5c127a6ff0bf - std::panicking::default_hook::{{closure}}::hbd44223dbdc0d208
[INFO] [stdout]                                at /rustc/6067b36314ab5eb2eb47cecc464545ba58e1ad24/library/std/src/panicking.rs:298:22
[INFO] [stdout]    9:     0x5c127a6feed8 - std::panicking::default_hook::h20f81eb0576efcec
[INFO] [stdout]                                at /rustc/6067b36314ab5eb2eb47cecc464545ba58e1ad24/library/std/src/panicking.rs:322:9
[INFO] [stdout]   10:     0x5c127a6ba3f3 - <alloc::boxed::Box<F,A> as core::ops::function::Fn<Args>>::call::hdb53814c496a4d34
[INFO] [stdout]                                at /rustc/6067b36314ab5eb2eb47cecc464545ba58e1ad24/library/alloc/src/boxed.rs:2027:9
[INFO] [stdout]   11:     0x5c127a6ba3f3 - test::test_main::{{closure}}::hc0a4963c59427c24
[INFO] [stdout]                                at /rustc/6067b36314ab5eb2eb47cecc464545ba58e1ad24/library/test/src/lib.rs:134:21
[INFO] [stdout]   12:     0x5c127a6ffbb3 - <alloc::boxed::Box<F,A> as core::ops::function::Fn<Args>>::call::h591b2225413a77e9
[INFO] [stdout]                                at /rustc/6067b36314ab5eb2eb47cecc464545ba58e1ad24/library/alloc/src/boxed.rs:2027:9
[INFO] [stdout]   13:     0x5c127a6ffbb3 - std::panicking::rust_panic_with_hook::h625eea43051b2edc
[INFO] [stdout]                                at /rustc/6067b36314ab5eb2eb47cecc464545ba58e1ad24/library/std/src/panicking.rs:839:13
[INFO] [stdout]   14:     0x5c127a6ff86a - std::panicking::begin_panic_handler::{{closure}}::h4f9159cfbc3f6bd3
[INFO] [stdout]                                at /rustc/6067b36314ab5eb2eb47cecc464545ba58e1ad24/library/std/src/panicking.rs:704:13
[INFO] [stdout]   15:     0x5c127a6fe199 - std::sys::backtrace::__rust_end_short_backtrace::h0390abce48353151
[INFO] [stdout]                                at /rustc/6067b36314ab5eb2eb47cecc464545ba58e1ad24/library/std/src/sys/backtrace.rs:168:18
[INFO] [stdout]   16:     0x5c127a6ff4fd - rust_begin_unwind
[INFO] [stdout]                                at /rustc/6067b36314ab5eb2eb47cecc464545ba58e1ad24/library/std/src/panicking.rs:695:5
[INFO] [stdout]   17:     0x5c127a724cd0 - core::panicking::panic_fmt::h9e7c637e9e5f29c9
[INFO] [stdout]                                at /rustc/6067b36314ab5eb2eb47cecc464545ba58e1ad24/library/core/src/panicking.rs:75:14
[INFO] [stdout]   18:     0x5c127a725092 - core::panicking::assert_failed_inner::h538bec7c1374cd9c
[INFO] [stdout]   19:     0x5c127a63bae3 - core::panicking::assert_failed::h76a44f70c5c8aedf
[INFO] [stdout]                                at /rustc/6067b36314ab5eb2eb47cecc464545ba58e1ad24/library/core/src/panicking.rs:364:5
[INFO] [stdout]   20:     0x5c127a647b07 - arrow::codegen::tests::sequence::ha8293da0eead8bc3
[INFO] [stdout]                                at /opt/rustwide/workdir/src/codegen.rs:356:9
[INFO] [stdout]   21:     0x5c127a647717 - arrow::codegen::tests::sequence::{{closure}}::hd8f4001fdf3d693c
[INFO] [stdout]                                at /opt/rustwide/workdir/src/codegen.rs:345:18
[INFO] [stdout]   22:     0x5c127a638e66 - core::ops::function::FnOnce::call_once::h67f4bb0bc1e4448f
[INFO] [stdout]                                at /rustc/6067b36314ab5eb2eb47cecc464545ba58e1ad24/library/core/src/ops/function.rs:250:5
[INFO] [stdout]   23:     0x5c127a6bfb4b - core::ops::function::FnOnce::call_once::he27718dfdd183f43
[INFO] [stdout]                                at /rustc/6067b36314ab5eb2eb47cecc464545ba58e1ad24/library/core/src/ops/function.rs:250:5
[INFO] [stdout]   24:     0x5c127a6bfb4b - test::__rust_begin_short_backtrace::h4e84902998457a5d
[INFO] [stdout]                                at /rustc/6067b36314ab5eb2eb47cecc464545ba58e1ad24/library/test/src/lib.rs:632:18
[INFO] [stdout]   25:     0x5c127a6bea83 - test::run_test_in_process::{{closure}}::h7176fd18fc1feca0
[INFO] [stdout]                                at /rustc/6067b36314ab5eb2eb47cecc464545ba58e1ad24/library/test/src/lib.rs:655:60
[INFO] [stdout]   26:     0x5c127a6bea83 - <core::panic::unwind_safe::AssertUnwindSafe<F> as core::ops::function::FnOnce<()>>::call_once::hf79cff2a624d8cf7
[INFO] [stdout]                                at /rustc/6067b36314ab5eb2eb47cecc464545ba58e1ad24/library/core/src/panic/unwind_safe.rs:272:9
[INFO] [stdout]   27:     0x5c127a6bea83 - std::panicking::try::do_call::h3da0561d9ab99c25
[INFO] [stdout]                                at /rustc/6067b36314ab5eb2eb47cecc464545ba58e1ad24/library/std/src/panicking.rs:587:40
[INFO] [stdout]   28:     0x5c127a6bea83 - std::panicking::try::h41c9fa508bc61df6
[INFO] [stdout]                                at /rustc/6067b36314ab5eb2eb47cecc464545ba58e1ad24/library/std/src/panicking.rs:550:19
[INFO] [stdout]   29:     0x5c127a6bea83 - std::panic::catch_unwind::h6b3ff07bb5afad93
[INFO] [stdout]                                at /rustc/6067b36314ab5eb2eb47cecc464545ba58e1ad24/library/std/src/panic.rs:358:14
[INFO] [stdout]   30:     0x5c127a6bea83 - test::run_test_in_process::hc7253dd11b39b9f4
[INFO] [stdout]                                at /rustc/6067b36314ab5eb2eb47cecc464545ba58e1ad24/library/test/src/lib.rs:655:27
[INFO] [stdout]   31:     0x5c127a6bea83 - test::run_test::{{closure}}::hfb2007f8649c30bb
[INFO] [stdout]                                at /rustc/6067b36314ab5eb2eb47cecc464545ba58e1ad24/library/test/src/lib.rs:576:43
[INFO] [stdout]   32:     0x5c127a681b65 - test::run_test::{{closure}}::h56a17aa7a282a9f4
[INFO] [stdout]                                at /rustc/6067b36314ab5eb2eb47cecc464545ba58e1ad24/library/test/src/lib.rs:606:41
[INFO] [stdout]   33:     0x5c127a681b65 - std::sys::backtrace::__rust_begin_short_backtrace::hd2d2d2fb8e8c6aac
[INFO] [stdout]                                at /rustc/6067b36314ab5eb2eb47cecc464545ba58e1ad24/library/std/src/sys/backtrace.rs:152:18
[INFO] [stdout]   34:     0x5c127a68544a - std::thread::Builder::spawn_unchecked_::{{closure}}::{{closure}}::h4faa3f9db6133423
[INFO] [stdout]                                at /rustc/6067b36314ab5eb2eb47cecc464545ba58e1ad24/library/std/src/thread/mod.rs:559:17
[INFO] [stdout]   35:     0x5c127a68544a - <core::panic::unwind_safe::AssertUnwindSafe<F> as core::ops::function::FnOnce<()>>::call_once::hf2e855a36a4ea846
[INFO] [stdout]                                at /rustc/6067b36314ab5eb2eb47cecc464545ba58e1ad24/library/core/src/panic/unwind_safe.rs:272:9
[INFO] [stdout]   36:     0x5c127a68544a - std::panicking::try::do_call::h2f73af3616c35465
[INFO] [stdout]                                at /rustc/6067b36314ab5eb2eb47cecc464545ba58e1ad24/library/std/src/panicking.rs:587:40
[INFO] [stdout]   37:     0x5c127a68544a - std::panicking::try::hd1660ce9efadef5a
[INFO] [stdout]                                at /rustc/6067b36314ab5eb2eb47cecc464545ba58e1ad24/library/std/src/panicking.rs:550:19
[INFO] [stdout]   38:     0x5c127a68544a - std::panic::catch_unwind::h5ee8d7823b8ca744
[INFO] [stdout]                                at /rustc/6067b36314ab5eb2eb47cecc464545ba58e1ad24/library/std/src/panic.rs:358:14
[INFO] [stdout]   39:     0x5c127a68544a - std::thread::Builder::spawn_unchecked_::{{closure}}::h53c3a1894dce8407
[INFO] [stdout]                                at /rustc/6067b36314ab5eb2eb47cecc464545ba58e1ad24/library/std/src/thread/mod.rs:557:30
[INFO] [stdout]   40:     0x5c127a68544a - core::ops::function::FnOnce::call_once{{vtable.shim}}::h048ce291ad4f62bf
[INFO] [stdout]                                at /rustc/6067b36314ab5eb2eb47cecc464545ba58e1ad24/library/core/src/ops/function.rs:250:5
[INFO] [stdout]   41:     0x5c127a703aeb - <alloc::boxed::Box<F,A> as core::ops::function::FnOnce<Args>>::call_once::ha52bedf99a3b4981
[INFO] [stdout]                                at /rustc/6067b36314ab5eb2eb47cecc464545ba58e1ad24/library/alloc/src/boxed.rs:2013:9
[INFO] [stdout]   42:     0x5c127a703aeb - <alloc::boxed::Box<F,A> as core::ops::function::FnOnce<Args>>::call_once::h567748934d80ccf8
[INFO] [stdout]                                at /rustc/6067b36314ab5eb2eb47cecc464545ba58e1ad24/library/alloc/src/boxed.rs:2013:9
[INFO] [stdout]   43:     0x5c127a703aeb - std::sys::pal::unix::thread::Thread::new::thread_start::h2d970728ae887adc
[INFO] [stdout]                                at /rustc/6067b36314ab5eb2eb47cecc464545ba58e1ad24/library/std/src/sys/pal/unix/thread.rs:106:17
[INFO] [stdout]   44:     0x75a56c15aac3 - <unknown>
[INFO] [stdout]   45:     0x75a56c1eba04 - clone
[INFO] [stdout]   46:                0x0 - <unknown>
[INFO] [stdout] 
[INFO] [stdout] 
[INFO] [stdout] failures:
[INFO] [stdout]     codegen::tests::sequence
[INFO] [stdout] 
[INFO] [stdout] test result: FAILED. 22 passed; 1 failed; 0 ignored; 0 measured; 0 filtered out; finished in 0.13s
[INFO] [stdout] 
[INFO] [stderr] error: test failed, to rerun pass `--lib`
[INFO] running `Command { std: "docker" "inspect" "ad527af42ada4a81494bb4af4d2ec51c89ed20dac37b4a0bfb2416ca64097d49", kill_on_drop: false }`
[INFO] running `Command { std: "docker" "rm" "-f" "ad527af42ada4a81494bb4af4d2ec51c89ed20dac37b4a0bfb2416ca64097d49", kill_on_drop: false }`
[INFO] [stdout] ad527af42ada4a81494bb4af4d2ec51c89ed20dac37b4a0bfb2416ca64097d49
