[INFO] cloning repository https://github.com/jdx/usage
[INFO] running `Command { std: "git" "-c" "credential.helper=" "-c" "credential.helper=/workspace/cargo-home/bin/git-credential-null" "clone" "--bare" "https://github.com/jdx/usage" "/workspace/cache/git-repos/https%3A%2F%2Fgithub.com%2Fjdx%2Fusage", kill_on_drop: false }`
[INFO] [stderr] Cloning into bare repository '/workspace/cache/git-repos/https%3A%2F%2Fgithub.com%2Fjdx%2Fusage'...
[INFO] running `Command { std: "git" "rev-parse" "HEAD", kill_on_drop: false }`
[INFO] [stdout] d896d24911892969b36e51e03465d442fa040652
[INFO] testing jdx/usage against nightly-2025-01-18+rustflags=-Zrandomize-layout for randomize-layout-2
[INFO] running `Command { std: "git" "clone" "/workspace/cache/git-repos/https%3A%2F%2Fgithub.com%2Fjdx%2Fusage" "/workspace/builds/worker-6-tc2/source", kill_on_drop: false }`
[INFO] [stderr] Cloning into '/workspace/builds/worker-6-tc2/source'...
[INFO] [stderr] done.
[INFO] validating manifest of git repo https://github.com/jdx/usage on toolchain nightly-2025-01-18
[INFO] running `Command { std: CARGO_HOME="/workspace/cargo-home" RUSTUP_HOME="/workspace/rustup-home" "/workspace/cargo-home/bin/cargo" "+nightly-2025-01-18" "metadata" "--manifest-path" "Cargo.toml" "--no-deps", kill_on_drop: false }`
[INFO] started tweaking git repo https://github.com/jdx/usage
[INFO] finished tweaking git repo https://github.com/jdx/usage
[INFO] tweaked toml for git repo https://github.com/jdx/usage written to /workspace/builds/worker-6-tc2/source/Cargo.toml
[INFO] crate git repo https://github.com/jdx/usage already has a lockfile, it will not be regenerated
[INFO] running `Command { std: CARGO_HOME="/workspace/cargo-home" RUSTUP_HOME="/workspace/rustup-home" "/workspace/cargo-home/bin/cargo" "+nightly-2025-01-18" "fetch" "--manifest-path" "Cargo.toml", kill_on_drop: false }`
[INFO] running `Command { std: "docker" "create" "-v" "/var/lib/crater-agent-workspace/builds/worker-6-tc2/target:/opt/rustwide/target:rw,Z" "-v" "/var/lib/crater-agent-workspace/builds/worker-6-tc2/source:/opt/rustwide/workdir:ro,Z" "-v" "/var/lib/crater-agent-workspace/cargo-home:/opt/rustwide/cargo-home:ro,Z" "-v" "/var/lib/crater-agent-workspace/rustup-home:/opt/rustwide/rustup-home:ro,Z" "-e" "SOURCE_DIR=/opt/rustwide/workdir" "-e" "CARGO_TARGET_DIR=/opt/rustwide/target" "-e" "CARGO_HOME=/opt/rustwide/cargo-home" "-e" "RUSTUP_HOME=/opt/rustwide/rustup-home" "-w" "/opt/rustwide/workdir" "-m" "1610612736" "--user" "0:0" "--network" "none" "ghcr.io/rust-lang/crates-build-env/linux@sha256:819108c5571ea2e421544af4d832f968d213c87fbe3707a016657f43d2f853bc" "/opt/rustwide/cargo-home/bin/cargo" "+nightly-2025-01-18" "metadata" "--no-deps" "--format-version=1", kill_on_drop: false }`
[INFO] [stdout] 329d351ad64332fe2b0396792a23dd0e8170d2d244be5cd9726f32d6bcc42e01
[INFO] running `Command { std: "docker" "start" "-a" "329d351ad64332fe2b0396792a23dd0e8170d2d244be5cd9726f32d6bcc42e01", kill_on_drop: false }`
[INFO] running `Command { std: "docker" "inspect" "329d351ad64332fe2b0396792a23dd0e8170d2d244be5cd9726f32d6bcc42e01", kill_on_drop: false }`
[INFO] running `Command { std: "docker" "rm" "-f" "329d351ad64332fe2b0396792a23dd0e8170d2d244be5cd9726f32d6bcc42e01", kill_on_drop: false }`
[INFO] [stdout] 329d351ad64332fe2b0396792a23dd0e8170d2d244be5cd9726f32d6bcc42e01
[INFO] running `Command { std: "docker" "create" "-v" "/var/lib/crater-agent-workspace/builds/worker-6-tc2/target:/opt/rustwide/target:rw,Z" "-v" "/var/lib/crater-agent-workspace/builds/worker-6-tc2/source:/opt/rustwide/workdir:ro,Z" "-v" "/var/lib/crater-agent-workspace/cargo-home:/opt/rustwide/cargo-home:ro,Z" "-v" "/var/lib/crater-agent-workspace/rustup-home:/opt/rustwide/rustup-home:ro,Z" "-e" "SOURCE_DIR=/opt/rustwide/workdir" "-e" "CARGO_TARGET_DIR=/opt/rustwide/target" "-e" "CARGO_INCREMENTAL=0" "-e" "RUST_BACKTRACE=full" "-e" "RUSTFLAGS=--cap-lints=forbid -Zrandomize-layout" "-e" "RUSTDOCFLAGS=--cap-lints=forbid" "-e" "CARGO_HOME=/opt/rustwide/cargo-home" "-e" "RUSTUP_HOME=/opt/rustwide/rustup-home" "-w" "/opt/rustwide/workdir" "-m" "1610612736" "--user" "0:0" "--network" "none" "ghcr.io/rust-lang/crates-build-env/linux@sha256:819108c5571ea2e421544af4d832f968d213c87fbe3707a016657f43d2f853bc" "/opt/rustwide/cargo-home/bin/cargo" "+nightly-2025-01-18" "build" "--frozen" "--message-format=json", kill_on_drop: false }`
[INFO] [stdout] 517796507c3d25c5976992762cac0e097cd94454fdd9c32e15797271eb4d710c
[INFO] running `Command { std: "docker" "start" "-a" "517796507c3d25c5976992762cac0e097cd94454fdd9c32e15797271eb4d710c", kill_on_drop: false }`
[INFO] [stderr]    Compiling proc-macro2 v1.0.92
[INFO] [stderr]    Compiling unicode-ident v1.0.14
[INFO] [stderr]    Compiling memchr v2.7.4
[INFO] [stderr]    Compiling libc v0.2.169
[INFO] [stderr]    Compiling autocfg v1.4.0
[INFO] [stderr]    Compiling siphasher v1.0.1
[INFO] [stderr]    Compiling regex-syntax v0.8.5
[INFO] [stderr]    Compiling bitflags v2.7.0
[INFO] [stderr]    Compiling thiserror v2.0.11
[INFO] [stderr]    Compiling rand_core v0.6.4
[INFO] [stderr]    Compiling strsim v0.11.1
[INFO] [stderr]    Compiling object v0.36.7
[INFO] [stderr]    Compiling crossbeam-utils v0.8.21
[INFO] [stderr]    Compiling log v0.4.24
[INFO] [stderr]    Compiling serde v1.0.217
[INFO] [stderr]    Compiling rustix v0.38.43
[INFO] [stderr]    Compiling adler2 v2.0.0
[INFO] [stderr]    Compiling once_cell v1.20.2
[INFO] [stderr]    Compiling rand v0.8.5
[INFO] [stderr]    Compiling phf_shared v0.11.3
[INFO] [stderr]    Compiling gimli v0.31.1
[INFO] [stderr]    Compiling miniz_oxide v0.8.2
[INFO] [stderr]    Compiling cfg_aliases v0.2.1
[INFO] [stderr]    Compiling phf v0.11.3
[INFO] [stderr]    Compiling thiserror v1.0.69
[INFO] [stderr]    Compiling aho-corasick v1.1.3
[INFO] [stderr]    Compiling linux-raw-sys v0.4.15
[INFO] [stderr]    Compiling phf_generator v0.11.3
[INFO] [stderr]    Compiling utf8parse v0.2.2
[INFO] [stderr]    Compiling rustc-demangle v0.1.24
[INFO] [stderr]    Compiling num-traits v0.2.19
[INFO] [stderr]    Compiling phf_codegen v0.11.3
[INFO] [stderr]    Compiling byteorder v1.5.0
[INFO] [stderr]    Compiling quote v1.0.38
[INFO] [stderr]    Compiling ucd-trie v0.1.7
[INFO] [stderr]    Compiling syn v2.0.96
[INFO] [stderr]    Compiling owo-colors v4.1.0
[INFO] [stderr]    Compiling anstyle-parse v0.2.6
[INFO] [stderr]    Compiling crossbeam-epoch v0.9.18
[INFO] [stderr]    Compiling nix v0.29.0
[INFO] [stderr]    Compiling bstr v1.11.3
[INFO] [stderr]    Compiling same-file v1.0.6
[INFO] [stderr]    Compiling heck v0.5.0
[INFO] [stderr]    Compiling rustversion v1.0.19
[INFO] [stderr]    Compiling is_ci v1.2.0
[INFO] [stderr]    Compiling unic-common v0.9.0
[INFO] [stderr]    Compiling is_terminal_polyfill v1.70.1
[INFO] [stderr]    Compiling anstyle-query v1.1.2
[INFO] [stderr]    Compiling colorchoice v1.0.3
[INFO] [stderr]    Compiling unicode-width v0.1.14
[INFO] [stderr]    Compiling anstyle v1.0.10
[INFO] [stderr]    Compiling libm v0.2.11
[INFO] [stderr]    Compiling unicode-linebreak v0.1.5
[INFO] [stderr]    Compiling unic-char-range v0.9.0
[INFO] [stderr]    Compiling crossbeam-deque v0.8.6
[INFO] [stderr]    Compiling unic-ucd-version v0.9.0
[INFO] [stderr]    Compiling unic-char-property v0.9.0
[INFO] [stderr]    Compiling supports-color v3.0.2
[INFO] [stderr]    Compiling walkdir v2.5.0
[INFO] [stderr]    Compiling num-integer v0.1.46
[INFO] [stderr]    Compiling fnv v1.0.7
[INFO] [stderr]    Compiling terminal_size v0.4.1
[INFO] [stderr]    Compiling ident_case v1.0.1
[INFO] [stderr]    Compiling either v1.13.0
[INFO] [stderr]    Compiling regex-automata v0.4.9
[INFO] [stderr]    Compiling textwrap v0.16.1
[INFO] [stderr]    Compiling num-bigint v0.4.6
[INFO] [stderr]    Compiling anstream v0.6.18
[INFO] [stderr]    Compiling serde_json v1.0.135
[INFO] [stderr]    Compiling supports-hyperlinks v3.1.0
[INFO] [stderr]    Compiling supports-unicode v3.0.0
[INFO] [stderr]    Compiling iana-time-zone v0.1.61
[INFO] [stderr]    Compiling num-iter v0.1.45
[INFO] [stderr]    Compiling addr2line v0.24.2
[INFO] [stderr]    Compiling chrono v0.4.39
[INFO] [stderr]    Compiling getrandom v0.2.15
[INFO] [stderr]    Compiling os_pipe v1.2.1
[INFO] [stderr]    Compiling shared_child v1.0.1
[INFO] [stderr]    Compiling num-complex v0.4.6
[INFO] [stderr]    Compiling unic-ucd-segment v0.9.0
[INFO] [stderr]    Compiling clap_lex v0.7.4
[INFO] [stderr]    Compiling minimal-lexical v0.2.1
[INFO] [stderr]    Compiling deunicode v1.6.0
[INFO] [stderr]    Compiling itoa v1.0.14
[INFO] [stderr]    Compiling ryu v1.0.18
[INFO] [stderr]    Compiling clap_builder v4.5.26
[INFO] [stderr]    Compiling nom v7.1.3
[INFO] [stderr]    Compiling homedir v0.3.4
[INFO] [stderr]    Compiling slug v0.1.6
[INFO] [stderr]    Compiling unic-segment v0.9.0
[INFO] [stderr]    Compiling duct v0.13.7
[INFO] [stderr]    Compiling filetime v0.2.25
[INFO] [stderr]    Compiling num-rational v0.4.2
[INFO] [stderr]    Compiling darling_core v0.20.10
[INFO] [stderr]    Compiling itertools v0.13.0
[INFO] [stderr]    Compiling winnow v0.6.24
[INFO] [stderr]    Compiling humansize v2.1.3
[INFO] [stderr]    Compiling num v0.4.3
[INFO] [stderr]    Compiling lazy_static v1.5.0
[INFO] [stderr]    Compiling hashbrown v0.15.2
[INFO] [stderr]    Compiling equivalent v1.0.1
[INFO] [stderr]    Compiling percent-encoding v2.3.1
[INFO] [stderr]    Compiling regex v1.11.1
[INFO] [stderr]    Compiling itertools v0.14.0
[INFO] [stderr]    Compiling globset v0.4.15
[INFO] [stderr]    Compiling shell-words v1.1.0
[INFO] [stderr]    Compiling errno v0.2.8
[INFO] [stderr]    Compiling humantime v2.1.0
[INFO] [stderr]    Compiling parse-zoneinfo v0.3.1
[INFO] [stderr]    Compiling chrono-tz-build v0.3.0
[INFO] [stderr]    Compiling env_filter v0.1.3
[INFO] [stderr]    Compiling ignore v0.4.23
[INFO] [stderr]    Compiling exec v0.3.1
[INFO] [stderr]    Compiling backtrace v0.3.74
[INFO] [stderr]    Compiling env_logger v0.11.6
[INFO] [stderr]    Compiling chrono-tz v0.9.0
[INFO] [stderr]    Compiling versions v6.3.2
[INFO] [stderr]    Compiling backtrace-ext v0.2.1
[INFO] [stderr]    Compiling thiserror-impl v2.0.11
[INFO] [stderr]    Compiling zerocopy-derive v0.7.35
[INFO] [stderr]    Compiling serde_derive v1.0.217
[INFO] [stderr]    Compiling thiserror-impl v1.0.69
[INFO] [stderr]    Compiling miette-derive v7.4.0
[INFO] [stderr]    Compiling globwalk v0.9.1
[INFO] [stderr]    Compiling strum_macros v0.26.4
[INFO] [stderr]    Compiling darling_macro v0.20.10
[INFO] [stderr]    Compiling clap_derive v4.5.24
[INFO] [stderr]    Compiling darling v0.20.10
[INFO] [stderr]    Compiling serde_with_macros v3.12.0
[INFO] [stderr]    Compiling zerocopy v0.7.35
[INFO] [stderr]    Compiling pest v2.7.15
[INFO] [stderr]    Compiling ppv-lite86 v0.2.20
[INFO] [stderr]    Compiling miette v7.4.0
[INFO] [stderr]    Compiling strum v0.26.3
[INFO] [stderr]    Compiling clap v4.5.26
[INFO] [stderr]    Compiling rand_chacha v0.3.1
[INFO] [stderr]    Compiling kdl v6.2.2
[INFO] [stderr]    Compiling xx v2.0.3
[INFO] [stderr]    Compiling pest_meta v2.7.15
[INFO] [stderr]    Compiling pest_generator v2.7.15
[INFO] [stderr]    Compiling pest_derive v2.7.15
[INFO] [stderr]    Compiling indexmap v2.7.0
[INFO] [stderr]    Compiling serde_with v3.12.0
[INFO] [stderr]    Compiling tera v1.20.0
[INFO] [stderr]    Compiling usage-lib v2.0.3 (/opt/rustwide/workdir/lib)
[INFO] [stderr]    Compiling clap_usage v2.0.3 (/opt/rustwide/workdir/clap_usage)
[INFO] [stderr]    Compiling usage-cli v2.0.3 (/opt/rustwide/workdir/cli)
[INFO] [stderr]     Finished `dev` profile [unoptimized + debuginfo] target(s) in 45.49s
[INFO] running `Command { std: "docker" "inspect" "517796507c3d25c5976992762cac0e097cd94454fdd9c32e15797271eb4d710c", kill_on_drop: false }`
[INFO] running `Command { std: "docker" "rm" "-f" "517796507c3d25c5976992762cac0e097cd94454fdd9c32e15797271eb4d710c", kill_on_drop: false }`
[INFO] [stdout] 517796507c3d25c5976992762cac0e097cd94454fdd9c32e15797271eb4d710c
[INFO] running `Command { std: "docker" "create" "-v" "/var/lib/crater-agent-workspace/builds/worker-6-tc2/target:/opt/rustwide/target:rw,Z" "-v" "/var/lib/crater-agent-workspace/builds/worker-6-tc2/source:/opt/rustwide/workdir:ro,Z" "-v" "/var/lib/crater-agent-workspace/cargo-home:/opt/rustwide/cargo-home:ro,Z" "-v" "/var/lib/crater-agent-workspace/rustup-home:/opt/rustwide/rustup-home:ro,Z" "-e" "SOURCE_DIR=/opt/rustwide/workdir" "-e" "CARGO_TARGET_DIR=/opt/rustwide/target" "-e" "CARGO_INCREMENTAL=0" "-e" "RUST_BACKTRACE=full" "-e" "RUSTFLAGS=--cap-lints=forbid -Zrandomize-layout" "-e" "RUSTDOCFLAGS=--cap-lints=forbid" "-e" "CARGO_HOME=/opt/rustwide/cargo-home" "-e" "RUSTUP_HOME=/opt/rustwide/rustup-home" "-w" "/opt/rustwide/workdir" "-m" "1610612736" "--user" "0:0" "--network" "none" "ghcr.io/rust-lang/crates-build-env/linux@sha256:819108c5571ea2e421544af4d832f968d213c87fbe3707a016657f43d2f853bc" "/opt/rustwide/cargo-home/bin/cargo" "+nightly-2025-01-18" "test" "--frozen" "--no-run" "--message-format=json", kill_on_drop: false }`
[INFO] [stdout] 4ddb1830ce57f966d9cf3cd37f2261c35bd7e348289413a6e874f167004becab
[INFO] running `Command { std: "docker" "start" "-a" "4ddb1830ce57f966d9cf3cd37f2261c35bd7e348289413a6e874f167004becab", kill_on_drop: false }`
[INFO] [stderr]    Compiling regex-automata v0.4.9
[INFO] [stderr]    Compiling ctor v0.2.9
[INFO] [stderr]    Compiling console v0.15.10
[INFO] [stderr]    Compiling linked-hash-map v0.5.6
[INFO] [stderr]    Compiling similar v2.6.0
[INFO] [stderr]    Compiling predicates-core v1.0.9
[INFO] [stderr]    Compiling doc-comment v0.3.3
[INFO] [stderr]    Compiling float-cmp v0.10.0
[INFO] [stderr]    Compiling assert_cmd v2.0.16
[INFO] [stderr]    Compiling normalize-line-endings v0.3.0
[INFO] [stderr]    Compiling difflib v0.4.0
[INFO] [stderr]    Compiling termtree v0.5.1
[INFO] [stderr]    Compiling wait-timeout v0.2.0
[INFO] [stderr]    Compiling yansi v1.0.1
[INFO] [stderr]    Compiling diff v0.1.13
[INFO] [stderr]    Compiling predicates-tree v1.0.12
[INFO] [stderr]    Compiling pretty_assertions v1.4.1
[INFO] [stderr]    Compiling insta v1.42.0
[INFO] [stderr]    Compiling regex v1.11.1
[INFO] [stderr]    Compiling bstr v1.11.3
[INFO] [stderr]    Compiling globset v0.4.15
[INFO] [stderr]    Compiling xx v2.0.3
[INFO] [stderr]    Compiling env_filter v0.1.3
[INFO] [stderr]    Compiling predicates v3.1.3
[INFO] [stderr]    Compiling env_logger v0.11.6
[INFO] [stderr]    Compiling ignore v0.4.23
[INFO] [stderr]    Compiling globwalk v0.9.1
[INFO] [stderr]    Compiling tera v1.20.0
[INFO] [stderr]    Compiling usage-lib v2.0.3 (/opt/rustwide/workdir/lib)
[INFO] [stderr]    Compiling clap_usage v2.0.3 (/opt/rustwide/workdir/clap_usage)
[INFO] [stderr]    Compiling usage-cli v2.0.3 (/opt/rustwide/workdir/cli)
[INFO] [stderr]     Finished `test` profile [unoptimized + debuginfo] target(s) in 22.76s
[INFO] running `Command { std: "docker" "inspect" "4ddb1830ce57f966d9cf3cd37f2261c35bd7e348289413a6e874f167004becab", kill_on_drop: false }`
[INFO] running `Command { std: "docker" "rm" "-f" "4ddb1830ce57f966d9cf3cd37f2261c35bd7e348289413a6e874f167004becab", kill_on_drop: false }`
[INFO] [stdout] 4ddb1830ce57f966d9cf3cd37f2261c35bd7e348289413a6e874f167004becab
[INFO] running `Command { std: "docker" "create" "-v" "/var/lib/crater-agent-workspace/builds/worker-6-tc2/target:/opt/rustwide/target:rw,Z" "-v" "/var/lib/crater-agent-workspace/builds/worker-6-tc2/source:/opt/rustwide/workdir:ro,Z" "-v" "/var/lib/crater-agent-workspace/cargo-home:/opt/rustwide/cargo-home:ro,Z" "-v" "/var/lib/crater-agent-workspace/rustup-home:/opt/rustwide/rustup-home:ro,Z" "-e" "SOURCE_DIR=/opt/rustwide/workdir" "-e" "CARGO_TARGET_DIR=/opt/rustwide/target" "-e" "CARGO_INCREMENTAL=0" "-e" "RUST_BACKTRACE=full" "-e" "RUSTFLAGS=--cap-lints=forbid -Zrandomize-layout" "-e" "RUSTDOCFLAGS=--cap-lints=forbid" "-e" "CARGO_HOME=/opt/rustwide/cargo-home" "-e" "RUSTUP_HOME=/opt/rustwide/rustup-home" "-w" "/opt/rustwide/workdir" "-m" "1610612736" "--user" "0:0" "--network" "none" "ghcr.io/rust-lang/crates-build-env/linux@sha256:819108c5571ea2e421544af4d832f968d213c87fbe3707a016657f43d2f853bc" "/opt/rustwide/cargo-home/bin/cargo" "+nightly-2025-01-18" "test" "--frozen", kill_on_drop: false }`
[INFO] [stdout] 3b569ab788c777bd058a773cccf77da1c80ccfed9d8edfd0f1a63515e2e89310
[INFO] running `Command { std: "docker" "start" "-a" "3b569ab788c777bd058a773cccf77da1c80ccfed9d8edfd0f1a63515e2e89310", kill_on_drop: false }`
[INFO] [stderr]     Finished `test` profile [unoptimized + debuginfo] target(s) in 0.36s
[INFO] [stderr]      Running unittests src/lib.rs (/opt/rustwide/target/debug/deps/clap_usage-0cd67fe97c491639)
[INFO] [stderr]      Running tests/simple.rs (/opt/rustwide/target/debug/deps/simple-337ba1f873835a1d)
[INFO] [stdout] 
[INFO] [stdout] running 0 tests
[INFO] [stdout] 
[INFO] [stdout] test result: ok. 0 passed; 0 failed; 0 ignored; 0 measured; 0 filtered out; finished in 0.00s
[INFO] [stdout] 
[INFO] [stdout] 
[INFO] [stdout] running 1 test
[INFO] [stdout] test test_simple ... ok
[INFO] [stdout] 
[INFO] [stdout] test result: ok. 1 passed; 0 failed; 0 ignored; 0 measured; 0 filtered out; finished in 0.03s
[INFO] [stdout] 
[INFO] [stderr]      Running unittests src/lib.rs (/opt/rustwide/target/debug/deps/usage_cli-07efb9eae5058f43)
[INFO] [stdout] 
[INFO] [stdout] running 0 tests
[INFO] [stderr]      Running unittests src/main.rs (/opt/rustwide/target/debug/deps/usage-18c3d9cdfb48b186)
[INFO] [stdout] 
[INFO] [stdout] test result: ok. 0 passed; 0 failed; 0 ignored; 0 measured; 0 filtered out; finished in 0.00s
[INFO] [stdout] 
[INFO] [stdout] 
[INFO] [stdout] running 0 tests
[INFO] [stdout] 
[INFO] [stdout] test result: ok. 0 passed; 0 failed; 0 ignored; 0 measured; 0 filtered out; finished in 0.00s
[INFO] [stdout] 
[INFO] [stderr]      Running tests/complete_word.rs (/opt/rustwide/target/debug/deps/complete_word-34271de03244971e)
[INFO] [stdout] 
[INFO] [stdout] running 11 tests
[INFO] [stdout] test complete_word_long_flag_val ... ok
[INFO] [stdout] test complete_word_subcommands ... ok
[INFO] [stdout] test complete_word_shebang ... ok
[INFO] [stdout] test complete_word_kitchen_sink ... ok
[INFO] [stdout] test complete_word_completer ... ok
[INFO] [stdout] test complete_word_cword ... ok
[INFO] [stdout] test complete_word_arg_completer ... ok
[INFO] [stdout] test complete_word_short_flag ... ok
[INFO] [stdout] test complete_word_long_flag ... ok
[INFO] [stdout] test complete_word_mounted ... FAILED
[INFO] [stderr] error: test failed, to rerun pass `-p usage-cli --test complete_word`
[INFO] [stdout] test complete_word_choices ... ok
[INFO] [stdout] 
[INFO] [stdout] failures:
[INFO] [stdout] 
[INFO] [stdout] ---- complete_word_mounted stdout ----
[INFO] [stdout] 
[INFO] [stdout] thread 'complete_word_mounted' panicked at /rustc/6067b36314ab5eb2eb47cecc464545ba58e1ad24/library/core/src/ops/function.rs:250:5:
[INFO] [stdout] Unexpected failure.
[INFO] [stdout] code=181
[INFO] [stdout] stderr=``````
[INFO] [stdout] /usr/bin/env: \'usage\': No such file or directory
[INFO] [stdout] xx::process (https://docs.rs/xx/2.0.3/xx/enum.XXError.html#variant.ProcessError)
[INFO] [stdout] 
[INFO] [stdout]   × exited with code 127
[INFO] [stdout]   │ sh -c mounted.sh --mount
[INFO] [stdout] 
[INFO] [stdout] ```
[INFO] [stdout] ```
[INFO] [stdout] command=`"/opt/rustwide/target/debug/usage" "cw" "--shell" "zsh" "-f" "../examples/mounted.sh" "mycli" "--" "exec-task" ""`
[INFO] [stdout] code=181
[INFO] [stdout] stdout=""
[INFO] [stdout] stderr=```
[INFO] [stdout] /usr/bin/env: \'usage\': No such file or directory
[INFO] [stdout] xx::process (https://docs.rs/xx/2.0.3/xx/enum.XXError.html#variant.ProcessError)
[INFO] [stdout] 
[INFO] [stdout]   × exited with code 127
[INFO] [stdout]   │ sh -c mounted.sh --mount
[INFO] [stdout] 
[INFO] [stdout] ```
[INFO] [stdout] 
[INFO] [stdout] 
[INFO] [stdout] stack backtrace:
[INFO] [stdout]    0:     0x5b5393e996fa - std::backtrace_rs::backtrace::libunwind::trace::hb059275cfc8d6126
[INFO] [stdout]                                at /rustc/6067b36314ab5eb2eb47cecc464545ba58e1ad24/library/std/src/../../backtrace/src/backtrace/libunwind.rs:116:5
[INFO] [stdout]    1:     0x5b5393e996fa - std::backtrace_rs::backtrace::trace_unsynchronized::h2da071e4327ce3ee
[INFO] [stdout]                                at /rustc/6067b36314ab5eb2eb47cecc464545ba58e1ad24/library/std/src/../../backtrace/src/backtrace/mod.rs:66:5
[INFO] [stdout]    2:     0x5b5393e996fa - std::sys::backtrace::_print_fmt::h842a1474e6f8d23f
[INFO] [stdout]                                at /rustc/6067b36314ab5eb2eb47cecc464545ba58e1ad24/library/std/src/sys/backtrace.rs:66:9
[INFO] [stdout]    3:     0x5b5393e996fa - <std::sys::backtrace::BacktraceLock::print::DisplayBacktrace as core::fmt::Display>::fmt::h71a62eb3b9696b12
[INFO] [stdout]                                at /rustc/6067b36314ab5eb2eb47cecc464545ba58e1ad24/library/std/src/sys/backtrace.rs:39:26
[INFO] [stdout]    4:     0x5b5393ec2ff3 - core::fmt::rt::Argument::fmt::hdb6b616786b41dc1
[INFO] [stdout]                                at /rustc/6067b36314ab5eb2eb47cecc464545ba58e1ad24/library/core/src/fmt/rt.rs:177:76
[INFO] [stdout]    5:     0x5b5393ec2ff3 - core::fmt::write::h2cc1698af7e2d686
[INFO] [stdout]                                at /rustc/6067b36314ab5eb2eb47cecc464545ba58e1ad24/library/core/src/fmt/mod.rs:1440:21
[INFO] [stdout]    6:     0x5b5393e95de3 - std::io::Write::write_fmt::hab1b4cd059a79022
[INFO] [stdout]                                at /rustc/6067b36314ab5eb2eb47cecc464545ba58e1ad24/library/std/src/io/mod.rs:1887:15
[INFO] [stdout]    7:     0x5b5393e99542 - std::sys::backtrace::BacktraceLock::print::h147fe35b4ea13b08
[INFO] [stdout]                                at /rustc/6067b36314ab5eb2eb47cecc464545ba58e1ad24/library/std/src/sys/backtrace.rs:42:9
[INFO] [stdout]    8:     0x5b5393e9ab9f - std::panicking::default_hook::{{closure}}::hbd44223dbdc0d208
[INFO] [stdout]                                at /rustc/6067b36314ab5eb2eb47cecc464545ba58e1ad24/library/std/src/panicking.rs:298:22
[INFO] [stdout]    9:     0x5b5393e9a9b8 - std::panicking::default_hook::h20f81eb0576efcec
[INFO] [stdout]                                at /rustc/6067b36314ab5eb2eb47cecc464545ba58e1ad24/library/std/src/panicking.rs:322:9
[INFO] [stdout]   10:     0x5b5393e03103 - <alloc::boxed::Box<F,A> as core::ops::function::Fn<Args>>::call::hdb53814c496a4d34
[INFO] [stdout]                                at /rustc/6067b36314ab5eb2eb47cecc464545ba58e1ad24/library/alloc/src/boxed.rs:2027:9
[INFO] [stdout]   11:     0x5b5393e03103 - test::test_main::{{closure}}::hc0a4963c59427c24
[INFO] [stdout]                                at /rustc/6067b36314ab5eb2eb47cecc464545ba58e1ad24/library/test/src/lib.rs:134:21
[INFO] [stdout]   12:     0x5b5393e9b693 - <alloc::boxed::Box<F,A> as core::ops::function::Fn<Args>>::call::h591b2225413a77e9
[INFO] [stdout]                                at /rustc/6067b36314ab5eb2eb47cecc464545ba58e1ad24/library/alloc/src/boxed.rs:2027:9
[INFO] [stdout]   13:     0x5b5393e9b693 - std::panicking::rust_panic_with_hook::h625eea43051b2edc
[INFO] [stdout]                                at /rustc/6067b36314ab5eb2eb47cecc464545ba58e1ad24/library/std/src/panicking.rs:839:13
[INFO] [stdout]   14:     0x5b5393e9b34a - std::panicking::begin_panic_handler::{{closure}}::h4f9159cfbc3f6bd3
[INFO] [stdout]                                at /rustc/6067b36314ab5eb2eb47cecc464545ba58e1ad24/library/std/src/panicking.rs:704:13
[INFO] [stdout]   15:     0x5b5393e99bf9 - std::sys::backtrace::__rust_end_short_backtrace::h0390abce48353151
[INFO] [stdout]                                at /rustc/6067b36314ab5eb2eb47cecc464545ba58e1ad24/library/std/src/sys/backtrace.rs:168:18
[INFO] [stdout]   16:     0x5b5393e9afdd - rust_begin_unwind
[INFO] [stdout]                                at /rustc/6067b36314ab5eb2eb47cecc464545ba58e1ad24/library/std/src/panicking.rs:695:5
[INFO] [stdout]   17:     0x5b5393ec16c0 - core::panicking::panic_fmt::h9e7c637e9e5f29c9
[INFO] [stdout]                                at /rustc/6067b36314ab5eb2eb47cecc464545ba58e1ad24/library/core/src/panicking.rs:75:14
[INFO] [stdout]   18:     0x5b5393e178c3 - core::panicking::panic_display::hcb190b19bbc32e0e
[INFO] [stdout]                                at /rustc/6067b36314ab5eb2eb47cecc464545ba58e1ad24/library/core/src/panicking.rs:261:5
[INFO] [stdout]   19:     0x5b5393e16a8e - assert_cmd::assert::AssertError::panic::panic_cold_display::hb7234a632f9f45cb
[INFO] [stdout]                                at /rustc/6067b36314ab5eb2eb47cecc464545ba58e1ad24/library/core/src/panic.rs:100:13
[INFO] [stdout]   20:     0x5b5393e16555 - assert_cmd::assert::AssertError::panic::h24f23f82d0c377fd
[INFO] [stdout]                                at /opt/rustwide/cargo-home/registry/src/index.crates.io-1949cf8c6b5b557f/assert_cmd-2.0.16/src/assert.rs:1033:9
[INFO] [stdout]   21:     0x5b5393e0deb7 - core::ops::function::FnOnce::call_once::h5b99b78266732d68
[INFO] [stdout]                                at /rustc/6067b36314ab5eb2eb47cecc464545ba58e1ad24/library/core/src/ops/function.rs:250:5
[INFO] [stdout]   22:     0x5b5393e175e0 - core::result::Result<T,E>::unwrap_or_else::hde74b4d8feff98a0
[INFO] [stdout]                                at /rustc/6067b36314ab5eb2eb47cecc464545ba58e1ad24/library/core/src/result.rs:1463:23
[INFO] [stdout]   23:     0x5b5393e15af6 - assert_cmd::assert::Assert::success::h26e2a0aa661d086e
[INFO] [stdout]                                at /opt/rustwide/cargo-home/registry/src/index.crates.io-1949cf8c6b5b557f/assert_cmd-2.0.16/src/assert.rs:158:9
[INFO] [stdout]   24:     0x5b5393dc7b6d - complete_word::assert_cmd::h7eb9e0f79a5621d4
[INFO] [stdout]                                at /opt/rustwide/workdir/cli/tests/complete_word.rs:122:5
[INFO] [stdout]   25:     0x5b5393dc8f78 - complete_word::complete_word_mounted::hb82492e3fd222b6e
[INFO] [stdout]                                at /opt/rustwide/workdir/cli/tests/complete_word.rs:105:5
[INFO] [stdout]   26:     0x5b5393dc86f7 - complete_word::complete_word_mounted::{{closure}}::hd5c56f509d15cc04
[INFO] [stdout]                                at /opt/rustwide/workdir/cli/tests/complete_word.rs:90:27
[INFO] [stdout]   27:     0x5b5393dc4ff6 - core::ops::function::FnOnce::call_once::hf94ffcd182eec138
[INFO] [stdout]                                at /rustc/6067b36314ab5eb2eb47cecc464545ba58e1ad24/library/core/src/ops/function.rs:250:5
[INFO] [stdout]   28:     0x5b5393e0885b - core::ops::function::FnOnce::call_once::he27718dfdd183f43
[INFO] [stdout]                                at /rustc/6067b36314ab5eb2eb47cecc464545ba58e1ad24/library/core/src/ops/function.rs:250:5
[INFO] [stdout]   29:     0x5b5393e0885b - test::__rust_begin_short_backtrace::h4e84902998457a5d
[INFO] [stdout]                                at /rustc/6067b36314ab5eb2eb47cecc464545ba58e1ad24/library/test/src/lib.rs:632:18
[INFO] [stdout]   30:     0x5b5393e07793 - test::run_test_in_process::{{closure}}::h7176fd18fc1feca0
[INFO] [stdout]                                at /rustc/6067b36314ab5eb2eb47cecc464545ba58e1ad24/library/test/src/lib.rs:655:60
[INFO] [stdout]   31:     0x5b5393e07793 - <core::panic::unwind_safe::AssertUnwindSafe<F> as core::ops::function::FnOnce<()>>::call_once::hf79cff2a624d8cf7
[INFO] [stdout]                                at /rustc/6067b36314ab5eb2eb47cecc464545ba58e1ad24/library/core/src/panic/unwind_safe.rs:272:9
[INFO] [stdout]   32:     0x5b5393e07793 - std::panicking::try::do_call::h3da0561d9ab99c25
[INFO] [stdout]                                at /rustc/6067b36314ab5eb2eb47cecc464545ba58e1ad24/library/std/src/panicking.rs:587:40
[INFO] [stdout]   33:     0x5b5393e07793 - std::panicking::try::h41c9fa508bc61df6
[INFO] [stdout]                                at /rustc/6067b36314ab5eb2eb47cecc464545ba58e1ad24/library/std/src/panicking.rs:550:19
[INFO] [stdout]   34:     0x5b5393e07793 - std::panic::catch_unwind::h6b3ff07bb5afad93
[INFO] [stdout]                                at /rustc/6067b36314ab5eb2eb47cecc464545ba58e1ad24/library/std/src/panic.rs:358:14
[INFO] [stdout]   35:     0x5b5393e07793 - test::run_test_in_process::hc7253dd11b39b9f4
[INFO] [stdout]                                at /rustc/6067b36314ab5eb2eb47cecc464545ba58e1ad24/library/test/src/lib.rs:655:27
[INFO] [stdout]   36:     0x5b5393e07793 - test::run_test::{{closure}}::hfb2007f8649c30bb
[INFO] [stdout]                                at /rustc/6067b36314ab5eb2eb47cecc464545ba58e1ad24/library/test/src/lib.rs:576:43
[INFO] [stdout]   37:     0x5b5393dca875 - test::run_test::{{closure}}::h56a17aa7a282a9f4
[INFO] [stdout]                                at /rustc/6067b36314ab5eb2eb47cecc464545ba58e1ad24/library/test/src/lib.rs:606:41
[INFO] [stdout]   38:     0x5b5393dca875 - std::sys::backtrace::__rust_begin_short_backtrace::hd2d2d2fb8e8c6aac
[INFO] [stdout]                                at /rustc/6067b36314ab5eb2eb47cecc464545ba58e1ad24/library/std/src/sys/backtrace.rs:152:18
[INFO] [stdout]   39:     0x5b5393dce15a - std::thread::Builder::spawn_unchecked_::{{closure}}::{{closure}}::h4faa3f9db6133423
[INFO] [stdout]                                at /rustc/6067b36314ab5eb2eb47cecc464545ba58e1ad24/library/std/src/thread/mod.rs:559:17
[INFO] [stdout]   40:     0x5b5393dce15a - <core::panic::unwind_safe::AssertUnwindSafe<F> as core::ops::function::FnOnce<()>>::call_once::hf2e855a36a4ea846
[INFO] [stdout]                                at /rustc/6067b36314ab5eb2eb47cecc464545ba58e1ad24/library/core/src/panic/unwind_safe.rs:272:9
[INFO] [stdout]   41:     0x5b5393dce15a - std::panicking::try::do_call::h2f73af3616c35465
[INFO] [stdout]                                at /rustc/6067b36314ab5eb2eb47cecc464545ba58e1ad24/library/std/src/panicking.rs:587:40
[INFO] [stdout]   42:     0x5b5393dce15a - std::panicking::try::hd1660ce9efadef5a
[INFO] [stdout]                                at /rustc/6067b36314ab5eb2eb47cecc464545ba58e1ad24/library/std/src/panicking.rs:550:19
[INFO] [stdout]   43:     0x5b5393dce15a - std::panic::catch_unwind::h5ee8d7823b8ca744
[INFO] [stdout]                                at /rustc/6067b36314ab5eb2eb47cecc464545ba58e1ad24/library/std/src/panic.rs:358:14
[INFO] [stdout]   44:     0x5b5393dce15a - std::thread::Builder::spawn_unchecked_::{{closure}}::h53c3a1894dce8407
[INFO] [stdout]                                at /rustc/6067b36314ab5eb2eb47cecc464545ba58e1ad24/library/std/src/thread/mod.rs:557:30
[INFO] [stdout]   45:     0x5b5393dce15a - core::ops::function::FnOnce::call_once{{vtable.shim}}::h048ce291ad4f62bf
[INFO] [stdout]                                at /rustc/6067b36314ab5eb2eb47cecc464545ba58e1ad24/library/core/src/ops/function.rs:250:5
[INFO] [stdout]   46:     0x5b5393ea034b - <alloc::boxed::Box<F,A> as core::ops::function::FnOnce<Args>>::call_once::ha52bedf99a3b4981
[INFO] [stdout]                                at /rustc/6067b36314ab5eb2eb47cecc464545ba58e1ad24/library/alloc/src/boxed.rs:2013:9
[INFO] [stdout]   47:     0x5b5393ea034b - <alloc::boxed::Box<F,A> as core::ops::function::FnOnce<Args>>::call_once::h567748934d80ccf8
[INFO] [stdout]                                at /rustc/6067b36314ab5eb2eb47cecc464545ba58e1ad24/library/alloc/src/boxed.rs:2013:9
[INFO] [stdout]   48:     0x5b5393ea034b - std::sys::pal::unix::thread::Thread::new::thread_start::h2d970728ae887adc
[INFO] [stdout]                                at /rustc/6067b36314ab5eb2eb47cecc464545ba58e1ad24/library/std/src/sys/pal/unix/thread.rs:106:17
[INFO] [stdout]   49:     0x7e3b5ba76ac3 - <unknown>
[INFO] [stdout]   50:     0x7e3b5bb07a04 - clone
[INFO] [stdout]   51:                0x0 - <unknown>
[INFO] [stdout] 
[INFO] [stdout] 
[INFO] [stdout] failures:
[INFO] [stdout]     complete_word_mounted
[INFO] [stdout] 
[INFO] [stdout] test result: FAILED. 10 passed; 1 failed; 0 ignored; 0 measured; 0 filtered out; finished in 0.97s
[INFO] [stdout] 
[INFO] running `Command { std: "docker" "inspect" "3b569ab788c777bd058a773cccf77da1c80ccfed9d8edfd0f1a63515e2e89310", kill_on_drop: false }`
[INFO] running `Command { std: "docker" "rm" "-f" "3b569ab788c777bd058a773cccf77da1c80ccfed9d8edfd0f1a63515e2e89310", kill_on_drop: false }`
[INFO] [stdout] 3b569ab788c777bd058a773cccf77da1c80ccfed9d8edfd0f1a63515e2e89310
