[INFO] cloning repository https://github.com/jdickinsp/projecteuler
[INFO] running `Command { std: "git" "-c" "credential.helper=" "-c" "credential.helper=/workspace/cargo-home/bin/git-credential-null" "clone" "--bare" "https://github.com/jdickinsp/projecteuler" "/workspace/cache/git-repos/https%3A%2F%2Fgithub.com%2Fjdickinsp%2Fprojecteuler", kill_on_drop: false }`
[INFO] [stderr] Cloning into bare repository '/workspace/cache/git-repos/https%3A%2F%2Fgithub.com%2Fjdickinsp%2Fprojecteuler'...
[INFO] running `Command { std: "git" "rev-parse" "HEAD", kill_on_drop: false }`
[INFO] [stdout] 855d812e7609426b9c6154b60dbe789d3343795f
[INFO] testing jdickinsp/projecteuler against nightly-2025-01-18 for randomize-layout-2
[INFO] running `Command { std: "git" "clone" "/workspace/cache/git-repos/https%3A%2F%2Fgithub.com%2Fjdickinsp%2Fprojecteuler" "/workspace/builds/worker-6-tc1/source", kill_on_drop: false }`
[INFO] [stderr] Cloning into '/workspace/builds/worker-6-tc1/source'...
[INFO] [stderr] done.
[INFO] validating manifest of git repo https://github.com/jdickinsp/projecteuler on toolchain nightly-2025-01-18
[INFO] running `Command { std: CARGO_HOME="/workspace/cargo-home" RUSTUP_HOME="/workspace/rustup-home" "/workspace/cargo-home/bin/cargo" "+nightly-2025-01-18" "metadata" "--manifest-path" "Cargo.toml" "--no-deps", kill_on_drop: false }`
[INFO] started tweaking git repo https://github.com/jdickinsp/projecteuler
[INFO] finished tweaking git repo https://github.com/jdickinsp/projecteuler
[INFO] tweaked toml for git repo https://github.com/jdickinsp/projecteuler written to /workspace/builds/worker-6-tc1/source/Cargo.toml
[INFO] crate git repo https://github.com/jdickinsp/projecteuler already has a lockfile, it will not be regenerated
[INFO] running `Command { std: CARGO_HOME="/workspace/cargo-home" RUSTUP_HOME="/workspace/rustup-home" "/workspace/cargo-home/bin/cargo" "+nightly-2025-01-18" "fetch" "--manifest-path" "Cargo.toml", kill_on_drop: false }`
[INFO] [stderr] warning: no edition set: defaulting to the 2015 edition while the latest is 2024
[INFO] running `Command { std: "docker" "create" "-v" "/var/lib/crater-agent-workspace/builds/worker-6-tc1/target:/opt/rustwide/target:rw,Z" "-v" "/var/lib/crater-agent-workspace/builds/worker-6-tc1/source:/opt/rustwide/workdir:ro,Z" "-v" "/var/lib/crater-agent-workspace/cargo-home:/opt/rustwide/cargo-home:ro,Z" "-v" "/var/lib/crater-agent-workspace/rustup-home:/opt/rustwide/rustup-home:ro,Z" "-e" "SOURCE_DIR=/opt/rustwide/workdir" "-e" "CARGO_TARGET_DIR=/opt/rustwide/target" "-e" "CARGO_HOME=/opt/rustwide/cargo-home" "-e" "RUSTUP_HOME=/opt/rustwide/rustup-home" "-w" "/opt/rustwide/workdir" "-m" "1610612736" "--user" "0:0" "--network" "none" "ghcr.io/rust-lang/crates-build-env/linux@sha256:819108c5571ea2e421544af4d832f968d213c87fbe3707a016657f43d2f853bc" "/opt/rustwide/cargo-home/bin/cargo" "+nightly-2025-01-18" "metadata" "--no-deps" "--format-version=1", kill_on_drop: false }`
[INFO] [stdout] abe09af955fff61d5103605d48e2a4d97f59b9f20d9f5ca212c74279e2e86c45
[INFO] running `Command { std: "docker" "start" "-a" "abe09af955fff61d5103605d48e2a4d97f59b9f20d9f5ca212c74279e2e86c45", kill_on_drop: false }`
[INFO] running `Command { std: "docker" "inspect" "abe09af955fff61d5103605d48e2a4d97f59b9f20d9f5ca212c74279e2e86c45", kill_on_drop: false }`
[INFO] running `Command { std: "docker" "rm" "-f" "abe09af955fff61d5103605d48e2a4d97f59b9f20d9f5ca212c74279e2e86c45", kill_on_drop: false }`
[INFO] [stdout] abe09af955fff61d5103605d48e2a4d97f59b9f20d9f5ca212c74279e2e86c45
[INFO] running `Command { std: "docker" "create" "-v" "/var/lib/crater-agent-workspace/builds/worker-6-tc1/target:/opt/rustwide/target:rw,Z" "-v" "/var/lib/crater-agent-workspace/builds/worker-6-tc1/source:/opt/rustwide/workdir:ro,Z" "-v" "/var/lib/crater-agent-workspace/cargo-home:/opt/rustwide/cargo-home:ro,Z" "-v" "/var/lib/crater-agent-workspace/rustup-home:/opt/rustwide/rustup-home:ro,Z" "-e" "SOURCE_DIR=/opt/rustwide/workdir" "-e" "CARGO_TARGET_DIR=/opt/rustwide/target" "-e" "CARGO_INCREMENTAL=0" "-e" "RUST_BACKTRACE=full" "-e" "RUSTFLAGS=--cap-lints=forbid" "-e" "RUSTDOCFLAGS=--cap-lints=forbid" "-e" "CARGO_HOME=/opt/rustwide/cargo-home" "-e" "RUSTUP_HOME=/opt/rustwide/rustup-home" "-w" "/opt/rustwide/workdir" "-m" "1610612736" "--user" "0:0" "--network" "none" "ghcr.io/rust-lang/crates-build-env/linux@sha256:819108c5571ea2e421544af4d832f968d213c87fbe3707a016657f43d2f853bc" "/opt/rustwide/cargo-home/bin/cargo" "+nightly-2025-01-18" "build" "--frozen" "--message-format=json", kill_on_drop: false }`
[INFO] [stdout] 2e5836093b483b7d5bfac1112bc46d49879fbc2f8c7fae0778660e294626b248
[INFO] running `Command { std: "docker" "start" "-a" "2e5836093b483b7d5bfac1112bc46d49879fbc2f8c7fae0778660e294626b248", kill_on_drop: false }`
[INFO] [stderr] warning: no edition set: defaulting to the 2015 edition while the latest is 2024
[INFO] [stderr]    Compiling projecteuler v0.1.0 (/opt/rustwide/workdir)
[INFO] [stdout] warning: variable does not need to be mutable
[INFO] [stdout]    --> src/euler/problems_11_20.rs:260:9
[INFO] [stdout]     |
[INFO] [stdout] 260 |     let mut result;
[INFO] [stdout]     |         ----^^^^^^
[INFO] [stdout]     |         |
[INFO] [stdout]     |         help: remove this `mut`
[INFO] [stdout]     |
[INFO] [stdout]     = note: `#[warn(unused_mut)]` on by default
[INFO] [stdout] 
[INFO] [stdout] 
[INFO] [stdout] warning: unused variable: `f`
[INFO] [stdout]    --> src/euler/problems_11_20.rs:275:13
[INFO] [stdout]     |
[INFO] [stdout] 275 |         let f = collatz_rec(i, &mut cache);
[INFO] [stdout]     |             ^ help: if this is intentional, prefix it with an underscore: `_f`
[INFO] [stdout]     |
[INFO] [stdout]     = note: `#[warn(unused_variables)]` on by default
[INFO] [stdout] 
[INFO] [stdout] 
[INFO] [stdout] warning: unused variable: `item`
[INFO] [stdout]    --> src/euler/problems_11_20.rs:464:17
[INFO] [stdout]     |
[INFO] [stdout] 464 |         for (j, item) in row.iter().enumerate() {
[INFO] [stdout]     |                 ^^^^ help: if this is intentional, prefix it with an underscore: `_item`
[INFO] [stdout] 
[INFO] [stdout] 
[INFO] [stdout] warning: unused variable: `k`
[INFO] [stdout]   --> src/euler/bigint.rs:58:17
[INFO] [stdout]    |
[INFO] [stdout] 58 |             for k in 0..j {
[INFO] [stdout]    |                 ^ help: if this is intentional, prefix it with an underscore: `_k`
[INFO] [stdout] 
[INFO] [stdout] 
[INFO] [stdout] warning: function `fib_rec` is never used
[INFO] [stdout]   --> src/euler/problems_11_20.rs:13:8
[INFO] [stdout]    |
[INFO] [stdout] 13 | pub fn fib_rec(i: i64, cache: &mut HashMap<i64, i128>) -> i128 {
[INFO] [stdout]    |        ^^^^^^^
[INFO] [stdout]    |
[INFO] [stdout]    = note: `#[warn(dead_code)]` on by default
[INFO] [stdout] 
[INFO] [stdout] 
[INFO] [stdout] warning: function `problem_13` is never used
[INFO] [stdout]    --> src/euler/problems_11_20.rs:128:8
[INFO] [stdout]     |
[INFO] [stdout] 128 | pub fn problem_13() -> i64 {
[INFO] [stdout]     |        ^^^^^^^^^^
[INFO] [stdout] 
[INFO] [stdout] 
[INFO] [stdout] warning: function `collatz_rec` is never used
[INFO] [stdout]    --> src/euler/problems_11_20.rs:254:8
[INFO] [stdout]     |
[INFO] [stdout] 254 | pub fn collatz_rec(i: i64, cache: &mut HashMap<i64, i128>) -> i128 {
[INFO] [stdout]     |        ^^^^^^^^^^^
[INFO] [stdout] 
[INFO] [stdout] 
[INFO] [stdout] warning: function `problem_14` is never used
[INFO] [stdout]    --> src/euler/problems_11_20.rs:271:8
[INFO] [stdout]     |
[INFO] [stdout] 271 | pub fn problem_14() -> i64 {
[INFO] [stdout]     |        ^^^^^^^^^^
[INFO] [stdout] 
[INFO] [stdout] 
[INFO] [stdout] warning: type alias `AdjList` is never used
[INFO] [stdout]    --> src/euler/problems_11_20.rs:289:6
[INFO] [stdout]     |
[INFO] [stdout] 289 | type AdjList = HashMap<i128, Vec<i128>>;
[INFO] [stdout]     |      ^^^^^^^
[INFO] [stdout] 
[INFO] [stdout] 
[INFO] [stdout] warning: function `create_graph_p15` is never used
[INFO] [stdout]    --> src/euler/problems_11_20.rs:309:8
[INFO] [stdout]     |
[INFO] [stdout] 309 | pub fn create_graph_p15(n: i128) -> AdjList {
[INFO] [stdout]     |        ^^^^^^^^^^^^^^^^
[INFO] [stdout] 
[INFO] [stdout] 
[INFO] [stdout] warning: function `reverse_edges` is never used
[INFO] [stdout]    --> src/euler/problems_11_20.rs:328:8
[INFO] [stdout]     |
[INFO] [stdout] 328 | pub fn reverse_edges(edges: &mut AdjList) -> AdjList {
[INFO] [stdout]     |        ^^^^^^^^^^^^^
[INFO] [stdout] 
[INFO] [stdout] 
[INFO] [stdout] warning: function `count_paths` is never used
[INFO] [stdout]    --> src/euler/problems_11_20.rs:338:8
[INFO] [stdout]     |
[INFO] [stdout] 338 | pub fn count_paths(edges: &AdjList, n: i128) -> i128 {
[INFO] [stdout]     |        ^^^^^^^^^^^
[INFO] [stdout] 
[INFO] [stdout] 
[INFO] [stdout] warning: function `problem_15` is never used
[INFO] [stdout]    --> src/euler/problems_11_20.rs:354:8
[INFO] [stdout]     |
[INFO] [stdout] 354 | pub fn problem_15() -> i128 {
[INFO] [stdout]     |        ^^^^^^^^^^
[INFO] [stdout] 
[INFO] [stdout] 
[INFO] [stdout] warning: function `problem_16` is never used
[INFO] [stdout]    --> src/euler/problems_11_20.rs:364:8
[INFO] [stdout]     |
[INFO] [stdout] 364 | pub fn problem_16() -> i128 {
[INFO] [stdout]     |        ^^^^^^^^^^
[INFO] [stdout] 
[INFO] [stdout] 
[INFO] [stdout] warning: function `problem_17` is never used
[INFO] [stdout]    --> src/euler/problems_11_20.rs:386:8
[INFO] [stdout]     |
[INFO] [stdout] 386 | pub fn problem_17() -> i128 {
[INFO] [stdout]     |        ^^^^^^^^^^
[INFO] [stdout] 
[INFO] [stdout] 
[INFO] [stdout] warning: constant `CHUNK_SIZE` is never used
[INFO] [stdout]  --> src/euler/bigint.rs:8:7
[INFO] [stdout]   |
[INFO] [stdout] 8 | const CHUNK_SIZE: usize = 8;
[INFO] [stdout]   |       ^^^^^^^^^^
[INFO] [stdout] 
[INFO] [stdout] 
[INFO] [stdout] warning: function `split_chunks` is never used
[INFO] [stdout]   --> src/euler/bigint.rs:11:4
[INFO] [stdout]    |
[INFO] [stdout] 11 | fn split_chunks(val: &str) -> Vec<i64> {
[INFO] [stdout]    |    ^^^^^^^^^^^^
[INFO] [stdout] 
[INFO] [stdout] 
[INFO] [stdout] warning: struct `BigInt` is never constructed
[INFO] [stdout]   --> src/euler/bigint.rs:24:12
[INFO] [stdout]    |
[INFO] [stdout] 24 | pub struct BigInt {
[INFO] [stdout]    |            ^^^^^^
[INFO] [stdout] 
[INFO] [stdout] 
[INFO] [stdout] warning: associated items `new`, `add`, `multiply`, and `value` are never used
[INFO] [stdout]   --> src/euler/bigint.rs:30:8
[INFO] [stdout]    |
[INFO] [stdout] 29 | impl BigInt {
[INFO] [stdout]    | ----------- associated items in this implementation
[INFO] [stdout] 30 |     fn new(val: &str) -> BigInt {
[INFO] [stdout]    |        ^^^
[INFO] [stdout] ...
[INFO] [stdout] 36 |     fn add(&self, b: &BigInt) -> BigInt {
[INFO] [stdout]    |        ^^^
[INFO] [stdout] ...
[INFO] [stdout] 52 |     fn multiply(&self, b: &BigInt) -> BigInt {
[INFO] [stdout]    |        ^^^^^^^^
[INFO] [stdout] ...
[INFO] [stdout] 79 |     pub fn value(&self) -> String {
[INFO] [stdout]    |            ^^^^^
[INFO] [stdout] 
[INFO] [stdout] 
[INFO] [stdout] warning: function `big_exponential` is never used
[INFO] [stdout]   --> src/euler/bigint.rs:90:8
[INFO] [stdout]    |
[INFO] [stdout] 90 | pub fn big_exponential(a: i64, x: i64) -> BigInt {
[INFO] [stdout]    |        ^^^^^^^^^^^^^^^
[INFO] [stdout] 
[INFO] [stdout] 
[INFO] [stderr]     Finished `dev` profile [unoptimized + debuginfo] target(s) in 0.77s
[INFO] running `Command { std: "docker" "inspect" "2e5836093b483b7d5bfac1112bc46d49879fbc2f8c7fae0778660e294626b248", kill_on_drop: false }`
[INFO] running `Command { std: "docker" "rm" "-f" "2e5836093b483b7d5bfac1112bc46d49879fbc2f8c7fae0778660e294626b248", kill_on_drop: false }`
[INFO] [stdout] 2e5836093b483b7d5bfac1112bc46d49879fbc2f8c7fae0778660e294626b248
[INFO] running `Command { std: "docker" "create" "-v" "/var/lib/crater-agent-workspace/builds/worker-6-tc1/target:/opt/rustwide/target:rw,Z" "-v" "/var/lib/crater-agent-workspace/builds/worker-6-tc1/source:/opt/rustwide/workdir:ro,Z" "-v" "/var/lib/crater-agent-workspace/cargo-home:/opt/rustwide/cargo-home:ro,Z" "-v" "/var/lib/crater-agent-workspace/rustup-home:/opt/rustwide/rustup-home:ro,Z" "-e" "SOURCE_DIR=/opt/rustwide/workdir" "-e" "CARGO_TARGET_DIR=/opt/rustwide/target" "-e" "CARGO_INCREMENTAL=0" "-e" "RUST_BACKTRACE=full" "-e" "RUSTFLAGS=--cap-lints=forbid" "-e" "RUSTDOCFLAGS=--cap-lints=forbid" "-e" "CARGO_HOME=/opt/rustwide/cargo-home" "-e" "RUSTUP_HOME=/opt/rustwide/rustup-home" "-w" "/opt/rustwide/workdir" "-m" "1610612736" "--user" "0:0" "--network" "none" "ghcr.io/rust-lang/crates-build-env/linux@sha256:819108c5571ea2e421544af4d832f968d213c87fbe3707a016657f43d2f853bc" "/opt/rustwide/cargo-home/bin/cargo" "+nightly-2025-01-18" "test" "--frozen" "--no-run" "--message-format=json", kill_on_drop: false }`
[INFO] [stdout] 00d463b3e8b72c5d172b43397884fc879bd0b2ce319f10d9429004fe9a8a438c
[INFO] running `Command { std: "docker" "start" "-a" "00d463b3e8b72c5d172b43397884fc879bd0b2ce319f10d9429004fe9a8a438c", kill_on_drop: false }`
[INFO] [stderr] warning: no edition set: defaulting to the 2015 edition while the latest is 2024
[INFO] [stderr]    Compiling projecteuler v0.1.0 (/opt/rustwide/workdir)
[INFO] [stdout] warning: variable does not need to be mutable
[INFO] [stdout]    --> src/euler/problems_11_20.rs:260:9
[INFO] [stdout]     |
[INFO] [stdout] 260 |     let mut result;
[INFO] [stdout]     |         ----^^^^^^
[INFO] [stdout]     |         |
[INFO] [stdout]     |         help: remove this `mut`
[INFO] [stdout]     |
[INFO] [stdout]     = note: `#[warn(unused_mut)]` on by default
[INFO] [stdout] 
[INFO] [stdout] 
[INFO] [stdout] warning: unused variable: `f`
[INFO] [stdout]    --> src/euler/problems_11_20.rs:275:13
[INFO] [stdout]     |
[INFO] [stdout] 275 |         let f = collatz_rec(i, &mut cache);
[INFO] [stdout]     |             ^ help: if this is intentional, prefix it with an underscore: `_f`
[INFO] [stdout]     |
[INFO] [stdout]     = note: `#[warn(unused_variables)]` on by default
[INFO] [stdout] 
[INFO] [stdout] 
[INFO] [stdout] warning: unused variable: `item`
[INFO] [stdout]    --> src/euler/problems_11_20.rs:464:17
[INFO] [stdout]     |
[INFO] [stdout] 464 |         for (j, item) in row.iter().enumerate() {
[INFO] [stdout]     |                 ^^^^ help: if this is intentional, prefix it with an underscore: `_item`
[INFO] [stdout] 
[INFO] [stdout] 
[INFO] [stdout] warning: unused variable: `k`
[INFO] [stdout]   --> src/euler/bigint.rs:58:17
[INFO] [stdout]    |
[INFO] [stdout] 58 |             for k in 0..j {
[INFO] [stdout]    |                 ^ help: if this is intentional, prefix it with an underscore: `_k`
[INFO] [stdout] 
[INFO] [stdout] 
[INFO] [stdout] warning: function `fib_rec` is never used
[INFO] [stdout]   --> src/euler/problems_11_20.rs:13:8
[INFO] [stdout]    |
[INFO] [stdout] 13 | pub fn fib_rec(i: i64, cache: &mut HashMap<i64, i128>) -> i128 {
[INFO] [stdout]    |        ^^^^^^^
[INFO] [stdout]    |
[INFO] [stdout]    = note: `#[warn(dead_code)]` on by default
[INFO] [stdout] 
[INFO] [stdout] 
[INFO] [stdout] warning: function `problem_13` is never used
[INFO] [stdout]    --> src/euler/problems_11_20.rs:128:8
[INFO] [stdout]     |
[INFO] [stdout] 128 | pub fn problem_13() -> i64 {
[INFO] [stdout]     |        ^^^^^^^^^^
[INFO] [stdout] 
[INFO] [stdout] 
[INFO] [stdout] warning: function `collatz_rec` is never used
[INFO] [stdout]    --> src/euler/problems_11_20.rs:254:8
[INFO] [stdout]     |
[INFO] [stdout] 254 | pub fn collatz_rec(i: i64, cache: &mut HashMap<i64, i128>) -> i128 {
[INFO] [stdout]     |        ^^^^^^^^^^^
[INFO] [stdout] 
[INFO] [stdout] 
[INFO] [stdout] warning: function `problem_14` is never used
[INFO] [stdout]    --> src/euler/problems_11_20.rs:271:8
[INFO] [stdout]     |
[INFO] [stdout] 271 | pub fn problem_14() -> i64 {
[INFO] [stdout]     |        ^^^^^^^^^^
[INFO] [stdout] 
[INFO] [stdout] 
[INFO] [stdout] warning: type alias `AdjList` is never used
[INFO] [stdout]    --> src/euler/problems_11_20.rs:289:6
[INFO] [stdout]     |
[INFO] [stdout] 289 | type AdjList = HashMap<i128, Vec<i128>>;
[INFO] [stdout]     |      ^^^^^^^
[INFO] [stdout] 
[INFO] [stdout] 
[INFO] [stdout] warning: function `create_graph_p15` is never used
[INFO] [stdout]    --> src/euler/problems_11_20.rs:309:8
[INFO] [stdout]     |
[INFO] [stdout] 309 | pub fn create_graph_p15(n: i128) -> AdjList {
[INFO] [stdout]     |        ^^^^^^^^^^^^^^^^
[INFO] [stdout] 
[INFO] [stdout] 
[INFO] [stdout] warning: function `reverse_edges` is never used
[INFO] [stdout]    --> src/euler/problems_11_20.rs:328:8
[INFO] [stdout]     |
[INFO] [stdout] 328 | pub fn reverse_edges(edges: &mut AdjList) -> AdjList {
[INFO] [stdout]     |        ^^^^^^^^^^^^^
[INFO] [stdout] 
[INFO] [stdout] 
[INFO] [stdout] warning: function `count_paths` is never used
[INFO] [stdout]    --> src/euler/problems_11_20.rs:338:8
[INFO] [stdout]     |
[INFO] [stdout] 338 | pub fn count_paths(edges: &AdjList, n: i128) -> i128 {
[INFO] [stdout]     |        ^^^^^^^^^^^
[INFO] [stdout] 
[INFO] [stdout] 
[INFO] [stdout] warning: function `problem_15` is never used
[INFO] [stdout]    --> src/euler/problems_11_20.rs:354:8
[INFO] [stdout]     |
[INFO] [stdout] 354 | pub fn problem_15() -> i128 {
[INFO] [stdout]     |        ^^^^^^^^^^
[INFO] [stdout] 
[INFO] [stdout] 
[INFO] [stdout] warning: function `problem_16` is never used
[INFO] [stdout]    --> src/euler/problems_11_20.rs:364:8
[INFO] [stdout]     |
[INFO] [stdout] 364 | pub fn problem_16() -> i128 {
[INFO] [stdout]     |        ^^^^^^^^^^
[INFO] [stdout] 
[INFO] [stdout] 
[INFO] [stdout] warning: function `problem_17` is never used
[INFO] [stdout]    --> src/euler/problems_11_20.rs:386:8
[INFO] [stdout]     |
[INFO] [stdout] 386 | pub fn problem_17() -> i128 {
[INFO] [stdout]     |        ^^^^^^^^^^
[INFO] [stdout] 
[INFO] [stdout] 
[INFO] [stderr]     Finished `test` profile [unoptimized + debuginfo] target(s) in 0.66s
[INFO] running `Command { std: "docker" "inspect" "00d463b3e8b72c5d172b43397884fc879bd0b2ce319f10d9429004fe9a8a438c", kill_on_drop: false }`
[INFO] running `Command { std: "docker" "rm" "-f" "00d463b3e8b72c5d172b43397884fc879bd0b2ce319f10d9429004fe9a8a438c", kill_on_drop: false }`
[INFO] [stdout] 00d463b3e8b72c5d172b43397884fc879bd0b2ce319f10d9429004fe9a8a438c
[INFO] running `Command { std: "docker" "create" "-v" "/var/lib/crater-agent-workspace/builds/worker-6-tc1/target:/opt/rustwide/target:rw,Z" "-v" "/var/lib/crater-agent-workspace/builds/worker-6-tc1/source:/opt/rustwide/workdir:ro,Z" "-v" "/var/lib/crater-agent-workspace/cargo-home:/opt/rustwide/cargo-home:ro,Z" "-v" "/var/lib/crater-agent-workspace/rustup-home:/opt/rustwide/rustup-home:ro,Z" "-e" "SOURCE_DIR=/opt/rustwide/workdir" "-e" "CARGO_TARGET_DIR=/opt/rustwide/target" "-e" "CARGO_INCREMENTAL=0" "-e" "RUST_BACKTRACE=full" "-e" "RUSTFLAGS=--cap-lints=forbid" "-e" "RUSTDOCFLAGS=--cap-lints=forbid" "-e" "CARGO_HOME=/opt/rustwide/cargo-home" "-e" "RUSTUP_HOME=/opt/rustwide/rustup-home" "-w" "/opt/rustwide/workdir" "-m" "1610612736" "--user" "0:0" "--network" "none" "ghcr.io/rust-lang/crates-build-env/linux@sha256:819108c5571ea2e421544af4d832f968d213c87fbe3707a016657f43d2f853bc" "/opt/rustwide/cargo-home/bin/cargo" "+nightly-2025-01-18" "test" "--frozen", kill_on_drop: false }`
[INFO] [stdout] cb01c0a710189615a6a8144fa1d09204cbb361d4535af8f01f83869e3528d411
[INFO] running `Command { std: "docker" "start" "-a" "cb01c0a710189615a6a8144fa1d09204cbb361d4535af8f01f83869e3528d411", kill_on_drop: false }`
[INFO] [stderr] warning: no edition set: defaulting to the 2015 edition while the latest is 2024
[INFO] [stderr] warning: variable does not need to be mutable
[INFO] [stderr]    --> src/euler/problems_11_20.rs:260:9
[INFO] [stderr]     |
[INFO] [stderr] 260 |     let mut result;
[INFO] [stderr]     |         ----^^^^^^
[INFO] [stderr]     |         |
[INFO] [stderr]     |         help: remove this `mut`
[INFO] [stderr]     |
[INFO] [stderr]     = note: `#[warn(unused_mut)]` on by default
[INFO] [stderr] 
[INFO] [stderr] warning: unused variable: `f`
[INFO] [stderr]    --> src/euler/problems_11_20.rs:275:13
[INFO] [stderr]     |
[INFO] [stderr] 275 |         let f = collatz_rec(i, &mut cache);
[INFO] [stderr]     |             ^ help: if this is intentional, prefix it with an underscore: `_f`
[INFO] [stderr]     |
[INFO] [stderr]     = note: `#[warn(unused_variables)]` on by default
[INFO] [stderr] 
[INFO] [stderr] warning: unused variable: `item`
[INFO] [stderr]    --> src/euler/problems_11_20.rs:464:17
[INFO] [stderr]     |
[INFO] [stderr] 464 |         for (j, item) in row.iter().enumerate() {
[INFO] [stderr]     |                 ^^^^ help: if this is intentional, prefix it with an underscore: `_item`
[INFO] [stderr] 
[INFO] [stderr] warning: unused variable: `k`
[INFO] [stderr]   --> src/euler/bigint.rs:58:17
[INFO] [stderr]    |
[INFO] [stderr] 58 |             for k in 0..j {
[INFO] [stderr]    |                 ^ help: if this is intentional, prefix it with an underscore: `_k`
[INFO] [stderr] 
[INFO] [stderr] warning: function `fib_rec` is never used
[INFO] [stderr]   --> src/euler/problems_11_20.rs:13:8
[INFO] [stderr]    |
[INFO] [stderr] 13 | pub fn fib_rec(i: i64, cache: &mut HashMap<i64, i128>) -> i128 {
[INFO] [stderr]    |        ^^^^^^^
[INFO] [stderr]    |
[INFO] [stderr]    = note: `#[warn(dead_code)]` on by default
[INFO] [stderr] 
[INFO] [stderr] warning: function `problem_13` is never used
[INFO] [stderr]    --> src/euler/problems_11_20.rs:128:8
[INFO] [stderr]     |
[INFO] [stderr] 128 | pub fn problem_13() -> i64 {
[INFO] [stderr]     |        ^^^^^^^^^^
[INFO] [stderr] 
[INFO] [stderr] warning: function `collatz_rec` is never used
[INFO] [stderr]    --> src/euler/problems_11_20.rs:254:8
[INFO] [stderr]     |
[INFO] [stderr] 254 | pub fn collatz_rec(i: i64, cache: &mut HashMap<i64, i128>) -> i128 {
[INFO] [stderr]     |        ^^^^^^^^^^^
[INFO] [stderr] 
[INFO] [stderr] warning: function `problem_14` is never used
[INFO] [stderr]    --> src/euler/problems_11_20.rs:271:8
[INFO] [stderr]     |
[INFO] [stderr] 271 | pub fn problem_14() -> i64 {
[INFO] [stderr]     |        ^^^^^^^^^^
[INFO] [stderr] 
[INFO] [stderr] warning: type alias `AdjList` is never used
[INFO] [stderr]    --> src/euler/problems_11_20.rs:289:6
[INFO] [stderr]     |
[INFO] [stderr] 289 | type AdjList = HashMap<i128, Vec<i128>>;
[INFO] [stderr]     |      ^^^^^^^
[INFO] [stderr] 
[INFO] [stderr] warning: function `create_graph_p15` is never used
[INFO] [stderr]    --> src/euler/problems_11_20.rs:309:8
[INFO] [stderr]     |
[INFO] [stderr] 309 | pub fn create_graph_p15(n: i128) -> AdjList {
[INFO] [stderr]     |        ^^^^^^^^^^^^^^^^
[INFO] [stderr] 
[INFO] [stderr] warning: function `reverse_edges` is never used
[INFO] [stderr]    --> src/euler/problems_11_20.rs:328:8
[INFO] [stderr]     |
[INFO] [stderr] 328 | pub fn reverse_edges(edges: &mut AdjList) -> AdjList {
[INFO] [stderr]     |        ^^^^^^^^^^^^^
[INFO] [stderr] 
[INFO] [stderr] warning: function `count_paths` is never used
[INFO] [stderr]    --> src/euler/problems_11_20.rs:338:8
[INFO] [stderr]     |
[INFO] [stderr] 338 | pub fn count_paths(edges: &AdjList, n: i128) -> i128 {
[INFO] [stderr]     |        ^^^^^^^^^^^
[INFO] [stderr] 
[INFO] [stderr] warning: function `problem_15` is never used
[INFO] [stderr]    --> src/euler/problems_11_20.rs:354:8
[INFO] [stderr]     |
[INFO] [stderr] 354 | pub fn problem_15() -> i128 {
[INFO] [stderr]     |        ^^^^^^^^^^
[INFO] [stderr] 
[INFO] [stderr] warning: function `problem_16` is never used
[INFO] [stderr]    --> src/euler/problems_11_20.rs:364:8
[INFO] [stderr]     |
[INFO] [stderr] 364 | pub fn problem_16() -> i128 {
[INFO] [stderr]     |        ^^^^^^^^^^
[INFO] [stderr] 
[INFO] [stderr] warning: function `problem_17` is never used
[INFO] [stderr]    --> src/euler/problems_11_20.rs:386:8
[INFO] [stderr]     |
[INFO] [stderr] 386 | pub fn problem_17() -> i128 {
[INFO] [stderr]     |        ^^^^^^^^^^
[INFO] [stderr] 
[INFO] [stderr] warning: `projecteuler` (bin "projecteuler" test) generated 15 warnings (run `cargo fix --bin "projecteuler" --tests` to apply 1 suggestion)
[INFO] [stderr]     Finished `test` profile [unoptimized + debuginfo] target(s) in 0.02s
[INFO] [stderr]      Running unittests src/main.rs (/opt/rustwide/target/debug/deps/projecteuler-ad926d9b997b4cc6)
[INFO] [stdout] 
[INFO] [stdout] running 3 tests
[INFO] [stdout] test euler::bigint::tests::test_bigint_exponential ... ok
[INFO] [stdout] test euler::bigint::tests::test_bigint_multiply ... FAILED
[INFO] [stdout] test euler::bigint::tests::test_bigint_add ... FAILED
[INFO] [stdout] 
[INFO] [stdout] failures:
[INFO] [stdout] 
[INFO] [stdout] ---- euler::bigint::tests::test_bigint_multiply stdout ----
[INFO] [stdout] 
[INFO] [stdout] thread 'euler::bigint::tests::test_bigint_multiply' panicked at src/euler/bigint.rs:120:9:
[INFO] [stdout] assertion `left == right` failed
[INFO] [stdout]   left: "12999509980497576393882211"
[INFO] [stdout]  right: "129995099800497576393882211"
[INFO] [stdout] stack backtrace:
[INFO] [stdout]    0:     0x616088800bfa - std::backtrace_rs::backtrace::libunwind::trace::hb059275cfc8d6126
[INFO] [stdout]                                at /rustc/6067b36314ab5eb2eb47cecc464545ba58e1ad24/library/std/src/../../backtrace/src/backtrace/libunwind.rs:116:5
[INFO] [stdout]    1:     0x616088800bfa - std::backtrace_rs::backtrace::trace_unsynchronized::h2da071e4327ce3ee
[INFO] [stdout]                                at /rustc/6067b36314ab5eb2eb47cecc464545ba58e1ad24/library/std/src/../../backtrace/src/backtrace/mod.rs:66:5
[INFO] [stdout]    2:     0x616088800bfa - std::sys::backtrace::_print_fmt::h842a1474e6f8d23f
[INFO] [stdout]                                at /rustc/6067b36314ab5eb2eb47cecc464545ba58e1ad24/library/std/src/sys/backtrace.rs:66:9
[INFO] [stdout]    3:     0x616088800bfa - <std::sys::backtrace::BacktraceLock::print::DisplayBacktrace as core::fmt::Display>::fmt::h71a62eb3b9696b12
[INFO] [stdout]                                at /rustc/6067b36314ab5eb2eb47cecc464545ba58e1ad24/library/std/src/sys/backtrace.rs:39:26
[INFO] [stdout]    4:     0x6160888286e3 - core::fmt::rt::Argument::fmt::hdb6b616786b41dc1
[INFO] [stdout]                                at /rustc/6067b36314ab5eb2eb47cecc464545ba58e1ad24/library/core/src/fmt/rt.rs:177:76
[INFO] [stdout]    5:     0x6160888286e3 - core::fmt::write::h2cc1698af7e2d686
[INFO] [stdout]                                at /rustc/6067b36314ab5eb2eb47cecc464545ba58e1ad24/library/core/src/fmt/mod.rs:1440:21
[INFO] [stdout]    6:     0x6160887fd753 - std::io::Write::write_fmt::hab1b4cd059a79022
[INFO] [stdout]                                at /rustc/6067b36314ab5eb2eb47cecc464545ba58e1ad24/library/std/src/io/mod.rs:1887:15
[INFO] [stdout]    7:     0x616088800a42 - std::sys::backtrace::BacktraceLock::print::h147fe35b4ea13b08
[INFO] [stdout]                                at /rustc/6067b36314ab5eb2eb47cecc464545ba58e1ad24/library/std/src/sys/backtrace.rs:42:9
[INFO] [stdout]    8:     0x61608880201f - std::panicking::default_hook::{{closure}}::hbd44223dbdc0d208
[INFO] [stdout]                                at /rustc/6067b36314ab5eb2eb47cecc464545ba58e1ad24/library/std/src/panicking.rs:298:22
[INFO] [stdout]    9:     0x616088801e38 - std::panicking::default_hook::h20f81eb0576efcec
[INFO] [stdout]                                at /rustc/6067b36314ab5eb2eb47cecc464545ba58e1ad24/library/std/src/panicking.rs:322:9
[INFO] [stdout]   10:     0x6160887cac53 - <alloc::boxed::Box<F,A> as core::ops::function::Fn<Args>>::call::hdb53814c496a4d34
[INFO] [stdout]                                at /rustc/6067b36314ab5eb2eb47cecc464545ba58e1ad24/library/alloc/src/boxed.rs:2027:9
[INFO] [stdout]   11:     0x6160887cac53 - test::test_main::{{closure}}::hc0a4963c59427c24
[INFO] [stdout]                                at /rustc/6067b36314ab5eb2eb47cecc464545ba58e1ad24/library/test/src/lib.rs:134:21
[INFO] [stdout]   12:     0x616088802b13 - <alloc::boxed::Box<F,A> as core::ops::function::Fn<Args>>::call::h591b2225413a77e9
[INFO] [stdout]                                at /rustc/6067b36314ab5eb2eb47cecc464545ba58e1ad24/library/alloc/src/boxed.rs:2027:9
[INFO] [stdout]   13:     0x616088802b13 - std::panicking::rust_panic_with_hook::h625eea43051b2edc
[INFO] [stdout]                                at /rustc/6067b36314ab5eb2eb47cecc464545ba58e1ad24/library/std/src/panicking.rs:839:13
[INFO] [stdout]   14:     0x6160888027ca - std::panicking::begin_panic_handler::{{closure}}::h4f9159cfbc3f6bd3
[INFO] [stdout]                                at /rustc/6067b36314ab5eb2eb47cecc464545ba58e1ad24/library/std/src/panicking.rs:704:13
[INFO] [stdout]   15:     0x6160888010f9 - std::sys::backtrace::__rust_end_short_backtrace::h0390abce48353151
[INFO] [stdout]                                at /rustc/6067b36314ab5eb2eb47cecc464545ba58e1ad24/library/std/src/sys/backtrace.rs:168:18
[INFO] [stdout]   16:     0x61608880245d - rust_begin_unwind
[INFO] [stdout]                                at /rustc/6067b36314ab5eb2eb47cecc464545ba58e1ad24/library/std/src/panicking.rs:695:5
[INFO] [stdout]   17:     0x616088826c40 - core::panicking::panic_fmt::h9e7c637e9e5f29c9
[INFO] [stdout]                                at /rustc/6067b36314ab5eb2eb47cecc464545ba58e1ad24/library/core/src/panicking.rs:75:14
[INFO] [stdout]   18:     0x616088826f62 - core::panicking::assert_failed_inner::h538bec7c1374cd9c
[INFO] [stdout]   19:     0x61608878a26a - core::panicking::assert_failed::h08c4bb74b9099ee5
[INFO] [stdout]                                at /rustc/6067b36314ab5eb2eb47cecc464545ba58e1ad24/library/core/src/panicking.rs:364:5
[INFO] [stdout]   20:     0x61608878d119 - projecteuler::euler::bigint::tests::test_bigint_multiply::h7d9bf56e6fffcaa1
[INFO] [stdout]                                at /opt/rustwide/workdir/src/euler/bigint.rs:120:9
[INFO] [stdout]   21:     0x61608878cf27 - projecteuler::euler::bigint::tests::test_bigint_multiply::{{closure}}::hcc374cdd586cc8ce
[INFO] [stdout]                                at /opt/rustwide/workdir/src/euler/bigint.rs:115:30
[INFO] [stdout]   22:     0x616088788b26 - core::ops::function::FnOnce::call_once::hbe11d70b37701a20
[INFO] [stdout]                                at /rustc/6067b36314ab5eb2eb47cecc464545ba58e1ad24/library/core/src/ops/function.rs:250:5
[INFO] [stdout]   23:     0x6160887d03ab - core::ops::function::FnOnce::call_once::he27718dfdd183f43
[INFO] [stdout]                                at /rustc/6067b36314ab5eb2eb47cecc464545ba58e1ad24/library/core/src/ops/function.rs:250:5
[INFO] [stdout]   24:     0x6160887d03ab - test::__rust_begin_short_backtrace::h4e84902998457a5d
[INFO] [stdout]                                at /rustc/6067b36314ab5eb2eb47cecc464545ba58e1ad24/library/test/src/lib.rs:632:18
[INFO] [stdout]   25:     0x6160887cf2e3 - test::run_test_in_process::{{closure}}::h7176fd18fc1feca0
[INFO] [stdout]                                at /rustc/6067b36314ab5eb2eb47cecc464545ba58e1ad24/library/test/src/lib.rs:655:60
[INFO] [stdout]   26:     0x6160887cf2e3 - <core::panic::unwind_safe::AssertUnwindSafe<F> as core::ops::function::FnOnce<()>>::call_once::hf79cff2a624d8cf7
[INFO] [stdout]                                at /rustc/6067b36314ab5eb2eb47cecc464545ba58e1ad24/library/core/src/panic/unwind_safe.rs:272:9
[INFO] [stdout]   27:     0x6160887cf2e3 - std::panicking::try::do_call::h3da0561d9ab99c25
[INFO] [stdout]                                at /rustc/6067b36314ab5eb2eb47cecc464545ba58e1ad24/library/std/src/panicking.rs:587:40
[INFO] [stdout]   28:     0x6160887cf2e3 - std::panicking::try::h41c9fa508bc61df6
[INFO] [stdout]                                at /rustc/6067b36314ab5eb2eb47cecc464545ba58e1ad24/library/std/src/panicking.rs:550:19
[INFO] [stdout]   29:     0x6160887cf2e3 - std::panic::catch_unwind::h6b3ff07bb5afad93
[INFO] [stdout]                                at /rustc/6067b36314ab5eb2eb47cecc464545ba58e1ad24/library/std/src/panic.rs:358:14
[INFO] [stdout]   30:     0x6160887cf2e3 - test::run_test_in_process::hc7253dd11b39b9f4
[INFO] [stdout]                                at /rustc/6067b36314ab5eb2eb47cecc464545ba58e1ad24/library/test/src/lib.rs:655:27
[INFO] [stdout]   31:     0x6160887cf2e3 - test::run_test::{{closure}}::hfb2007f8649c30bb
[INFO] [stdout]                                at /rustc/6067b36314ab5eb2eb47cecc464545ba58e1ad24/library/test/src/lib.rs:576:43
[INFO] [stdout]   32:     0x6160887923c5 - test::run_test::{{closure}}::h56a17aa7a282a9f4
[INFO] [stdout]                                at /rustc/6067b36314ab5eb2eb47cecc464545ba58e1ad24/library/test/src/lib.rs:606:41
[INFO] [stdout]   33:     0x6160887923c5 - std::sys::backtrace::__rust_begin_short_backtrace::hd2d2d2fb8e8c6aac
[INFO] [stdout]                                at /rustc/6067b36314ab5eb2eb47cecc464545ba58e1ad24/library/std/src/sys/backtrace.rs:152:18
[INFO] [stdout]   34:     0x616088795caa - std::thread::Builder::spawn_unchecked_::{{closure}}::{{closure}}::h4faa3f9db6133423
[INFO] [stdout]                                at /rustc/6067b36314ab5eb2eb47cecc464545ba58e1ad24/library/std/src/thread/mod.rs:559:17
[INFO] [stdout]   35:     0x616088795caa - <core::panic::unwind_safe::AssertUnwindSafe<F> as core::ops::function::FnOnce<()>>::call_once::hf2e855a36a4ea846
[INFO] [stdout]                                at /rustc/6067b36314ab5eb2eb47cecc464545ba58e1ad24/library/core/src/panic/unwind_safe.rs:272:9
[INFO] [stdout]   36:     0x616088795caa - std::panicking::try::do_call::h2f73af3616c35465
[INFO] [stdout]                                at /rustc/6067b36314ab5eb2eb47cecc464545ba58e1ad24/library/std/src/panicking.rs:587:40
[INFO] [stdout]   37:     0x616088795caa - std::panicking::try::hd1660ce9efadef5a
[INFO] [stdout]                                at /rustc/6067b36314ab5eb2eb47cecc464545ba58e1ad24/library/std/src/panicking.rs:550:19
[INFO] [stdout]   38:     0x616088795caa - std::panic::catch_unwind::h5ee8d7823b8ca744
[INFO] [stdout]                                at /rustc/6067b36314ab5eb2eb47cecc464545ba58e1ad24/library/std/src/panic.rs:358:14
[INFO] [stdout]   39:     0x616088795caa - std::thread::Builder::spawn_unchecked_::{{closure}}::h53c3a1894dce8407
[INFO] [stdout]                                at /rustc/6067b36314ab5eb2eb47cecc464545ba58e1ad24/library/std/src/thread/mod.rs:557:30
[INFO] [stdout]   40:     0x616088795caa - core::ops::function::FnOnce::call_once{{vtable.shim}}::h048ce291ad4f62bf
[INFO] [stdout]                                at /rustc/6067b36314ab5eb2eb47cecc464545ba58e1ad24/library/core/src/ops/function.rs:250:5
[INFO] [stdout]   41:     0x616088806a4b - <alloc::boxed::Box<F,A> as core::ops::function::FnOnce<Args>>::call_once::ha52bedf99a3b4981
[INFO] [stdout]                                at /rustc/6067b36314ab5eb2eb47cecc464545ba58e1ad24/library/alloc/src/boxed.rs:2013:9
[INFO] [stdout]   42:     0x616088806a4b - <alloc::boxed::Box<F,A> as core::ops::function::FnOnce<Args>>::call_once::h567748934d80ccf8
[INFO] [stdout]                                at /rustc/6067b36314ab5eb2eb47cecc464545ba58e1ad24/library/alloc/src/boxed.rs:2013:9
[INFO] [stdout]   43:     0x616088806a4b - std::sys::pal::unix::thread::Thread::new::thread_start::h2d970728ae887adc
[INFO] [stdout]                                at /rustc/6067b36314ab5eb2eb47cecc464545ba58e1ad24/library/std/src/sys/pal/unix/thread.rs:106:17
[INFO] [stdout]   44:     0x744efb621ac3 - <unknown>
[INFO] [stdout]   45:     0x744efb6b2a04 - clone
[INFO] [stdout]   46:                0x0 - <unknown>
[INFO] [stdout] 
[INFO] [stdout] ---- euler::bigint::tests::test_bigint_add stdout ----
[INFO] [stdout] 
[INFO] [stdout] thread 'euler::bigint::tests::test_bigint_add' panicked at src/euler/bigint.rs:111:9:
[INFO] [stdout] assertion `left == right` failed
[INFO] [stdout]   left: "100023407788"
[INFO] [stdout]  right: "100000000023407788"
[INFO] [stdout] stack backtrace:
[INFO] [stdout]    0:     0x616088800bfa - std::backtrace_rs::backtrace::libunwind::trace::hb059275cfc8d6126
[INFO] [stdout]                                at /rustc/6067b36314ab5eb2eb47cecc464545ba58e1ad24/library/std/src/../../backtrace/src/backtrace/libunwind.rs:116:5
[INFO] [stdout]    1:     0x616088800bfa - std::backtrace_rs::backtrace::trace_unsynchronized::h2da071e4327ce3ee
[INFO] [stdout]                                at /rustc/6067b36314ab5eb2eb47cecc464545ba58e1ad24/library/std/src/../../backtrace/src/backtrace/mod.rs:66:5
[INFO] [stdout]    2:     0x616088800bfa - std::sys::backtrace::_print_fmt::h842a1474e6f8d23f
[INFO] [stdout]                                at /rustc/6067b36314ab5eb2eb47cecc464545ba58e1ad24/library/std/src/sys/backtrace.rs:66:9
[INFO] [stdout]    3:     0x616088800bfa - <std::sys::backtrace::BacktraceLock::print::DisplayBacktrace as core::fmt::Display>::fmt::h71a62eb3b9696b12
[INFO] [stdout]                                at /rustc/6067b36314ab5eb2eb47cecc464545ba58e1ad24/library/std/src/sys/backtrace.rs:39:26
[INFO] [stdout]    4:     0x6160888286e3 - core::fmt::rt::Argument::fmt::hdb6b616786b41dc1
[INFO] [stdout]                                at /rustc/6067b36314ab5eb2eb47cecc464545ba58e1ad24/library/core/src/fmt/rt.rs:177:76
[INFO] [stdout]    5:     0x6160888286e3 - core::fmt::write::h2cc1698af7e2d686
[INFO] [stdout]                                at /rustc/6067b36314ab5eb2eb47cecc464545ba58e1ad24/library/core/src/fmt/mod.rs:1440:21
[INFO] [stdout]    6:     0x6160887fd753 - std::io::Write::write_fmt::hab1b4cd059a79022
[INFO] [stdout]                                at /rustc/6067b36314ab5eb2eb47cecc464545ba58e1ad24/library/std/src/io/mod.rs:1887:15
[INFO] [stdout]    7:     0x616088800a42 - std::sys::backtrace::BacktraceLock::print::h147fe35b4ea13b08
[INFO] [stdout]                                at /rustc/6067b36314ab5eb2eb47cecc464545ba58e1ad24/library/std/src/sys/backtrace.rs:42:9
[INFO] [stdout]    8:     0x61608880201f - std::panicking::default_hook::{{closure}}::hbd44223dbdc0d208
[INFO] [stdout]                                at /rustc/6067b36314ab5eb2eb47cecc464545ba58e1ad24/library/std/src/panicking.rs:298:22
[INFO] [stdout]    9:     0x616088801e38 - std::panicking::default_hook::h20f81eb0576efcec
[INFO] [stdout]                                at /rustc/6067b36314ab5eb2eb47cecc464545ba58e1ad24/library/std/src/panicking.rs:322:9
[INFO] [stdout]   10:     0x6160887cac53 - <alloc::boxed::Box<F,A> as core::ops::function::Fn<Args>>::call::hdb53814c496a4d34
[INFO] [stdout]                                at /rustc/6067b36314ab5eb2eb47cecc464545ba58e1ad24/library/alloc/src/boxed.rs:2027:9
[INFO] [stdout]   11:     0x6160887cac53 - test::test_main::{{closure}}::hc0a4963c59427c24
[INFO] [stdout]                                at /rustc/6067b36314ab5eb2eb47cecc464545ba58e1ad24/library/test/src/lib.rs:134:21
[INFO] [stdout]   12:     0x616088802b13 - <alloc::boxed::Box<F,A> as core::ops::function::Fn<Args>>::call::h591b2225413a77e9
[INFO] [stdout]                                at /rustc/6067b36314ab5eb2eb47cecc464545ba58e1ad24/library/alloc/src/boxed.rs:2027:9
[INFO] [stdout]   13:     0x616088802b13 - std::panicking::rust_panic_with_hook::h625eea43051b2edc
[INFO] [stdout]                                at /rustc/6067b36314ab5eb2eb47cecc464545ba58e1ad24/library/std/src/panicking.rs:839:13
[INFO] [stdout]   14:     0x6160888027ca - std::panicking::begin_panic_handler::{{closure}}::h4f9159cfbc3f6bd3
[INFO] [stdout]                                at /rustc/6067b36314ab5eb2eb47cecc464545ba58e1ad24/library/std/src/panicking.rs:704:13
[INFO] [stdout]   15:     0x6160888010f9 - std::sys::backtrace::__rust_end_short_backtrace::h0390abce48353151
[INFO] [stdout]                                at /rustc/6067b36314ab5eb2eb47cecc464545ba58e1ad24/library/std/src/sys/backtrace.rs:168:18
[INFO] [stdout]   16:     0x61608880245d - rust_begin_unwind
[INFO] [stdout]                                at /rustc/6067b36314ab5eb2eb47cecc464545ba58e1ad24/library/std/src/panicking.rs:695:5
[INFO] [stdout]   17:     0x616088826c40 - core::panicking::panic_fmt::h9e7c637e9e5f29c9
[INFO] [stdout]                                at /rustc/6067b36314ab5eb2eb47cecc464545ba58e1ad24/library/core/src/panicking.rs:75:14
[INFO] [stdout]   18:     0x616088826f62 - core::panicking::assert_failed_inner::h538bec7c1374cd9c
[INFO] [stdout]   19:     0x61608878a26a - core::panicking::assert_failed::h08c4bb74b9099ee5
[INFO] [stdout]                                at /rustc/6067b36314ab5eb2eb47cecc464545ba58e1ad24/library/core/src/panicking.rs:364:5
[INFO] [stdout]   20:     0x61608878cea6 - projecteuler::euler::bigint::tests::test_bigint_add::h5c834fba4b2da6aa
[INFO] [stdout]                                at /opt/rustwide/workdir/src/euler/bigint.rs:111:9
[INFO] [stdout]   21:     0x61608878ccb7 - projecteuler::euler::bigint::tests::test_bigint_add::{{closure}}::h0cfa25c348476b4b
[INFO] [stdout]                                at /opt/rustwide/workdir/src/euler/bigint.rs:106:25
[INFO] [stdout]   22:     0x616088788a96 - core::ops::function::FnOnce::call_once::h0b8644b69b35c3cc
[INFO] [stdout]                                at /rustc/6067b36314ab5eb2eb47cecc464545ba58e1ad24/library/core/src/ops/function.rs:250:5
[INFO] [stdout]   23:     0x6160887d03ab - core::ops::function::FnOnce::call_once::he27718dfdd183f43
[INFO] [stdout]                                at /rustc/6067b36314ab5eb2eb47cecc464545ba58e1ad24/library/core/src/ops/function.rs:250:5
[INFO] [stdout]   24:     0x6160887d03ab - test::__rust_begin_short_backtrace::h4e84902998457a5d
[INFO] [stdout]                                at /rustc/6067b36314ab5eb2eb47cecc464545ba58e1ad24/library/test/src/lib.rs:632:18
[INFO] [stdout]   25:     0x6160887cf2e3 - test::run_test_in_process::{{closure}}::h7176fd18fc1feca0
[INFO] [stdout]                                at /rustc/6067b36314ab5eb2eb47cecc464545ba58e1ad24/library/test/src/lib.rs:655:60
[INFO] [stdout]   26:     0x6160887cf2e3 - <core::panic::unwind_safe::AssertUnwindSafe<F> as core::ops::function::FnOnce<()>>::call_once::hf79cff2a624d8cf7
[INFO] [stdout]                                at /rustc/6067b36314ab5eb2eb47cecc464545ba58e1ad24/library/core/src/panic/unwind_safe.rs:272:9
[INFO] [stdout]   27:     0x6160887cf2e3 - std::panicking::try::do_call::h3da0561d9ab99c25
[INFO] [stdout]                                at /rustc/6067b36314ab5eb2eb47cecc464545ba58e1ad24/library/std/src/panicking.rs:587:40
[INFO] [stdout]   28:     0x6160887cf2e3 - std::panicking::try::h41c9fa508bc61df6
[INFO] [stdout]                                at /rustc/6067b36314ab5eb2eb47cecc464545ba58e1ad24/library/std/src/panicking.rs:550:19
[INFO] [stdout]   29:     0x6160887cf2e3 - std::panic::catch_unwind::h6b3ff07bb5afad93
[INFO] [stdout]                                at /rustc/6067b36314ab5eb2eb47cecc464545ba58e1ad24/library/std/src/panic.rs:358:14
[INFO] [stdout]   30:     0x6160887cf2e3 - test::run_test_in_process::hc7253dd11b39b9f4
[INFO] [stdout]                                at /rustc/6067b36314ab5eb2eb47cecc464545ba58e1ad24/library/test/src/lib.rs:655:27
[INFO] [stdout]   31:     0x6160887cf2e3 - test::run_test::{{closure}}::hfb2007f8649c30bb
[INFO] [stdout]                                at /rustc/6067b36314ab5eb2eb47cecc464545ba58e1ad24/library/test/src/lib.rs:576:43
[INFO] [stdout]   32:     0x6160887923c5 - test::run_test::{{closure}}::h56a17aa7a282a9f4
[INFO] [stdout]                                at /rustc/6067b36314ab5eb2eb47cecc464545ba58e1ad24/library/test/src/lib.rs:606:41
[INFO] [stdout]   33:     0x6160887923c5 - std::sys::backtrace::__rust_begin_short_backtrace::hd2d2d2fb8e8c6aac
[INFO] [stdout]                                at /rustc/6067b36314ab5eb2eb47cecc464545ba58e1ad24/library/std/src/sys/backtrace.rs:152:18
[INFO] [stdout]   34:     0x616088795caa - std::thread::Builder::spawn_unchecked_::{{closure}}::{{closure}}::h4faa3f9db6133423
[INFO] [stdout]                                at /rustc/6067b36314ab5eb2eb47cecc464545ba58e1ad24/library/std/src/thread/mod.rs:559:17
[INFO] [stdout]   35:     0x616088795caa - <core::panic::unwind_safe::AssertUnwindSafe<F> as core::ops::function::FnOnce<()>>::call_once::hf2e855a36a4ea846
[INFO] [stdout]                                at /rustc/6067b36314ab5eb2eb47cecc464545ba58e1ad24/library/core/src/panic/unwind_safe.rs:272:9
[INFO] [stdout]   36:     0x616088795caa - std::panicking::try::do_call::h2f73af3616c35465
[INFO] [stdout]                                at /rustc/6067b36314ab5eb2eb47cecc464545ba58e1ad24/library/std/src/panicking.rs:587:40
[INFO] [stdout]   37:     0x616088795caa - std::panicking::try::hd1660ce9efadef5a
[INFO] [stdout]                                at /rustc/6067b36314ab5eb2eb47cecc464545ba58e1ad24/library/std/src/panicking.rs:550:19
[INFO] [stdout]   38:     0x616088795caa - std::panic::catch_unwind::h5ee8d7823b8ca744
[INFO] [stdout]                                at /rustc/6067b36314ab5eb2eb47cecc464545ba58e1ad24/library/std/src/panic.rs:358:14
[INFO] [stdout]   39:     0x616088795caa - std::thread::Builder::spawn_unchecked_::{{closure}}::h53c3a1894dce8407
[INFO] [stdout]                                at /rustc/6067b36314ab5eb2eb47cecc464545ba58e1ad24/library/std/src/thread/mod.rs:557:30
[INFO] [stdout]   40:     0x616088795caa - core::ops::function::FnOnce::call_once{{vtable.shim}}::h048ce291ad4f62bf
[INFO] [stdout]                                at /rustc/6067b36314ab5eb2eb47cecc464545ba58e1ad24/library/core/src/ops/function.rs:250:5
[INFO] [stdout]   41:     0x616088806a4b - <alloc::boxed::Box<F,A> as core::ops::function::FnOnce<Args>>::call_once::ha52bedf99a3b4981
[INFO] [stdout]                                at /rustc/6067b36314ab5eb2eb47cecc464545ba58e1ad24/library/alloc/src/boxed.rs:2013:9
[INFO] [stdout]   42:     0x616088806a4b - <alloc::boxed::Box<F,A> as core::ops::function::FnOnce<Args>>::call_once::h567748934d80ccf8
[INFO] [stdout]                                at /rustc/6067b36314ab5eb2eb47cecc464545ba58e1ad24/library/alloc/src/boxed.rs:2013:9
[INFO] [stdout]   43:     0x616088806a4b - std::sys::pal::unix::thread::Thread::new::thread_start::h2d970728ae887adc
[INFO] [stdout]                                at /rustc/6067b36314ab5eb2eb47cecc464545ba58e1ad24/library/std/src/sys/pal/unix/thread.rs:106:17
[INFO] [stdout]   44:     0x744efb621ac3 - <unknown>
[INFO] [stdout]   45:     0x744efb6b2a04 - clone
[INFO] [stdout]   46:                0x0 - <unknown>
[INFO] [stdout] 
[INFO] [stdout] 
[INFO] [stdout] failures:
[INFO] [stdout]     euler::bigint::tests::test_bigint_add
[INFO] [stdout]     euler::bigint::tests::test_bigint_multiply
[INFO] [stdout] 
[INFO] [stdout] test result: FAILED. 1 passed; 2 failed; 0 ignored; 0 measured; 0 filtered out; finished in 0.05s
[INFO] [stdout] 
[INFO] [stderr] error: test failed, to rerun pass `--bin projecteuler`
[INFO] running `Command { std: "docker" "inspect" "cb01c0a710189615a6a8144fa1d09204cbb361d4535af8f01f83869e3528d411", kill_on_drop: false }`
[INFO] running `Command { std: "docker" "rm" "-f" "cb01c0a710189615a6a8144fa1d09204cbb361d4535af8f01f83869e3528d411", kill_on_drop: false }`
[INFO] [stdout] cb01c0a710189615a6a8144fa1d09204cbb361d4535af8f01f83869e3528d411
