[INFO] cloning repository https://github.com/jcdyer/cavey
[INFO] running `Command { std: "git" "-c" "credential.helper=" "-c" "credential.helper=/workspace/cargo-home/bin/git-credential-null" "clone" "--bare" "https://github.com/jcdyer/cavey" "/workspace/cache/git-repos/https%3A%2F%2Fgithub.com%2Fjcdyer%2Fcavey", kill_on_drop: false }`
[INFO] [stderr] Cloning into bare repository '/workspace/cache/git-repos/https%3A%2F%2Fgithub.com%2Fjcdyer%2Fcavey'...
[INFO] running `Command { std: "git" "rev-parse" "HEAD", kill_on_drop: false }`
[INFO] [stdout] b6b2b8de268eda253af07dbc6f0856f5aad30ae1
[INFO] testing jcdyer/cavey against nightly-2025-01-18 for randomize-layout-2
[INFO] running `Command { std: "git" "clone" "/workspace/cache/git-repos/https%3A%2F%2Fgithub.com%2Fjcdyer%2Fcavey" "/workspace/builds/worker-7-tc1/source", kill_on_drop: false }`
[INFO] [stderr] Cloning into '/workspace/builds/worker-7-tc1/source'...
[INFO] [stderr] done.
[INFO] validating manifest of git repo https://github.com/jcdyer/cavey on toolchain nightly-2025-01-18
[INFO] running `Command { std: CARGO_HOME="/workspace/cargo-home" RUSTUP_HOME="/workspace/rustup-home" "/workspace/cargo-home/bin/cargo" "+nightly-2025-01-18" "metadata" "--manifest-path" "Cargo.toml" "--no-deps", kill_on_drop: false }`
[INFO] started tweaking git repo https://github.com/jcdyer/cavey
[INFO] finished tweaking git repo https://github.com/jcdyer/cavey
[INFO] tweaked toml for git repo https://github.com/jcdyer/cavey written to /workspace/builds/worker-7-tc1/source/Cargo.toml
[INFO] crate git repo https://github.com/jcdyer/cavey already has a lockfile, it will not be regenerated
[INFO] running `Command { std: CARGO_HOME="/workspace/cargo-home" RUSTUP_HOME="/workspace/rustup-home" "/workspace/cargo-home/bin/cargo" "+nightly-2025-01-18" "fetch" "--manifest-path" "Cargo.toml", kill_on_drop: false }`
[INFO] [stderr]     Updating crates.io index
[INFO] [stderr]  Downloading crates ...
[INFO] [stderr]   Downloaded syn v0.15.36
[INFO] [stderr]   Downloaded criterion-plot v0.3.1
[INFO] [stderr]   Downloaded sled v0.24.1
[INFO] [stderr]   Downloaded backtrace v0.3.30
[INFO] [stderr]   Downloaded criterion v0.2.11
[INFO] [stderr]   Downloaded pagecache v0.17.0
[INFO] [stderr]   Downloaded hashbrown v0.3.1
[INFO] [stderr]   Downloaded structopt-derive v0.2.16
[INFO] [stderr]   Downloaded regex v1.1.7
[INFO] [stderr]   Downloaded structopt v0.2.16
[INFO] [stderr]   Downloaded tinytemplate v1.0.2
[INFO] [stderr]   Downloaded historian v4.0.3
[INFO] [stderr]   Downloaded regex-syntax v0.6.7
[INFO] running `Command { std: "docker" "create" "-v" "/var/lib/crater-agent-workspace/builds/worker-7-tc1/target:/opt/rustwide/target:rw,Z" "-v" "/var/lib/crater-agent-workspace/builds/worker-7-tc1/source:/opt/rustwide/workdir:ro,Z" "-v" "/var/lib/crater-agent-workspace/cargo-home:/opt/rustwide/cargo-home:ro,Z" "-v" "/var/lib/crater-agent-workspace/rustup-home:/opt/rustwide/rustup-home:ro,Z" "-e" "SOURCE_DIR=/opt/rustwide/workdir" "-e" "CARGO_TARGET_DIR=/opt/rustwide/target" "-e" "CARGO_HOME=/opt/rustwide/cargo-home" "-e" "RUSTUP_HOME=/opt/rustwide/rustup-home" "-w" "/opt/rustwide/workdir" "-m" "1610612736" "--user" "0:0" "--network" "none" "ghcr.io/rust-lang/crates-build-env/linux@sha256:819108c5571ea2e421544af4d832f968d213c87fbe3707a016657f43d2f853bc" "/opt/rustwide/cargo-home/bin/cargo" "+nightly-2025-01-18" "metadata" "--no-deps" "--format-version=1", kill_on_drop: false }`
[INFO] [stdout] 5167f12910714b45c544a342de2c9f78aeac2cfdea52429df6927e0247d77760
[INFO] running `Command { std: "docker" "start" "-a" "5167f12910714b45c544a342de2c9f78aeac2cfdea52429df6927e0247d77760", kill_on_drop: false }`
[INFO] running `Command { std: "docker" "inspect" "5167f12910714b45c544a342de2c9f78aeac2cfdea52429df6927e0247d77760", kill_on_drop: false }`
[INFO] running `Command { std: "docker" "rm" "-f" "5167f12910714b45c544a342de2c9f78aeac2cfdea52429df6927e0247d77760", kill_on_drop: false }`
[INFO] [stdout] 5167f12910714b45c544a342de2c9f78aeac2cfdea52429df6927e0247d77760
[INFO] running `Command { std: "docker" "create" "-v" "/var/lib/crater-agent-workspace/builds/worker-7-tc1/target:/opt/rustwide/target:rw,Z" "-v" "/var/lib/crater-agent-workspace/builds/worker-7-tc1/source:/opt/rustwide/workdir:ro,Z" "-v" "/var/lib/crater-agent-workspace/cargo-home:/opt/rustwide/cargo-home:ro,Z" "-v" "/var/lib/crater-agent-workspace/rustup-home:/opt/rustwide/rustup-home:ro,Z" "-e" "SOURCE_DIR=/opt/rustwide/workdir" "-e" "CARGO_TARGET_DIR=/opt/rustwide/target" "-e" "CARGO_INCREMENTAL=0" "-e" "RUST_BACKTRACE=full" "-e" "RUSTFLAGS=--cap-lints=forbid" "-e" "RUSTDOCFLAGS=--cap-lints=forbid" "-e" "CARGO_HOME=/opt/rustwide/cargo-home" "-e" "RUSTUP_HOME=/opt/rustwide/rustup-home" "-w" "/opt/rustwide/workdir" "-m" "1610612736" "--user" "0:0" "--network" "none" "ghcr.io/rust-lang/crates-build-env/linux@sha256:819108c5571ea2e421544af4d832f968d213c87fbe3707a016657f43d2f853bc" "/opt/rustwide/cargo-home/bin/cargo" "+nightly-2025-01-18" "build" "--frozen" "--message-format=json", kill_on_drop: false }`
[INFO] [stdout] 87ad6c5daed472174b79974cc7d5d62393cb37c3160c7bcd7f78fbaf8d1e5d85
[INFO] running `Command { std: "docker" "start" "-a" "87ad6c5daed472174b79974cc7d5d62393cb37c3160c7bcd7f78fbaf8d1e5d85", kill_on_drop: false }`
[INFO] [stderr]    Compiling libc v0.2.58
[INFO] [stderr]    Compiling proc-macro2 v0.4.30
[INFO] [stderr]    Compiling unicode-xid v0.1.0
[INFO] [stderr]    Compiling syn v0.15.36
[INFO] [stderr]    Compiling cfg-if v0.1.9
[INFO] [stderr]    Compiling lazy_static v1.3.0
[INFO] [stderr]    Compiling autocfg v0.1.4
[INFO] [stderr]    Compiling arrayvec v0.4.10
[INFO] [stderr]    Compiling serde v1.0.92
[INFO] [stderr]    Compiling crossbeam-utils v0.6.5
[INFO] [stderr]    Compiling nodrop v0.1.13
[INFO] [stderr]    Compiling scopeguard v0.3.3
[INFO] [stderr]    Compiling memoffset v0.2.1
[INFO] [stderr]    Compiling byteorder v1.3.2
[INFO] [stderr]    Compiling rayon-core v1.5.0
[INFO] [stderr]    Compiling memchr v2.2.0
[INFO] [stderr]    Compiling cc v1.0.37
[INFO] [stderr]    Compiling crossbeam-queue v0.1.2
[INFO] [stderr]    Compiling crossbeam-epoch v0.7.1
[INFO] [stderr]    Compiling bincode v1.1.4
[INFO] [stderr]    Compiling crc32fast v1.2.0
[INFO] [stderr]    Compiling bitflags v1.1.0
[INFO] [stderr]    Compiling quote v0.6.12
[INFO] [stderr]    Compiling num_cpus v1.10.1
[INFO] [stderr]    Compiling crossbeam-deque v0.6.3
[INFO] [stderr]    Compiling atty v0.2.11
[INFO] [stderr]    Compiling backtrace v0.3.30
[INFO] [stderr]    Compiling log v0.4.6
[INFO] [stderr]    Compiling regex v1.1.7
[INFO] [stderr]    Compiling unicode-width v0.1.5
[INFO] [stderr]    Compiling ucd-util v0.1.3
[INFO] [stderr]    Compiling either v1.5.2
[INFO] [stderr]    Compiling unicode-segmentation v1.3.0
[INFO] [stderr]    Compiling ryu v0.2.8
[INFO] [stderr]    Compiling failure_derive v0.1.5
[INFO] [stderr]    Compiling backtrace-sys v0.1.28
[INFO] [stderr]    Compiling aho-corasick v0.7.3
[INFO] [stderr]    Compiling regex-syntax v0.6.7
[INFO] [stderr]    Compiling rayon v1.1.0
[INFO] [stderr]    Compiling textwrap v0.11.0
[INFO] [stderr]    Compiling heck v0.3.1
[INFO] [stderr]    Compiling fxhash v0.2.1
[INFO] [stderr]    Compiling fs2 v0.4.3
[INFO] [stderr]    Compiling thread_local v0.3.6
[INFO] [stderr]    Compiling ansi_term v0.11.0
[INFO] [stderr]    Compiling strsim v0.8.0
[INFO] [stderr]    Compiling vec_map v0.8.1
[INFO] [stderr]    Compiling rustc-demangle v0.1.15
[INFO] [stderr]    Compiling quick-error v1.2.2
[INFO] [stderr]    Compiling historian v4.0.3
[INFO] [stderr]    Compiling futures v0.1.28
[INFO] [stderr]    Compiling utf8-ranges v1.0.3
[INFO] [stderr]    Compiling humantime v1.2.0
[INFO] [stderr]    Compiling clap v2.33.0
[INFO] [stderr]    Compiling itoa v0.4.4
[INFO] [stderr]    Compiling termcolor v1.0.5
[INFO] [stderr]    Compiling synstructure v0.10.2
[INFO] [stderr]    Compiling serde_derive v1.0.92
[INFO] [stderr]    Compiling structopt-derive v0.2.16
[INFO] [stderr]    Compiling failure v0.1.5
[INFO] [stderr]    Compiling structopt v0.2.16
[INFO] [stderr]    Compiling env_logger v0.6.1
[INFO] [stderr]    Compiling hashbrown v0.3.1
[INFO] [stderr]    Compiling serde_bytes v0.11.1
[INFO] [stderr]    Compiling serde_json v1.0.39
[INFO] [stderr]    Compiling pagecache v0.17.0
[INFO] [stderr]    Compiling sled v0.24.1
[INFO] [stderr]    Compiling cavey v0.1.0 (/opt/rustwide/workdir)
[INFO] [stdout] warning: unexpected `cfg` condition value: `cargo-clippy`
[INFO] [stdout]   --> src/store.rs:16:17
[INFO] [stdout]    |
[INFO] [stdout] 16 | #[derive(Debug, Deserialize, Serialize)]
[INFO] [stdout]    |                 ^^^^^^^^^^^
[INFO] [stdout]    |
[INFO] [stdout]    = note: no expected values for `feature`
[INFO] [stdout]    = note: using a cfg inside a derive macro will use the cfgs from the destination crate and not the ones from the defining crate
[INFO] [stdout]    = help: try referring to `Deserialize` crate for guidance on how handle this unexpected cfg
[INFO] [stdout]    = help: the derive macro `Deserialize` may come from an old version of the `serde_derive` crate, try updating your dependency with `cargo update -p serde_derive`
[INFO] [stdout]    = note: see <https://doc.rust-lang.org/nightly/rustc/check-cfg/cargo-specifics.html> for more information about checking conditional configuration
[INFO] [stdout]    = note: `#[warn(unexpected_cfgs)]` on by default
[INFO] [stdout]    = note: this warning originates in the derive macro `Deserialize` (in Nightly builds, run with -Z macro-backtrace for more info)
[INFO] [stdout] 
[INFO] [stdout] 
[INFO] [stdout] warning: unexpected `cfg` condition value: `cargo-clippy`
[INFO] [stdout]   --> src/store.rs:16:30
[INFO] [stdout]    |
[INFO] [stdout] 16 | #[derive(Debug, Deserialize, Serialize)]
[INFO] [stdout]    |                              ^^^^^^^^^
[INFO] [stdout]    |
[INFO] [stdout]    = note: no expected values for `feature`
[INFO] [stdout]    = note: using a cfg inside a derive macro will use the cfgs from the destination crate and not the ones from the defining crate
[INFO] [stdout]    = help: try referring to `Serialize` crate for guidance on how handle this unexpected cfg
[INFO] [stdout]    = help: the derive macro `Serialize` may come from an old version of the `serde_derive` crate, try updating your dependency with `cargo update -p serde_derive`
[INFO] [stdout]    = note: see <https://doc.rust-lang.org/nightly/rustc/check-cfg/cargo-specifics.html> for more information about checking conditional configuration
[INFO] [stdout]    = note: this warning originates in the derive macro `Serialize` (in Nightly builds, run with -Z macro-backtrace for more info)
[INFO] [stdout] 
[INFO] [stdout] 
[INFO] [stdout] warning: unexpected `cfg` condition value: `cargo-clippy`
[INFO] [stdout]  --> src/protocol.rs:4:24
[INFO] [stdout]   |
[INFO] [stdout] 4 | #[derive(Clone, Debug, Deserialize, Serialize)]
[INFO] [stdout]   |                        ^^^^^^^^^^^
[INFO] [stdout]   |
[INFO] [stdout]   = note: no expected values for `feature`
[INFO] [stdout]   = note: using a cfg inside a derive macro will use the cfgs from the destination crate and not the ones from the defining crate
[INFO] [stdout]   = help: try referring to `Deserialize` crate for guidance on how handle this unexpected cfg
[INFO] [stdout]   = help: the derive macro `Deserialize` may come from an old version of the `serde_derive` crate, try updating your dependency with `cargo update -p serde_derive`
[INFO] [stdout]   = note: see <https://doc.rust-lang.org/nightly/rustc/check-cfg/cargo-specifics.html> for more information about checking conditional configuration
[INFO] [stdout]   = note: this warning originates in the derive macro `Deserialize` (in Nightly builds, run with -Z macro-backtrace for more info)
[INFO] [stdout] 
[INFO] [stdout] 
[INFO] [stdout] warning: unexpected `cfg` condition value: `cargo-clippy`
[INFO] [stdout]  --> src/protocol.rs:4:37
[INFO] [stdout]   |
[INFO] [stdout] 4 | #[derive(Clone, Debug, Deserialize, Serialize)]
[INFO] [stdout]   |                                     ^^^^^^^^^
[INFO] [stdout]   |
[INFO] [stdout]   = note: no expected values for `feature`
[INFO] [stdout]   = note: using a cfg inside a derive macro will use the cfgs from the destination crate and not the ones from the defining crate
[INFO] [stdout]   = help: try referring to `Serialize` crate for guidance on how handle this unexpected cfg
[INFO] [stdout]   = help: the derive macro `Serialize` may come from an old version of the `serde_derive` crate, try updating your dependency with `cargo update -p serde_derive`
[INFO] [stdout]   = note: see <https://doc.rust-lang.org/nightly/rustc/check-cfg/cargo-specifics.html> for more information about checking conditional configuration
[INFO] [stdout]   = note: this warning originates in the derive macro `Serialize` (in Nightly builds, run with -Z macro-backtrace for more info)
[INFO] [stdout] 
[INFO] [stdout] 
[INFO] [stdout] warning: unexpected `cfg` condition value: `cargo-clippy`
[INFO] [stdout]   --> src/protocol.rs:12:24
[INFO] [stdout]    |
[INFO] [stdout] 12 | #[derive(Clone, Debug, Deserialize, Serialize)]
[INFO] [stdout]    |                        ^^^^^^^^^^^
[INFO] [stdout]    |
[INFO] [stdout]    = note: no expected values for `feature`
[INFO] [stdout]    = note: using a cfg inside a derive macro will use the cfgs from the destination crate and not the ones from the defining crate
[INFO] [stdout]    = help: try referring to `Deserialize` crate for guidance on how handle this unexpected cfg
[INFO] [stdout]    = help: the derive macro `Deserialize` may come from an old version of the `serde_derive` crate, try updating your dependency with `cargo update -p serde_derive`
[INFO] [stdout]    = note: see <https://doc.rust-lang.org/nightly/rustc/check-cfg/cargo-specifics.html> for more information about checking conditional configuration
[INFO] [stdout]    = note: this warning originates in the derive macro `Deserialize` (in Nightly builds, run with -Z macro-backtrace for more info)
[INFO] [stdout] 
[INFO] [stdout] 
[INFO] [stdout] warning: unexpected `cfg` condition value: `cargo-clippy`
[INFO] [stdout]   --> src/protocol.rs:12:37
[INFO] [stdout]    |
[INFO] [stdout] 12 | #[derive(Clone, Debug, Deserialize, Serialize)]
[INFO] [stdout]    |                                     ^^^^^^^^^
[INFO] [stdout]    |
[INFO] [stdout]    = note: no expected values for `feature`
[INFO] [stdout]    = note: using a cfg inside a derive macro will use the cfgs from the destination crate and not the ones from the defining crate
[INFO] [stdout]    = help: try referring to `Serialize` crate for guidance on how handle this unexpected cfg
[INFO] [stdout]    = help: the derive macro `Serialize` may come from an old version of the `serde_derive` crate, try updating your dependency with `cargo update -p serde_derive`
[INFO] [stdout]    = note: see <https://doc.rust-lang.org/nightly/rustc/check-cfg/cargo-specifics.html> for more information about checking conditional configuration
[INFO] [stdout]    = note: this warning originates in the derive macro `Serialize` (in Nightly builds, run with -Z macro-backtrace for more info)
[INFO] [stdout] 
[INFO] [stdout] 
[INFO] [stdout] warning: struct `SSTable` is never constructed
[INFO] [stdout]   --> src/sstable.rs:13:12
[INFO] [stdout]    |
[INFO] [stdout] 13 | pub struct SSTable {
[INFO] [stdout]    |            ^^^^^^^
[INFO] [stdout]    |
[INFO] [stdout]    = note: `#[warn(dead_code)]` on by default
[INFO] [stdout] 
[INFO] [stdout] 
[INFO] [stdout] warning: associated items `from_sorted_iter`, `from_file`, and `at` are never used
[INFO] [stdout]   --> src/sstable.rs:26:12
[INFO] [stdout]    |
[INFO] [stdout] 19 | impl SSTable {
[INFO] [stdout]    | ------------ associated items in this implementation
[INFO] [stdout] ...
[INFO] [stdout] 26 |     pub fn from_sorted_iter<'a, P>(path: P, iter: impl Iterator<Item=&'a Entry>) -> io::Result<SSTable>
[INFO] [stdout]    |            ^^^^^^^^^^^^^^^^
[INFO] [stdout] ...
[INFO] [stdout] 68 |     pub fn from_file<P: AsRef<Path>>(path: P) -> io::Result<SSTable> {
[INFO] [stdout]    |            ^^^^^^^^^
[INFO] [stdout] ...
[INFO] [stdout] 85 |     pub fn at(&self, offset: u64) -> io::Result<SSTableCursor> {
[INFO] [stdout]    |            ^^
[INFO] [stdout] 
[INFO] [stdout] 
[INFO] [stdout] warning: associated function `new` is never used
[INFO] [stdout]   --> src/sstable.rs:97:8
[INFO] [stdout]    |
[INFO] [stdout] 96 | impl SSTableCursor {
[INFO] [stdout]    | ------------------ associated function in this implementation
[INFO] [stdout] 97 |     fn new(reader: BufReader<File>) -> SSTableCursor {
[INFO] [stdout]    |        ^^^
[INFO] [stdout] 
[INFO] [stdout] 
[INFO] [stdout] warning: non-local `impl` definition, `impl` blocks should be written at the same level as their item
[INFO] [stdout]   --> src/store.rs:16:17
[INFO] [stdout]    |
[INFO] [stdout] 16 | #[derive(Debug, Deserialize, Serialize)]
[INFO] [stdout]    |                 ^----------
[INFO] [stdout]    |                 |
[INFO] [stdout]    |                 `Deserialize` is not local
[INFO] [stdout]    |                 move the `impl` block outside of this constant `_IMPL_DESERIALIZE_FOR_LogRecord`
[INFO] [stdout] 17 | #[serde(rename_all = "snake_case")]
[INFO] [stdout] 18 | pub enum LogRecord {
[INFO] [stdout]    |          --------- `LogRecord` is not local
[INFO] [stdout]    |
[INFO] [stdout]    = note: the derive macro `Deserialize` defines the non-local `impl`, and may need to be changed
[INFO] [stdout]    = note: the derive macro `Deserialize` may come from an old version of the `serde_derive` crate, try updating your dependency with `cargo update -p serde_derive`
[INFO] [stdout]    = note: an `impl` is never scoped, even when it is nested inside an item, as it may impact type checking outside of that item, which can be the case if neither the trait or the self type are at the same nesting level as the `impl`
[INFO] [stdout]    = note: items in an anonymous const item (`const _: () = { ... }`) are treated as in the same scope as the anonymous const's declaration for the purpose of this lint
[INFO] [stdout]    = note: `#[warn(non_local_definitions)]` on by default
[INFO] [stdout]    = note: this warning originates in the derive macro `Deserialize` (in Nightly builds, run with -Z macro-backtrace for more info)
[INFO] [stdout] 
[INFO] [stdout] 
[INFO] [stdout] warning: non-local `impl` definition, `impl` blocks should be written at the same level as their item
[INFO] [stdout]   --> src/store.rs:16:30
[INFO] [stdout]    |
[INFO] [stdout] 16 | #[derive(Debug, Deserialize, Serialize)]
[INFO] [stdout]    |                              ^--------
[INFO] [stdout]    |                              |
[INFO] [stdout]    |                              `Serialize` is not local
[INFO] [stdout]    |                              move the `impl` block outside of this constant `_IMPL_SERIALIZE_FOR_LogRecord`
[INFO] [stdout] 17 | #[serde(rename_all = "snake_case")]
[INFO] [stdout] 18 | pub enum LogRecord {
[INFO] [stdout]    |          --------- `LogRecord` is not local
[INFO] [stdout]    |
[INFO] [stdout]    = note: the derive macro `Serialize` defines the non-local `impl`, and may need to be changed
[INFO] [stdout]    = note: the derive macro `Serialize` may come from an old version of the `serde_derive` crate, try updating your dependency with `cargo update -p serde_derive`
[INFO] [stdout]    = note: an `impl` is never scoped, even when it is nested inside an item, as it may impact type checking outside of that item, which can be the case if neither the trait or the self type are at the same nesting level as the `impl`
[INFO] [stdout]    = note: items in an anonymous const item (`const _: () = { ... }`) are treated as in the same scope as the anonymous const's declaration for the purpose of this lint
[INFO] [stdout]    = note: this warning originates in the derive macro `Serialize` (in Nightly builds, run with -Z macro-backtrace for more info)
[INFO] [stdout] 
[INFO] [stdout] 
[INFO] [stdout] warning: non-local `impl` definition, `impl` blocks should be written at the same level as their item
[INFO] [stdout]  --> src/protocol.rs:4:24
[INFO] [stdout]   |
[INFO] [stdout] 4 | #[derive(Clone, Debug, Deserialize, Serialize)]
[INFO] [stdout]   |                        ^----------
[INFO] [stdout]   |                        |
[INFO] [stdout]   |                        `Deserialize` is not local
[INFO] [stdout]   |                        move the `impl` block outside of this constant `_IMPL_DESERIALIZE_FOR_ClientMessage`
[INFO] [stdout] 5 | #[serde(rename_all="snake_case")]
[INFO] [stdout] 6 | pub(crate) enum ClientMessage {
[INFO] [stdout]   |                 ------------- `ClientMessage` is not local
[INFO] [stdout]   |
[INFO] [stdout]   = note: the derive macro `Deserialize` defines the non-local `impl`, and may need to be changed
[INFO] [stdout]   = note: the derive macro `Deserialize` may come from an old version of the `serde_derive` crate, try updating your dependency with `cargo update -p serde_derive`
[INFO] [stdout]   = note: an `impl` is never scoped, even when it is nested inside an item, as it may impact type checking outside of that item, which can be the case if neither the trait or the self type are at the same nesting level as the `impl`
[INFO] [stdout]   = note: items in an anonymous const item (`const _: () = { ... }`) are treated as in the same scope as the anonymous const's declaration for the purpose of this lint
[INFO] [stdout]   = note: this warning originates in the derive macro `Deserialize` (in Nightly builds, run with -Z macro-backtrace for more info)
[INFO] [stdout] 
[INFO] [stdout] 
[INFO] [stdout] warning: non-local `impl` definition, `impl` blocks should be written at the same level as their item
[INFO] [stdout]  --> src/protocol.rs:4:37
[INFO] [stdout]   |
[INFO] [stdout] 4 | #[derive(Clone, Debug, Deserialize, Serialize)]
[INFO] [stdout]   |                                     ^--------
[INFO] [stdout]   |                                     |
[INFO] [stdout]   |                                     `Serialize` is not local
[INFO] [stdout]   |                                     move the `impl` block outside of this constant `_IMPL_SERIALIZE_FOR_ClientMessage`
[INFO] [stdout] 5 | #[serde(rename_all="snake_case")]
[INFO] [stdout] 6 | pub(crate) enum ClientMessage {
[INFO] [stdout]   |                 ------------- `ClientMessage` is not local
[INFO] [stdout]   |
[INFO] [stdout]   = note: the derive macro `Serialize` defines the non-local `impl`, and may need to be changed
[INFO] [stdout]   = note: the derive macro `Serialize` may come from an old version of the `serde_derive` crate, try updating your dependency with `cargo update -p serde_derive`
[INFO] [stdout]   = note: an `impl` is never scoped, even when it is nested inside an item, as it may impact type checking outside of that item, which can be the case if neither the trait or the self type are at the same nesting level as the `impl`
[INFO] [stdout]   = note: items in an anonymous const item (`const _: () = { ... }`) are treated as in the same scope as the anonymous const's declaration for the purpose of this lint
[INFO] [stdout]   = note: this warning originates in the derive macro `Serialize` (in Nightly builds, run with -Z macro-backtrace for more info)
[INFO] [stdout] 
[INFO] [stdout] 
[INFO] [stdout] warning: non-local `impl` definition, `impl` blocks should be written at the same level as their item
[INFO] [stdout]   --> src/protocol.rs:12:24
[INFO] [stdout]    |
[INFO] [stdout] 12 | #[derive(Clone, Debug, Deserialize, Serialize)]
[INFO] [stdout]    |                        ^----------
[INFO] [stdout]    |                        |
[INFO] [stdout]    |                        `Deserialize` is not local
[INFO] [stdout]    |                        move the `impl` block outside of this constant `_IMPL_DESERIALIZE_FOR_ServerMessage`
[INFO] [stdout] 13 | #[serde(rename_all="snake_case")]
[INFO] [stdout] 14 | pub(crate) enum ServerMessage {
[INFO] [stdout]    |                 ------------- `ServerMessage` is not local
[INFO] [stdout]    |
[INFO] [stdout]    = note: the derive macro `Deserialize` defines the non-local `impl`, and may need to be changed
[INFO] [stdout]    = note: the derive macro `Deserialize` may come from an old version of the `serde_derive` crate, try updating your dependency with `cargo update -p serde_derive`
[INFO] [stdout]    = note: an `impl` is never scoped, even when it is nested inside an item, as it may impact type checking outside of that item, which can be the case if neither the trait or the self type are at the same nesting level as the `impl`
[INFO] [stdout]    = note: items in an anonymous const item (`const _: () = { ... }`) are treated as in the same scope as the anonymous const's declaration for the purpose of this lint
[INFO] [stdout]    = note: this warning originates in the derive macro `Deserialize` (in Nightly builds, run with -Z macro-backtrace for more info)
[INFO] [stdout] 
[INFO] [stdout] 
[INFO] [stdout] warning: non-local `impl` definition, `impl` blocks should be written at the same level as their item
[INFO] [stdout]   --> src/protocol.rs:12:37
[INFO] [stdout]    |
[INFO] [stdout] 12 | #[derive(Clone, Debug, Deserialize, Serialize)]
[INFO] [stdout]    |                                     ^--------
[INFO] [stdout]    |                                     |
[INFO] [stdout]    |                                     `Serialize` is not local
[INFO] [stdout]    |                                     move the `impl` block outside of this constant `_IMPL_SERIALIZE_FOR_ServerMessage`
[INFO] [stdout] 13 | #[serde(rename_all="snake_case")]
[INFO] [stdout] 14 | pub(crate) enum ServerMessage {
[INFO] [stdout]    |                 ------------- `ServerMessage` is not local
[INFO] [stdout]    |
[INFO] [stdout]    = note: the derive macro `Serialize` defines the non-local `impl`, and may need to be changed
[INFO] [stdout]    = note: the derive macro `Serialize` may come from an old version of the `serde_derive` crate, try updating your dependency with `cargo update -p serde_derive`
[INFO] [stdout]    = note: an `impl` is never scoped, even when it is nested inside an item, as it may impact type checking outside of that item, which can be the case if neither the trait or the self type are at the same nesting level as the `impl`
[INFO] [stdout]    = note: items in an anonymous const item (`const _: () = { ... }`) are treated as in the same scope as the anonymous const's declaration for the purpose of this lint
[INFO] [stdout]    = note: this warning originates in the derive macro `Serialize` (in Nightly builds, run with -Z macro-backtrace for more info)
[INFO] [stdout] 
[INFO] [stdout] 
[INFO] [stdout] warning: field `version` is never read
[INFO] [stdout]   --> src/bin/caveyd.rs:27:9
[INFO] [stdout]    |
[INFO] [stdout] 25 |     Info {
[INFO] [stdout]    |     ---- field in this variant
[INFO] [stdout] 26 |         #[structopt(short = "V", long = "version")]
[INFO] [stdout] 27 |         version: bool
[INFO] [stdout]    |         ^^^^^^^
[INFO] [stdout]    |
[INFO] [stdout]    = note: `OptionsB` has a derived impl for the trait `Debug`, but this is intentionally ignored during dead code analysis
[INFO] [stdout]    = note: `#[warn(dead_code)]` on by default
[INFO] [stdout] 
[INFO] [stdout] 
[INFO] [stdout] warning: fields `addr` and `engine_name` are never read
[INFO] [stdout]   --> src/bin/caveyd.rs:31:9
[INFO] [stdout]    |
[INFO] [stdout] 29 |     Normal {
[INFO] [stdout]    |     ------ fields in this variant
[INFO] [stdout] 30 |         #[structopt(short = "a", long = "addr", default_value="[::1]:4000")]
[INFO] [stdout] 31 |         addr: SocketAddr,
[INFO] [stdout]    |         ^^^^
[INFO] [stdout] ...
[INFO] [stdout] 35 |         engine_name: String
[INFO] [stdout]    |         ^^^^^^^^^^^
[INFO] [stdout]    |
[INFO] [stdout]    = note: `OptionsB` has a derived impl for the trait `Debug`, but this is intentionally ignored during dead code analysis
[INFO] [stdout] 
[INFO] [stdout] 
[INFO] [stderr]     Finished `dev` profile [unoptimized + debuginfo] target(s) in 40.42s
[INFO] running `Command { std: "docker" "inspect" "87ad6c5daed472174b79974cc7d5d62393cb37c3160c7bcd7f78fbaf8d1e5d85", kill_on_drop: false }`
[INFO] running `Command { std: "docker" "rm" "-f" "87ad6c5daed472174b79974cc7d5d62393cb37c3160c7bcd7f78fbaf8d1e5d85", kill_on_drop: false }`
[INFO] [stdout] 87ad6c5daed472174b79974cc7d5d62393cb37c3160c7bcd7f78fbaf8d1e5d85
[INFO] running `Command { std: "docker" "create" "-v" "/var/lib/crater-agent-workspace/builds/worker-7-tc1/target:/opt/rustwide/target:rw,Z" "-v" "/var/lib/crater-agent-workspace/builds/worker-7-tc1/source:/opt/rustwide/workdir:ro,Z" "-v" "/var/lib/crater-agent-workspace/cargo-home:/opt/rustwide/cargo-home:ro,Z" "-v" "/var/lib/crater-agent-workspace/rustup-home:/opt/rustwide/rustup-home:ro,Z" "-e" "SOURCE_DIR=/opt/rustwide/workdir" "-e" "CARGO_TARGET_DIR=/opt/rustwide/target" "-e" "CARGO_INCREMENTAL=0" "-e" "RUST_BACKTRACE=full" "-e" "RUSTFLAGS=--cap-lints=forbid" "-e" "RUSTDOCFLAGS=--cap-lints=forbid" "-e" "CARGO_HOME=/opt/rustwide/cargo-home" "-e" "RUSTUP_HOME=/opt/rustwide/rustup-home" "-w" "/opt/rustwide/workdir" "-m" "1610612736" "--user" "0:0" "--network" "none" "ghcr.io/rust-lang/crates-build-env/linux@sha256:819108c5571ea2e421544af4d832f968d213c87fbe3707a016657f43d2f853bc" "/opt/rustwide/cargo-home/bin/cargo" "+nightly-2025-01-18" "test" "--frozen" "--no-run" "--message-format=json", kill_on_drop: false }`
[INFO] [stdout] 729a0c6b06e52e9be78cdab0a07d961e650a077e15bdb4953459f466ce0ec96b
[INFO] running `Command { std: "docker" "start" "-a" "729a0c6b06e52e9be78cdab0a07d961e650a077e15bdb4953459f466ce0ec96b", kill_on_drop: false }`
[INFO] [stderr]    Compiling rand_core v0.4.0
[INFO] [stderr]    Compiling num-traits v0.2.8
[INFO] [stderr]    Compiling rand_pcg v0.1.2
[INFO] [stderr]    Compiling rand_chacha v0.1.1
[INFO] [stderr]    Compiling rand v0.6.5
[INFO] [stderr]    Compiling predicates-core v1.0.0
[INFO] [stderr]    Compiling escargot v0.4.0
[INFO] [stderr]    Compiling itertools v0.8.0
[INFO] [stderr]    Compiling csv-core v0.1.5
[INFO] [stderr]    Compiling same-file v1.0.4
[INFO] [stderr]    Compiling cast v0.2.2
[INFO] [stderr]    Compiling treeline v0.1.0
[INFO] [stderr]    Compiling difference v2.0.0
[INFO] [stderr]    Compiling rand_core v0.3.1
[INFO] [stderr]    Compiling rand_os v0.1.3
[INFO] [stderr]    Compiling rand_isaac v0.1.1
[INFO] [stderr]    Compiling rand_xorshift v0.1.1
[INFO] [stderr]    Compiling rand_hc v0.1.0
[INFO] [stderr]    Compiling rand_jitter v0.1.4
[INFO] [stderr]    Compiling normalize-line-endings v0.2.2
[INFO] [stderr]    Compiling csv v1.0.7
[INFO] [stderr]    Compiling rand_xoshiro v0.1.0
[INFO] [stderr]    Compiling walkdir v2.2.8
[INFO] [stderr]    Compiling predicates-tree v1.0.0
[INFO] [stdout] warning: unexpected `cfg` condition value: `cargo-clippy`
[INFO] [stdout]   --> src/store.rs:16:17
[INFO] [stdout]    |
[INFO] [stdout] 16 | #[derive(Debug, Deserialize, Serialize)]
[INFO] [stdout]    |                 ^^^^^^^^^^^
[INFO] [stdout]    |
[INFO] [stdout]    = note: no expected values for `feature`
[INFO] [stdout]    = note: using a cfg inside a derive macro will use the cfgs from the destination crate and not the ones from the defining crate
[INFO] [stdout]    = help: try referring to `Deserialize` crate for guidance on how handle this unexpected cfg
[INFO] [stdout]    = help: the derive macro `Deserialize` may come from an old version of the `serde_derive` crate, try updating your dependency with `cargo update -p serde_derive`
[INFO] [stdout]    = note: see <https://doc.rust-lang.org/nightly/rustc/check-cfg/cargo-specifics.html> for more information about checking conditional configuration
[INFO] [stdout]    = note: `#[warn(unexpected_cfgs)]` on by default
[INFO] [stdout]    = note: this warning originates in the derive macro `Deserialize` (in Nightly builds, run with -Z macro-backtrace for more info)
[INFO] [stdout] 
[INFO] [stdout] 
[INFO] [stdout] warning: unexpected `cfg` condition value: `cargo-clippy`
[INFO] [stdout]   --> src/store.rs:16:30
[INFO] [stdout]    |
[INFO] [stdout] 16 | #[derive(Debug, Deserialize, Serialize)]
[INFO] [stdout]    |                              ^^^^^^^^^
[INFO] [stdout]    |
[INFO] [stdout]    = note: no expected values for `feature`
[INFO] [stdout]    = note: using a cfg inside a derive macro will use the cfgs from the destination crate and not the ones from the defining crate
[INFO] [stdout]    = help: try referring to `Serialize` crate for guidance on how handle this unexpected cfg
[INFO] [stdout]    = help: the derive macro `Serialize` may come from an old version of the `serde_derive` crate, try updating your dependency with `cargo update -p serde_derive`
[INFO] [stdout]    = note: see <https://doc.rust-lang.org/nightly/rustc/check-cfg/cargo-specifics.html> for more information about checking conditional configuration
[INFO] [stdout]    = note: this warning originates in the derive macro `Serialize` (in Nightly builds, run with -Z macro-backtrace for more info)
[INFO] [stdout] 
[INFO] [stdout] 
[INFO] [stdout] warning: unexpected `cfg` condition value: `cargo-clippy`
[INFO] [stdout]  --> src/protocol.rs:4:24
[INFO] [stdout]   |
[INFO] [stdout] 4 | #[derive(Clone, Debug, Deserialize, Serialize)]
[INFO] [stdout]   |                        ^^^^^^^^^^^
[INFO] [stdout]   |
[INFO] [stdout]   = note: no expected values for `feature`
[INFO] [stdout]   = note: using a cfg inside a derive macro will use the cfgs from the destination crate and not the ones from the defining crate
[INFO] [stdout]   = help: try referring to `Deserialize` crate for guidance on how handle this unexpected cfg
[INFO] [stdout]   = help: the derive macro `Deserialize` may come from an old version of the `serde_derive` crate, try updating your dependency with `cargo update -p serde_derive`
[INFO] [stdout]   = note: see <https://doc.rust-lang.org/nightly/rustc/check-cfg/cargo-specifics.html> for more information about checking conditional configuration
[INFO] [stdout]   = note: this warning originates in the derive macro `Deserialize` (in Nightly builds, run with -Z macro-backtrace for more info)
[INFO] [stdout] 
[INFO] [stdout] 
[INFO] [stdout] warning: unexpected `cfg` condition value: `cargo-clippy`
[INFO] [stdout]  --> src/protocol.rs:4:37
[INFO] [stdout]   |
[INFO] [stdout] 4 | #[derive(Clone, Debug, Deserialize, Serialize)]
[INFO] [stdout]   |                                     ^^^^^^^^^
[INFO] [stdout]   |
[INFO] [stdout]   = note: no expected values for `feature`
[INFO] [stdout]   = note: using a cfg inside a derive macro will use the cfgs from the destination crate and not the ones from the defining crate
[INFO] [stdout]   = help: try referring to `Serialize` crate for guidance on how handle this unexpected cfg
[INFO] [stdout]   = help: the derive macro `Serialize` may come from an old version of the `serde_derive` crate, try updating your dependency with `cargo update -p serde_derive`
[INFO] [stdout]   = note: see <https://doc.rust-lang.org/nightly/rustc/check-cfg/cargo-specifics.html> for more information about checking conditional configuration
[INFO] [stdout]   = note: this warning originates in the derive macro `Serialize` (in Nightly builds, run with -Z macro-backtrace for more info)
[INFO] [stdout] 
[INFO] [stdout] 
[INFO] [stdout] warning: unexpected `cfg` condition value: `cargo-clippy`
[INFO] [stdout]   --> src/protocol.rs:12:24
[INFO] [stdout]    |
[INFO] [stdout] 12 | #[derive(Clone, Debug, Deserialize, Serialize)]
[INFO] [stdout]    |                        ^^^^^^^^^^^
[INFO] [stdout]    |
[INFO] [stdout]    = note: no expected values for `feature`
[INFO] [stdout]    = note: using a cfg inside a derive macro will use the cfgs from the destination crate and not the ones from the defining crate
[INFO] [stdout]    = help: try referring to `Deserialize` crate for guidance on how handle this unexpected cfg
[INFO] [stdout]    = help: the derive macro `Deserialize` may come from an old version of the `serde_derive` crate, try updating your dependency with `cargo update -p serde_derive`
[INFO] [stdout]    = note: see <https://doc.rust-lang.org/nightly/rustc/check-cfg/cargo-specifics.html> for more information about checking conditional configuration
[INFO] [stdout]    = note: this warning originates in the derive macro `Deserialize` (in Nightly builds, run with -Z macro-backtrace for more info)
[INFO] [stdout] 
[INFO] [stdout] 
[INFO] [stdout] warning: unexpected `cfg` condition value: `cargo-clippy`
[INFO] [stdout]   --> src/protocol.rs:12:37
[INFO] [stdout]    |
[INFO] [stdout] 12 | #[derive(Clone, Debug, Deserialize, Serialize)]
[INFO] [stdout]    |                                     ^^^^^^^^^
[INFO] [stdout]    |
[INFO] [stdout]    = note: no expected values for `feature`
[INFO] [stdout]    = note: using a cfg inside a derive macro will use the cfgs from the destination crate and not the ones from the defining crate
[INFO] [stdout]    = help: try referring to `Serialize` crate for guidance on how handle this unexpected cfg
[INFO] [stdout]    = help: the derive macro `Serialize` may come from an old version of the `serde_derive` crate, try updating your dependency with `cargo update -p serde_derive`
[INFO] [stdout]    = note: see <https://doc.rust-lang.org/nightly/rustc/check-cfg/cargo-specifics.html> for more information about checking conditional configuration
[INFO] [stdout]    = note: this warning originates in the derive macro `Serialize` (in Nightly builds, run with -Z macro-backtrace for more info)
[INFO] [stdout] 
[INFO] [stdout] 
[INFO] [stdout] warning: struct `SSTable` is never constructed
[INFO] [stdout]   --> src/sstable.rs:13:12
[INFO] [stdout]    |
[INFO] [stdout] 13 | pub struct SSTable {
[INFO] [stdout]    |            ^^^^^^^
[INFO] [stdout]    |
[INFO] [stdout]    = note: `#[warn(dead_code)]` on by default
[INFO] [stdout] 
[INFO] [stdout] 
[INFO] [stdout] warning: associated items `from_sorted_iter`, `from_file`, and `at` are never used
[INFO] [stdout]   --> src/sstable.rs:26:12
[INFO] [stdout]    |
[INFO] [stdout] 19 | impl SSTable {
[INFO] [stdout]    | ------------ associated items in this implementation
[INFO] [stdout] ...
[INFO] [stdout] 26 |     pub fn from_sorted_iter<'a, P>(path: P, iter: impl Iterator<Item=&'a Entry>) -> io::Result<SSTable>
[INFO] [stdout]    |            ^^^^^^^^^^^^^^^^
[INFO] [stdout] ...
[INFO] [stdout] 68 |     pub fn from_file<P: AsRef<Path>>(path: P) -> io::Result<SSTable> {
[INFO] [stdout]    |            ^^^^^^^^^
[INFO] [stdout] ...
[INFO] [stdout] 85 |     pub fn at(&self, offset: u64) -> io::Result<SSTableCursor> {
[INFO] [stdout]    |            ^^
[INFO] [stdout] 
[INFO] [stdout] 
[INFO] [stdout] warning: associated function `new` is never used
[INFO] [stdout]   --> src/sstable.rs:97:8
[INFO] [stdout]    |
[INFO] [stdout] 96 | impl SSTableCursor {
[INFO] [stdout]    | ------------------ associated function in this implementation
[INFO] [stdout] 97 |     fn new(reader: BufReader<File>) -> SSTableCursor {
[INFO] [stdout]    |        ^^^
[INFO] [stdout] 
[INFO] [stdout] 
[INFO] [stdout] warning: non-local `impl` definition, `impl` blocks should be written at the same level as their item
[INFO] [stdout]   --> src/store.rs:16:17
[INFO] [stdout]    |
[INFO] [stdout] 16 | #[derive(Debug, Deserialize, Serialize)]
[INFO] [stdout]    |                 ^----------
[INFO] [stdout]    |                 |
[INFO] [stdout]    |                 `Deserialize` is not local
[INFO] [stdout]    |                 move the `impl` block outside of this constant `_IMPL_DESERIALIZE_FOR_LogRecord`
[INFO] [stdout] 17 | #[serde(rename_all = "snake_case")]
[INFO] [stdout] 18 | pub enum LogRecord {
[INFO] [stdout]    |          --------- `LogRecord` is not local
[INFO] [stdout]    |
[INFO] [stdout]    = note: the derive macro `Deserialize` defines the non-local `impl`, and may need to be changed
[INFO] [stdout]    = note: the derive macro `Deserialize` may come from an old version of the `serde_derive` crate, try updating your dependency with `cargo update -p serde_derive`
[INFO] [stdout]    = note: an `impl` is never scoped, even when it is nested inside an item, as it may impact type checking outside of that item, which can be the case if neither the trait or the self type are at the same nesting level as the `impl`
[INFO] [stdout]    = note: items in an anonymous const item (`const _: () = { ... }`) are treated as in the same scope as the anonymous const's declaration for the purpose of this lint
[INFO] [stdout]    = note: `#[warn(non_local_definitions)]` on by default
[INFO] [stdout]    = note: this warning originates in the derive macro `Deserialize` (in Nightly builds, run with -Z macro-backtrace for more info)
[INFO] [stdout] 
[INFO] [stdout] 
[INFO] [stdout] warning: non-local `impl` definition, `impl` blocks should be written at the same level as their item
[INFO] [stdout]   --> src/store.rs:16:30
[INFO] [stdout]    |
[INFO] [stdout] 16 | #[derive(Debug, Deserialize, Serialize)]
[INFO] [stdout]    |                              ^--------
[INFO] [stdout]    |                              |
[INFO] [stdout]    |                              `Serialize` is not local
[INFO] [stdout]    |                              move the `impl` block outside of this constant `_IMPL_SERIALIZE_FOR_LogRecord`
[INFO] [stdout] 17 | #[serde(rename_all = "snake_case")]
[INFO] [stdout] 18 | pub enum LogRecord {
[INFO] [stdout]    |          --------- `LogRecord` is not local
[INFO] [stdout]    |
[INFO] [stdout]    = note: the derive macro `Serialize` defines the non-local `impl`, and may need to be changed
[INFO] [stdout]    = note: the derive macro `Serialize` may come from an old version of the `serde_derive` crate, try updating your dependency with `cargo update -p serde_derive`
[INFO] [stdout]    = note: an `impl` is never scoped, even when it is nested inside an item, as it may impact type checking outside of that item, which can be the case if neither the trait or the self type are at the same nesting level as the `impl`
[INFO] [stdout]    = note: items in an anonymous const item (`const _: () = { ... }`) are treated as in the same scope as the anonymous const's declaration for the purpose of this lint
[INFO] [stdout]    = note: this warning originates in the derive macro `Serialize` (in Nightly builds, run with -Z macro-backtrace for more info)
[INFO] [stdout] 
[INFO] [stdout] 
[INFO] [stdout] warning: non-local `impl` definition, `impl` blocks should be written at the same level as their item
[INFO] [stdout]  --> src/protocol.rs:4:24
[INFO] [stdout]   |
[INFO] [stdout] 4 | #[derive(Clone, Debug, Deserialize, Serialize)]
[INFO] [stdout]   |                        ^----------
[INFO] [stdout]   |                        |
[INFO] [stdout]   |                        `Deserialize` is not local
[INFO] [stdout]   |                        move the `impl` block outside of this constant `_IMPL_DESERIALIZE_FOR_ClientMessage`
[INFO] [stdout] 5 | #[serde(rename_all="snake_case")]
[INFO] [stdout] 6 | pub(crate) enum ClientMessage {
[INFO] [stdout]   |                 ------------- `ClientMessage` is not local
[INFO] [stdout]   |
[INFO] [stdout]   = note: the derive macro `Deserialize` defines the non-local `impl`, and may need to be changed
[INFO] [stdout]   = note: the derive macro `Deserialize` may come from an old version of the `serde_derive` crate, try updating your dependency with `cargo update -p serde_derive`
[INFO] [stdout]   = note: an `impl` is never scoped, even when it is nested inside an item, as it may impact type checking outside of that item, which can be the case if neither the trait or the self type are at the same nesting level as the `impl`
[INFO] [stdout]   = note: items in an anonymous const item (`const _: () = { ... }`) are treated as in the same scope as the anonymous const's declaration for the purpose of this lint
[INFO] [stdout]   = note: this warning originates in the derive macro `Deserialize` (in Nightly builds, run with -Z macro-backtrace for more info)
[INFO] [stdout] 
[INFO] [stdout] 
[INFO] [stdout] warning: non-local `impl` definition, `impl` blocks should be written at the same level as their item
[INFO] [stdout]  --> src/protocol.rs:4:37
[INFO] [stdout]   |
[INFO] [stdout] 4 | #[derive(Clone, Debug, Deserialize, Serialize)]
[INFO] [stdout]   |                                     ^--------
[INFO] [stdout]   |                                     |
[INFO] [stdout]   |                                     `Serialize` is not local
[INFO] [stdout]   |                                     move the `impl` block outside of this constant `_IMPL_SERIALIZE_FOR_ClientMessage`
[INFO] [stdout] 5 | #[serde(rename_all="snake_case")]
[INFO] [stdout] 6 | pub(crate) enum ClientMessage {
[INFO] [stdout]   |                 ------------- `ClientMessage` is not local
[INFO] [stdout]   |
[INFO] [stdout]   = note: the derive macro `Serialize` defines the non-local `impl`, and may need to be changed
[INFO] [stdout]   = note: the derive macro `Serialize` may come from an old version of the `serde_derive` crate, try updating your dependency with `cargo update -p serde_derive`
[INFO] [stdout]   = note: an `impl` is never scoped, even when it is nested inside an item, as it may impact type checking outside of that item, which can be the case if neither the trait or the self type are at the same nesting level as the `impl`
[INFO] [stdout]   = note: items in an anonymous const item (`const _: () = { ... }`) are treated as in the same scope as the anonymous const's declaration for the purpose of this lint
[INFO] [stdout]   = note: this warning originates in the derive macro `Serialize` (in Nightly builds, run with -Z macro-backtrace for more info)
[INFO] [stdout] 
[INFO] [stdout] 
[INFO] [stdout] warning: non-local `impl` definition, `impl` blocks should be written at the same level as their item
[INFO] [stdout]   --> src/protocol.rs:12:24
[INFO] [stdout]    |
[INFO] [stdout] 12 | #[derive(Clone, Debug, Deserialize, Serialize)]
[INFO] [stdout]    |                        ^----------
[INFO] [stdout]    |                        |
[INFO] [stdout]    |                        `Deserialize` is not local
[INFO] [stdout]    |                        move the `impl` block outside of this constant `_IMPL_DESERIALIZE_FOR_ServerMessage`
[INFO] [stdout] 13 | #[serde(rename_all="snake_case")]
[INFO] [stdout] 14 | pub(crate) enum ServerMessage {
[INFO] [stdout]    |                 ------------- `ServerMessage` is not local
[INFO] [stdout]    |
[INFO] [stdout]    = note: the derive macro `Deserialize` defines the non-local `impl`, and may need to be changed
[INFO] [stdout]    = note: the derive macro `Deserialize` may come from an old version of the `serde_derive` crate, try updating your dependency with `cargo update -p serde_derive`
[INFO] [stdout]    = note: an `impl` is never scoped, even when it is nested inside an item, as it may impact type checking outside of that item, which can be the case if neither the trait or the self type are at the same nesting level as the `impl`
[INFO] [stdout]    = note: items in an anonymous const item (`const _: () = { ... }`) are treated as in the same scope as the anonymous const's declaration for the purpose of this lint
[INFO] [stdout]    = note: this warning originates in the derive macro `Deserialize` (in Nightly builds, run with -Z macro-backtrace for more info)
[INFO] [stdout] 
[INFO] [stdout] 
[INFO] [stdout] warning: non-local `impl` definition, `impl` blocks should be written at the same level as their item
[INFO] [stdout]   --> src/protocol.rs:12:37
[INFO] [stdout]    |
[INFO] [stdout] 12 | #[derive(Clone, Debug, Deserialize, Serialize)]
[INFO] [stdout]    |                                     ^--------
[INFO] [stdout]    |                                     |
[INFO] [stdout]    |                                     `Serialize` is not local
[INFO] [stdout]    |                                     move the `impl` block outside of this constant `_IMPL_SERIALIZE_FOR_ServerMessage`
[INFO] [stdout] 13 | #[serde(rename_all="snake_case")]
[INFO] [stdout] 14 | pub(crate) enum ServerMessage {
[INFO] [stdout]    |                 ------------- `ServerMessage` is not local
[INFO] [stdout]    |
[INFO] [stdout]    = note: the derive macro `Serialize` defines the non-local `impl`, and may need to be changed
[INFO] [stdout]    = note: the derive macro `Serialize` may come from an old version of the `serde_derive` crate, try updating your dependency with `cargo update -p serde_derive`
[INFO] [stdout]    = note: an `impl` is never scoped, even when it is nested inside an item, as it may impact type checking outside of that item, which can be the case if neither the trait or the self type are at the same nesting level as the `impl`
[INFO] [stdout]    = note: items in an anonymous const item (`const _: () = { ... }`) are treated as in the same scope as the anonymous const's declaration for the purpose of this lint
[INFO] [stdout]    = note: this warning originates in the derive macro `Serialize` (in Nightly builds, run with -Z macro-backtrace for more info)
[INFO] [stdout] 
[INFO] [stdout] 
[INFO] [stderr]    Compiling tinytemplate v1.0.2
[INFO] [stderr]    Compiling remove_dir_all v0.5.2
[INFO] [stdout] warning: field `version` is never read
[INFO] [stdout]   --> src/bin/caveyd.rs:27:9
[INFO] [stdout]    |
[INFO] [stdout] 25 |     Info {
[INFO] [stdout]    |     ---- field in this variant
[INFO] [stdout] 26 |         #[structopt(short = "V", long = "version")]
[INFO] [stdout] 27 |         version: bool
[INFO] [stdout]    |         ^^^^^^^
[INFO] [stdout]    |
[INFO] [stdout]    = note: `OptionsB` has a derived impl for the trait `Debug`, but this is intentionally ignored during dead code analysis
[INFO] [stdout]    = note: `#[warn(dead_code)]` on by default
[INFO] [stdout] 
[INFO] [stdout] 
[INFO] [stdout] warning: fields `addr` and `engine_name` are never read
[INFO] [stdout]   --> src/bin/caveyd.rs:31:9
[INFO] [stdout]    |
[INFO] [stdout] 29 |     Normal {
[INFO] [stdout]    |     ------ fields in this variant
[INFO] [stdout] 30 |         #[structopt(short = "a", long = "addr", default_value="[::1]:4000")]
[INFO] [stdout] 31 |         addr: SocketAddr,
[INFO] [stdout]    |         ^^^^
[INFO] [stdout] ...
[INFO] [stdout] 35 |         engine_name: String
[INFO] [stdout]    |         ^^^^^^^^^^^
[INFO] [stdout]    |
[INFO] [stdout]    = note: `OptionsB` has a derived impl for the trait `Debug`, but this is intentionally ignored during dead code analysis
[INFO] [stdout] 
[INFO] [stdout] 
[INFO] [stderr]    Compiling criterion-plot v0.3.1
[INFO] [stderr]    Compiling float-cmp v0.4.0
[INFO] [stderr]    Compiling predicates v1.0.1
[INFO] [stderr]    Compiling assert_cmd v0.11.1
[INFO] [stderr]    Compiling tempfile v3.0.8
[INFO] [stderr]    Compiling criterion v0.2.11
[INFO] [stderr]    Compiling cavey v0.1.0 (/opt/rustwide/workdir)
[INFO] [stdout] warning: unexpected `cfg` condition value: `cargo-clippy`
[INFO] [stdout]   --> src/store.rs:16:17
[INFO] [stdout]    |
[INFO] [stdout] 16 | #[derive(Debug, Deserialize, Serialize)]
[INFO] [stdout]    |                 ^^^^^^^^^^^
[INFO] [stdout]    |
[INFO] [stdout]    = note: no expected values for `feature`
[INFO] [stdout]    = note: using a cfg inside a derive macro will use the cfgs from the destination crate and not the ones from the defining crate
[INFO] [stdout]    = help: try referring to `Deserialize` crate for guidance on how handle this unexpected cfg
[INFO] [stdout]    = help: the derive macro `Deserialize` may come from an old version of the `serde_derive` crate, try updating your dependency with `cargo update -p serde_derive`
[INFO] [stdout]    = note: see <https://doc.rust-lang.org/nightly/rustc/check-cfg/cargo-specifics.html> for more information about checking conditional configuration
[INFO] [stdout]    = note: `#[warn(unexpected_cfgs)]` on by default
[INFO] [stdout]    = note: this warning originates in the derive macro `Deserialize` (in Nightly builds, run with -Z macro-backtrace for more info)
[INFO] [stdout] 
[INFO] [stdout] 
[INFO] [stdout] warning: unexpected `cfg` condition value: `cargo-clippy`
[INFO] [stdout]   --> src/store.rs:16:30
[INFO] [stdout]    |
[INFO] [stdout] 16 | #[derive(Debug, Deserialize, Serialize)]
[INFO] [stdout]    |                              ^^^^^^^^^
[INFO] [stdout]    |
[INFO] [stdout]    = note: no expected values for `feature`
[INFO] [stdout]    = note: using a cfg inside a derive macro will use the cfgs from the destination crate and not the ones from the defining crate
[INFO] [stdout]    = help: try referring to `Serialize` crate for guidance on how handle this unexpected cfg
[INFO] [stdout]    = help: the derive macro `Serialize` may come from an old version of the `serde_derive` crate, try updating your dependency with `cargo update -p serde_derive`
[INFO] [stdout]    = note: see <https://doc.rust-lang.org/nightly/rustc/check-cfg/cargo-specifics.html> for more information about checking conditional configuration
[INFO] [stdout]    = note: this warning originates in the derive macro `Serialize` (in Nightly builds, run with -Z macro-backtrace for more info)
[INFO] [stdout] 
[INFO] [stdout] 
[INFO] [stdout] warning: unexpected `cfg` condition value: `cargo-clippy`
[INFO] [stdout]  --> src/protocol.rs:4:24
[INFO] [stdout]   |
[INFO] [stdout] 4 | #[derive(Clone, Debug, Deserialize, Serialize)]
[INFO] [stdout]   |                        ^^^^^^^^^^^
[INFO] [stdout]   |
[INFO] [stdout]   = note: no expected values for `feature`
[INFO] [stdout]   = note: using a cfg inside a derive macro will use the cfgs from the destination crate and not the ones from the defining crate
[INFO] [stdout]   = help: try referring to `Deserialize` crate for guidance on how handle this unexpected cfg
[INFO] [stdout]   = help: the derive macro `Deserialize` may come from an old version of the `serde_derive` crate, try updating your dependency with `cargo update -p serde_derive`
[INFO] [stdout]   = note: see <https://doc.rust-lang.org/nightly/rustc/check-cfg/cargo-specifics.html> for more information about checking conditional configuration
[INFO] [stdout]   = note: this warning originates in the derive macro `Deserialize` (in Nightly builds, run with -Z macro-backtrace for more info)
[INFO] [stdout] 
[INFO] [stdout] 
[INFO] [stdout] warning: unexpected `cfg` condition value: `cargo-clippy`
[INFO] [stdout]  --> src/protocol.rs:4:37
[INFO] [stdout]   |
[INFO] [stdout] 4 | #[derive(Clone, Debug, Deserialize, Serialize)]
[INFO] [stdout]   |                                     ^^^^^^^^^
[INFO] [stdout]   |
[INFO] [stdout]   = note: no expected values for `feature`
[INFO] [stdout]   = note: using a cfg inside a derive macro will use the cfgs from the destination crate and not the ones from the defining crate
[INFO] [stdout]   = help: try referring to `Serialize` crate for guidance on how handle this unexpected cfg
[INFO] [stdout]   = help: the derive macro `Serialize` may come from an old version of the `serde_derive` crate, try updating your dependency with `cargo update -p serde_derive`
[INFO] [stdout]   = note: see <https://doc.rust-lang.org/nightly/rustc/check-cfg/cargo-specifics.html> for more information about checking conditional configuration
[INFO] [stdout]   = note: this warning originates in the derive macro `Serialize` (in Nightly builds, run with -Z macro-backtrace for more info)
[INFO] [stdout] 
[INFO] [stdout] 
[INFO] [stdout] warning: unexpected `cfg` condition value: `cargo-clippy`
[INFO] [stdout]   --> src/protocol.rs:12:24
[INFO] [stdout]    |
[INFO] [stdout] 12 | #[derive(Clone, Debug, Deserialize, Serialize)]
[INFO] [stdout]    |                        ^^^^^^^^^^^
[INFO] [stdout]    |
[INFO] [stdout]    = note: no expected values for `feature`
[INFO] [stdout]    = note: using a cfg inside a derive macro will use the cfgs from the destination crate and not the ones from the defining crate
[INFO] [stdout]    = help: try referring to `Deserialize` crate for guidance on how handle this unexpected cfg
[INFO] [stdout]    = help: the derive macro `Deserialize` may come from an old version of the `serde_derive` crate, try updating your dependency with `cargo update -p serde_derive`
[INFO] [stdout]    = note: see <https://doc.rust-lang.org/nightly/rustc/check-cfg/cargo-specifics.html> for more information about checking conditional configuration
[INFO] [stdout]    = note: this warning originates in the derive macro `Deserialize` (in Nightly builds, run with -Z macro-backtrace for more info)
[INFO] [stdout] 
[INFO] [stdout] 
[INFO] [stdout] warning: unexpected `cfg` condition value: `cargo-clippy`
[INFO] [stdout]   --> src/protocol.rs:12:37
[INFO] [stdout]    |
[INFO] [stdout] 12 | #[derive(Clone, Debug, Deserialize, Serialize)]
[INFO] [stdout]    |                                     ^^^^^^^^^
[INFO] [stdout]    |
[INFO] [stdout]    = note: no expected values for `feature`
[INFO] [stdout]    = note: using a cfg inside a derive macro will use the cfgs from the destination crate and not the ones from the defining crate
[INFO] [stdout]    = help: try referring to `Serialize` crate for guidance on how handle this unexpected cfg
[INFO] [stdout]    = help: the derive macro `Serialize` may come from an old version of the `serde_derive` crate, try updating your dependency with `cargo update -p serde_derive`
[INFO] [stdout]    = note: see <https://doc.rust-lang.org/nightly/rustc/check-cfg/cargo-specifics.html> for more information about checking conditional configuration
[INFO] [stdout]    = note: this warning originates in the derive macro `Serialize` (in Nightly builds, run with -Z macro-backtrace for more info)
[INFO] [stdout] 
[INFO] [stdout] 
[INFO] [stdout] warning: field `version` is never read
[INFO] [stdout]   --> src/bin/caveyd.rs:27:9
[INFO] [stdout]    |
[INFO] [stdout] 25 |     Info {
[INFO] [stdout]    |     ---- field in this variant
[INFO] [stdout] 26 |         #[structopt(short = "V", long = "version")]
[INFO] [stdout] 27 |         version: bool
[INFO] [stdout]    |         ^^^^^^^
[INFO] [stdout]    |
[INFO] [stdout]    = note: `OptionsB` has a derived impl for the trait `Debug`, but this is intentionally ignored during dead code analysis
[INFO] [stdout]    = note: `#[warn(dead_code)]` on by default
[INFO] [stdout] 
[INFO] [stdout] 
[INFO] [stdout] warning: fields `addr` and `engine_name` are never read
[INFO] [stdout]   --> src/bin/caveyd.rs:31:9
[INFO] [stdout]    |
[INFO] [stdout] 29 |     Normal {
[INFO] [stdout]    |     ------ fields in this variant
[INFO] [stdout] 30 |         #[structopt(short = "a", long = "addr", default_value="[::1]:4000")]
[INFO] [stdout] 31 |         addr: SocketAddr,
[INFO] [stdout]    |         ^^^^
[INFO] [stdout] ...
[INFO] [stdout] 35 |         engine_name: String
[INFO] [stdout]    |         ^^^^^^^^^^^
[INFO] [stdout]    |
[INFO] [stdout]    = note: `OptionsB` has a derived impl for the trait `Debug`, but this is intentionally ignored during dead code analysis
[INFO] [stdout] 
[INFO] [stdout] 
[INFO] [stdout] warning: struct `SSTable` is never constructed
[INFO] [stdout]   --> src/sstable.rs:13:12
[INFO] [stdout]    |
[INFO] [stdout] 13 | pub struct SSTable {
[INFO] [stdout]    |            ^^^^^^^
[INFO] [stdout]    |
[INFO] [stdout]    = note: `#[warn(dead_code)]` on by default
[INFO] [stdout] 
[INFO] [stdout] 
[INFO] [stdout] warning: associated items `from_sorted_iter`, `from_file`, and `at` are never used
[INFO] [stdout]   --> src/sstable.rs:26:12
[INFO] [stdout]    |
[INFO] [stdout] 19 | impl SSTable {
[INFO] [stdout]    | ------------ associated items in this implementation
[INFO] [stdout] ...
[INFO] [stdout] 26 |     pub fn from_sorted_iter<'a, P>(path: P, iter: impl Iterator<Item=&'a Entry>) -> io::Result<SSTable>
[INFO] [stdout]    |            ^^^^^^^^^^^^^^^^
[INFO] [stdout] ...
[INFO] [stdout] 68 |     pub fn from_file<P: AsRef<Path>>(path: P) -> io::Result<SSTable> {
[INFO] [stdout]    |            ^^^^^^^^^
[INFO] [stdout] ...
[INFO] [stdout] 85 |     pub fn at(&self, offset: u64) -> io::Result<SSTableCursor> {
[INFO] [stdout]    |            ^^
[INFO] [stdout] 
[INFO] [stdout] 
[INFO] [stdout] warning: associated function `new` is never used
[INFO] [stdout]   --> src/sstable.rs:97:8
[INFO] [stdout]    |
[INFO] [stdout] 96 | impl SSTableCursor {
[INFO] [stdout]    | ------------------ associated function in this implementation
[INFO] [stdout] 97 |     fn new(reader: BufReader<File>) -> SSTableCursor {
[INFO] [stdout]    |        ^^^
[INFO] [stdout] 
[INFO] [stdout] 
[INFO] [stdout] warning: non-local `impl` definition, `impl` blocks should be written at the same level as their item
[INFO] [stdout]   --> src/store.rs:16:17
[INFO] [stdout]    |
[INFO] [stdout] 16 | #[derive(Debug, Deserialize, Serialize)]
[INFO] [stdout]    |                 ^----------
[INFO] [stdout]    |                 |
[INFO] [stdout]    |                 `Deserialize` is not local
[INFO] [stdout]    |                 move the `impl` block outside of this constant `_IMPL_DESERIALIZE_FOR_LogRecord`
[INFO] [stdout] 17 | #[serde(rename_all = "snake_case")]
[INFO] [stdout] 18 | pub enum LogRecord {
[INFO] [stdout]    |          --------- `LogRecord` is not local
[INFO] [stdout]    |
[INFO] [stdout]    = note: the derive macro `Deserialize` defines the non-local `impl`, and may need to be changed
[INFO] [stdout]    = note: the derive macro `Deserialize` may come from an old version of the `serde_derive` crate, try updating your dependency with `cargo update -p serde_derive`
[INFO] [stdout]    = note: an `impl` is never scoped, even when it is nested inside an item, as it may impact type checking outside of that item, which can be the case if neither the trait or the self type are at the same nesting level as the `impl`
[INFO] [stdout]    = note: items in an anonymous const item (`const _: () = { ... }`) are treated as in the same scope as the anonymous const's declaration for the purpose of this lint
[INFO] [stdout]    = note: `#[warn(non_local_definitions)]` on by default
[INFO] [stdout]    = note: this warning originates in the derive macro `Deserialize` (in Nightly builds, run with -Z macro-backtrace for more info)
[INFO] [stdout] 
[INFO] [stdout] 
[INFO] [stdout] warning: non-local `impl` definition, `impl` blocks should be written at the same level as their item
[INFO] [stdout]   --> src/store.rs:16:30
[INFO] [stdout]    |
[INFO] [stdout] 16 | #[derive(Debug, Deserialize, Serialize)]
[INFO] [stdout]    |                              ^--------
[INFO] [stdout]    |                              |
[INFO] [stdout]    |                              `Serialize` is not local
[INFO] [stdout]    |                              move the `impl` block outside of this constant `_IMPL_SERIALIZE_FOR_LogRecord`
[INFO] [stdout] 17 | #[serde(rename_all = "snake_case")]
[INFO] [stdout] 18 | pub enum LogRecord {
[INFO] [stdout]    |          --------- `LogRecord` is not local
[INFO] [stdout]    |
[INFO] [stdout]    = note: the derive macro `Serialize` defines the non-local `impl`, and may need to be changed
[INFO] [stdout]    = note: the derive macro `Serialize` may come from an old version of the `serde_derive` crate, try updating your dependency with `cargo update -p serde_derive`
[INFO] [stdout]    = note: an `impl` is never scoped, even when it is nested inside an item, as it may impact type checking outside of that item, which can be the case if neither the trait or the self type are at the same nesting level as the `impl`
[INFO] [stdout]    = note: items in an anonymous const item (`const _: () = { ... }`) are treated as in the same scope as the anonymous const's declaration for the purpose of this lint
[INFO] [stdout]    = note: this warning originates in the derive macro `Serialize` (in Nightly builds, run with -Z macro-backtrace for more info)
[INFO] [stdout] 
[INFO] [stdout] 
[INFO] [stdout] warning: non-local `impl` definition, `impl` blocks should be written at the same level as their item
[INFO] [stdout]  --> src/protocol.rs:4:24
[INFO] [stdout]   |
[INFO] [stdout] 4 | #[derive(Clone, Debug, Deserialize, Serialize)]
[INFO] [stdout]   |                        ^----------
[INFO] [stdout]   |                        |
[INFO] [stdout]   |                        `Deserialize` is not local
[INFO] [stdout]   |                        move the `impl` block outside of this constant `_IMPL_DESERIALIZE_FOR_ClientMessage`
[INFO] [stdout] 5 | #[serde(rename_all="snake_case")]
[INFO] [stdout] 6 | pub(crate) enum ClientMessage {
[INFO] [stdout]   |                 ------------- `ClientMessage` is not local
[INFO] [stdout]   |
[INFO] [stdout]   = note: the derive macro `Deserialize` defines the non-local `impl`, and may need to be changed
[INFO] [stdout]   = note: the derive macro `Deserialize` may come from an old version of the `serde_derive` crate, try updating your dependency with `cargo update -p serde_derive`
[INFO] [stdout]   = note: an `impl` is never scoped, even when it is nested inside an item, as it may impact type checking outside of that item, which can be the case if neither the trait or the self type are at the same nesting level as the `impl`
[INFO] [stdout]   = note: items in an anonymous const item (`const _: () = { ... }`) are treated as in the same scope as the anonymous const's declaration for the purpose of this lint
[INFO] [stdout]   = note: this warning originates in the derive macro `Deserialize` (in Nightly builds, run with -Z macro-backtrace for more info)
[INFO] [stdout] 
[INFO] [stdout] 
[INFO] [stdout] warning: non-local `impl` definition, `impl` blocks should be written at the same level as their item
[INFO] [stdout]  --> src/protocol.rs:4:37
[INFO] [stdout]   |
[INFO] [stdout] 4 | #[derive(Clone, Debug, Deserialize, Serialize)]
[INFO] [stdout]   |                                     ^--------
[INFO] [stdout]   |                                     |
[INFO] [stdout]   |                                     `Serialize` is not local
[INFO] [stdout]   |                                     move the `impl` block outside of this constant `_IMPL_SERIALIZE_FOR_ClientMessage`
[INFO] [stdout] 5 | #[serde(rename_all="snake_case")]
[INFO] [stdout] 6 | pub(crate) enum ClientMessage {
[INFO] [stdout]   |                 ------------- `ClientMessage` is not local
[INFO] [stdout]   |
[INFO] [stdout]   = note: the derive macro `Serialize` defines the non-local `impl`, and may need to be changed
[INFO] [stdout]   = note: the derive macro `Serialize` may come from an old version of the `serde_derive` crate, try updating your dependency with `cargo update -p serde_derive`
[INFO] [stdout]   = note: an `impl` is never scoped, even when it is nested inside an item, as it may impact type checking outside of that item, which can be the case if neither the trait or the self type are at the same nesting level as the `impl`
[INFO] [stdout]   = note: items in an anonymous const item (`const _: () = { ... }`) are treated as in the same scope as the anonymous const's declaration for the purpose of this lint
[INFO] [stdout]   = note: this warning originates in the derive macro `Serialize` (in Nightly builds, run with -Z macro-backtrace for more info)
[INFO] [stdout] 
[INFO] [stdout] 
[INFO] [stdout] warning: non-local `impl` definition, `impl` blocks should be written at the same level as their item
[INFO] [stdout]   --> src/protocol.rs:12:24
[INFO] [stdout]    |
[INFO] [stdout] 12 | #[derive(Clone, Debug, Deserialize, Serialize)]
[INFO] [stdout]    |                        ^----------
[INFO] [stdout]    |                        |
[INFO] [stdout]    |                        `Deserialize` is not local
[INFO] [stdout]    |                        move the `impl` block outside of this constant `_IMPL_DESERIALIZE_FOR_ServerMessage`
[INFO] [stdout] 13 | #[serde(rename_all="snake_case")]
[INFO] [stdout] 14 | pub(crate) enum ServerMessage {
[INFO] [stdout]    |                 ------------- `ServerMessage` is not local
[INFO] [stdout]    |
[INFO] [stdout]    = note: the derive macro `Deserialize` defines the non-local `impl`, and may need to be changed
[INFO] [stdout]    = note: the derive macro `Deserialize` may come from an old version of the `serde_derive` crate, try updating your dependency with `cargo update -p serde_derive`
[INFO] [stdout]    = note: an `impl` is never scoped, even when it is nested inside an item, as it may impact type checking outside of that item, which can be the case if neither the trait or the self type are at the same nesting level as the `impl`
[INFO] [stdout]    = note: items in an anonymous const item (`const _: () = { ... }`) are treated as in the same scope as the anonymous const's declaration for the purpose of this lint
[INFO] [stdout]    = note: this warning originates in the derive macro `Deserialize` (in Nightly builds, run with -Z macro-backtrace for more info)
[INFO] [stdout] 
[INFO] [stdout] 
[INFO] [stdout] warning: non-local `impl` definition, `impl` blocks should be written at the same level as their item
[INFO] [stdout]   --> src/protocol.rs:12:37
[INFO] [stdout]    |
[INFO] [stdout] 12 | #[derive(Clone, Debug, Deserialize, Serialize)]
[INFO] [stdout]    |                                     ^--------
[INFO] [stdout]    |                                     |
[INFO] [stdout]    |                                     `Serialize` is not local
[INFO] [stdout]    |                                     move the `impl` block outside of this constant `_IMPL_SERIALIZE_FOR_ServerMessage`
[INFO] [stdout] 13 | #[serde(rename_all="snake_case")]
[INFO] [stdout] 14 | pub(crate) enum ServerMessage {
[INFO] [stdout]    |                 ------------- `ServerMessage` is not local
[INFO] [stdout]    |
[INFO] [stdout]    = note: the derive macro `Serialize` defines the non-local `impl`, and may need to be changed
[INFO] [stdout]    = note: the derive macro `Serialize` may come from an old version of the `serde_derive` crate, try updating your dependency with `cargo update -p serde_derive`
[INFO] [stdout]    = note: an `impl` is never scoped, even when it is nested inside an item, as it may impact type checking outside of that item, which can be the case if neither the trait or the self type are at the same nesting level as the `impl`
[INFO] [stdout]    = note: items in an anonymous const item (`const _: () = { ... }`) are treated as in the same scope as the anonymous const's declaration for the purpose of this lint
[INFO] [stdout]    = note: this warning originates in the derive macro `Serialize` (in Nightly builds, run with -Z macro-backtrace for more info)
[INFO] [stdout] 
[INFO] [stdout] 
[INFO] [stderr]     Finished `test` profile [unoptimized + debuginfo] target(s) in 13.05s
[INFO] [stderr] warning: the following packages contain code that will be rejected by a future version of Rust: criterion v0.2.11
[INFO] [stderr] note: to see what the problems were, use the option `--future-incompat-report`, or run `cargo report future-incompatibilities --id 1`
[INFO] running `Command { std: "docker" "inspect" "729a0c6b06e52e9be78cdab0a07d961e650a077e15bdb4953459f466ce0ec96b", kill_on_drop: false }`
[INFO] running `Command { std: "docker" "rm" "-f" "729a0c6b06e52e9be78cdab0a07d961e650a077e15bdb4953459f466ce0ec96b", kill_on_drop: false }`
[INFO] [stdout] 729a0c6b06e52e9be78cdab0a07d961e650a077e15bdb4953459f466ce0ec96b
[INFO] running `Command { std: "docker" "create" "-v" "/var/lib/crater-agent-workspace/builds/worker-7-tc1/target:/opt/rustwide/target:rw,Z" "-v" "/var/lib/crater-agent-workspace/builds/worker-7-tc1/source:/opt/rustwide/workdir:ro,Z" "-v" "/var/lib/crater-agent-workspace/cargo-home:/opt/rustwide/cargo-home:ro,Z" "-v" "/var/lib/crater-agent-workspace/rustup-home:/opt/rustwide/rustup-home:ro,Z" "-e" "SOURCE_DIR=/opt/rustwide/workdir" "-e" "CARGO_TARGET_DIR=/opt/rustwide/target" "-e" "CARGO_INCREMENTAL=0" "-e" "RUST_BACKTRACE=full" "-e" "RUSTFLAGS=--cap-lints=forbid" "-e" "RUSTDOCFLAGS=--cap-lints=forbid" "-e" "CARGO_HOME=/opt/rustwide/cargo-home" "-e" "RUSTUP_HOME=/opt/rustwide/rustup-home" "-w" "/opt/rustwide/workdir" "-m" "1610612736" "--user" "0:0" "--network" "none" "ghcr.io/rust-lang/crates-build-env/linux@sha256:819108c5571ea2e421544af4d832f968d213c87fbe3707a016657f43d2f853bc" "/opt/rustwide/cargo-home/bin/cargo" "+nightly-2025-01-18" "test" "--frozen", kill_on_drop: false }`
[INFO] [stdout] 761f17a7edc01c070799b5dba6b492fb0a7fddc54b515350ff63205feec1cf54
[INFO] running `Command { std: "docker" "start" "-a" "761f17a7edc01c070799b5dba6b492fb0a7fddc54b515350ff63205feec1cf54", kill_on_drop: false }`
[INFO] [stderr] warning: unexpected `cfg` condition value: `cargo-clippy`
[INFO] [stderr]   --> src/store.rs:16:17
[INFO] [stderr]    |
[INFO] [stderr] 16 | #[derive(Debug, Deserialize, Serialize)]
[INFO] [stderr]    |                 ^^^^^^^^^^^
[INFO] [stderr]    |
[INFO] [stderr]    = note: no expected values for `feature`
[INFO] [stderr]    = note: using a cfg inside a derive macro will use the cfgs from the destination crate and not the ones from the defining crate
[INFO] [stderr]    = help: try referring to `Deserialize` crate for guidance on how handle this unexpected cfg
[INFO] [stderr]    = help: the derive macro `Deserialize` may come from an old version of the `serde_derive` crate, try updating your dependency with `cargo update -p serde_derive`
[INFO] [stderr]    = note: see <https://doc.rust-lang.org/nightly/rustc/check-cfg/cargo-specifics.html> for more information about checking conditional configuration
[INFO] [stderr]    = note: `#[warn(unexpected_cfgs)]` on by default
[INFO] [stderr]    = note: this warning originates in the derive macro `Deserialize` (in Nightly builds, run with -Z macro-backtrace for more info)
[INFO] [stderr] 
[INFO] [stderr] warning: unexpected `cfg` condition value: `cargo-clippy`
[INFO] [stderr]   --> src/store.rs:16:30
[INFO] [stderr]    |
[INFO] [stderr] 16 | #[derive(Debug, Deserialize, Serialize)]
[INFO] [stderr]    |                              ^^^^^^^^^
[INFO] [stderr]    |
[INFO] [stderr]    = note: no expected values for `feature`
[INFO] [stderr]    = note: using a cfg inside a derive macro will use the cfgs from the destination crate and not the ones from the defining crate
[INFO] [stderr]    = help: try referring to `Serialize` crate for guidance on how handle this unexpected cfg
[INFO] [stderr]    = help: the derive macro `Serialize` may come from an old version of the `serde_derive` crate, try updating your dependency with `cargo update -p serde_derive`
[INFO] [stderr]    = note: see <https://doc.rust-lang.org/nightly/rustc/check-cfg/cargo-specifics.html> for more information about checking conditional configuration
[INFO] [stderr]    = note: this warning originates in the derive macro `Serialize` (in Nightly builds, run with -Z macro-backtrace for more info)
[INFO] [stderr] 
[INFO] [stderr] warning: unexpected `cfg` condition value: `cargo-clippy`
[INFO] [stderr]  --> src/protocol.rs:4:24
[INFO] [stderr]   |
[INFO] [stderr] 4 | #[derive(Clone, Debug, Deserialize, Serialize)]
[INFO] [stderr]   |                        ^^^^^^^^^^^
[INFO] [stderr]   |
[INFO] [stderr]   = note: no expected values for `feature`
[INFO] [stderr]   = note: using a cfg inside a derive macro will use the cfgs from the destination crate and not the ones from the defining crate
[INFO] [stderr]   = help: try referring to `Deserialize` crate for guidance on how handle this unexpected cfg
[INFO] [stderr]   = help: the derive macro `Deserialize` may come from an old version of the `serde_derive` crate, try updating your dependency with `cargo update -p serde_derive`
[INFO] [stderr]   = note: see <https://doc.rust-lang.org/nightly/rustc/check-cfg/cargo-specifics.html> for more information about checking conditional configuration
[INFO] [stderr]   = note: this warning originates in the derive macro `Deserialize` (in Nightly builds, run with -Z macro-backtrace for more info)
[INFO] [stderr] 
[INFO] [stderr] warning: unexpected `cfg` condition value: `cargo-clippy`
[INFO] [stderr]  --> src/protocol.rs:4:37
[INFO] [stderr]   |
[INFO] [stderr] 4 | #[derive(Clone, Debug, Deserialize, Serialize)]
[INFO] [stderr]   |                                     ^^^^^^^^^
[INFO] [stderr]   |
[INFO] [stderr]   = note: no expected values for `feature`
[INFO] [stderr]   = note: using a cfg inside a derive macro will use the cfgs from the destination crate and not the ones from the defining crate
[INFO] [stderr]   = help: try referring to `Serialize` crate for guidance on how handle this unexpected cfg
[INFO] [stderr]   = help: the derive macro `Serialize` may come from an old version of the `serde_derive` crate, try updating your dependency with `cargo update -p serde_derive`
[INFO] [stderr]   = note: see <https://doc.rust-lang.org/nightly/rustc/check-cfg/cargo-specifics.html> for more information about checking conditional configuration
[INFO] [stderr]   = note: this warning originates in the derive macro `Serialize` (in Nightly builds, run with -Z macro-backtrace for more info)
[INFO] [stderr] 
[INFO] [stderr] warning: unexpected `cfg` condition value: `cargo-clippy`
[INFO] [stderr]   --> src/protocol.rs:12:24
[INFO] [stderr]    |
[INFO] [stderr] 12 | #[derive(Clone, Debug, Deserialize, Serialize)]
[INFO] [stderr]    |                        ^^^^^^^^^^^
[INFO] [stderr]    |
[INFO] [stderr]    = note: no expected values for `feature`
[INFO] [stderr]    = note: using a cfg inside a derive macro will use the cfgs from the destination crate and not the ones from the defining crate
[INFO] [stderr]    = help: try referring to `Deserialize` crate for guidance on how handle this unexpected cfg
[INFO] [stderr]    = help: the derive macro `Deserialize` may come from an old version of the `serde_derive` crate, try updating your dependency with `cargo update -p serde_derive`
[INFO] [stderr]    = note: see <https://doc.rust-lang.org/nightly/rustc/check-cfg/cargo-specifics.html> for more information about checking conditional configuration
[INFO] [stderr]    = note: this warning originates in the derive macro `Deserialize` (in Nightly builds, run with -Z macro-backtrace for more info)
[INFO] [stderr] 
[INFO] [stderr] warning: unexpected `cfg` condition value: `cargo-clippy`
[INFO] [stderr]   --> src/protocol.rs:12:37
[INFO] [stderr]    |
[INFO] [stderr] 12 | #[derive(Clone, Debug, Deserialize, Serialize)]
[INFO] [stderr]    |                                     ^^^^^^^^^
[INFO] [stderr]    |
[INFO] [stderr]    = note: no expected values for `feature`
[INFO] [stderr]    = note: using a cfg inside a derive macro will use the cfgs from the destination crate and not the ones from the defining crate
[INFO] [stderr]    = help: try referring to `Serialize` crate for guidance on how handle this unexpected cfg
[INFO] [stderr]    = help: the derive macro `Serialize` may come from an old version of the `serde_derive` crate, try updating your dependency with `cargo update -p serde_derive`
[INFO] [stderr]    = note: see <https://doc.rust-lang.org/nightly/rustc/check-cfg/cargo-specifics.html> for more information about checking conditional configuration
[INFO] [stderr]    = note: this warning originates in the derive macro `Serialize` (in Nightly builds, run with -Z macro-backtrace for more info)
[INFO] [stderr] 
[INFO] [stderr] warning: struct `SSTable` is never constructed
[INFO] [stderr]   --> src/sstable.rs:13:12
[INFO] [stderr]    |
[INFO] [stderr] 13 | pub struct SSTable {
[INFO] [stderr]    |            ^^^^^^^
[INFO] [stderr]    |
[INFO] [stderr]    = note: `#[warn(dead_code)]` on by default
[INFO] [stderr] 
[INFO] [stderr] warning: associated items `from_sorted_iter`, `from_file`, and `at` are never used
[INFO] [stderr]   --> src/sstable.rs:26:12
[INFO] [stderr]    |
[INFO] [stderr] 19 | impl SSTable {
[INFO] [stderr]    | ------------ associated items in this implementation
[INFO] [stderr] ...
[INFO] [stderr] 26 |     pub fn from_sorted_iter<'a, P>(path: P, iter: impl Iterator<Item=&'a Entry>) -> io::Result<SSTable>
[INFO] [stderr]    |            ^^^^^^^^^^^^^^^^
[INFO] [stderr] ...
[INFO] [stderr] 68 |     pub fn from_file<P: AsRef<Path>>(path: P) -> io::Result<SSTable> {
[INFO] [stderr]    |            ^^^^^^^^^
[INFO] [stderr] ...
[INFO] [stderr] 85 |     pub fn at(&self, offset: u64) -> io::Result<SSTableCursor> {
[INFO] [stderr]    |            ^^
[INFO] [stderr] 
[INFO] [stderr] warning: associated function `new` is never used
[INFO] [stderr]   --> src/sstable.rs:97:8
[INFO] [stderr]    |
[INFO] [stderr] 96 | impl SSTableCursor {
[INFO] [stderr]    | ------------------ associated function in this implementation
[INFO] [stderr] 97 |     fn new(reader: BufReader<File>) -> SSTableCursor {
[INFO] [stderr]    |        ^^^
[INFO] [stderr] 
[INFO] [stderr] warning: non-local `impl` definition, `impl` blocks should be written at the same level as their item
[INFO] [stderr]   --> src/store.rs:16:17
[INFO] [stderr]    |
[INFO] [stderr] 16 | #[derive(Debug, Deserialize, Serialize)]
[INFO] [stderr]    |                 ^----------
[INFO] [stderr]    |                 |
[INFO] [stderr]    |                 `Deserialize` is not local
[INFO] [stderr]    |                 move the `impl` block outside of this constant `_IMPL_DESERIALIZE_FOR_LogRecord`
[INFO] [stderr] 17 | #[serde(rename_all = "snake_case")]
[INFO] [stderr] 18 | pub enum LogRecord {
[INFO] [stderr]    |          --------- `LogRecord` is not local
[INFO] [stderr]    |
[INFO] [stderr]    = note: the derive macro `Deserialize` defines the non-local `impl`, and may need to be changed
[INFO] [stderr]    = note: the derive macro `Deserialize` may come from an old version of the `serde_derive` crate, try updating your dependency with `cargo update -p serde_derive`
[INFO] [stderr]    = note: an `impl` is never scoped, even when it is nested inside an item, as it may impact type checking outside of that item, which can be the case if neither the trait or the self type are at the same nesting level as the `impl`
[INFO] [stderr]    = note: items in an anonymous const item (`const _: () = { ... }`) are treated as in the same scope as the anonymous const's declaration for the purpose of this lint
[INFO] [stderr]    = note: `#[warn(non_local_definitions)]` on by default
[INFO] [stderr]    = note: this warning originates in the derive macro `Deserialize` (in Nightly builds, run with -Z macro-backtrace for more info)
[INFO] [stderr] 
[INFO] [stderr] warning: non-local `impl` definition, `impl` blocks should be written at the same level as their item
[INFO] [stderr]   --> src/store.rs:16:30
[INFO] [stderr]    |
[INFO] [stderr] 16 | #[derive(Debug, Deserialize, Serialize)]
[INFO] [stderr]    |                              ^--------
[INFO] [stderr]    |                              |
[INFO] [stderr]    |                              `Serialize` is not local
[INFO] [stderr]    |                              move the `impl` block outside of this constant `_IMPL_SERIALIZE_FOR_LogRecord`
[INFO] [stderr] 17 | #[serde(rename_all = "snake_case")]
[INFO] [stderr] 18 | pub enum LogRecord {
[INFO] [stderr]    |          --------- `LogRecord` is not local
[INFO] [stderr]    |
[INFO] [stderr]    = note: the derive macro `Serialize` defines the non-local `impl`, and may need to be changed
[INFO] [stderr]    = note: the derive macro `Serialize` may come from an old version of the `serde_derive` crate, try updating your dependency with `cargo update -p serde_derive`
[INFO] [stderr]    = note: an `impl` is never scoped, even when it is nested inside an item, as it may impact type checking outside of that item, which can be the case if neither the trait or the self type are at the same nesting level as the `impl`
[INFO] [stderr]    = note: items in an anonymous const item (`const _: () = { ... }`) are treated as in the same scope as the anonymous const's declaration for the purpose of this lint
[INFO] [stderr]    = note: this warning originates in the derive macro `Serialize` (in Nightly builds, run with -Z macro-backtrace for more info)
[INFO] [stderr] 
[INFO] [stderr] warning: non-local `impl` definition, `impl` blocks should be written at the same level as their item
[INFO] [stderr]  --> src/protocol.rs:4:24
[INFO] [stderr]   |
[INFO] [stderr] 4 | #[derive(Clone, Debug, Deserialize, Serialize)]
[INFO] [stderr]   |                        ^----------
[INFO] [stderr]   |                        |
[INFO] [stderr]   |                        `Deserialize` is not local
[INFO] [stderr]   |                        move the `impl` block outside of this constant `_IMPL_DESERIALIZE_FOR_ClientMessage`
[INFO] [stderr] 5 | #[serde(rename_all="snake_case")]
[INFO] [stderr] 6 | pub(crate) enum ClientMessage {
[INFO] [stderr]   |                 ------------- `ClientMessage` is not local
[INFO] [stderr]   |
[INFO] [stderr]   = note: the derive macro `Deserialize` defines the non-local `impl`, and may need to be changed
[INFO] [stderr]   = note: the derive macro `Deserialize` may come from an old version of the `serde_derive` crate, try updating your dependency with `cargo update -p serde_derive`
[INFO] [stderr]   = note: an `impl` is never scoped, even when it is nested inside an item, as it may impact type checking outside of that item, which can be the case if neither the trait or the self type are at the same nesting level as the `impl`
[INFO] [stderr]   = note: items in an anonymous const item (`const _: () = { ... }`) are treated as in the same scope as the anonymous const's declaration for the purpose of this lint
[INFO] [stderr]   = note: this warning originates in the derive macro `Deserialize` (in Nightly builds, run with -Z macro-backtrace for more info)
[INFO] [stderr] 
[INFO] [stderr] warning: non-local `impl` definition, `impl` blocks should be written at the same level as their item
[INFO] [stderr]  --> src/protocol.rs:4:37
[INFO] [stderr]   |
[INFO] [stderr] 4 | #[derive(Clone, Debug, Deserialize, Serialize)]
[INFO] [stderr]   |                                     ^--------
[INFO] [stderr]   |                                     |
[INFO] [stderr]   |                                     `Serialize` is not local
[INFO] [stderr]   |                                     move the `impl` block outside of this constant `_IMPL_SERIALIZE_FOR_ClientMessage`
[INFO] [stderr] 5 | #[serde(rename_all="snake_case")]
[INFO] [stderr] 6 | pub(crate) enum ClientMessage {
[INFO] [stderr]   |                 ------------- `ClientMessage` is not local
[INFO] [stderr]   |
[INFO] [stderr]   = note: the derive macro `Serialize` defines the non-local `impl`, and may need to be changed
[INFO] [stderr]   = note: the derive macro `Serialize` may come from an old version of the `serde_derive` crate, try updating your dependency with `cargo update -p serde_derive`
[INFO] [stderr]   = note: an `impl` is never scoped, even when it is nested inside an item, as it may impact type checking outside of that item, which can be the case if neither the trait or the self type are at the same nesting level as the `impl`
[INFO] [stderr]   = note: items in an anonymous const item (`const _: () = { ... }`) are treated as in the same scope as the anonymous const's declaration for the purpose of this lint
[INFO] [stderr]   = note: this warning originates in the derive macro `Serialize` (in Nightly builds, run with -Z macro-backtrace for more info)
[INFO] [stderr] 
[INFO] [stderr] warning: non-local `impl` definition, `impl` blocks should be written at the same level as their item
[INFO] [stderr]   --> src/protocol.rs:12:24
[INFO] [stderr]    |
[INFO] [stderr] 12 | #[derive(Clone, Debug, Deserialize, Serialize)]
[INFO] [stderr]    |                        ^----------
[INFO] [stderr]    |                        |
[INFO] [stderr]    |                        `Deserialize` is not local
[INFO] [stderr]    |                        move the `impl` block outside of this constant `_IMPL_DESERIALIZE_FOR_ServerMessage`
[INFO] [stderr] 13 | #[serde(rename_all="snake_case")]
[INFO] [stderr] 14 | pub(crate) enum ServerMessage {
[INFO] [stderr]    |                 ------------- `ServerMessage` is not local
[INFO] [stderr]    |
[INFO] [stderr]    = note: the derive macro `Deserialize` defines the non-local `impl`, and may need to be changed
[INFO] [stderr]    = note: the derive macro `Deserialize` may come from an old version of the `serde_derive` crate, try updating your dependency with `cargo update -p serde_derive`
[INFO] [stderr]    = note: an `impl` is never scoped, even when it is nested inside an item, as it may impact type checking outside of that item, which can be the case if neither the trait or the self type are at the same nesting level as the `impl`
[INFO] [stderr]    = note: items in an anonymous const item (`const _: () = { ... }`) are treated as in the same scope as the anonymous const's declaration for the purpose of this lint
[INFO] [stderr]    = note: this warning originates in the derive macro `Deserialize` (in Nightly builds, run with -Z macro-backtrace for more info)
[INFO] [stderr] 
[INFO] [stderr] warning: non-local `impl` definition, `impl` blocks should be written at the same level as their item
[INFO] [stderr]   --> src/protocol.rs:12:37
[INFO] [stderr]    |
[INFO] [stderr] 12 | #[derive(Clone, Debug, Deserialize, Serialize)]
[INFO] [stderr]    |                                     ^--------
[INFO] [stderr]    |                                     |
[INFO] [stderr]    |                                     `Serialize` is not local
[INFO] [stderr]    |                                     move the `impl` block outside of this constant `_IMPL_SERIALIZE_FOR_ServerMessage`
[INFO] [stderr] 13 | #[serde(rename_all="snake_case")]
[INFO] [stderr] 14 | pub(crate) enum ServerMessage {
[INFO] [stderr]    |                 ------------- `ServerMessage` is not local
[INFO] [stderr]    |
[INFO] [stderr]    = note: the derive macro `Serialize` defines the non-local `impl`, and may need to be changed
[INFO] [stderr]    = note: the derive macro `Serialize` may come from an old version of the `serde_derive` crate, try updating your dependency with `cargo update -p serde_derive`
[INFO] [stderr]    = note: an `impl` is never scoped, even when it is nested inside an item, as it may impact type checking outside of that item, which can be the case if neither the trait or the self type are at the same nesting level as the `impl`
[INFO] [stderr]    = note: items in an anonymous const item (`const _: () = { ... }`) are treated as in the same scope as the anonymous const's declaration for the purpose of this lint
[INFO] [stderr]    = note: this warning originates in the derive macro `Serialize` (in Nightly builds, run with -Z macro-backtrace for more info)
[INFO] [stderr] 
[INFO] [stderr] warning: `cavey` (lib) generated 15 warnings
[INFO] [stderr] warning: field `version` is never read
[INFO] [stderr]   --> src/bin/caveyd.rs:27:9
[INFO] [stderr]    |
[INFO] [stderr] 25 |     Info {
[INFO] [stderr]    |     ---- field in this variant
[INFO] [stderr] 26 |         #[structopt(short = "V", long = "version")]
[INFO] [stderr] 27 |         version: bool
[INFO] [stderr]    |         ^^^^^^^
[INFO] [stderr]    |
[INFO] [stderr]    = note: `OptionsB` has a derived impl for the trait `Debug`, but this is intentionally ignored during dead code analysis
[INFO] [stderr]    = note: `#[warn(dead_code)]` on by default
[INFO] [stderr] 
[INFO] [stderr] warning: fields `addr` and `engine_name` are never read
[INFO] [stderr]   --> src/bin/caveyd.rs:31:9
[INFO] [stderr]    |
[INFO] [stderr] 29 |     Normal {
[INFO] [stderr]    |     ------ fields in this variant
[INFO] [stderr] 30 |         #[structopt(short = "a", long = "addr", default_value="[::1]:4000")]
[INFO] [stderr] 31 |         addr: SocketAddr,
[INFO] [stderr]    |         ^^^^
[INFO] [stderr] ...
[INFO] [stderr] 35 |         engine_name: String
[INFO] [stderr]    |         ^^^^^^^^^^^
[INFO] [stderr]    |
[INFO] [stderr]    = note: `OptionsB` has a derived impl for the trait `Debug`, but this is intentionally ignored during dead code analysis
[INFO] [stderr] 
[INFO] [stderr] warning: `cavey` (bin "caveyd") generated 2 warnings
[INFO] [stderr] warning: `cavey` (bin "caveyd" test) generated 2 warnings (2 duplicates)
[INFO] [stderr] warning: `cavey` (lib test) generated 15 warnings (15 duplicates)
[INFO] [stderr]     Finished `test` profile [unoptimized + debuginfo] target(s) in 0.12s
[INFO] [stderr] warning: the following packages contain code that will be rejected by a future version of Rust: criterion v0.2.11
[INFO] [stderr] note: to see what the problems were, use the option `--future-incompat-report`, or run `cargo report future-incompatibilities --id 1`
[INFO] [stderr]      Running unittests src/lib.rs (/opt/rustwide/target/debug/deps/cavey-ddd64c0bae6d8248)
[INFO] [stdout] 
[INFO] [stdout] running 0 tests
[INFO] [stdout] 
[INFO] [stdout] test result: ok. 0 passed; 0 failed; 0 ignored; 0 measured; 0 filtered out; finished in 0.00s
[INFO] [stdout] 
[INFO] [stderr]      Running unittests src/bin/cavey.rs (/opt/rustwide/target/debug/deps/cavey-28f8ea51983e9431)
[INFO] [stdout] 
[INFO] [stdout] running 0 tests
[INFO] [stdout] 
[INFO] [stdout] test result: ok. 0 passed; 0 failed; 0 ignored; 0 measured; 0 filtered out; finished in 0.00s
[INFO] [stdout] 
[INFO] [stderr]      Running unittests src/bin/caveyd.rs (/opt/rustwide/target/debug/deps/caveyd-8c5b8b56dfdc3526)
[INFO] [stdout] 
[INFO] [stdout] running 0 tests
[INFO] [stdout] 
[INFO] [stdout] test result: ok. 0 passed; 0 failed; 0 ignored; 0 measured; 0 filtered out; finished in 0.00s
[INFO] [stdout] 
[INFO] [stderr]      Running tests/cli.rs (/opt/rustwide/target/debug/deps/cli-5e80e56c932ebe53)
[INFO] [stdout] 
[INFO] [stdout] running 11 tests
[INFO] [stderr] [2025-01-20T14:33:25Z INFO  caveyd] version: 0.1.0
[INFO] [stderr] [2025-01-20T14:33:25Z INFO  caveyd] engine: sled
[INFO] [stdout] test client_cli_invalid_subcommand ... ok
[INFO] [stderr] [2025-01-20T14:33:25Z INFO  caveyd] version: 0.1.0
[INFO] [stderr] [2025-01-20T14:33:25Z INFO  caveyd] engine: kvs
[INFO] [stderr] [2025-01-20T14:33:25Z INFO  caveyd] binding to socket 127.0.0.1:4004
[INFO] [stderr] [2025-01-20T14:33:25Z INFO  caveyd] version: 0.1.0
[INFO] [stderr] [2025-01-20T14:33:25Z INFO  caveyd] engine: sled
[INFO] [stdout] test client_cli_no_args ... ok
[INFO] [stdout] test client_cli_version ... ok
[INFO] [stdout] test client_cli_invalid_rm ... ok
[INFO] [stdout] test client_cli_invalid_get ... ok
[INFO] [stdout] test server_cli_version ... ok
[INFO] [stdout] test client_cli_invalid_put ... ok
[INFO] [stderr] 
[INFO] [stderr] thread 'main' panicked at library/core/src/panicking.rs:218:5:
[INFO] [stderr] unsafe precondition(s) violated: slice::get_unchecked_mut requires that the index is within the slice
[INFO] [stderr] stack backtrace:
[INFO] [stderr]    0:     0x5e62ea84655a - std::backtrace_rs::backtrace::libunwind::trace::hb059275cfc8d6126
[INFO] [stderr]                                at /rustc/6067b36314ab5eb2eb47cecc464545ba58e1ad24/library/std/src/../../backtrace/src/backtrace/libunwind.rs:116:5
[INFO] [stderr]    1:     0x5e62ea84655a - std::backtrace_rs::backtrace::trace_unsynchronized::h2da071e4327ce3ee
[INFO] [stderr]                                at /rustc/6067b36314ab5eb2eb47cecc464545ba58e1ad24/library/std/src/../../backtrace/src/backtrace/mod.rs:66:5
[INFO] [stderr]    2:     0x5e62ea84655a - std::sys::backtrace::_print_fmt::h842a1474e6f8d23f
[INFO] [stderr]                                at /rustc/6067b36314ab5eb2eb47cecc464545ba58e1ad24/library/std/src/sys/backtrace.rs:66:9
[INFO] [stderr]    3:     0x5e62ea84655a - <std::sys::backtrace::BacktraceLock::print::DisplayBacktrace as core::fmt::Display>::fmt::h71a62eb3b9696b12
[INFO] [stderr]                                at /rustc/6067b36314ab5eb2eb47cecc464545ba58e1ad24/library/std/src/sys/backtrace.rs:39:26
[INFO] [stderr]    4:     0x5e62ea86e723 - core::fmt::rt::Argument::fmt::hdb6b616786b41dc1
[INFO] [stderr]                                at /rustc/6067b36314ab5eb2eb47cecc464545ba58e1ad24/library/core/src/fmt/rt.rs:177:76
[INFO] [stderr]    5:     0x5e62ea86e723 - core::fmt::write::h2cc1698af7e2d686
[INFO] [stderr]                                at /rustc/6067b36314ab5eb2eb47cecc464545ba58e1ad24/library/core/src/fmt/mod.rs:1440:21
[INFO] [stderr]    6:     0x5e62ea842413 - std::io::Write::write_fmt::h00c8700df393f328
[INFO] [stderr]                                at /rustc/6067b36314ab5eb2eb47cecc464545ba58e1ad24/library/std/src/io/mod.rs:1887:15
[INFO] [stderr]    7:     0x5e62ea8463a2 - std::sys::backtrace::BacktraceLock::print::h147fe35b4ea13b08
[INFO] [stderr]                                at /rustc/6067b36314ab5eb2eb47cecc464545ba58e1ad24/library/std/src/sys/backtrace.rs:42:9
[INFO] [stderr]    8:     0x5e62ea8472ff - std::panicking::default_hook::{{closure}}::hbd44223dbdc0d208
[INFO] [stderr]                                at /rustc/6067b36314ab5eb2eb47cecc464545ba58e1ad24/library/std/src/panicking.rs:298:22
[INFO] [stderr]    9:     0x5e62ea84716a - std::panicking::default_hook::h20f81eb0576efcec
[INFO] [stderr]                                at /rustc/6067b36314ab5eb2eb47cecc464545ba58e1ad24/library/std/src/panicking.rs:325:9
[INFO] [stderr]   10:     0x5e62ea847d22 - std::panicking::rust_panic_with_hook::h625eea43051b2edc
[INFO] [stderr]                                at /rustc/6067b36314ab5eb2eb47cecc464545ba58e1ad24/library/std/src/panicking.rs:831:13
[INFO] [stderr]   11:     0x5e62ea847a76 - std::panicking::begin_panic_handler::{{closure}}::h4f9159cfbc3f6bd3
[INFO] [stderr]                                at /rustc/6067b36314ab5eb2eb47cecc464545ba58e1ad24/library/std/src/panicking.rs:697:13
[INFO] [stderr]   12:     0x5e62ea846a59 - std::sys::backtrace::__rust_end_short_backtrace::h0390abce48353151
[INFO] [stderr]                                at /rustc/6067b36314ab5eb2eb47cecc464545ba58e1ad24/library/std/src/sys/backtrace.rs:168:18
[INFO] [stderr]   13:     0x5e62ea84773d - rust_begin_unwind
[INFO] [stderr]                                at /rustc/6067b36314ab5eb2eb47cecc464545ba58e1ad24/library/std/src/panicking.rs:695:5
[INFO] [stderr]   14:     0x5e62ea86c5fd - core::panicking::panic_nounwind_fmt::runtime::hff07b4bc76d03a4c
[INFO] [stderr]                                at /rustc/6067b36314ab5eb2eb47cecc464545ba58e1ad24/library/core/src/panicking.rs:117:22
[INFO] [stderr]   15:     0x5e62ea86c5fd - core::panicking::panic_nounwind_fmt::hbd5e8c40c5ce07f6
[INFO] [stderr]                                at /rustc/6067b36314ab5eb2eb47cecc464545ba58e1ad24/library/core/src/intrinsics/mod.rs:3861:9
[INFO] [stderr]   16:     0x5e62ea86c692 - core::panicking::panic_nounwind::h87bcbf062a0b0104
[INFO] [stderr]                                at /rustc/6067b36314ab5eb2eb47cecc464545ba58e1ad24/library/core/src/panicking.rs:218:5
[INFO] [stderr]   17:     0x5e62ea5df468 - <usize as core::slice::index::SliceIndex<[T]>>::get_unchecked_mut::precondition_check::h30e562b593d6eec1
[INFO] [stderr]                                at /rustc/6067b36314ab5eb2eb47cecc464545ba58e1ad24/library/core/src/ub_checks.rs:68:21
[INFO] [stderr]   18:     0x5e62ea5df421 - <usize as core::slice::index::SliceIndex<[T]>>::get_unchecked_mut::h5b9117dd459ac574
[INFO] [stderr]                                at /rustc/6067b36314ab5eb2eb47cecc464545ba58e1ad24/library/core/src/ub_checks.rs:75:17
[INFO] [stderr]   19:     0x5e62ea5de5a9 - core::slice::<impl [T]>::get_unchecked_mut::hb6e34a61d4e94ebd
[INFO] [stderr]                                at /rustc/6067b36314ab5eb2eb47cecc464545ba58e1ad24/library/core/src/slice/mod.rs:707:24
[INFO] [stderr]   20:     0x5e62ea5d9d9a - arrayvec::ArrayVec<A>::push_unchecked::h9075b09706903e3b
[INFO] [stderr]                                at /opt/rustwide/cargo-home/registry/src/index.crates.io-1949cf8c6b5b557f/arrayvec-0.4.10/src/lib.rs:243:20
[INFO] [stderr]   21:     0x5e62ea5da448 - arrayvec::ArrayVec<A>::try_push::hd918b3415d3bdd65
[INFO] [stderr]                                at /opt/rustwide/cargo-home/registry/src/index.crates.io-1949cf8c6b5b557f/arrayvec-0.4.10/src/lib.rs:209:17
[INFO] [stderr]   22:     0x5e62ea5e00cd - crossbeam_epoch::internal::Bag::try_push::hf6a568c3e9665f07
[INFO] [stderr]                                at /opt/rustwide/cargo-home/registry/src/index.crates.io-1949cf8c6b5b557f/crossbeam-epoch-0.7.1/src/internal.rs:93:9
[INFO] [stderr]   23:     0x5e62ea5e0beb - crossbeam_epoch::internal::Local::defer::h999e90182b7e3673
[INFO] [stderr]                                at /opt/rustwide/cargo-home/registry/src/index.crates.io-1949cf8c6b5b557f/crossbeam-epoch-0.7.1/src/internal.rs:324:28
[INFO] [stderr]   24:     0x5e62ea40f951 - crossbeam_epoch::guard::Guard::defer_unchecked::h596bc5bee67c3d2b
[INFO] [stderr]                                at /opt/rustwide/cargo-home/registry/src/index.crates.io-1949cf8c6b5b557f/crossbeam-epoch-0.7.1/src/guard.rs:195:13
[INFO] [stderr]   25:     0x5e62ea40f744 - crossbeam_epoch::guard::Guard::defer_destroy::h73be509c44a81824
[INFO] [stderr]                                at /opt/rustwide/cargo-home/registry/src/index.crates.io-1949cf8c6b5b557f/crossbeam-epoch-0.7.1/src/guard.rs:270:9
[INFO] [stderr]   26:     0x5e62ea3ebda2 - pagecache::ds::stack::Stack<T>::cas::h9623f1b74274e29e
[INFO] [stderr]                                at /opt/rustwide/cargo-home/registry/src/index.crates.io-1949cf8c6b5b557f/pagecache-0.17.0/src/ds/stack.rs:195:25
[INFO] [stderr]   27:     0x5e62ea3dd8e4 - pagecache::pagecache::PageCache<PM,P>::cas_page::hf9f577ab6d721db4
[INFO] [stderr]                                at /opt/rustwide/cargo-home/registry/src/index.crates.io-1949cf8c6b5b557f/pagecache-0.17.0/src/pagecache.rs:1093:26
[INFO] [stderr]   28:     0x5e62ea3cdd4e - pagecache::pagecache::PageCache<PM,P>::generate_id::had7b301757335985
[INFO] [stderr]                                at /opt/rustwide/cargo-home/registry/src/index.crates.io-1949cf8c6b5b557f/pagecache-0.17.0/src/pagecache.rs:1480:27
[INFO] [stderr]   29:     0x5e62ea3d7783 - pagecache::pagecache::PageCache<PM,P>::begin::h73fce73954a2a691
[INFO] [stderr]                                at /opt/rustwide/cargo-home/registry/src/index.crates.io-1949cf8c6b5b557f/pagecache-0.17.0/src/pagecache.rs:575:20
[INFO] [stderr]   30:     0x5e62ea4711b9 - sled::db::Db::start::hf75c5076cfa0835a
[INFO] [stderr]                                at /opt/rustwide/cargo-home/registry/src/index.crates.io-1949cf8c6b5b557f/sled-0.24.1/src/db.rs:54:18
[INFO] [stderr]   31:     0x5e62ea36f5ca - sled::db::Db::start_default::heaf94ce5a1d76f67
[INFO] [stderr]                                at /opt/rustwide/cargo-home/registry/src/index.crates.io-1949cf8c6b5b557f/sled-0.24.1/src/db.rs:34:9
[INFO] [stderr]   32:     0x5e62ea3703c2 - cavey::sled_store::SledStore::open::hb1f04524bf3bdcbf
[INFO] [stderr]                                at /opt/rustwide/workdir/src/sled_store.rs:16:22
[INFO] [stderr]   33:     0x5e62ea37a7a4 - caveyd::main::h48a26705300c782d
[INFO] [stderr]                                at /opt/rustwide/workdir/src/bin/caveyd.rs:51:28
[INFO] [stderr]   34:     0x5e62ea36e00b - core::ops::function::FnOnce::call_once::h49ff160cda52a719
[INFO] [stderr]                                at /rustc/6067b36314ab5eb2eb47cecc464545ba58e1ad24/library/core/src/ops/function.rs:250:5
[INFO] [stderr]   35:     0x5e62ea36d66e - std::sys::backtrace::__rust_begin_short_backtrace::h1dfc1c0bf01b5718
[INFO] [stderr]                                at /rustc/6067b36314ab5eb2eb47cecc464545ba58e1ad24/library/std/src/sys/backtrace.rs:152:18
[INFO] [stderr]   36:     0x5e62ea36d181 - std::rt::lang_start::{{closure}}::h84cfcd219f0a592c
[INFO] [stderr]                                at /rustc/6067b36314ab5eb2eb47cecc464545ba58e1ad24/library/std/src/rt.rs:194:18
[INFO] [stderr]   37:     0x5e62ea83c090 - core::ops::function::impls::<impl core::ops::function::FnOnce<A> for &F>::call_once::h1b085b6c1d2518b2
[INFO] [stderr]                                at /rustc/6067b36314ab5eb2eb47cecc464545ba58e1ad24/library/core/src/ops/function.rs:284:13
[INFO] [stderr]   38:     0x5e62ea83c090 - std::panicking::try::do_call::h382f964a5a23b565
[INFO] [stderr]                                at /rustc/6067b36314ab5eb2eb47cecc464545ba58e1ad24/library/std/src/panicking.rs:587:40
[INFO] [stderr]   39:     0x5e62ea83c090 - std::panicking::try::h57f991055eb622f9
[INFO] [stderr]                                at /rustc/6067b36314ab5eb2eb47cecc464545ba58e1ad24/library/std/src/panicking.rs:550:19
[INFO] [stderr]   40:     0x5e62ea83c090 - std::panic::catch_unwind::h4d9a74ef04456343
[INFO] [stderr]                                at /rustc/6067b36314ab5eb2eb47cecc464545ba58e1ad24/library/std/src/panic.rs:358:14
[INFO] [stderr]   41:     0x5e62ea83c090 - std::rt::lang_start_internal::{{closure}}::h2faa8ae84a93f314
[INFO] [stderr]                                at /rustc/6067b36314ab5eb2eb47cecc464545ba58e1ad24/library/std/src/rt.rs:163:24
[INFO] [stderr]   42:     0x5e62ea83c090 - std::panicking::try::do_call::h0f8932bf638a9bf5
[INFO] [stderr]                                at /rustc/6067b36314ab5eb2eb47cecc464545ba58e1ad24/library/std/src/panicking.rs:587:40
[INFO] [stderr]   43:     0x5e62ea83c090 - std::panicking::try::h683416ea756b175d
[INFO] [stderr]                                at /rustc/6067b36314ab5eb2eb47cecc464545ba58e1ad24/library/std/src/panicking.rs:550:19
[INFO] [stderr]   44:     0x5e62ea83c090 - std::panic::catch_unwind::h56189fac8994979f
[INFO] [stderr]                                at /rustc/6067b36314ab5eb2eb47cecc464545ba58e1ad24/library/std/src/panic.rs:358:14
[INFO] [stderr]   45:     0x5e62ea83c090 - std::rt::lang_start_internal::h8bbc1061691274fe
[INFO] [stderr]                                at /rustc/6067b36314ab5eb2eb47cecc464545ba58e1ad24/library/std/src/rt.rs:159:5
[INFO] [stderr]   46:     0x5e62ea36d167 - std::rt::lang_start::h6ba2b906c07dd624
[INFO] [stderr]                                at /rustc/6067b36314ab5eb2eb47cecc464545ba58e1ad24/library/std/src/rt.rs:193:5
[INFO] [stderr]   47:     0x5e62ea37b85e - main
[INFO] [stderr]   48:     0x78857d379d90 - <unknown>
[INFO] [stderr]   49:     0x78857d379e40 - __libc_start_main
[INFO] [stderr]   50:     0x5e62ea36a3b5 - _start
[INFO] [stderr]   51:                0x0 - <unknown>
[INFO] [stderr] thread caused non-unwinding panic. aborting.
[INFO] [stderr] 
[INFO] [stderr] thread 'main' panicked at library/core/src/panicking.rs:218:5:
[INFO] [stderr] unsafe precondition(s) violated: slice::get_unchecked_mut requires that the index is within the slice
[INFO] [stderr] stack backtrace:
[INFO] [stderr]    0:     0x5f221ce4b55a - std::backtrace_rs::backtrace::libunwind::trace::hb059275cfc8d6126
[INFO] [stderr]                                at /rustc/6067b36314ab5eb2eb47cecc464545ba58e1ad24/library/std/src/../../backtrace/src/backtrace/libunwind.rs:116:5
[INFO] [stderr]    1:     0x5f221ce4b55a - std::backtrace_rs::backtrace::trace_unsynchronized::h2da071e4327ce3ee
[INFO] [stderr]                                at /rustc/6067b36314ab5eb2eb47cecc464545ba58e1ad24/library/std/src/../../backtrace/src/backtrace/mod.rs:66:5
[INFO] [stderr]    2:     0x5f221ce4b55a - std::sys::backtrace::_print_fmt::h842a1474e6f8d23f
[INFO] [stderr]                                at /rustc/6067b36314ab5eb2eb47cecc464545ba58e1ad24/library/std/src/sys/backtrace.rs:66:9
[INFO] [stderr]    3:     0x5f221ce4b55a - <std::sys::backtrace::BacktraceLock::print::DisplayBacktrace as core::fmt::Display>::fmt::h71a62eb3b9696b12
[INFO] [stderr]                                at /rustc/6067b36314ab5eb2eb47cecc464545ba58e1ad24/library/std/src/sys/backtrace.rs:39:26
[INFO] [stderr]    4:     0x5f221ce73723 - core::fmt::rt::Argument::fmt::hdb6b616786b41dc1
[INFO] [stderr]                                at /rustc/6067b36314ab5eb2eb47cecc464545ba58e1ad24/library/core/src/fmt/rt.rs:177:76
[INFO] [stderr]    5:     0x5f221ce73723 - core::fmt::write::h2cc1698af7e2d686
[INFO] [stderr]                                at /rustc/6067b36314ab5eb2eb47cecc464545ba58e1ad24/library/core/src/fmt/mod.rs:1440:21
[INFO] [stderr]    6:     0x5f221ce47413 - std::io::Write::write_fmt::h00c8700df393f328
[INFO] [stderr]                                at /rustc/6067b36314ab5eb2eb47cecc464545ba58e1ad24/library/std/src/io/mod.rs:1887:15
[INFO] [stderr]    7:     0x5f221ce4b3a2 - std::sys::backtrace::BacktraceLock::print::h147fe35b4ea13b08
[INFO] [stderr]                                at /rustc/6067b36314ab5eb2eb47cecc464545ba58e1ad24/library/std/src/sys/backtrace.rs:42:9
[INFO] [stderr]    8:     0x5f221ce4c2ff - std::panicking::default_hook::{{closure}}::hbd44223dbdc0d208
[INFO] [stderr]                                at /rustc/6067b36314ab5eb2eb47cecc464545ba58e1ad24/library/std/src/panicking.rs:298:22
[INFO] [stderr]    9:     0x5f221ce4c16a - std::panicking::default_hook::h20f81eb0576efcec
[INFO] [stderr]                                at /rustc/6067b36314ab5eb2eb47cecc464545ba58e1ad24/library/std/src/panicking.rs:325:9
[INFO] [stderr]   10:     0x5f221ce4cd22 - std::panicking::rust_panic_with_hook::h625eea43051b2edc
[INFO] [stderr]                                at /rustc/6067b36314ab5eb2eb47cecc464545ba58e1ad24/library/std/src/panicking.rs:831:13
[INFO] [stderr]   11:     0x5f221ce4ca76 - std::panicking::begin_panic_handler::{{closure}}::h4f9159cfbc3f6bd3
[INFO] [stderr]                                at /rustc/6067b36314ab5eb2eb47cecc464545ba58e1ad24/library/std/src/panicking.rs:697:13
[INFO] [stderr]   12:     0x5f221ce4ba59 - std::sys::backtrace::__rust_end_short_backtrace::h0390abce48353151
[INFO] [stderr]                                at /rustc/6067b36314ab5eb2eb47cecc464545ba58e1ad24/library/std/src/sys/backtrace.rs:168:18
[INFO] [stderr]   13:     0x5f221ce4c73d - rust_begin_unwind
[INFO] [stderr]                                at /rustc/6067b36314ab5eb2eb47cecc464545ba58e1ad24/library/std/src/panicking.rs:695:5
[INFO] [stderr]   14:     0x5f221ce715fd - core::panicking::panic_nounwind_fmt::runtime::hff07b4bc76d03a4c
[INFO] [stderr]                                at /rustc/6067b36314ab5eb2eb47cecc464545ba58e1ad24/library/core/src/panicking.rs:117:22
[INFO] [stderr]   15:     0x5f221ce715fd - core::panicking::panic_nounwind_fmt::hbd5e8c40c5ce07f6
[INFO] [stderr]                                at /rustc/6067b36314ab5eb2eb47cecc464545ba58e1ad24/library/core/src/intrinsics/mod.rs:3861:9
[INFO] [stderr]   16:     0x5f221ce71692 - core::panicking::panic_nounwind::h87bcbf062a0b0104
[INFO] [stderr]                                at /rustc/6067b36314ab5eb2eb47cecc464545ba58e1ad24/library/core/src/panicking.rs:218:5
[INFO] [stderr]   17:     0x5f221cbe4468 - <usize as core::slice::index::SliceIndex<[T]>>::get_unchecked_mut::precondition_check::h30e562b593d6eec1
[INFO] [stderr]                                at /rustc/6067b36314ab5eb2eb47cecc464545ba58e1ad24/library/core/src/ub_checks.rs:68:21
[INFO] [stderr]   18:     0x5f221cbe4421 - <usize as core::slice::index::SliceIndex<[T]>>::get_unchecked_mut::h5b9117dd459ac574
[INFO] [stderr]                                at /rustc/6067b36314ab5eb2eb47cecc464545ba58e1ad24/library/core/src/ub_checks.rs:75:17
[INFO] [stderr]   19:     0x5f221cbe35a9 - core::slice::<impl [T]>::get_unchecked_mut::hb6e34a61d4e94ebd
[INFO] [stderr]                                at /rustc/6067b36314ab5eb2eb47cecc464545ba58e1ad24/library/core/src/slice/mod.rs:707:24
[INFO] [stderr]   20:     0x5f221cbded9a - arrayvec::ArrayVec<A>::push_unchecked::h9075b09706903e3b
[INFO] [stderr]                                at /opt/rustwide/cargo-home/registry/src/index.crates.io-1949cf8c6b5b557f/arrayvec-0.4.10/src/lib.rs:243:20
[INFO] [stderr]   21:     0x5f221cbdf448 - arrayvec::ArrayVec<A>::try_push::hd918b3415d3bdd65
[INFO] [stderr]                                at /opt/rustwide/cargo-home/registry/src/index.crates.io-1949cf8c6b5b557f/arrayvec-0.4.10/src/lib.rs:209:17
[INFO] [stderr]   22:     0x5f221cbe50cd - crossbeam_epoch::internal::Bag::try_push::hf6a568c3e9665f07
[INFO] [stderr]                                at /opt/rustwide/cargo-home/registry/src/index.crates.io-1949cf8c6b5b557f/crossbeam-epoch-0.7.1/src/internal.rs:93:9
[INFO] [stderr]   23:     0x5f221cbe5beb - crossbeam_epoch::internal::Local::defer::h999e90182b7e3673
[INFO] [stderr]                                at /opt/rustwide/cargo-home/registry/src/index.crates.io-1949cf8c6b5b557f/crossbeam-epoch-0.7.1/src/internal.rs:324:28
[INFO] [stderr]   24:     0x5f221ca14951 - crossbeam_epoch::guard::Guard::defer_unchecked::h596bc5bee67c3d2b
[INFO] [stderr]                                at /opt/rustwide/cargo-home/registry/src/index.crates.io-1949cf8c6b5b557f/crossbeam-epoch-0.7.1/src/guard.rs:195:13
[INFO] [stderr]   25:     0x5f221ca14744 - crossbeam_epoch::guard::Guard::defer_destroy::h73be509c44a81824
[INFO] [stderr]                                at /opt/rustwide/cargo-home/registry/src/index.crates.io-1949cf8c6b5b557f/crossbeam-epoch-0.7.1/src/guard.rs:270:9
[INFO] [stderr]   26:     0x5f221c9f0da2 - pagecache::ds::stack::Stack<T>::cas::h9623f1b74274e29e
[INFO] [stderr]                                at /opt/rustwide/cargo-home/registry/src/index.crates.io-1949cf8c6b5b557f/pagecache-0.17.0/src/ds/stack.rs:195:25
[INFO] [stderr]   27:     0x5f221c9e28e4 - pagecache::pagecache::PageCache<PM,P>::cas_page::hf9f577ab6d721db4
[INFO] [stderr]                                at /opt/rustwide/cargo-home/registry/src/index.crates.io-1949cf8c6b5b557f/pagecache-0.17.0/src/pagecache.rs:1093:26
[INFO] [stderr]   28:     0x5f221c9d2d4e - pagecache::pagecache::PageCache<PM,P>::generate_id::had7b301757335985
[INFO] [stderr]                                at /opt/rustwide/cargo-home/registry/src/index.crates.io-1949cf8c6b5b557f/pagecache-0.17.0/src/pagecache.rs:1480:27
[INFO] [stderr]   29:     0x5f221c9dc783 - pagecache::pagecache::PageCache<PM,P>::begin::h73fce73954a2a691
[INFO] [stderr]                                at /opt/rustwide/cargo-home/registry/src/index.crates.io-1949cf8c6b5b557f/pagecache-0.17.0/src/pagecache.rs:575:20
[INFO] [stderr]   30:     0x5f221ca761b9 - sled::db::Db::start::hf75c5076cfa0835a
[INFO] [stderr]                                at /opt/rustwide/cargo-home/registry/src/index.crates.io-1949cf8c6b5b557f/sled-0.24.1/src/db.rs:54:18
[INFO] [stderr]   31:     0x5f221c9745ca - sled::db::Db::start_default::heaf94ce5a1d76f67
[INFO] [stderr]                                at /opt/rustwide/cargo-home/registry/src/index.crates.io-1949cf8c6b5b557f/sled-0.24.1/src/db.rs:34:9
[INFO] [stderr]   32:     0x5f221c9753c2 - cavey::sled_store::SledStore::open::hb1f04524bf3bdcbf
[INFO] [stderr]                                at /opt/rustwide/workdir/src/sled_store.rs:16:22
[INFO] [stderr]   33:     0x5f221c97f7a4 - caveyd::main::h48a26705300c782d
[INFO] [stderr]                                at /opt/rustwide/workdir/src/bin/caveyd.rs:51:28
[INFO] [stderr]   34:     0x5f221c97300b - core::ops::function::FnOnce::call_once::h49ff160cda52a719
[INFO] [stderr]                                at /rustc/6067b36314ab5eb2eb47cecc464545ba58e1ad24/library/core/src/ops/function.rs:250:5
[INFO] [stderr]   35:     0x5f221c97266e - std::sys::backtrace::__rust_begin_short_backtrace::h1dfc1c0bf01b5718
[INFO] [stderr]                                at /rustc/6067b36314ab5eb2eb47cecc464545ba58e1ad24/library/std/src/sys/backtrace.rs:152:18
[INFO] [stderr]   36:     0x5f221c972181 - std::rt::lang_start::{{closure}}::h84cfcd219f0a592c
[INFO] [stderr]                                at /rustc/6067b36314ab5eb2eb47cecc464545ba58e1ad24/library/std/src/rt.rs:194:18
[INFO] [stderr]   37:     0x5f221ce41090 - core::ops::function::impls::<impl core::ops::function::FnOnce<A> for &F>::call_once::h1b085b6c1d2518b2
[INFO] [stderr]                                at /rustc/6067b36314ab5eb2eb47cecc464545ba58e1ad24/library/core/src/ops/function.rs:284:13
[INFO] [stderr]   38:     0x5f221ce41090 - std::panicking::try::do_call::h382f964a5a23b565
[INFO] [stderr]                                at /rustc/6067b36314ab5eb2eb47cecc464545ba58e1ad24/library/std/src/panicking.rs:587:40
[INFO] [stderr]   39:     0x5f221ce41090 - std::panicking::try::h57f991055eb622f9
[INFO] [stderr]                                at /rustc/6067b36314ab5eb2eb47cecc464545ba58e1ad24/library/std/src/panicking.rs:550:19
[INFO] [stderr]   40:     0x5f221ce41090 - std::panic::catch_unwind::h4d9a74ef04456343
[INFO] [stderr]                                at /rustc/6067b36314ab5eb2eb47cecc464545ba58e1ad24/library/std/src/panic.rs:358:14
[INFO] [stderr]   41:     0x5f221ce41090 - std::rt::lang_start_internal::{{closure}}::h2faa8ae84a93f314
[INFO] [stderr]                                at /rustc/6067b36314ab5eb2eb47cecc464545ba58e1ad24/library/std/src/rt.rs:163:24
[INFO] [stderr]   42:     0x5f221ce41090 - std::panicking::try::do_call::h0f8932bf638a9bf5
[INFO] [stderr]                                at /rustc/6067b36314ab5eb2eb47cecc464545ba58e1ad24/library/std/src/panicking.rs:587:40
[INFO] [stderr]   43:     0x5f221ce41090 - std::panicking::try::h683416ea756b175d
[INFO] [stderr]                                at /rustc/6067b36314ab5eb2eb47cecc464545ba58e1ad24/library/std/src/panicking.rs:550:19
[INFO] [stderr]   44:     0x5f221ce41090 - std::panic::catch_unwind::h56189fac8994979f
[INFO] [stderr]                                at /rustc/6067b36314ab5eb2eb47cecc464545ba58e1ad24/library/std/src/panic.rs:358:14
[INFO] [stderr]   45:     0x5f221ce41090 - std::rt::lang_start_internal::h8bbc1061691274fe
[INFO] [stderr]                                at /rustc/6067b36314ab5eb2eb47cecc464545ba58e1ad24/library/std/src/rt.rs:159:5
[INFO] [stderr]   46:     0x5f221c972167 - std::rt::lang_start::h6ba2b906c07dd624
[INFO] [stderr]                                at /rustc/6067b36314ab5eb2eb47cecc464545ba58e1ad24/library/std/src/rt.rs:193:5
[INFO] [stderr]   47:     0x5f221c98085e - main
[INFO] [stderr]   48:     0x786d697e5d90 - <unknown>
[INFO] [stderr]   49:     0x786d697e5e40 - __libc_start_main
[INFO] [stderr]   50:     0x5f221c96f3b5 - _start
[INFO] [stderr]   51:                0x0 - <unknown>
[INFO] [stderr] thread caused non-unwinding panic. aborting.
[INFO] [stdout] test cli_log_configuration ... ok
[INFO] [stderr] [2025-01-20T14:33:26Z INFO  caveyd] version: 0.1.0
[INFO] [stderr] [2025-01-20T14:33:26Z INFO  caveyd] engine: kvs
[INFO] [stderr] [2025-01-20T14:33:26Z INFO  caveyd] binding to socket 127.0.0.1:4004
[INFO] [stderr] [2025-01-20T14:33:26Z INFO  caveyd] version: 0.1.0
[INFO] [stderr] [2025-01-20T14:33:26Z INFO  caveyd] engine: kvs
[INFO] [stderr] [2025-01-20T14:33:26Z INFO  caveyd] binding to socket 127.0.0.1:4002
[INFO] [stdout] test cli_access_server_sled_engine ... FAILED
[INFO] [stdout] test cli_access_server_kvs_engine ... ok
[INFO] [stdout] test cli_wrong_engine ... ok
[INFO] [stdout] 
[INFO] [stdout] failures:
[INFO] [stdout] 
[INFO] [stdout] ---- cli_access_server_sled_engine stdout ----
[INFO] [stdout] 
[INFO] [stdout] thread 'cli_access_server_sled_engine' panicked at /opt/rustwide/cargo-home/registry/src/index.crates.io-1949cf8c6b5b557f/assert_cmd-0.11.1/src/assert.rs:154:13:
[INFO] [stdout] Unexpected failure.
[INFO] [stdout] code-1
[INFO] [stdout] stderr=```Error: Os { code: 111, kind: ConnectionRefused, message: "Connection refused" }
[INFO] [stdout] 
[INFO] [stdout] stack backtrace:
[INFO] [stdout]    0: failure::backtrace::internal::InternalBacktrace::new::had2a5c90cc83520f (0x60cf900fd3f9)
[INFO] [stdout]              at src/backtrace/internal.rs:44
[INFO] [stdout]    1: failure::backtrace::Backtrace::new::h61072d15dde3c4ff (0x60cf900fd9c8)
[INFO] [stdout]              at src/backtrace/mod.rs:111
[INFO] [stdout]    2: <failure::error::error_impl::ErrorImpl as core::convert::From<F>>::from::hbceca37c17fc711b (0x60cf9000b39a)
[INFO] [stdout]              at /opt/rustwide/cargo-home/registry/src/index.crates.io-1949cf8c6b5b557f/failure-0.1.5/src/error/error_impl.rs:19
[INFO] [stdout]    3: <failure::error::Error as core::convert::From<F>>::from::h5d6a1f1cc21a3bdc (0x60cf90009c8e)
[INFO] [stdout]              at /opt/rustwide/cargo-home/registry/src/index.crates.io-1949cf8c6b5b557f/failure-0.1.5/src/error/mod.rs:36
[INFO] [stdout]    4: <T as core::convert::Into<U>>::into::h6a3ff0072be44b5c (0x60cf8feceb5e)
[INFO] [stdout]              at /rustc/6067b36314ab5eb2eb47cecc464545ba58e1ad24/library/core/src/convert/mod.rs:761
[INFO] [stdout]    5: cavey::client::CaveyClient::new::{{closure}}::h8765a0d829c05f44 (0x60cf8fecf5d5)
[INFO] [stdout]              at src/client.rs:19
[INFO] [stdout]    6: core::result::Result<T,E>::map_err::h51680e53933587f2 (0x60cf8fece9f8)
[INFO] [stdout]              at /rustc/6067b36314ab5eb2eb47cecc464545ba58e1ad24/library/core/src/result.rs:856
[INFO] [stdout]    7: cavey::client::CaveyClient::new::hfe2c9c8f03b70f6c (0x60cf8fecf5ac)
[INFO] [stdout]              at src/client.rs:17
[INFO] [stdout]    8: cavey::main::h13d694af6b58a86b (0x60cf8fed0148)
[INFO] [stdout]              at src/bin/cavey.rs:37
[INFO] [stdout]    9: core::ops::function::FnOnce::call_once::he52184a91b91272d (0x60cf8fecd86b)
[INFO] [stdout]              at /rustc/6067b36314ab5eb2eb47cecc464545ba58e1ad24/library/core/src/ops/function.rs:250
[INFO] [stdout]   10: std::sys::backtrace::__rust_begin_short_backtrace::hffd512d5a401a324 (0x60cf8fecc85e)
[INFO] [stdout]              at /rustc/6067b36314ab5eb2eb47cecc464545ba58e1ad24/library/std/src/sys/backtrace.rs:152
[INFO] [stdout]   11: std::rt::lang_start::{{closure}}::h6847bece79877c9a (0x60cf8fecc411)
[INFO] [stdout]              at /rustc/6067b36314ab5eb2eb47cecc464545ba58e1ad24/library/std/src/rt.rs:194
[INFO] [stdout]   12: core::ops::function::impls::<impl core::ops::function::FnOnce<A> for &F>::call_once::h1b085b6c1d2518b2 (0x60cf9013ec90)
[INFO] [stdout]              at library/core/src/ops/function.rs:284
[INFO] [stdout]       std::panicking::try::do_call::h382f964a5a23b565
[INFO] [stdout]              at library/std/src/panicking.rs:587
[INFO] [stdout]       std::panicking::try::h57f991055eb622f9
[INFO] [stdout]              at library/std/src/panicking.rs:550
[INFO] [stdout]       std::panic::catch_unwind::h4d9a74ef04456343
[INFO] [stdout]              at library/std/src/panic.rs:358
[INFO] [stdout]       std::rt::lang_start_internal::{{closure}}::h2faa8ae84a93f314
[INFO] [stdout]              at library/std/src/rt.rs:163
[INFO] [stdout]       std::panicking::try::do_call::h0f8932bf638a9bf5
[INFO] [stdout]              at library/std/src/panicking.rs:587
[INFO] [stdout]       std::panicking::try::h683416ea756b175d
[INFO] [stdout]              at library/std/src/panicking.rs:550
[INFO] [stdout]       std::panic::catch_unwind::h56189fac8994979f
[INFO] [stdout]              at library/std/src/panic.rs:358
[INFO] [stdout]       std::rt::lang_start_internal::h8bbc1061691274fe
[INFO] [stdout]              at library/std/src/rt.rs:159
[INFO] [stdout]   13: std::rt::lang_start::h2d84049adf808978 (0x60cf8fecc3f7)
[INFO] [stdout]              at /rustc/6067b36314ab5eb2eb47cecc464545ba58e1ad24/library/std/src/rt.rs:193
[INFO] [stdout]   14: main (0x60cf8fed200e)
[INFO] [stdout]   15: <unknown> (0x7239abef7d90)
[INFO] [stdout]   16: __libc_start_main (0x7239abef7e40)
[INFO] [stdout]   17: _start (0x60cf8fecc055)
[INFO] [stdout]   18: <unknown> (0x0)
[INFO] [stdout] ```
[INFO] [stdout] command=`cd "/tmp/.tmpnrF0Cy" && "/opt/rustwide/target/debug/cavey" "--addr" "127.0.0.1:4005" "put" "key1" "value1"`
[INFO] [stdout] code=1
[INFO] [stdout] stdout=``````
[INFO] [stdout] stderr=```Error: Os { code: 111, kind: ConnectionRefused, message: "Connection refused" }
[INFO] [stdout] 
[INFO] [stdout] stack backtrace:
[INFO] [stdout]    0: failure::backtrace::internal::InternalBacktrace::new::had2a5c90cc83520f (0x60cf900fd3f9)
[INFO] [stdout]              at src/backtrace/internal.rs:44
[INFO] [stdout]    1: failure::backtrace::Backtrace::new::h61072d15dde3c4ff (0x60cf900fd9c8)
[INFO] [stdout]              at src/backtrace/mod.rs:111
[INFO] [stdout]    2: <failure::error::error_impl::ErrorImpl as core::convert::From<F>>::from::hbceca37c17fc711b (0x60cf9000b39a)
[INFO] [stdout]              at /opt/rustwide/cargo-home/registry/src/index.crates.io-1949cf8c6b5b557f/failure-0.1.5/src/error/error_impl.rs:19
[INFO] [stdout]    3: <failure::error::Error as core::convert::From<F>>::from::h5d6a1f1cc21a3bdc (0x60cf90009c8e)
[INFO] [stdout]              at /opt/rustwide/cargo-home/registry/src/index.crates.io-1949cf8c6b5b557f/failure-0.1.5/src/error/mod.rs:36
[INFO] [stdout]    4: <T as core::convert::Into<U>>::into::h6a3ff0072be44b5c (0x60cf8feceb5e)
[INFO] [stdout]              at /rustc/6067b36314ab5eb2eb47cecc464545ba58e1ad24/library/core/src/convert/mod.rs:761
[INFO] [stdout]    5: cavey::client::CaveyClient::new::{{closure}}::h8765a0d829c05f44 (0x60cf8fecf5d5)
[INFO] [stdout]              at src/client.rs:19
[INFO] [stdout]    6: core::result::Result<T,E>::map_err::h51680e53933587f2 (0x60cf8fece9f8)
[INFO] [stdout]              at /rustc/6067b36314ab5eb2eb47cecc464545ba58e1ad24/library/core/src/result.rs:856
[INFO] [stdout]    7: cavey::client::CaveyClient::new::hfe2c9c8f03b70f6c (0x60cf8fecf5ac)
[INFO] [stdout]              at src/client.rs:17
[INFO] [stdout]    8: cavey::main::h13d694af6b58a86b (0x60cf8fed0148)
[INFO] [stdout]              at src/bin/cavey.rs:37
[INFO] [stdout]    9: core::ops::function::FnOnce::call_once::he52184a91b91272d (0x60cf8fecd86b)
[INFO] [stdout]              at /rustc/6067b36314ab5eb2eb47cecc464545ba58e1ad24/library/core/src/ops/function.rs:250
[INFO] [stdout]   10: std::sys::backtrace::__rust_begin_short_backtrace::hffd512d5a401a324 (0x60cf8fecc85e)
[INFO] [stdout]              at /rustc/6067b36314ab5eb2eb47cecc464545ba58e1ad24/library/std/src/sys/backtrace.rs:152
[INFO] [stdout]   11: std::rt::lang_start::{{closure}}::h6847bece79877c9a (0x60cf8fecc411)
[INFO] [stdout]              at /rustc/6067b36314ab5eb2eb47cecc464545ba58e1ad24/library/std/src/rt.rs:194
[INFO] [stdout]   12: core::ops::function::impls::<impl core::ops::function::FnOnce<A> for &F>::call_once::h1b085b6c1d2518b2 (0x60cf9013ec90)
[INFO] [stdout]              at library/core/src/ops/function.rs:284
[INFO] [stdout]       std::panicking::try::do_call::h382f964a5a23b565
[INFO] [stdout]              at library/std/src/panicking.rs:587
[INFO] [stdout]       std::panicking::try::h57f991055eb622f9
[INFO] [stdout]              at library/std/src/panicking.rs:550
[INFO] [stdout]       std::panic::catch_unwind::h4d9a74ef04456343
[INFO] [stdout]              at library/std/src/panic.rs:358
[INFO] [stdout]       std::rt::lang_start_internal::{{closure}}::h2faa8ae84a93f314
[INFO] [stdout]              at library/std/src/rt.rs:163
[INFO] [stdout]       std::panicking::try::do_call::h0f8932bf638a9bf5
[INFO] [stdout]              at library/std/src/panicking.rs:587
[INFO] [stdout]       std::panicking::try::h683416ea756b175d
[INFO] [stdout]              at library/std/src/panicking.rs:550
[INFO] [stdout]       std::panic::catch_unwind::h56189fac8994979f
[INFO] [stdout]              at library/std/src/panic.rs:358
[INFO] [stdout]       std::rt::lang_start_internal::h8bbc1061691274fe
[INFO] [stdout]              at library/std/src/rt.rs:159
[INFO] [stdout]   13: std::rt::lang_start::h2d84049adf808978 (0x60cf8fecc3f7)
[INFO] [stdout]              at /rustc/6067b36314ab5eb2eb47cecc464545ba58e1ad24/library/std/src/rt.rs:193
[INFO] [stdout]   14: main (0x60cf8fed200e)
[INFO] [stdout]   15: <unknown> (0x7239abef7d90)
[INFO] [stdout]   16: __libc_start_main (0x7239abef7e40)
[INFO] [stdout]   17: _start (0x60cf8fecc055)
[INFO] [stdout]   18: <unknown> (0x0)
[INFO] [stdout] ```
[INFO] [stdout] 
[INFO] [stdout] stack backtrace:
[INFO] [stdout]    0:     0x565c1a996c0a - std::backtrace_rs::backtrace::libunwind::trace::hb059275cfc8d6126
[INFO] [stdout]                                at /rustc/6067b36314ab5eb2eb47cecc464545ba58e1ad24/library/std/src/../../backtrace/src/backtrace/libunwind.rs:116:5
[INFO] [stdout]    1:     0x565c1a996c0a - std::backtrace_rs::backtrace::trace_unsynchronized::h2da071e4327ce3ee
[INFO] [stdout]                                at /rustc/6067b36314ab5eb2eb47cecc464545ba58e1ad24/library/std/src/../../backtrace/src/backtrace/mod.rs:66:5
[INFO] [stdout]    2:     0x565c1a996c0a - std::sys::backtrace::_print_fmt::h842a1474e6f8d23f
[INFO] [stdout]                                at /rustc/6067b36314ab5eb2eb47cecc464545ba58e1ad24/library/std/src/sys/backtrace.rs:66:9
[INFO] [stdout]    3:     0x565c1a996c0a - <std::sys::backtrace::BacktraceLock::print::DisplayBacktrace as core::fmt::Display>::fmt::h71a62eb3b9696b12
[INFO] [stdout]                                at /rustc/6067b36314ab5eb2eb47cecc464545ba58e1ad24/library/std/src/sys/backtrace.rs:39:26
[INFO] [stdout]    4:     0x565c1a9bfdd3 - core::fmt::rt::Argument::fmt::hdb6b616786b41dc1
[INFO] [stdout]                                at /rustc/6067b36314ab5eb2eb47cecc464545ba58e1ad24/library/core/src/fmt/rt.rs:177:76
[INFO] [stdout]    5:     0x565c1a9bfdd3 - core::fmt::write::h2cc1698af7e2d686
[INFO] [stdout]                                at /rustc/6067b36314ab5eb2eb47cecc464545ba58e1ad24/library/core/src/fmt/mod.rs:1440:21
[INFO] [stdout]    6:     0x565c1a993203 - std::io::Write::write_fmt::hab1b4cd059a79022
[INFO] [stdout]                                at /rustc/6067b36314ab5eb2eb47cecc464545ba58e1ad24/library/std/src/io/mod.rs:1887:15
[INFO] [stdout]    7:     0x565c1a996a52 - std::sys::backtrace::BacktraceLock::print::h147fe35b4ea13b08
[INFO] [stdout]                                at /rustc/6067b36314ab5eb2eb47cecc464545ba58e1ad24/library/std/src/sys/backtrace.rs:42:9
[INFO] [stdout]    8:     0x565c1a9980af - std::panicking::default_hook::{{closure}}::hbd44223dbdc0d208
[INFO] [stdout]                                at /rustc/6067b36314ab5eb2eb47cecc464545ba58e1ad24/library/std/src/panicking.rs:298:22
[INFO] [stdout]    9:     0x565c1a997ec8 - std::panicking::default_hook::h20f81eb0576efcec
[INFO] [stdout]                                at /rustc/6067b36314ab5eb2eb47cecc464545ba58e1ad24/library/std/src/panicking.rs:322:9
[INFO] [stdout]   10:     0x565c1a912b43 - <alloc::boxed::Box<F,A> as core::ops::function::Fn<Args>>::call::hdb53814c496a4d34
[INFO] [stdout]                                at /rustc/6067b36314ab5eb2eb47cecc464545ba58e1ad24/library/alloc/src/boxed.rs:2027:9
[INFO] [stdout]   11:     0x565c1a912b43 - test::test_main::{{closure}}::hc0a4963c59427c24
[INFO] [stdout]                                at /rustc/6067b36314ab5eb2eb47cecc464545ba58e1ad24/library/test/src/lib.rs:134:21
[INFO] [stdout]   12:     0x565c1a998ba3 - <alloc::boxed::Box<F,A> as core::ops::function::Fn<Args>>::call::h591b2225413a77e9
[INFO] [stdout]                                at /rustc/6067b36314ab5eb2eb47cecc464545ba58e1ad24/library/alloc/src/boxed.rs:2027:9
[INFO] [stdout]   13:     0x565c1a998ba3 - std::panicking::rust_panic_with_hook::h625eea43051b2edc
[INFO] [stdout]                                at /rustc/6067b36314ab5eb2eb47cecc464545ba58e1ad24/library/std/src/panicking.rs:839:13
[INFO] [stdout]   14:     0x565c1a99885a - std::panicking::begin_panic_handler::{{closure}}::h4f9159cfbc3f6bd3
[INFO] [stdout]                                at /rustc/6067b36314ab5eb2eb47cecc464545ba58e1ad24/library/std/src/panicking.rs:704:13
[INFO] [stdout]   15:     0x565c1a997109 - std::sys::backtrace::__rust_end_short_backtrace::h0390abce48353151
[INFO] [stdout]                                at /rustc/6067b36314ab5eb2eb47cecc464545ba58e1ad24/library/std/src/sys/backtrace.rs:168:18
[INFO] [stdout]   16:     0x565c1a9984ed - rust_begin_unwind
[INFO] [stdout]                                at /rustc/6067b36314ab5eb2eb47cecc464545ba58e1ad24/library/std/src/panicking.rs:695:5
[INFO] [stdout]   17:     0x565c1a9be4a0 - core::panicking::panic_fmt::h9e7c637e9e5f29c9
[INFO] [stdout]                                at /rustc/6067b36314ab5eb2eb47cecc464545ba58e1ad24/library/core/src/panicking.rs:75:14
[INFO] [stdout]   18:     0x565c1a945462 - assert_cmd::assert::Assert::success::h32add672d2b75e29
[INFO] [stdout]                                at /opt/rustwide/cargo-home/registry/src/index.crates.io-1949cf8c6b5b557f/assert_cmd-0.11.1/src/assert.rs:154:13
[INFO] [stdout]   19:     0x565c1a8c998c - cli::cli_access_server::h57e4ae2aad1df96a
[INFO] [stdout]                                at /opt/rustwide/workdir/tests/cli.rs:230:5
[INFO] [stdout]   20:     0x565c1a8cfc9e - cli::cli_access_server_sled_engine::hb764f1c25ec0527e
[INFO] [stdout]                                at /opt/rustwide/workdir/tests/cli.rs:346:5
[INFO] [stdout]   21:     0x565c1a8cfc67 - cli::cli_access_server_sled_engine::{{closure}}::hab97733a5bd62896
[INFO] [stdout]                                at /opt/rustwide/workdir/tests/cli.rs:345:35
[INFO] [stdout]   22:     0x565c1a8c24a6 - core::ops::function::FnOnce::call_once::had3ad8dc37beb7bb
[INFO] [stdout]                                at /rustc/6067b36314ab5eb2eb47cecc464545ba58e1ad24/library/core/src/ops/function.rs:250:5
[INFO] [stdout]   23:     0x565c1a91829b - core::ops::function::FnOnce::call_once::he27718dfdd183f43
[INFO] [stdout]                                at /rustc/6067b36314ab5eb2eb47cecc464545ba58e1ad24/library/core/src/ops/function.rs:250:5
[INFO] [stdout]   24:     0x565c1a91829b - test::__rust_begin_short_backtrace::h4e84902998457a5d
[INFO] [stdout]                                at /rustc/6067b36314ab5eb2eb47cecc464545ba58e1ad24/library/test/src/lib.rs:632:18
[INFO] [stdout]   25:     0x565c1a9171d3 - test::run_test_in_process::{{closure}}::h7176fd18fc1feca0
[INFO] [stdout]                                at /rustc/6067b36314ab5eb2eb47cecc464545ba58e1ad24/library/test/src/lib.rs:655:60
[INFO] [stdout]   26:     0x565c1a9171d3 - <core::panic::unwind_safe::AssertUnwindSafe<F> as core::ops::function::FnOnce<()>>::call_once::hf79cff2a624d8cf7
[INFO] [stdout]                                at /rustc/6067b36314ab5eb2eb47cecc464545ba58e1ad24/library/core/src/panic/unwind_safe.rs:272:9
[INFO] [stdout]   27:     0x565c1a9171d3 - std::panicking::try::do_call::h3da0561d9ab99c25
[INFO] [stdout]                                at /rustc/6067b36314ab5eb2eb47cecc464545ba58e1ad24/library/std/src/panicking.rs:587:40
[INFO] [stdout]   28:     0x565c1a9171d3 - std::panicking::try::h41c9fa508bc61df6
[INFO] [stdout]                                at /rustc/6067b36314ab5eb2eb47cecc464545ba58e1ad24/library/std/src/panicking.rs:550:19
[INFO] [stdout]   29:     0x565c1a9171d3 - std::panic::catch_unwind::h6b3ff07bb5afad93
[INFO] [stdout]                                at /rustc/6067b36314ab5eb2eb47cecc464545ba58e1ad24/library/std/src/panic.rs:358:14
[INFO] [stdout]   30:     0x565c1a9171d3 - test::run_test_in_process::hc7253dd11b39b9f4
[INFO] [stdout]                                at /rustc/6067b36314ab5eb2eb47cecc464545ba58e1ad24/library/test/src/lib.rs:655:27
[INFO] [stdout]   31:     0x565c1a9171d3 - test::run_test::{{closure}}::hfb2007f8649c30bb
[INFO] [stdout]                                at /rustc/6067b36314ab5eb2eb47cecc464545ba58e1ad24/library/test/src/lib.rs:576:43
[INFO] [stdout]   32:     0x565c1a8da2b5 - test::run_test::{{closure}}::h56a17aa7a282a9f4
[INFO] [stdout]                                at /rustc/6067b36314ab5eb2eb47cecc464545ba58e1ad24/library/test/src/lib.rs:606:41
[INFO] [stdout]   33:     0x565c1a8da2b5 - std::sys::backtrace::__rust_begin_short_backtrace::hd2d2d2fb8e8c6aac
[INFO] [stdout]                                at /rustc/6067b36314ab5eb2eb47cecc464545ba58e1ad24/library/std/src/sys/backtrace.rs:152:18
[INFO] [stdout]   34:     0x565c1a8ddb9a - std::thread::Builder::spawn_unchecked_::{{closure}}::{{closure}}::h4faa3f9db6133423
[INFO] [stdout]                                at /rustc/6067b36314ab5eb2eb47cecc464545ba58e1ad24/library/std/src/thread/mod.rs:559:17
[INFO] [stdout]   35:     0x565c1a8ddb9a - <core::panic::unwind_safe::AssertUnwindSafe<F> as core::ops::function::FnOnce<()>>::call_once::hf2e855a36a4ea846
[INFO] [stdout]                                at /rustc/6067b36314ab5eb2eb47cecc464545ba58e1ad24/library/core/src/panic/unwind_safe.rs:272:9
[INFO] [stdout]   36:     0x565c1a8ddb9a - std::panicking::try::do_call::h2f73af3616c35465
[INFO] [stdout]                                at /rustc/6067b36314ab5eb2eb47cecc464545ba58e1ad24/library/std/src/panicking.rs:587:40
[INFO] [stdout]   37:     0x565c1a8ddb9a - std::panicking::try::hd1660ce9efadef5a
[INFO] [stdout]                                at /rustc/6067b36314ab5eb2eb47cecc464545ba58e1ad24/library/std/src/panicking.rs:550:19
[INFO] [stdout]   38:     0x565c1a8ddb9a - std::panic::catch_unwind::h5ee8d7823b8ca744
[INFO] [stdout]                                at /rustc/6067b36314ab5eb2eb47cecc464545ba58e1ad24/library/std/src/panic.rs:358:14
[INFO] [stdout]   39:     0x565c1a8ddb9a - std::thread::Builder::spawn_unchecked_::{{closure}}::h53c3a1894dce8407
[INFO] [stdout]                                at /rustc/6067b36314ab5eb2eb47cecc464545ba58e1ad24/library/std/src/thread/mod.rs:557:30
[INFO] [stdout]   40:     0x565c1a8ddb9a - core::ops::function::FnOnce::call_once{{vtable.shim}}::h048ce291ad4f62bf
[INFO] [stdout]                                at /rustc/6067b36314ab5eb2eb47cecc464545ba58e1ad24/library/core/src/ops/function.rs:250:5
[INFO] [stdout]   41:     0x565c1a99dfdb - <alloc::boxed::Box<F,A> as core::ops::function::FnOnce<Args>>::call_once::ha52bedf99a3b4981
[INFO] [stdout]                                at /rustc/6067b36314ab5eb2eb47cecc464545ba58e1ad24/library/alloc/src/boxed.rs:2013:9
[INFO] [stdout]   42:     0x565c1a99dfdb - <alloc::boxed::Box<F,A> as core::ops::function::FnOnce<Args>>::call_once::h567748934d80ccf8
[INFO] [stdout]                                at /rustc/6067b36314ab5eb2eb47cecc464545ba58e1ad24/library/alloc/src/boxed.rs:2013:9
[INFO] [stdout]   43:     0x565c1a99dfdb - std::sys::pal::unix::thread::Thread::new::thread_start::h2d970728ae887adc
[INFO] [stdout]                                at /rustc/6067b36314ab5eb2eb47cecc464545ba58e1ad24/library/std/src/sys/pal/unix/thread.rs:106:17
[INFO] [stdout]   44:     0x70c9ce925ac3 - <unknown>
[INFO] [stdout]   45:     0x70c9ce9b6a04 - clone
[INFO] [stdout]   46:                0x0 - <unknown>
[INFO] [stdout] 
[INFO] [stdout] 
[INFO] [stdout] failures:
[INFO] [stdout]     cli_access_server_sled_engine
[INFO] [stdout] 
[INFO] [stdout] test result: FAILED. 10 passed; 1 failed; 0 ignored; 0 measured; 0 filtered out; finished in 2.57s
[INFO] [stdout] 
[INFO] [stderr] error: test failed, to rerun pass `--test cli`
[INFO] running `Command { std: "docker" "inspect" "761f17a7edc01c070799b5dba6b492fb0a7fddc54b515350ff63205feec1cf54", kill_on_drop: false }`
[INFO] running `Command { std: "docker" "rm" "-f" "761f17a7edc01c070799b5dba6b492fb0a7fddc54b515350ff63205feec1cf54", kill_on_drop: false }`
[INFO] [stdout] 761f17a7edc01c070799b5dba6b492fb0a7fddc54b515350ff63205feec1cf54
