[INFO] cloning repository https://github.com/jbiason/tin
[INFO] running `Command { std: "git" "-c" "credential.helper=" "-c" "credential.helper=/workspace/cargo-home/bin/git-credential-null" "clone" "--bare" "https://github.com/jbiason/tin" "/workspace/cache/git-repos/https%3A%2F%2Fgithub.com%2Fjbiason%2Ftin", kill_on_drop: false }`
[INFO] [stderr] Cloning into bare repository '/workspace/cache/git-repos/https%3A%2F%2Fgithub.com%2Fjbiason%2Ftin'...
[INFO] running `Command { std: "git" "rev-parse" "HEAD", kill_on_drop: false }`
[INFO] [stdout] 61b53092d817ef690d0f68c53776a9d0c267c367
[INFO] testing jbiason/tin against nightly-2025-01-18+rustflags=-Zrandomize-layout for randomize-layout-2
[INFO] running `Command { std: "git" "clone" "/workspace/cache/git-repos/https%3A%2F%2Fgithub.com%2Fjbiason%2Ftin" "/workspace/builds/worker-2-tc2/source", kill_on_drop: false }`
[INFO] [stderr] Cloning into '/workspace/builds/worker-2-tc2/source'...
[INFO] [stderr] done.
[INFO] validating manifest of git repo https://github.com/jbiason/tin on toolchain nightly-2025-01-18
[INFO] running `Command { std: CARGO_HOME="/workspace/cargo-home" RUSTUP_HOME="/workspace/rustup-home" "/workspace/cargo-home/bin/cargo" "+nightly-2025-01-18" "metadata" "--manifest-path" "Cargo.toml" "--no-deps", kill_on_drop: false }`
[INFO] started tweaking git repo https://github.com/jbiason/tin
[INFO] finished tweaking git repo https://github.com/jbiason/tin
[INFO] tweaked toml for git repo https://github.com/jbiason/tin written to /workspace/builds/worker-2-tc2/source/Cargo.toml
[INFO] crate git repo https://github.com/jbiason/tin already has a lockfile, it will not be regenerated
[INFO] running `Command { std: CARGO_HOME="/workspace/cargo-home" RUSTUP_HOME="/workspace/rustup-home" "/workspace/cargo-home/bin/cargo" "+nightly-2025-01-18" "fetch" "--manifest-path" "Cargo.toml", kill_on_drop: false }`
[INFO] running `Command { std: "docker" "create" "-v" "/var/lib/crater-agent-workspace/builds/worker-2-tc2/target:/opt/rustwide/target:rw,Z" "-v" "/var/lib/crater-agent-workspace/builds/worker-2-tc2/source:/opt/rustwide/workdir:ro,Z" "-v" "/var/lib/crater-agent-workspace/cargo-home:/opt/rustwide/cargo-home:ro,Z" "-v" "/var/lib/crater-agent-workspace/rustup-home:/opt/rustwide/rustup-home:ro,Z" "-e" "SOURCE_DIR=/opt/rustwide/workdir" "-e" "CARGO_TARGET_DIR=/opt/rustwide/target" "-e" "CARGO_HOME=/opt/rustwide/cargo-home" "-e" "RUSTUP_HOME=/opt/rustwide/rustup-home" "-w" "/opt/rustwide/workdir" "-m" "1610612736" "--user" "0:0" "--network" "none" "ghcr.io/rust-lang/crates-build-env/linux@sha256:819108c5571ea2e421544af4d832f968d213c87fbe3707a016657f43d2f853bc" "/opt/rustwide/cargo-home/bin/cargo" "+nightly-2025-01-18" "metadata" "--no-deps" "--format-version=1", kill_on_drop: false }`
[INFO] [stdout] 04882779d654ee4b1a75f49e66a7092d79f61d87ec6e73d286b9b5097849c4e0
[INFO] running `Command { std: "docker" "start" "-a" "04882779d654ee4b1a75f49e66a7092d79f61d87ec6e73d286b9b5097849c4e0", kill_on_drop: false }`
[INFO] running `Command { std: "docker" "inspect" "04882779d654ee4b1a75f49e66a7092d79f61d87ec6e73d286b9b5097849c4e0", kill_on_drop: false }`
[INFO] running `Command { std: "docker" "rm" "-f" "04882779d654ee4b1a75f49e66a7092d79f61d87ec6e73d286b9b5097849c4e0", kill_on_drop: false }`
[INFO] [stdout] 04882779d654ee4b1a75f49e66a7092d79f61d87ec6e73d286b9b5097849c4e0
[INFO] running `Command { std: "docker" "create" "-v" "/var/lib/crater-agent-workspace/builds/worker-2-tc2/target:/opt/rustwide/target:rw,Z" "-v" "/var/lib/crater-agent-workspace/builds/worker-2-tc2/source:/opt/rustwide/workdir:ro,Z" "-v" "/var/lib/crater-agent-workspace/cargo-home:/opt/rustwide/cargo-home:ro,Z" "-v" "/var/lib/crater-agent-workspace/rustup-home:/opt/rustwide/rustup-home:ro,Z" "-e" "SOURCE_DIR=/opt/rustwide/workdir" "-e" "CARGO_TARGET_DIR=/opt/rustwide/target" "-e" "CARGO_INCREMENTAL=0" "-e" "RUST_BACKTRACE=full" "-e" "RUSTFLAGS=--cap-lints=forbid -Zrandomize-layout" "-e" "RUSTDOCFLAGS=--cap-lints=forbid" "-e" "CARGO_HOME=/opt/rustwide/cargo-home" "-e" "RUSTUP_HOME=/opt/rustwide/rustup-home" "-w" "/opt/rustwide/workdir" "-m" "1610612736" "--user" "0:0" "--network" "none" "ghcr.io/rust-lang/crates-build-env/linux@sha256:819108c5571ea2e421544af4d832f968d213c87fbe3707a016657f43d2f853bc" "/opt/rustwide/cargo-home/bin/cargo" "+nightly-2025-01-18" "build" "--frozen" "--message-format=json", kill_on_drop: false }`
[INFO] [stdout] 0ba2f86a10cc825f7114033620531c292d87747a85e04c2e91bc69518b24de84
[INFO] running `Command { std: "docker" "start" "-a" "0ba2f86a10cc825f7114033620531c292d87747a85e04c2e91bc69518b24de84", kill_on_drop: false }`
[INFO] [stderr]    Compiling libc v0.2.100
[INFO] [stderr]    Compiling cfg-if v1.0.0
[INFO] [stderr]    Compiling autocfg v1.0.1
[INFO] [stderr]    Compiling proc-macro2 v1.0.28
[INFO] [stderr]    Compiling unicode-xid v0.2.2
[INFO] [stderr]    Compiling syn v1.0.75
[INFO] [stderr]    Compiling version_check v0.9.3
[INFO] [stderr]    Compiling memchr v2.4.1
[INFO] [stderr]    Compiling cc v1.0.69
[INFO] [stderr]    Compiling once_cell v1.8.0
[INFO] [stderr]    Compiling log v0.4.14
[INFO] [stderr]    Compiling futures-core v0.3.16
[INFO] [stderr]    Compiling pin-project-lite v0.2.7
[INFO] [stderr]    Compiling untrusted v0.7.1
[INFO] [stderr]    Compiling spin v0.5.2
[INFO] [stderr]    Compiling proc-macro-hack v0.5.19
[INFO] [stderr]    Compiling typenum v1.13.0
[INFO] [stderr]    Compiling futures-channel v0.3.16
[INFO] [stderr]    Compiling radium v0.5.3
[INFO] [stderr]    Compiling proc-macro-nested v0.1.7
[INFO] [stderr]    Compiling tinyvec_macros v0.1.0
[INFO] [stderr]    Compiling futures-task v0.3.16
[INFO] [stderr]    Compiling ryu v1.0.5
[INFO] [stderr]    Compiling tinyvec v1.3.1
[INFO] [stderr]    Compiling lexical-core v0.7.6
[INFO] [stderr]    Compiling bytes v1.0.1
[INFO] [stderr]    Compiling crossbeam-utils v0.8.5
[INFO] [stderr]    Compiling futures-macro v0.3.16
[INFO] [stderr]    Compiling generic-array v0.14.4
[INFO] [stderr]    Compiling tokio v1.10.0
[INFO] [stderr]    Compiling num-traits v0.2.14
[INFO] [stderr]    Compiling ahash v0.7.4
[INFO] [stderr]    Compiling futures-util v0.3.16
[INFO] [stderr]    Compiling lazy_static v1.4.0
[INFO] [stderr]    Compiling futures-sink v0.3.16
[INFO] [stderr]    Compiling nom v6.1.2
[INFO] [stderr]    Compiling num-integer v0.1.44
[INFO] [stderr]    Compiling aho-corasick v0.7.18
[INFO] [stderr]    Compiling quote v1.0.9
[INFO] [stderr]    Compiling mio v0.7.13
[INFO] [stderr]    Compiling num_cpus v1.13.0
[INFO] [stderr]    Compiling getrandom v0.2.3
[INFO] [stderr]    Compiling instant v0.1.10
[INFO] [stderr]    Compiling static_assertions v1.1.0
[INFO] [stderr]    Compiling pkg-config v0.3.19
[INFO] [stderr]    Compiling matches v0.1.9
[INFO] [stderr]    Compiling arrayvec v0.5.2
[INFO] [stderr]    Compiling scopeguard v1.1.0
[INFO] [stderr]    Compiling tap v1.0.1
[INFO] [stderr]    Compiling bitflags v1.3.2
[INFO] [stderr]    Compiling funty v1.1.0
[INFO] [stderr]    Compiling regex-syntax v0.6.25
[INFO] [stderr]    Compiling futures-io v0.3.16
[INFO] [stderr]    Compiling slab v0.4.4
[INFO] [stderr]    Compiling smallvec v1.6.1
[INFO] [stderr]    Compiling ring v0.16.20
[INFO] [stderr]    Compiling wyz v0.2.0
[INFO] [stderr]    Compiling unicode-bidi v0.3.6
[INFO] [stderr]    Compiling unicode-normalization v0.1.19
[INFO] [stderr]    Compiling pin-utils v0.1.0
[INFO] [stderr]    Compiling base64 v0.13.0
[INFO] [stderr]    Compiling parking_lot_core v0.8.3
[INFO] [stderr]    Compiling bitvec v0.19.5
[INFO] [stderr]    Compiling libsqlite3-sys v0.22.2
[INFO] [stderr]    Compiling lock_api v0.4.4
[INFO] [stderr]    Compiling whoami v1.1.3
[INFO] [stderr]    Compiling crossbeam-queue v0.3.2
[INFO] [stderr]    Compiling percent-encoding v2.1.0
[INFO] [stderr]    Compiling form_urlencoded v1.0.1
[INFO] [stderr]    Compiling digest v0.9.0
[INFO] [stderr]    Compiling block-buffer v0.9.0
[INFO] [stderr]    Compiling hashbrown v0.11.2
[INFO] [stderr]    Compiling parking_lot v0.11.1
[INFO] [stderr]    Compiling cpufeatures v0.1.5
[INFO] [stderr]    Compiling unicode_categories v0.1.1
[INFO] [stderr]    Compiling strsim v0.9.3
[INFO] [stderr]    Compiling idna v0.2.3
[INFO] [stderr]    Compiling maplit v1.0.2
[INFO] [stderr]    Compiling ident_case v1.0.1
[INFO] [stderr]    Compiling opaque-debug v0.3.0
[INFO] [stderr]    Compiling crc-catalog v1.1.1
[INFO] [stderr]    Compiling fnv v1.0.7
[INFO] [stderr]    Compiling crc v2.0.0
[INFO] [stderr]    Compiling sha2 v0.9.5
[INFO] [stderr]    Compiling chrono v0.4.19
[INFO] [stderr]    Compiling stringprep v0.1.2
[INFO] [stderr]    Compiling futures-intrusive v0.4.0
[INFO] [stderr]    Compiling crossbeam-channel v0.5.1
[INFO] [stderr]    Compiling hashlink v0.7.0
[INFO] [stderr]    Compiling atoi v0.4.0
[INFO] [stderr]    Compiling hex v0.4.3
[INFO] [stderr]    Compiling itoa v0.4.8
[INFO] [stderr]    Compiling either v1.6.1
[INFO] [stderr]    Compiling unicode-segmentation v1.8.0
[INFO] [stderr]    Compiling byteorder v1.4.3
[INFO] [stderr]    Compiling async-trait v0.1.51
[INFO] [stderr]    Compiling dotenv v0.15.0
[INFO] [stderr]    Compiling dirs-sys v0.3.6
[INFO] [stderr]    Compiling url v2.2.2
[INFO] [stderr]    Compiling heck v0.3.3
[INFO] [stderr]    Compiling atty v0.2.14
[INFO] [stderr]    Compiling termcolor v1.1.2
[INFO] [stderr]    Compiling humantime v2.1.0
[INFO] [stderr]    Compiling directories v3.0.2
[INFO] [stderr]    Compiling regex v1.5.4
[INFO] [stderr]    Compiling webpki v0.21.4
[INFO] [stderr]    Compiling sct v0.6.1
[INFO] [stderr]    Compiling rustls v0.19.1
[INFO] [stderr]    Compiling webpki-roots v0.21.1
[INFO] [stderr]    Compiling env_logger v0.8.4
[INFO] [stderr]    Compiling sqlformat v0.1.6
[INFO] [stderr]    Compiling darling_core v0.10.2
[INFO] [stderr]    Compiling tokio-macros v1.3.0
[INFO] [stderr]    Compiling thiserror-impl v1.0.26
[INFO] [stderr]    Compiling thiserror v1.0.26
[INFO] [stderr]    Compiling darling_macro v0.10.2
[INFO] [stderr]    Compiling darling v0.10.2
[INFO] [stderr]    Compiling log-derive v0.4.1
[INFO] [stderr]    Compiling futures-executor v0.3.16
[INFO] [stderr]    Compiling futures v0.3.16
[INFO] [stderr]    Compiling tokio-rustls v0.22.0
[INFO] [stderr]    Compiling tokio-stream v0.1.7
[INFO] [stderr]    Compiling sqlx-rt v0.5.7
[INFO] [stderr]    Compiling sqlx-core v0.5.7
[INFO] [stderr]    Compiling sqlx-macros v0.5.7
[INFO] [stderr]    Compiling sqlx v0.5.7
[INFO] [stderr]    Compiling lib v0.1.0 (/opt/rustwide/workdir/lib)
[INFO] [stdout] warning: elided lifetime has a name
[INFO] [stdout]   --> lib/src/domain/command.rs:29:39
[INFO] [stdout]    |
[INFO] [stdout] 29 |     async fn execute(&self) -> Result<&T, CommandError>;
[INFO] [stdout]    |              --------------           ^ this elided lifetime gets resolved as `'life0`
[INFO] [stdout]    |              |
[INFO] [stdout]    |              lifetime `'life0` declared here
[INFO] [stdout]    |
[INFO] [stdout]    = note: `#[warn(elided_named_lifetimes)]` on by default
[INFO] [stdout] 
[INFO] [stdout] 
[INFO] [stdout] warning: unused import: `std::fs`
[INFO] [stdout]   --> lib/src/domain/project/create.rs:19:5
[INFO] [stdout]    |
[INFO] [stdout] 19 | use std::fs;
[INFO] [stdout]    |     ^^^^^^^
[INFO] [stdout]    |
[INFO] [stdout]    = note: `#[warn(unused_imports)]` on by default
[INFO] [stdout] 
[INFO] [stdout] 
[INFO] [stdout] warning: elided lifetime has a name
[INFO] [stdout]   --> lib/src/domain/project/create.rs:41:39
[INFO] [stdout]    |
[INFO] [stdout] 41 |     async fn execute(&self) -> Result<&Project, CommandError> {
[INFO] [stdout]    |              --------------           ^ this elided lifetime gets resolved as `'life0`
[INFO] [stdout]    |              |
[INFO] [stdout]    |              lifetime `'life0` declared here
[INFO] [stdout] 
[INFO] [stdout] 
[INFO] [stdout] warning: function `connect` is never used
[INFO] [stdout]   --> lib/src/database.rs:28:14
[INFO] [stdout]    |
[INFO] [stdout] 28 | pub async fn connect() -> Result<Pool<Sqlite>, sqlx::Error> {
[INFO] [stdout]    |              ^^^^^^^
[INFO] [stdout]    |
[INFO] [stdout]    = note: `#[warn(dead_code)]` on by default
[INFO] [stdout] 
[INFO] [stdout] 
[INFO] [stdout] warning: function `connect_with` is never used
[INFO] [stdout]   --> lib/src/database.rs:32:14
[INFO] [stdout]    |
[INFO] [stdout] 32 | pub async fn connect_with(filename: &Path) -> Result<Pool<Sqlite>, sqlx::Error> {
[INFO] [stdout]    |              ^^^^^^^^^^^^
[INFO] [stdout] 
[INFO] [stdout] 
[INFO] [stdout] warning: function `default_filename` is never used
[INFO] [stdout]   --> lib/src/database.rs:47:4
[INFO] [stdout]    |
[INFO] [stdout] 47 | fn default_filename() -> PathBuf {
[INFO] [stdout]    |    ^^^^^^^^^^^^^^^^
[INFO] [stdout] 
[INFO] [stdout] 
[INFO] [stdout] warning: trait `Dto` is never used
[INFO] [stdout]   --> lib/src/domain/command.rs:24:11
[INFO] [stdout]    |
[INFO] [stdout] 24 | pub trait Dto {}
[INFO] [stdout]    |           ^^^
[INFO] [stdout] 
[INFO] [stdout] 
[INFO] [stdout] warning: trait `Command` is never used
[INFO] [stdout]   --> lib/src/domain/command.rs:28:11
[INFO] [stdout]    |
[INFO] [stdout] 28 | pub trait Command<T: Dto> {
[INFO] [stdout]    |           ^^^^^^^
[INFO] [stdout] 
[INFO] [stdout] 
[INFO] [stdout] warning: variant `IdentifierAlreadyUsed` is never constructed
[INFO] [stdout]   --> lib/src/domain/command.rs:35:5
[INFO] [stdout]    |
[INFO] [stdout] 33 | pub enum CommandError {
[INFO] [stdout]    |          ------------ variant in this enum
[INFO] [stdout] 34 |     /// The request identified used in the command is already used.
[INFO] [stdout] 35 |     IdentifierAlreadyUsed(String),
[INFO] [stdout]    |     ^^^^^^^^^^^^^^^^^^^^^
[INFO] [stdout] 
[INFO] [stdout] 
[INFO] [stdout] warning: struct `Create` is never constructed
[INFO] [stdout]   --> lib/src/domain/project/create.rs:31:8
[INFO] [stdout]    |
[INFO] [stdout] 31 | struct Create(Project);
[INFO] [stdout]    |        ^^^^^^
[INFO] [stdout] 
[INFO] [stdout] 
[INFO] [stdout] warning: associated function `new` is never used
[INFO] [stdout]   --> lib/src/domain/project/create.rs:34:8
[INFO] [stdout]    |
[INFO] [stdout] 33 | impl Create {
[INFO] [stdout]    | ----------- associated function in this implementation
[INFO] [stdout] 34 |     fn new(project: Project) -> Self {
[INFO] [stdout]    |        ^^^
[INFO] [stdout] 
[INFO] [stdout] 
[INFO] [stdout] warning: struct `Project` is never constructed
[INFO] [stdout]   --> lib/src/domain/project/dto.rs:21:12
[INFO] [stdout]    |
[INFO] [stdout] 21 | pub struct Project {
[INFO] [stdout]    |            ^^^^^^^
[INFO] [stdout] 
[INFO] [stdout] 
[INFO] [stdout] warning: associated items `new`, `code`, and `name` are never used
[INFO] [stdout]   --> lib/src/domain/project/dto.rs:27:12
[INFO] [stdout]    |
[INFO] [stdout] 26 | impl Project {
[INFO] [stdout]    | ------------ associated items in this implementation
[INFO] [stdout] 27 |     pub fn new(code: &str, name: &str) -> Self {
[INFO] [stdout]    |            ^^^
[INFO] [stdout] ...
[INFO] [stdout] 34 |     pub fn code(&self) -> &str {
[INFO] [stdout]    |            ^^^^
[INFO] [stdout] ...
[INFO] [stdout] 38 |     pub fn name(&self) -> &str {
[INFO] [stdout]    |            ^^^^
[INFO] [stdout] 
[INFO] [stdout] 
[INFO] [stdout] warning: struct `Repository` is never constructed
[INFO] [stdout]   --> lib/src/domain/project/repository.rs:24:12
[INFO] [stdout]    |
[INFO] [stdout] 24 | pub struct Repository<'a> {
[INFO] [stdout]    |            ^^^^^^^^^^
[INFO] [stdout] 
[INFO] [stdout] 
[INFO] [stdout] warning: associated items `new` and `save` are never used
[INFO] [stdout]   --> lib/src/domain/project/repository.rs:29:12
[INFO] [stdout]    |
[INFO] [stdout] 28 | impl<'a> Repository<'a> {
[INFO] [stdout]    | ----------------------- associated items in this implementation
[INFO] [stdout] 29 |     pub fn new(pool: &'a Pool<Sqlite>) -> Self {
[INFO] [stdout]    |            ^^^
[INFO] [stdout] ...
[INFO] [stdout] 33 |     pub async fn save(&self, project: &Project) -> Result<(), sqlx::Error> {
[INFO] [stdout]    |                  ^^^^
[INFO] [stdout] 
[INFO] [stdout] 
[INFO] [stderr]     Finished `dev` profile [unoptimized + debuginfo] target(s) in 41.32s
[INFO] [stderr] warning: the following packages contain code that will be rejected by a future version of Rust: nom v6.1.2, sqlx-macros v0.5.7
[INFO] [stderr] note: to see what the problems were, use the option `--future-incompat-report`, or run `cargo report future-incompatibilities --id 1`
[INFO] running `Command { std: "docker" "inspect" "0ba2f86a10cc825f7114033620531c292d87747a85e04c2e91bc69518b24de84", kill_on_drop: false }`
[INFO] running `Command { std: "docker" "rm" "-f" "0ba2f86a10cc825f7114033620531c292d87747a85e04c2e91bc69518b24de84", kill_on_drop: false }`
[INFO] [stdout] 0ba2f86a10cc825f7114033620531c292d87747a85e04c2e91bc69518b24de84
[INFO] running `Command { std: "docker" "create" "-v" "/var/lib/crater-agent-workspace/builds/worker-2-tc2/target:/opt/rustwide/target:rw,Z" "-v" "/var/lib/crater-agent-workspace/builds/worker-2-tc2/source:/opt/rustwide/workdir:ro,Z" "-v" "/var/lib/crater-agent-workspace/cargo-home:/opt/rustwide/cargo-home:ro,Z" "-v" "/var/lib/crater-agent-workspace/rustup-home:/opt/rustwide/rustup-home:ro,Z" "-e" "SOURCE_DIR=/opt/rustwide/workdir" "-e" "CARGO_TARGET_DIR=/opt/rustwide/target" "-e" "CARGO_INCREMENTAL=0" "-e" "RUST_BACKTRACE=full" "-e" "RUSTFLAGS=--cap-lints=forbid -Zrandomize-layout" "-e" "RUSTDOCFLAGS=--cap-lints=forbid" "-e" "CARGO_HOME=/opt/rustwide/cargo-home" "-e" "RUSTUP_HOME=/opt/rustwide/rustup-home" "-w" "/opt/rustwide/workdir" "-m" "1610612736" "--user" "0:0" "--network" "none" "ghcr.io/rust-lang/crates-build-env/linux@sha256:819108c5571ea2e421544af4d832f968d213c87fbe3707a016657f43d2f853bc" "/opt/rustwide/cargo-home/bin/cargo" "+nightly-2025-01-18" "test" "--frozen" "--no-run" "--message-format=json", kill_on_drop: false }`
[INFO] [stdout] bff6a23487327b802ba537ea8d619e1771551737331de2ddc179b8b4af212e71
[INFO] running `Command { std: "docker" "start" "-a" "bff6a23487327b802ba537ea8d619e1771551737331de2ddc179b8b4af212e71", kill_on_drop: false }`
[INFO] [stdout] warning: elided lifetime has a name
[INFO] [stdout]   --> lib/src/domain/command.rs:29:39
[INFO] [stdout]    |
[INFO] [stdout] 29 |     async fn execute(&self) -> Result<&T, CommandError>;
[INFO] [stdout]    |              --------------           ^ this elided lifetime gets resolved as `'life0`
[INFO] [stdout]    |              |
[INFO] [stdout]    |              lifetime `'life0` declared here
[INFO] [stdout]    |
[INFO] [stdout]    = note: `#[warn(elided_named_lifetimes)]` on by default
[INFO] [stdout] 
[INFO] [stdout] 
[INFO] [stdout] warning: unused import: `std::fs`
[INFO] [stdout]   --> lib/src/domain/project/create.rs:19:5
[INFO] [stdout]    |
[INFO] [stdout] 19 | use std::fs;
[INFO] [stdout]    |     ^^^^^^^
[INFO] [stdout]    |
[INFO] [stdout]    = note: `#[warn(unused_imports)]` on by default
[INFO] [stdout] 
[INFO] [stdout] 
[INFO] [stdout] warning: elided lifetime has a name
[INFO] [stdout]   --> lib/src/domain/project/create.rs:41:39
[INFO] [stdout]    |
[INFO] [stdout] 41 |     async fn execute(&self) -> Result<&Project, CommandError> {
[INFO] [stdout]    |              --------------           ^ this elided lifetime gets resolved as `'life0`
[INFO] [stdout]    |              |
[INFO] [stdout]    |              lifetime `'life0` declared here
[INFO] [stdout] 
[INFO] [stdout] 
[INFO] [stdout] warning: function `connect` is never used
[INFO] [stdout]   --> lib/src/database.rs:28:14
[INFO] [stdout]    |
[INFO] [stdout] 28 | pub async fn connect() -> Result<Pool<Sqlite>, sqlx::Error> {
[INFO] [stdout]    |              ^^^^^^^
[INFO] [stdout]    |
[INFO] [stdout]    = note: `#[warn(dead_code)]` on by default
[INFO] [stdout] 
[INFO] [stdout] 
[INFO] [stderr]    Compiling lib v0.1.0 (/opt/rustwide/workdir/lib)
[INFO] [stdout] warning: function `connect_with` is never used
[INFO] [stdout]   --> lib/src/database.rs:32:14
[INFO] [stdout]    |
[INFO] [stdout] 32 | pub async fn connect_with(filename: &Path) -> Result<Pool<Sqlite>, sqlx::Error> {
[INFO] [stdout]    |              ^^^^^^^^^^^^
[INFO] [stdout] 
[INFO] [stdout] 
[INFO] [stdout] warning: function `default_filename` is never used
[INFO] [stdout]   --> lib/src/database.rs:47:4
[INFO] [stdout]    |
[INFO] [stdout] 47 | fn default_filename() -> PathBuf {
[INFO] [stdout]    |    ^^^^^^^^^^^^^^^^
[INFO] [stdout] 
[INFO] [stdout] 
[INFO] [stdout] warning: trait `Dto` is never used
[INFO] [stdout]   --> lib/src/domain/command.rs:24:11
[INFO] [stdout]    |
[INFO] [stdout] 24 | pub trait Dto {}
[INFO] [stdout]    |           ^^^
[INFO] [stdout] 
[INFO] [stdout] 
[INFO] [stdout] warning: trait `Command` is never used
[INFO] [stdout]   --> lib/src/domain/command.rs:28:11
[INFO] [stdout]    |
[INFO] [stdout] 28 | pub trait Command<T: Dto> {
[INFO] [stdout]    |           ^^^^^^^
[INFO] [stdout] 
[INFO] [stdout] 
[INFO] [stdout] warning: variant `IdentifierAlreadyUsed` is never constructed
[INFO] [stdout]   --> lib/src/domain/command.rs:35:5
[INFO] [stdout]    |
[INFO] [stdout] 33 | pub enum CommandError {
[INFO] [stdout]    |          ------------ variant in this enum
[INFO] [stdout] 34 |     /// The request identified used in the command is already used.
[INFO] [stdout] 35 |     IdentifierAlreadyUsed(String),
[INFO] [stdout]    |     ^^^^^^^^^^^^^^^^^^^^^
[INFO] [stdout] 
[INFO] [stdout] 
[INFO] [stdout] warning: struct `Create` is never constructed
[INFO] [stdout]   --> lib/src/domain/project/create.rs:31:8
[INFO] [stdout]    |
[INFO] [stdout] 31 | struct Create(Project);
[INFO] [stdout]    |        ^^^^^^
[INFO] [stdout] 
[INFO] [stdout] 
[INFO] [stdout] warning: associated function `new` is never used
[INFO] [stdout]   --> lib/src/domain/project/create.rs:34:8
[INFO] [stdout]    |
[INFO] [stdout] 33 | impl Create {
[INFO] [stdout]    | ----------- associated function in this implementation
[INFO] [stdout] 34 |     fn new(project: Project) -> Self {
[INFO] [stdout]    |        ^^^
[INFO] [stdout] 
[INFO] [stdout] 
[INFO] [stdout] warning: struct `Project` is never constructed
[INFO] [stdout]   --> lib/src/domain/project/dto.rs:21:12
[INFO] [stdout]    |
[INFO] [stdout] 21 | pub struct Project {
[INFO] [stdout]    |            ^^^^^^^
[INFO] [stdout] 
[INFO] [stdout] 
[INFO] [stdout] warning: associated items `new`, `code`, and `name` are never used
[INFO] [stdout]   --> lib/src/domain/project/dto.rs:27:12
[INFO] [stdout]    |
[INFO] [stdout] 26 | impl Project {
[INFO] [stdout]    | ------------ associated items in this implementation
[INFO] [stdout] 27 |     pub fn new(code: &str, name: &str) -> Self {
[INFO] [stdout]    |            ^^^
[INFO] [stdout] ...
[INFO] [stdout] 34 |     pub fn code(&self) -> &str {
[INFO] [stdout]    |            ^^^^
[INFO] [stdout] ...
[INFO] [stdout] 38 |     pub fn name(&self) -> &str {
[INFO] [stdout]    |            ^^^^
[INFO] [stdout] 
[INFO] [stdout] 
[INFO] [stdout] warning: struct `Repository` is never constructed
[INFO] [stdout]   --> lib/src/domain/project/repository.rs:24:12
[INFO] [stdout]    |
[INFO] [stdout] 24 | pub struct Repository<'a> {
[INFO] [stdout]    |            ^^^^^^^^^^
[INFO] [stdout] 
[INFO] [stdout] 
[INFO] [stdout] warning: associated items `new` and `save` are never used
[INFO] [stdout]   --> lib/src/domain/project/repository.rs:29:12
[INFO] [stdout]    |
[INFO] [stdout] 28 | impl<'a> Repository<'a> {
[INFO] [stdout]    | ----------------------- associated items in this implementation
[INFO] [stdout] 29 |     pub fn new(pool: &'a Pool<Sqlite>) -> Self {
[INFO] [stdout]    |            ^^^
[INFO] [stdout] ...
[INFO] [stdout] 33 |     pub async fn save(&self, project: &Project) -> Result<(), sqlx::Error> {
[INFO] [stdout]    |                  ^^^^
[INFO] [stdout] 
[INFO] [stdout] 
[INFO] [stdout] warning: elided lifetime has a name
[INFO] [stdout]   --> lib/src/domain/command.rs:29:39
[INFO] [stdout]    |
[INFO] [stdout] 29 |     async fn execute(&self) -> Result<&T, CommandError>;
[INFO] [stdout]    |              --------------           ^ this elided lifetime gets resolved as `'life0`
[INFO] [stdout]    |              |
[INFO] [stdout]    |              lifetime `'life0` declared here
[INFO] [stdout]    |
[INFO] [stdout]    = note: `#[warn(elided_named_lifetimes)]` on by default
[INFO] [stdout] 
[INFO] [stdout] 
[INFO] [stdout] warning: elided lifetime has a name
[INFO] [stdout]   --> lib/src/domain/project/create.rs:41:39
[INFO] [stdout]    |
[INFO] [stdout] 41 |     async fn execute(&self) -> Result<&Project, CommandError> {
[INFO] [stdout]    |              --------------           ^ this elided lifetime gets resolved as `'life0`
[INFO] [stdout]    |              |
[INFO] [stdout]    |              lifetime `'life0` declared here
[INFO] [stdout] 
[INFO] [stdout] 
[INFO] [stdout] warning: function `connect` is never used
[INFO] [stdout]   --> lib/src/database.rs:28:14
[INFO] [stdout]    |
[INFO] [stdout] 28 | pub async fn connect() -> Result<Pool<Sqlite>, sqlx::Error> {
[INFO] [stdout]    |              ^^^^^^^
[INFO] [stdout]    |
[INFO] [stdout]    = note: `#[warn(dead_code)]` on by default
[INFO] [stdout] 
[INFO] [stdout] 
[INFO] [stdout] warning: function `default_filename` is never used
[INFO] [stdout]   --> lib/src/database.rs:47:4
[INFO] [stdout]    |
[INFO] [stdout] 47 | fn default_filename() -> PathBuf {
[INFO] [stdout]    |    ^^^^^^^^^^^^^^^^
[INFO] [stdout] 
[INFO] [stdout] 
[INFO] [stdout] warning: variant `IdentifierAlreadyUsed` is never constructed
[INFO] [stdout]   --> lib/src/domain/command.rs:35:5
[INFO] [stdout]    |
[INFO] [stdout] 33 | pub enum CommandError {
[INFO] [stdout]    |          ------------ variant in this enum
[INFO] [stdout] 34 |     /// The request identified used in the command is already used.
[INFO] [stdout] 35 |     IdentifierAlreadyUsed(String),
[INFO] [stdout]    |     ^^^^^^^^^^^^^^^^^^^^^
[INFO] [stdout] 
[INFO] [stdout] 
[INFO] [stderr]     Finished `test` profile [unoptimized + debuginfo] target(s) in 1.27s
[INFO] [stderr] warning: the following packages contain code that will be rejected by a future version of Rust: nom v6.1.2, sqlx-macros v0.5.7
[INFO] [stderr] note: to see what the problems were, use the option `--future-incompat-report`, or run `cargo report future-incompatibilities --id 1`
[INFO] running `Command { std: "docker" "inspect" "bff6a23487327b802ba537ea8d619e1771551737331de2ddc179b8b4af212e71", kill_on_drop: false }`
[INFO] running `Command { std: "docker" "rm" "-f" "bff6a23487327b802ba537ea8d619e1771551737331de2ddc179b8b4af212e71", kill_on_drop: false }`
[INFO] [stdout] bff6a23487327b802ba537ea8d619e1771551737331de2ddc179b8b4af212e71
[INFO] running `Command { std: "docker" "create" "-v" "/var/lib/crater-agent-workspace/builds/worker-2-tc2/target:/opt/rustwide/target:rw,Z" "-v" "/var/lib/crater-agent-workspace/builds/worker-2-tc2/source:/opt/rustwide/workdir:ro,Z" "-v" "/var/lib/crater-agent-workspace/cargo-home:/opt/rustwide/cargo-home:ro,Z" "-v" "/var/lib/crater-agent-workspace/rustup-home:/opt/rustwide/rustup-home:ro,Z" "-e" "SOURCE_DIR=/opt/rustwide/workdir" "-e" "CARGO_TARGET_DIR=/opt/rustwide/target" "-e" "CARGO_INCREMENTAL=0" "-e" "RUST_BACKTRACE=full" "-e" "RUSTFLAGS=--cap-lints=forbid -Zrandomize-layout" "-e" "RUSTDOCFLAGS=--cap-lints=forbid" "-e" "CARGO_HOME=/opt/rustwide/cargo-home" "-e" "RUSTUP_HOME=/opt/rustwide/rustup-home" "-w" "/opt/rustwide/workdir" "-m" "1610612736" "--user" "0:0" "--network" "none" "ghcr.io/rust-lang/crates-build-env/linux@sha256:819108c5571ea2e421544af4d832f968d213c87fbe3707a016657f43d2f853bc" "/opt/rustwide/cargo-home/bin/cargo" "+nightly-2025-01-18" "test" "--frozen", kill_on_drop: false }`
[INFO] [stdout] 9d8b38d248ab77611a6ef8142f274f47d812858235b50eff5395d123608be523
[INFO] running `Command { std: "docker" "start" "-a" "9d8b38d248ab77611a6ef8142f274f47d812858235b50eff5395d123608be523", kill_on_drop: false }`
[INFO] [stderr] warning: elided lifetime has a name
[INFO] [stderr]   --> lib/src/domain/command.rs:29:39
[INFO] [stderr]    |
[INFO] [stderr] 29 |     async fn execute(&self) -> Result<&T, CommandError>;
[INFO] [stderr]    |              --------------           ^ this elided lifetime gets resolved as `'life0`
[INFO] [stderr]    |              |
[INFO] [stderr]    |              lifetime `'life0` declared here
[INFO] [stderr]    |
[INFO] [stderr]    = note: `#[warn(elided_named_lifetimes)]` on by default
[INFO] [stderr] 
[INFO] [stderr] warning: unused import: `std::fs`
[INFO] [stderr]   --> lib/src/domain/project/create.rs:19:5
[INFO] [stderr]    |
[INFO] [stderr] 19 | use std::fs;
[INFO] [stderr]    |     ^^^^^^^
[INFO] [stderr]    |
[INFO] [stderr]    = note: `#[warn(unused_imports)]` on by default
[INFO] [stderr] 
[INFO] [stderr] warning: elided lifetime has a name
[INFO] [stderr]   --> lib/src/domain/project/create.rs:41:39
[INFO] [stderr]    |
[INFO] [stderr] 41 |     async fn execute(&self) -> Result<&Project, CommandError> {
[INFO] [stderr]    |              --------------           ^ this elided lifetime gets resolved as `'life0`
[INFO] [stderr]    |              |
[INFO] [stderr]    |              lifetime `'life0` declared here
[INFO] [stderr] 
[INFO] [stderr] warning: function `connect` is never used
[INFO] [stderr]   --> lib/src/database.rs:28:14
[INFO] [stderr]    |
[INFO] [stderr] 28 | pub async fn connect() -> Result<Pool<Sqlite>, sqlx::Error> {
[INFO] [stderr]    |              ^^^^^^^
[INFO] [stderr]    |
[INFO] [stderr]    = note: `#[warn(dead_code)]` on by default
[INFO] [stderr] 
[INFO] [stderr] warning: function `connect_with` is never used
[INFO] [stderr]   --> lib/src/database.rs:32:14
[INFO] [stderr]    |
[INFO] [stderr] 32 | pub async fn connect_with(filename: &Path) -> Result<Pool<Sqlite>, sqlx::Error> {
[INFO] [stderr]    |              ^^^^^^^^^^^^
[INFO] [stderr] 
[INFO] [stderr] warning: function `default_filename` is never used
[INFO] [stderr]   --> lib/src/database.rs:47:4
[INFO] [stderr]    |
[INFO] [stderr] 47 | fn default_filename() -> PathBuf {
[INFO] [stderr]    |    ^^^^^^^^^^^^^^^^
[INFO] [stderr] 
[INFO] [stderr] warning: trait `Dto` is never used
[INFO] [stderr]   --> lib/src/domain/command.rs:24:11
[INFO] [stderr]    |
[INFO] [stderr] 24 | pub trait Dto {}
[INFO] [stderr]    |           ^^^
[INFO] [stderr] 
[INFO] [stderr] warning: trait `Command` is never used
[INFO] [stderr]   --> lib/src/domain/command.rs:28:11
[INFO] [stderr]    |
[INFO] [stderr] 28 | pub trait Command<T: Dto> {
[INFO] [stderr]    |           ^^^^^^^
[INFO] [stderr] 
[INFO] [stderr] warning: variant `IdentifierAlreadyUsed` is never constructed
[INFO] [stderr]   --> lib/src/domain/command.rs:35:5
[INFO] [stderr]    |
[INFO] [stderr] 33 | pub enum CommandError {
[INFO] [stderr]    |          ------------ variant in this enum
[INFO] [stderr] 34 |     /// The request identified used in the command is already used.
[INFO] [stderr] 35 |     IdentifierAlreadyUsed(String),
[INFO] [stderr]    |     ^^^^^^^^^^^^^^^^^^^^^
[INFO] [stderr] 
[INFO] [stderr] warning: struct `Create` is never constructed
[INFO] [stderr]   --> lib/src/domain/project/create.rs:31:8
[INFO] [stderr]    |
[INFO] [stderr] 31 | struct Create(Project);
[INFO] [stderr]    |        ^^^^^^
[INFO] [stderr] 
[INFO] [stderr] warning: associated function `new` is never used
[INFO] [stderr]   --> lib/src/domain/project/create.rs:34:8
[INFO] [stderr]    |
[INFO] [stderr] 33 | impl Create {
[INFO] [stderr]    | ----------- associated function in this implementation
[INFO] [stderr] 34 |     fn new(project: Project) -> Self {
[INFO] [stderr]    |        ^^^
[INFO] [stderr] 
[INFO] [stderr] warning: struct `Project` is never constructed
[INFO] [stderr]   --> lib/src/domain/project/dto.rs:21:12
[INFO] [stderr]    |
[INFO] [stderr] 21 | pub struct Project {
[INFO] [stderr]    |            ^^^^^^^
[INFO] [stderr] 
[INFO] [stderr] warning: associated items `new`, `code`, and `name` are never used
[INFO] [stderr]   --> lib/src/domain/project/dto.rs:27:12
[INFO] [stderr]    |
[INFO] [stderr] 26 | impl Project {
[INFO] [stderr]    | ------------ associated items in this implementation
[INFO] [stderr] 27 |     pub fn new(code: &str, name: &str) -> Self {
[INFO] [stderr]    |            ^^^
[INFO] [stderr] ...
[INFO] [stderr] 34 |     pub fn code(&self) -> &str {
[INFO] [stderr]    |            ^^^^
[INFO] [stderr] ...
[INFO] [stderr] 38 |     pub fn name(&self) -> &str {
[INFO] [stderr]    |            ^^^^
[INFO] [stderr] 
[INFO] [stderr] warning: struct `Repository` is never constructed
[INFO] [stderr]   --> lib/src/domain/project/repository.rs:24:12
[INFO] [stderr]    |
[INFO] [stderr] 24 | pub struct Repository<'a> {
[INFO] [stderr]    |            ^^^^^^^^^^
[INFO] [stderr] 
[INFO] [stderr] warning: associated items `new` and `save` are never used
[INFO] [stderr]   --> lib/src/domain/project/repository.rs:29:12
[INFO] [stderr]    |
[INFO] [stderr] 28 | impl<'a> Repository<'a> {
[INFO] [stderr]    | ----------------------- associated items in this implementation
[INFO] [stderr] 29 |     pub fn new(pool: &'a Pool<Sqlite>) -> Self {
[INFO] [stderr]    |            ^^^
[INFO] [stderr] ...
[INFO] [stderr] 33 |     pub async fn save(&self, project: &Project) -> Result<(), sqlx::Error> {
[INFO] [stderr]    |                  ^^^^
[INFO] [stderr] 
[INFO] [stderr] warning: `lib` (lib) generated 15 warnings (run `cargo fix --lib -p lib` to apply 1 suggestion)
[INFO] [stderr] warning: `lib` (lib test) generated 5 warnings (5 duplicates)
[INFO] [stderr]     Finished `test` profile [unoptimized + debuginfo] target(s) in 0.16s
[INFO] [stderr] warning: the following packages contain code that will be rejected by a future version of Rust: nom v6.1.2, sqlx-macros v0.5.7
[INFO] [stderr] note: to see what the problems were, use the option `--future-incompat-report`, or run `cargo report future-incompatibilities --id 1`
[INFO] [stderr]      Running unittests src/lib.rs (/opt/rustwide/target/debug/deps/lib-1bab3d682ccd854e)
[INFO] [stdout] 
[INFO] [stdout] running 1 test
[INFO] [stdout] test domain::project::create::tests::should_create_project ... FAILED
[INFO] [stdout] 
[INFO] [stdout] failures:
[INFO] [stdout] 
[INFO] [stdout] ---- domain::project::create::tests::should_create_project stdout ----
[INFO] [stdout] 
[INFO] [stdout] thread 'domain::project::create::tests::should_create_project' panicked at lib/src/domain/project/create.rs:81:9:
[INFO] [stdout] assertion failed: command.execute().await.is_ok()
[INFO] [stdout] stack backtrace:
[INFO] [stdout]    0:     0x64df3e680a7a - std::backtrace_rs::backtrace::libunwind::trace::hb059275cfc8d6126
[INFO] [stdout]                                at /rustc/6067b36314ab5eb2eb47cecc464545ba58e1ad24/library/std/src/../../backtrace/src/backtrace/libunwind.rs:116:5
[INFO] [stdout]    1:     0x64df3e680a7a - std::backtrace_rs::backtrace::trace_unsynchronized::h2da071e4327ce3ee
[INFO] [stdout]                                at /rustc/6067b36314ab5eb2eb47cecc464545ba58e1ad24/library/std/src/../../backtrace/src/backtrace/mod.rs:66:5
[INFO] [stdout]    2:     0x64df3e680a7a - std::sys::backtrace::_print_fmt::h842a1474e6f8d23f
[INFO] [stdout]                                at /rustc/6067b36314ab5eb2eb47cecc464545ba58e1ad24/library/std/src/sys/backtrace.rs:66:9
[INFO] [stdout]    3:     0x64df3e680a7a - <std::sys::backtrace::BacktraceLock::print::DisplayBacktrace as core::fmt::Display>::fmt::h71a62eb3b9696b12
[INFO] [stdout]                                at /rustc/6067b36314ab5eb2eb47cecc464545ba58e1ad24/library/std/src/sys/backtrace.rs:39:26
[INFO] [stdout]    4:     0x64df3e6aa953 - core::fmt::rt::Argument::fmt::hdb6b616786b41dc1
[INFO] [stdout]                                at /rustc/6067b36314ab5eb2eb47cecc464545ba58e1ad24/library/core/src/fmt/rt.rs:177:76
[INFO] [stdout]    5:     0x64df3e6aa953 - core::fmt::write::h2cc1698af7e2d686
[INFO] [stdout]                                at /rustc/6067b36314ab5eb2eb47cecc464545ba58e1ad24/library/core/src/fmt/mod.rs:1440:21
[INFO] [stdout]    6:     0x64df3e67d1e3 - std::io::Write::write_fmt::hab1b4cd059a79022
[INFO] [stdout]                                at /rustc/6067b36314ab5eb2eb47cecc464545ba58e1ad24/library/std/src/io/mod.rs:1887:15
[INFO] [stdout]    7:     0x64df3e6808c2 - std::sys::backtrace::BacktraceLock::print::h147fe35b4ea13b08
[INFO] [stdout]                                at /rustc/6067b36314ab5eb2eb47cecc464545ba58e1ad24/library/std/src/sys/backtrace.rs:42:9
[INFO] [stdout]    8:     0x64df3e681e9f - std::panicking::default_hook::{{closure}}::hbd44223dbdc0d208
[INFO] [stdout]                                at /rustc/6067b36314ab5eb2eb47cecc464545ba58e1ad24/library/std/src/panicking.rs:298:22
[INFO] [stdout]    9:     0x64df3e681cb8 - std::panicking::default_hook::h20f81eb0576efcec
[INFO] [stdout]                                at /rustc/6067b36314ab5eb2eb47cecc464545ba58e1ad24/library/std/src/panicking.rs:322:9
[INFO] [stdout]   10:     0x64df3e24e783 - <alloc::boxed::Box<F,A> as core::ops::function::Fn<Args>>::call::hdb53814c496a4d34
[INFO] [stdout]                                at /rustc/6067b36314ab5eb2eb47cecc464545ba58e1ad24/library/alloc/src/boxed.rs:2027:9
[INFO] [stdout]   11:     0x64df3e24e783 - test::test_main::{{closure}}::hc0a4963c59427c24
[INFO] [stdout]                                at /rustc/6067b36314ab5eb2eb47cecc464545ba58e1ad24/library/test/src/lib.rs:134:21
[INFO] [stdout]   12:     0x64df3e682993 - <alloc::boxed::Box<F,A> as core::ops::function::Fn<Args>>::call::h591b2225413a77e9
[INFO] [stdout]                                at /rustc/6067b36314ab5eb2eb47cecc464545ba58e1ad24/library/alloc/src/boxed.rs:2027:9
[INFO] [stdout]   13:     0x64df3e682993 - std::panicking::rust_panic_with_hook::h625eea43051b2edc
[INFO] [stdout]                                at /rustc/6067b36314ab5eb2eb47cecc464545ba58e1ad24/library/std/src/panicking.rs:839:13
[INFO] [stdout]   14:     0x64df3e682616 - std::panicking::begin_panic_handler::{{closure}}::h4f9159cfbc3f6bd3
[INFO] [stdout]                                at /rustc/6067b36314ab5eb2eb47cecc464545ba58e1ad24/library/std/src/panicking.rs:697:13
[INFO] [stdout]   15:     0x64df3e680f79 - std::sys::backtrace::__rust_end_short_backtrace::h0390abce48353151
[INFO] [stdout]                                at /rustc/6067b36314ab5eb2eb47cecc464545ba58e1ad24/library/std/src/sys/backtrace.rs:168:18
[INFO] [stdout]   16:     0x64df3e6822dd - rust_begin_unwind
[INFO] [stdout]                                at /rustc/6067b36314ab5eb2eb47cecc464545ba58e1ad24/library/std/src/panicking.rs:695:5
[INFO] [stdout]   17:     0x64df3e6a9330 - core::panicking::panic_fmt::h9e7c637e9e5f29c9
[INFO] [stdout]                                at /rustc/6067b36314ab5eb2eb47cecc464545ba58e1ad24/library/core/src/panicking.rs:75:14
[INFO] [stdout]   18:     0x64df3e6a93bc - core::panicking::panic::haa3255ea20181a33
[INFO] [stdout]                                at /rustc/6067b36314ab5eb2eb47cecc464545ba58e1ad24/library/core/src/panicking.rs:145:5
[INFO] [stdout]   19:     0x64df3e1ef16f - lib::domain::project::create::tests::should_create_project::{{closure}}::hb7518648ec682e36
[INFO] [stdout]                                at /opt/rustwide/workdir/lib/src/domain/project/create.rs:81:9
[INFO] [stdout]   20:     0x64df3e1d843d - <core::pin::Pin<P> as core::future::future::Future>::poll::hb54d737c0f6359aa
[INFO] [stdout]                                at /rustc/6067b36314ab5eb2eb47cecc464545ba58e1ad24/library/core/src/future/future.rs:124:9
[INFO] [stdout]   21:     0x64df3e1dffbf - tokio::runtime::basic_scheduler::Inner<P>::block_on::{{closure}}::{{closure}}::h74ee4795acca129c
[INFO] [stdout]                                at /opt/rustwide/cargo-home/registry/src/index.crates.io-1949cf8c6b5b557f/tokio-1.10.0/src/runtime/basic_scheduler.rs:208:62
[INFO] [stdout]   22:     0x64df3e1de753 - tokio::coop::with_budget::{{closure}}::h96e41e785d1b640f
[INFO] [stdout]                                at /opt/rustwide/cargo-home/registry/src/index.crates.io-1949cf8c6b5b557f/tokio-1.10.0/src/coop.rs:106:9
[INFO] [stdout]   23:     0x64df3e1db425 - std::thread::local::LocalKey<T>::try_with::h17384e73ac89a0c9
[INFO] [stdout]                                at /rustc/6067b36314ab5eb2eb47cecc464545ba58e1ad24/library/std/src/thread/local.rs:308:12
[INFO] [stdout]   24:     0x64df3e1db2fa - std::thread::local::LocalKey<T>::with::he2f01e42693839b9
[INFO] [stdout]                                at /rustc/6067b36314ab5eb2eb47cecc464545ba58e1ad24/library/std/src/thread/local.rs:272:9
[INFO] [stdout]   25:     0x64df3e1df96a - tokio::coop::with_budget::h0c33b072d0dac322
[INFO] [stdout]                                at /opt/rustwide/cargo-home/registry/src/index.crates.io-1949cf8c6b5b557f/tokio-1.10.0/src/coop.rs:99:5
[INFO] [stdout]   26:     0x64df3e1df96a - tokio::coop::budget::hdfe1da873b4fb0bb
[INFO] [stdout]                                at /opt/rustwide/cargo-home/registry/src/index.crates.io-1949cf8c6b5b557f/tokio-1.10.0/src/coop.rs:76:5
[INFO] [stdout]   27:     0x64df3e1df96a - tokio::runtime::basic_scheduler::Inner<P>::block_on::{{closure}}::he6012f05d468852e
[INFO] [stdout]                                at /opt/rustwide/cargo-home/registry/src/index.crates.io-1949cf8c6b5b557f/tokio-1.10.0/src/runtime/basic_scheduler.rs:208:39
[INFO] [stdout]   28:     0x64df3e1e0a0a - tokio::runtime::basic_scheduler::enter::{{closure}}::h4024870ab2a70c52
[INFO] [stdout]                                at /opt/rustwide/cargo-home/registry/src/index.crates.io-1949cf8c6b5b557f/tokio-1.10.0/src/runtime/basic_scheduler.rs:302:29
[INFO] [stdout]   29:     0x64df3e1df5e5 - tokio::macros::scoped_tls::ScopedKey<T>::set::h0b3905a9d8bd4eea
[INFO] [stdout]                                at /opt/rustwide/cargo-home/registry/src/index.crates.io-1949cf8c6b5b557f/tokio-1.10.0/src/macros/scoped_tls.rs:61:9
[INFO] [stdout]   30:     0x64df3e1e099d - tokio::runtime::basic_scheduler::enter::h56f39034402b89a6
[INFO] [stdout]                                at /opt/rustwide/cargo-home/registry/src/index.crates.io-1949cf8c6b5b557f/tokio-1.10.0/src/runtime/basic_scheduler.rs:302:5
[INFO] [stdout]   31:     0x64df3e1df6a3 - tokio::runtime::basic_scheduler::Inner<P>::block_on::h2659eb91acdb4423
[INFO] [stdout]                                at /opt/rustwide/cargo-home/registry/src/index.crates.io-1949cf8c6b5b557f/tokio-1.10.0/src/runtime/basic_scheduler.rs:197:9
[INFO] [stdout]   32:     0x64df3e1e0079 - tokio::runtime::basic_scheduler::InnerGuard<P>::block_on::hd50e8c3607af1fe6
[INFO] [stdout]                                at /opt/rustwide/cargo-home/registry/src/index.crates.io-1949cf8c6b5b557f/tokio-1.10.0/src/runtime/basic_scheduler.rs:448:9
[INFO] [stdout]   33:     0x64df3e1e0364 - tokio::runtime::basic_scheduler::BasicScheduler<P>::block_on::h797efa811543c55d
[INFO] [stdout]                                at /opt/rustwide/cargo-home/registry/src/index.crates.io-1949cf8c6b5b557f/tokio-1.10.0/src/runtime/basic_scheduler.rs:157:24
[INFO] [stdout]   34:     0x64df3e1ee0bb - tokio::runtime::Runtime::block_on::h504c01b5b2f81617
[INFO] [stdout]                                at /opt/rustwide/cargo-home/registry/src/index.crates.io-1949cf8c6b5b557f/tokio-1.10.0/src/runtime/mod.rs:450:46
[INFO] [stdout]   35:     0x64df3e1eee29 - lib::domain::project::create::tests::should_create_project::hb4b0c0cb9579104a
[INFO] [stdout]                                at /opt/rustwide/workdir/lib/src/domain/project/create.rs:82:9
[INFO] [stdout]   36:     0x64df3e1eed57 - lib::domain::project::create::tests::should_create_project::{{closure}}::h2d81e0801429b083
[INFO] [stdout]                                at /opt/rustwide/workdir/lib/src/domain/project/create.rs:76:37
[INFO] [stdout]   37:     0x64df3e1d1756 - core::ops::function::FnOnce::call_once::h90a37e22cc6e41cb
[INFO] [stdout]                                at /rustc/6067b36314ab5eb2eb47cecc464545ba58e1ad24/library/core/src/ops/function.rs:250:5
[INFO] [stdout]   38:     0x64df3e253edb - core::ops::function::FnOnce::call_once::he27718dfdd183f43
[INFO] [stdout]                                at /rustc/6067b36314ab5eb2eb47cecc464545ba58e1ad24/library/core/src/ops/function.rs:250:5
[INFO] [stdout]   39:     0x64df3e253edb - test::__rust_begin_short_backtrace::h4e84902998457a5d
[INFO] [stdout]                                at /rustc/6067b36314ab5eb2eb47cecc464545ba58e1ad24/library/test/src/lib.rs:632:18
[INFO] [stdout]   40:     0x64df3e252e13 - test::run_test_in_process::{{closure}}::h7176fd18fc1feca0
[INFO] [stdout]                                at /rustc/6067b36314ab5eb2eb47cecc464545ba58e1ad24/library/test/src/lib.rs:655:60
[INFO] [stdout]   41:     0x64df3e252e13 - <core::panic::unwind_safe::AssertUnwindSafe<F> as core::ops::function::FnOnce<()>>::call_once::hf79cff2a624d8cf7
[INFO] [stdout]                                at /rustc/6067b36314ab5eb2eb47cecc464545ba58e1ad24/library/core/src/panic/unwind_safe.rs:272:9
[INFO] [stdout]   42:     0x64df3e252e13 - std::panicking::try::do_call::h3da0561d9ab99c25
[INFO] [stdout]                                at /rustc/6067b36314ab5eb2eb47cecc464545ba58e1ad24/library/std/src/panicking.rs:587:40
[INFO] [stdout]   43:     0x64df3e252e13 - std::panicking::try::h41c9fa508bc61df6
[INFO] [stdout]                                at /rustc/6067b36314ab5eb2eb47cecc464545ba58e1ad24/library/std/src/panicking.rs:550:19
[INFO] [stdout]   44:     0x64df3e252e13 - std::panic::catch_unwind::h6b3ff07bb5afad93
[INFO] [stdout]                                at /rustc/6067b36314ab5eb2eb47cecc464545ba58e1ad24/library/std/src/panic.rs:358:14
[INFO] [stdout]   45:     0x64df3e252e13 - test::run_test_in_process::hc7253dd11b39b9f4
[INFO] [stdout]                                at /rustc/6067b36314ab5eb2eb47cecc464545ba58e1ad24/library/test/src/lib.rs:655:27
[INFO] [stdout]   46:     0x64df3e252e13 - test::run_test::{{closure}}::hfb2007f8649c30bb
[INFO] [stdout]                                at /rustc/6067b36314ab5eb2eb47cecc464545ba58e1ad24/library/test/src/lib.rs:576:43
[INFO] [stdout]   47:     0x64df3e215ef5 - test::run_test::{{closure}}::h56a17aa7a282a9f4
[INFO] [stdout]                                at /rustc/6067b36314ab5eb2eb47cecc464545ba58e1ad24/library/test/src/lib.rs:606:41
[INFO] [stdout]   48:     0x64df3e215ef5 - std::sys::backtrace::__rust_begin_short_backtrace::hd2d2d2fb8e8c6aac
[INFO] [stdout]                                at /rustc/6067b36314ab5eb2eb47cecc464545ba58e1ad24/library/std/src/sys/backtrace.rs:152:18
[INFO] [stdout]   49:     0x64df3e2197da - std::thread::Builder::spawn_unchecked_::{{closure}}::{{closure}}::h4faa3f9db6133423
[INFO] [stdout]                                at /rustc/6067b36314ab5eb2eb47cecc464545ba58e1ad24/library/std/src/thread/mod.rs:559:17
[INFO] [stdout]   50:     0x64df3e2197da - <core::panic::unwind_safe::AssertUnwindSafe<F> as core::ops::function::FnOnce<()>>::call_once::hf2e855a36a4ea846
[INFO] [stdout]                                at /rustc/6067b36314ab5eb2eb47cecc464545ba58e1ad24/library/core/src/panic/unwind_safe.rs:272:9
[INFO] [stdout]   51:     0x64df3e2197da - std::panicking::try::do_call::h2f73af3616c35465
[INFO] [stdout]                                at /rustc/6067b36314ab5eb2eb47cecc464545ba58e1ad24/library/std/src/panicking.rs:587:40
[INFO] [stdout]   52:     0x64df3e2197da - std::panicking::try::hd1660ce9efadef5a
[INFO] [stdout]                                at /rustc/6067b36314ab5eb2eb47cecc464545ba58e1ad24/library/std/src/panicking.rs:550:19
[INFO] [stdout]   53:     0x64df3e2197da - std::panic::catch_unwind::h5ee8d7823b8ca744
[INFO] [stdout]                                at /rustc/6067b36314ab5eb2eb47cecc464545ba58e1ad24/library/std/src/panic.rs:358:14
[INFO] [stdout]   54:     0x64df3e2197da - std::thread::Builder::spawn_unchecked_::{{closure}}::h53c3a1894dce8407
[INFO] [stdout]                                at /rustc/6067b36314ab5eb2eb47cecc464545ba58e1ad24/library/std/src/thread/mod.rs:557:30
[INFO] [stdout]   55:     0x64df3e2197da - core::ops::function::FnOnce::call_once{{vtable.shim}}::h048ce291ad4f62bf
[INFO] [stdout]                                at /rustc/6067b36314ab5eb2eb47cecc464545ba58e1ad24/library/core/src/ops/function.rs:250:5
[INFO] [stdout]   56:     0x64df3e686feb - <alloc::boxed::Box<F,A> as core::ops::function::FnOnce<Args>>::call_once::ha52bedf99a3b4981
[INFO] [stdout]                                at /rustc/6067b36314ab5eb2eb47cecc464545ba58e1ad24/library/alloc/src/boxed.rs:2013:9
[INFO] [stdout]   57:     0x64df3e686feb - <alloc::boxed::Box<F,A> as core::ops::function::FnOnce<Args>>::call_once::h567748934d80ccf8
[INFO] [stdout]                                at /rustc/6067b36314ab5eb2eb47cecc464545ba58e1ad24/library/alloc/src/boxed.rs:2013:9
[INFO] [stdout]   58:     0x64df3e686feb - std::sys::pal::unix::thread::Thread::new::thread_start::h2d970728ae887adc
[INFO] [stdout]                                at /rustc/6067b36314ab5eb2eb47cecc464545ba58e1ad24/library/std/src/sys/pal/unix/thread.rs:106:17
[INFO] [stdout]   59:     0x7216ffc92ac3 - <unknown>
[INFO] [stdout]   60:     0x7216ffd23a04 - clone
[INFO] [stdout]   61:                0x0 - <unknown>
[INFO] [stdout] 
[INFO] [stdout] 
[INFO] [stdout] failures:
[INFO] [stdout]     domain::project::create::tests::should_create_project
[INFO] [stdout] 
[INFO] [stdout] test result: FAILED. 0 passed; 1 failed; 0 ignored; 0 measured; 0 filtered out; finished in 0.07s
[INFO] [stdout] 
[INFO] [stderr] error: test failed, to rerun pass `--lib`
[INFO] running `Command { std: "docker" "inspect" "9d8b38d248ab77611a6ef8142f274f47d812858235b50eff5395d123608be523", kill_on_drop: false }`
[INFO] running `Command { std: "docker" "rm" "-f" "9d8b38d248ab77611a6ef8142f274f47d812858235b50eff5395d123608be523", kill_on_drop: false }`
[INFO] [stdout] 9d8b38d248ab77611a6ef8142f274f47d812858235b50eff5395d123608be523
