[INFO] cloning repository https://github.com/jaydevelopsstuff/abstracted-fs
[INFO] running `Command { std: "git" "-c" "credential.helper=" "-c" "credential.helper=/workspace/cargo-home/bin/git-credential-null" "clone" "--bare" "https://github.com/jaydevelopsstuff/abstracted-fs" "/workspace/cache/git-repos/https%3A%2F%2Fgithub.com%2Fjaydevelopsstuff%2Fabstracted-fs", kill_on_drop: false }`
[INFO] [stderr] Cloning into bare repository '/workspace/cache/git-repos/https%3A%2F%2Fgithub.com%2Fjaydevelopsstuff%2Fabstracted-fs'...
[INFO] running `Command { std: "git" "rev-parse" "HEAD", kill_on_drop: false }`
[INFO] [stdout] 98094b2b00adb15d84a33ec9de62fc5aff533c89
[INFO] testing jaydevelopsstuff/abstracted-fs against nightly-2025-01-18 for randomize-layout-2
[INFO] running `Command { std: "git" "clone" "/workspace/cache/git-repos/https%3A%2F%2Fgithub.com%2Fjaydevelopsstuff%2Fabstracted-fs" "/workspace/builds/worker-4-tc1/source", kill_on_drop: false }`
[INFO] [stderr] Cloning into '/workspace/builds/worker-4-tc1/source'...
[INFO] [stderr] done.
[INFO] validating manifest of git repo https://github.com/jaydevelopsstuff/abstracted-fs on toolchain nightly-2025-01-18
[INFO] running `Command { std: CARGO_HOME="/workspace/cargo-home" RUSTUP_HOME="/workspace/rustup-home" "/workspace/cargo-home/bin/cargo" "+nightly-2025-01-18" "metadata" "--manifest-path" "Cargo.toml" "--no-deps", kill_on_drop: false }`
[INFO] started tweaking git repo https://github.com/jaydevelopsstuff/abstracted-fs
[INFO] finished tweaking git repo https://github.com/jaydevelopsstuff/abstracted-fs
[INFO] tweaked toml for git repo https://github.com/jaydevelopsstuff/abstracted-fs written to /workspace/builds/worker-4-tc1/source/Cargo.toml
[INFO] crate git repo https://github.com/jaydevelopsstuff/abstracted-fs already has a lockfile, it will not be regenerated
[INFO] running `Command { std: CARGO_HOME="/workspace/cargo-home" RUSTUP_HOME="/workspace/rustup-home" "/workspace/cargo-home/bin/cargo" "+nightly-2025-01-18" "fetch" "--manifest-path" "Cargo.toml", kill_on_drop: false }`
[INFO] [stderr]     Updating crates.io index
[INFO] [stderr]  Downloading crates ...
[INFO] [stderr]   Downloaded flurry v0.4.0
[INFO] [stderr]   Downloaded seize v0.2.5
[INFO] [stderr]   Downloaded file-mode v0.1.2
[INFO] [stderr]   Downloaded russh-sftp v2.0.1
[INFO] [stderr]   Downloaded async-native-tls v0.5.0
[INFO] [stderr]   Downloaded trash v5.0.0
[INFO] [stderr]   Downloaded suppaftp v6.0.1
[INFO] running `Command { std: "docker" "create" "-v" "/var/lib/crater-agent-workspace/builds/worker-4-tc1/target:/opt/rustwide/target:rw,Z" "-v" "/var/lib/crater-agent-workspace/builds/worker-4-tc1/source:/opt/rustwide/workdir:ro,Z" "-v" "/var/lib/crater-agent-workspace/cargo-home:/opt/rustwide/cargo-home:ro,Z" "-v" "/var/lib/crater-agent-workspace/rustup-home:/opt/rustwide/rustup-home:ro,Z" "-e" "SOURCE_DIR=/opt/rustwide/workdir" "-e" "CARGO_TARGET_DIR=/opt/rustwide/target" "-e" "CARGO_HOME=/opt/rustwide/cargo-home" "-e" "RUSTUP_HOME=/opt/rustwide/rustup-home" "-w" "/opt/rustwide/workdir" "-m" "1610612736" "--user" "0:0" "--network" "none" "ghcr.io/rust-lang/crates-build-env/linux@sha256:819108c5571ea2e421544af4d832f968d213c87fbe3707a016657f43d2f853bc" "/opt/rustwide/cargo-home/bin/cargo" "+nightly-2025-01-18" "metadata" "--no-deps" "--format-version=1", kill_on_drop: false }`
[INFO] [stdout] a8588f9434c707ebebf89450a3c16545c8df6bd87e6a324536ab655758a287d1
[INFO] running `Command { std: "docker" "start" "-a" "a8588f9434c707ebebf89450a3c16545c8df6bd87e6a324536ab655758a287d1", kill_on_drop: false }`
[INFO] running `Command { std: "docker" "inspect" "a8588f9434c707ebebf89450a3c16545c8df6bd87e6a324536ab655758a287d1", kill_on_drop: false }`
[INFO] running `Command { std: "docker" "rm" "-f" "a8588f9434c707ebebf89450a3c16545c8df6bd87e6a324536ab655758a287d1", kill_on_drop: false }`
[INFO] [stdout] a8588f9434c707ebebf89450a3c16545c8df6bd87e6a324536ab655758a287d1
[INFO] running `Command { std: "docker" "create" "-v" "/var/lib/crater-agent-workspace/builds/worker-4-tc1/target:/opt/rustwide/target:rw,Z" "-v" "/var/lib/crater-agent-workspace/builds/worker-4-tc1/source:/opt/rustwide/workdir:ro,Z" "-v" "/var/lib/crater-agent-workspace/cargo-home:/opt/rustwide/cargo-home:ro,Z" "-v" "/var/lib/crater-agent-workspace/rustup-home:/opt/rustwide/rustup-home:ro,Z" "-e" "SOURCE_DIR=/opt/rustwide/workdir" "-e" "CARGO_TARGET_DIR=/opt/rustwide/target" "-e" "CARGO_INCREMENTAL=0" "-e" "RUST_BACKTRACE=full" "-e" "RUSTFLAGS=--cap-lints=forbid" "-e" "RUSTDOCFLAGS=--cap-lints=forbid" "-e" "CARGO_HOME=/opt/rustwide/cargo-home" "-e" "RUSTUP_HOME=/opt/rustwide/rustup-home" "-w" "/opt/rustwide/workdir" "-m" "1610612736" "--user" "0:0" "--network" "none" "ghcr.io/rust-lang/crates-build-env/linux@sha256:819108c5571ea2e421544af4d832f968d213c87fbe3707a016657f43d2f853bc" "/opt/rustwide/cargo-home/bin/cargo" "+nightly-2025-01-18" "build" "--frozen" "--message-format=json", kill_on_drop: false }`
[INFO] [stdout] da8f6b5aa0e0f5c5b365a7b2cca2e7a01842ab36c5a5f192ab3176cc67b52106
[INFO] running `Command { std: "docker" "start" "-a" "da8f6b5aa0e0f5c5b365a7b2cca2e7a01842ab36c5a5f192ab3176cc67b52106", kill_on_drop: false }`
[INFO] [stderr]    Compiling proc-macro2 v1.0.86
[INFO] [stderr]    Compiling autocfg v1.3.0
[INFO] [stderr]    Compiling libc v0.2.155
[INFO] [stderr]    Compiling crossbeam-utils v0.8.20
[INFO] [stderr]    Compiling parking v2.2.0
[INFO] [stderr]    Compiling serde v1.0.203
[INFO] [stderr]    Compiling futures-core v0.3.30
[INFO] [stderr]    Compiling futures-io v0.3.30
[INFO] [stderr]    Compiling value-bag v1.9.0
[INFO] [stderr]    Compiling memchr v2.7.4
[INFO] [stderr]    Compiling pkg-config v0.3.30
[INFO] [stderr]    Compiling vcpkg v0.2.15
[INFO] [stderr]    Compiling cc v1.0.101
[INFO] [stderr]    Compiling fastrand v2.1.0
[INFO] [stderr]    Compiling rustix v0.38.34
[INFO] [stderr]    Compiling regex-syntax v0.8.4
[INFO] [stderr]    Compiling tracing-core v0.1.32
[INFO] [stderr]    Compiling linux-raw-sys v0.4.14
[INFO] [stderr]    Compiling futures-lite v2.3.0
[INFO] [stderr]    Compiling io-lifetimes v1.0.11
[INFO] [stderr]    Compiling thiserror v1.0.61
[INFO] [stderr]    Compiling slab v0.4.9
[INFO] [stderr]    Compiling log v0.4.21
[INFO] [stderr]    Compiling num-traits v0.2.19
[INFO] [stderr]    Compiling tracing v0.1.40
[INFO] [stderr]    Compiling lock_api v0.4.12
[INFO] [stderr]    Compiling polling v2.8.0
[INFO] [stderr]    Compiling atomic-waker v1.1.2
[INFO] [stderr]    Compiling quote v1.0.36
[INFO] [stderr]    Compiling aho-corasick v1.1.3
[INFO] [stderr]    Compiling async-task v4.7.1
[INFO] [stderr]    Compiling openssl v0.10.64
[INFO] [stderr]    Compiling scopeguard v1.2.0
[INFO] [stderr]    Compiling parking_lot_core v0.9.10
[INFO] [stderr]    Compiling syn v2.0.68
[INFO] [stderr]    Compiling concurrent-queue v2.5.0
[INFO] [stderr]    Compiling event-listener v2.5.3
[INFO] [stderr]    Compiling rustix v0.37.27
[INFO] [stderr]    Compiling ahash v0.7.8
[INFO] [stderr]    Compiling piper v0.2.3
[INFO] [stderr]    Compiling async-io v1.13.0
[INFO] [stderr]    Compiling unicode-normalization v0.1.23
[INFO] [stderr]    Compiling event-listener v5.3.1
[INFO] [stderr]    Compiling iana-time-zone v0.1.60
[INFO] [stderr]    Compiling waker-fn v1.2.0
[INFO] [stderr]    Compiling percent-encoding v2.3.1
[INFO] [stderr]    Compiling fastrand v1.9.0
[INFO] [stderr]    Compiling event-listener-strategy v0.5.2
[INFO] [stderr]    Compiling unicode-bidi v0.3.15
[INFO] [stderr]    Compiling native-tls v0.2.12
[INFO] [stderr]    Compiling linux-raw-sys v0.3.8
[INFO] [stderr]    Compiling form_urlencoded v1.2.1
[INFO] [stderr]    Compiling async-lock v3.4.0
[INFO] [stderr]    Compiling async-channel v2.3.1
[INFO] [stderr]    Compiling futures-lite v1.13.0
[INFO] [stderr]    Compiling socket2 v0.4.10
[INFO] [stderr]    Compiling num_cpus v1.16.0
[INFO] [stderr]    Compiling async-executor v1.12.0
[INFO] [stderr]    Compiling blocking v1.6.1
[INFO] [stderr]    Compiling idna v0.5.0
[INFO] [stderr]    Compiling getrandom v0.2.15
[INFO] [stderr]    Compiling async-lock v2.8.0
[INFO] [stderr]    Compiling futures-task v0.3.30
[INFO] [stderr]    Compiling openssl-probe v0.1.5
[INFO] [stderr]    Compiling openssl-sys v0.9.102
[INFO] [stderr]    Compiling url v2.5.2
[INFO] [stderr]    Compiling seize v0.2.5
[INFO] [stderr]    Compiling parking_lot v0.12.3
[INFO] [stderr]    Compiling socket2 v0.5.7
[INFO] [stderr]    Compiling mio v0.8.11
[INFO] [stderr]    Compiling chrono v0.4.38
[INFO] [stderr]    Compiling async-channel v1.9.0
[INFO] [stderr]    Compiling kv-log-macro v1.0.7
[INFO] [stderr]    Compiling flurry v0.4.0
[INFO] [stderr]    Compiling urlencoding v2.1.3
[INFO] [stderr]    Compiling file-mode v0.1.2
[INFO] [stderr]    Compiling regex-automata v0.4.7
[INFO] [stderr]    Compiling trash v5.0.0
[INFO] [stderr]    Compiling serde_derive v1.0.203
[INFO] [stderr]    Compiling openssl-macros v0.1.1
[INFO] [stderr]    Compiling thiserror-impl v1.0.61
[INFO] [stderr]    Compiling futures-macro v0.3.30
[INFO] [stderr]    Compiling tokio-macros v2.3.0
[INFO] [stderr]    Compiling pin-project-internal v1.1.5
[INFO] [stderr]    Compiling async-trait v0.1.80
[INFO] [stderr]    Compiling tokio v1.38.0
[INFO] [stderr]    Compiling futures-util v0.3.30
[INFO] [stderr]    Compiling pin-project v1.1.5
[INFO] [stderr]    Compiling regex v1.10.5
[INFO] [stderr]    Compiling lazy-regex-proc_macros v3.1.0
[INFO] [stderr]    Compiling lazy-regex v3.1.0
[INFO] [stderr]    Compiling bitflags v2.6.0
[INFO] [stderr]    Compiling russh-sftp v2.0.1
[INFO] [stderr]    Compiling async-native-tls v0.5.0
[INFO] [stderr]    Compiling polling v3.7.2
[INFO] [stderr]    Compiling async-io v2.3.3
[INFO] [stderr]    Compiling async-global-executor v2.4.1
[INFO] [stderr]    Compiling async-std v1.12.0
[INFO] [stderr]    Compiling suppaftp v6.0.1
[INFO] [stderr]    Compiling abstracted-fs v0.1.0 (/opt/rustwide/workdir)
[INFO] [stdout] warning: unused variable: `path`
[INFO] [stdout]   --> src/backends/ftp.rs:41:28
[INFO] [stdout]    |
[INFO] [stdout] 41 |     async fn exists(&self, path: &str) -> Result<bool> {
[INFO] [stdout]    |                            ^^^^ help: if this is intentional, prefix it with an underscore: `_path`
[INFO] [stdout]    |
[INFO] [stdout]    = note: `#[warn(unused_variables)]` on by default
[INFO] [stdout] 
[INFO] [stdout] 
[INFO] [stdout] warning: unused variable: `path`
[INFO] [stdout]   --> src/backends/ftp.rs:45:35
[INFO] [stdout]    |
[INFO] [stdout] 45 |     async fn get_file_type(&self, path: &str) -> Result<FileType> {
[INFO] [stdout]    |                                   ^^^^ help: if this is intentional, prefix it with an underscore: `_path`
[INFO] [stdout] 
[INFO] [stdout] 
[INFO] [stdout] warning: unused variable: `path`
[INFO] [stdout]   --> src/backends/ftp.rs:62:43
[INFO] [stdout]    |
[INFO] [stdout] 62 |     async fn retrieve_file_content(&self, path: &str) -> Result<Vec<u8>> {
[INFO] [stdout]    |                                           ^^^^ help: if this is intentional, prefix it with an underscore: `_path`
[INFO] [stdout] 
[INFO] [stdout] 
[INFO] [stderr]     Finished `dev` profile [unoptimized + debuginfo] target(s) in 31.15s
[INFO] running `Command { std: "docker" "inspect" "da8f6b5aa0e0f5c5b365a7b2cca2e7a01842ab36c5a5f192ab3176cc67b52106", kill_on_drop: false }`
[INFO] running `Command { std: "docker" "rm" "-f" "da8f6b5aa0e0f5c5b365a7b2cca2e7a01842ab36c5a5f192ab3176cc67b52106", kill_on_drop: false }`
[INFO] [stdout] da8f6b5aa0e0f5c5b365a7b2cca2e7a01842ab36c5a5f192ab3176cc67b52106
[INFO] running `Command { std: "docker" "create" "-v" "/var/lib/crater-agent-workspace/builds/worker-4-tc1/target:/opt/rustwide/target:rw,Z" "-v" "/var/lib/crater-agent-workspace/builds/worker-4-tc1/source:/opt/rustwide/workdir:ro,Z" "-v" "/var/lib/crater-agent-workspace/cargo-home:/opt/rustwide/cargo-home:ro,Z" "-v" "/var/lib/crater-agent-workspace/rustup-home:/opt/rustwide/rustup-home:ro,Z" "-e" "SOURCE_DIR=/opt/rustwide/workdir" "-e" "CARGO_TARGET_DIR=/opt/rustwide/target" "-e" "CARGO_INCREMENTAL=0" "-e" "RUST_BACKTRACE=full" "-e" "RUSTFLAGS=--cap-lints=forbid" "-e" "RUSTDOCFLAGS=--cap-lints=forbid" "-e" "CARGO_HOME=/opt/rustwide/cargo-home" "-e" "RUSTUP_HOME=/opt/rustwide/rustup-home" "-w" "/opt/rustwide/workdir" "-m" "1610612736" "--user" "0:0" "--network" "none" "ghcr.io/rust-lang/crates-build-env/linux@sha256:819108c5571ea2e421544af4d832f968d213c87fbe3707a016657f43d2f853bc" "/opt/rustwide/cargo-home/bin/cargo" "+nightly-2025-01-18" "test" "--frozen" "--no-run" "--message-format=json", kill_on_drop: false }`
[INFO] [stdout] fac09a55341292a4d54ed120e4d72d58ddfe6d7233f7b558b8bff0e83dc63e4b
[INFO] running `Command { std: "docker" "start" "-a" "fac09a55341292a4d54ed120e4d72d58ddfe6d7233f7b558b8bff0e83dc63e4b", kill_on_drop: false }`
[INFO] [stdout] warning: unused variable: `path`
[INFO] [stdout]   --> src/backends/ftp.rs:41:28
[INFO] [stdout]    |
[INFO] [stdout] 41 |     async fn exists(&self, path: &str) -> Result<bool> {
[INFO] [stdout]    |                            ^^^^ help: if this is intentional, prefix it with an underscore: `_path`
[INFO] [stdout]    |
[INFO] [stdout]    = note: `#[warn(unused_variables)]` on by default
[INFO] [stdout] 
[INFO] [stdout] 
[INFO] [stdout] warning: unused variable: `path`
[INFO] [stdout]   --> src/backends/ftp.rs:45:35
[INFO] [stdout]    |
[INFO] [stdout] 45 |     async fn get_file_type(&self, path: &str) -> Result<FileType> {
[INFO] [stdout]    |                                   ^^^^ help: if this is intentional, prefix it with an underscore: `_path`
[INFO] [stdout] 
[INFO] [stdout] 
[INFO] [stdout] warning: unused variable: `path`
[INFO] [stdout]   --> src/backends/ftp.rs:62:43
[INFO] [stdout]    |
[INFO] [stdout] 62 |     async fn retrieve_file_content(&self, path: &str) -> Result<Vec<u8>> {
[INFO] [stdout]    |                                           ^^^^ help: if this is intentional, prefix it with an underscore: `_path`
[INFO] [stdout] 
[INFO] [stdout] 
[INFO] [stderr]    Compiling abstracted-fs v0.1.0 (/opt/rustwide/workdir)
[INFO] [stdout] warning: unused variable: `path`
[INFO] [stdout]   --> src/backends/ftp.rs:41:28
[INFO] [stdout]    |
[INFO] [stdout] 41 |     async fn exists(&self, path: &str) -> Result<bool> {
[INFO] [stdout]    |                            ^^^^ help: if this is intentional, prefix it with an underscore: `_path`
[INFO] [stdout]    |
[INFO] [stdout]    = note: `#[warn(unused_variables)]` on by default
[INFO] [stdout] 
[INFO] [stdout] 
[INFO] [stdout] warning: unused variable: `path`
[INFO] [stdout]   --> src/backends/ftp.rs:45:35
[INFO] [stdout]    |
[INFO] [stdout] 45 |     async fn get_file_type(&self, path: &str) -> Result<FileType> {
[INFO] [stdout]    |                                   ^^^^ help: if this is intentional, prefix it with an underscore: `_path`
[INFO] [stdout] 
[INFO] [stdout] 
[INFO] [stdout] warning: unused variable: `path`
[INFO] [stdout]   --> src/backends/ftp.rs:62:43
[INFO] [stdout]    |
[INFO] [stdout] 62 |     async fn retrieve_file_content(&self, path: &str) -> Result<Vec<u8>> {
[INFO] [stdout]    |                                           ^^^^ help: if this is intentional, prefix it with an underscore: `_path`
[INFO] [stdout] 
[INFO] [stdout] 
[INFO] [stdout] warning: variable does not need to be mutable
[INFO] [stdout]    --> src/lib.rs:120:13
[INFO] [stdout]     |
[INFO] [stdout] 120 |         let mut backend = FTPBackend::new(ftp_stream);
[INFO] [stdout]     |             ----^^^^^^^
[INFO] [stdout]     |             |
[INFO] [stdout]     |             help: remove this `mut`
[INFO] [stdout]     |
[INFO] [stdout]     = note: `#[warn(unused_mut)]` on by default
[INFO] [stdout] 
[INFO] [stdout] 
[INFO] [stderr]     Finished `test` profile [unoptimized + debuginfo] target(s) in 1.51s
[INFO] running `Command { std: "docker" "inspect" "fac09a55341292a4d54ed120e4d72d58ddfe6d7233f7b558b8bff0e83dc63e4b", kill_on_drop: false }`
[INFO] running `Command { std: "docker" "rm" "-f" "fac09a55341292a4d54ed120e4d72d58ddfe6d7233f7b558b8bff0e83dc63e4b", kill_on_drop: false }`
[INFO] [stdout] fac09a55341292a4d54ed120e4d72d58ddfe6d7233f7b558b8bff0e83dc63e4b
[INFO] running `Command { std: "docker" "create" "-v" "/var/lib/crater-agent-workspace/builds/worker-4-tc1/target:/opt/rustwide/target:rw,Z" "-v" "/var/lib/crater-agent-workspace/builds/worker-4-tc1/source:/opt/rustwide/workdir:ro,Z" "-v" "/var/lib/crater-agent-workspace/cargo-home:/opt/rustwide/cargo-home:ro,Z" "-v" "/var/lib/crater-agent-workspace/rustup-home:/opt/rustwide/rustup-home:ro,Z" "-e" "SOURCE_DIR=/opt/rustwide/workdir" "-e" "CARGO_TARGET_DIR=/opt/rustwide/target" "-e" "CARGO_INCREMENTAL=0" "-e" "RUST_BACKTRACE=full" "-e" "RUSTFLAGS=--cap-lints=forbid" "-e" "RUSTDOCFLAGS=--cap-lints=forbid" "-e" "CARGO_HOME=/opt/rustwide/cargo-home" "-e" "RUSTUP_HOME=/opt/rustwide/rustup-home" "-w" "/opt/rustwide/workdir" "-m" "1610612736" "--user" "0:0" "--network" "none" "ghcr.io/rust-lang/crates-build-env/linux@sha256:819108c5571ea2e421544af4d832f968d213c87fbe3707a016657f43d2f853bc" "/opt/rustwide/cargo-home/bin/cargo" "+nightly-2025-01-18" "test" "--frozen", kill_on_drop: false }`
[INFO] [stdout] 770834e4287a003c5cf5c57c95d7f9252805a1d2b45237692e5b8a809a14f818
[INFO] running `Command { std: "docker" "start" "-a" "770834e4287a003c5cf5c57c95d7f9252805a1d2b45237692e5b8a809a14f818", kill_on_drop: false }`
[INFO] [stderr] warning: unused variable: `path`
[INFO] [stderr]   --> src/backends/ftp.rs:41:28
[INFO] [stderr]    |
[INFO] [stderr] 41 |     async fn exists(&self, path: &str) -> Result<bool> {
[INFO] [stderr]    |                            ^^^^ help: if this is intentional, prefix it with an underscore: `_path`
[INFO] [stderr]    |
[INFO] [stderr]    = note: `#[warn(unused_variables)]` on by default
[INFO] [stderr] 
[INFO] [stderr] warning: unused variable: `path`
[INFO] [stderr]   --> src/backends/ftp.rs:45:35
[INFO] [stderr]    |
[INFO] [stderr] 45 |     async fn get_file_type(&self, path: &str) -> Result<FileType> {
[INFO] [stderr]    |                                   ^^^^ help: if this is intentional, prefix it with an underscore: `_path`
[INFO] [stderr] 
[INFO] [stderr] warning: unused variable: `path`
[INFO] [stderr]   --> src/backends/ftp.rs:62:43
[INFO] [stderr]    |
[INFO] [stderr] 62 |     async fn retrieve_file_content(&self, path: &str) -> Result<Vec<u8>> {
[INFO] [stderr]    |                                           ^^^^ help: if this is intentional, prefix it with an underscore: `_path`
[INFO] [stderr] 
[INFO] [stderr] warning: variable does not need to be mutable
[INFO] [stderr]    --> src/lib.rs:120:13
[INFO] [stderr]     |
[INFO] [stderr] 120 |         let mut backend = FTPBackend::new(ftp_stream);
[INFO] [stderr]     |             ----^^^^^^^
[INFO] [stderr]     |             |
[INFO] [stderr]     |             help: remove this `mut`
[INFO] [stderr]     |
[INFO] [stderr]     = note: `#[warn(unused_mut)]` on by default
[INFO] [stderr] 
[INFO] [stderr] warning: `abstracted-fs` (lib) generated 3 warnings
[INFO] [stderr] warning: `abstracted-fs` (lib test) generated 4 warnings (3 duplicates) (run `cargo fix --lib -p abstracted-fs --tests` to apply 1 suggestion)
[INFO] [stderr]     Finished `test` profile [unoptimized + debuginfo] target(s) in 0.14s
[INFO] [stderr]      Running unittests src/lib.rs (/opt/rustwide/target/debug/deps/abstracted_fs-aa5bfe8c0c5e3926)
[INFO] [stdout] 
[INFO] [stdout] running 1 test
[INFO] [stdout] test tests::ftp ... FAILED
[INFO] [stdout] 
[INFO] [stdout] failures:
[INFO] [stdout] 
[INFO] [stdout] ---- tests::ftp stdout ----
[INFO] [stdout] 
[INFO] [stdout] thread 'tests::ftp' panicked at src/lib.rs:113:14:
[INFO] [stdout] Failed to connect to FTP test server: ConnectionError(Custom { kind: Uncategorized, error: VerboseError { source: Custom { kind: Uncategorized, error: "failed to lookup address information: Temporary failure in name resolution" }, message: "could not resolve address `\"ftp.dlptest.com:21\"`" } })
[INFO] [stdout] stack backtrace:
[INFO] [stdout]    0:     0x5c9a85c3452a - std::backtrace_rs::backtrace::libunwind::trace::hb059275cfc8d6126
[INFO] [stdout]                                at /rustc/6067b36314ab5eb2eb47cecc464545ba58e1ad24/library/std/src/../../backtrace/src/backtrace/libunwind.rs:116:5
[INFO] [stdout]    1:     0x5c9a85c3452a - std::backtrace_rs::backtrace::trace_unsynchronized::h2da071e4327ce3ee
[INFO] [stdout]                                at /rustc/6067b36314ab5eb2eb47cecc464545ba58e1ad24/library/std/src/../../backtrace/src/backtrace/mod.rs:66:5
[INFO] [stdout]    2:     0x5c9a85c3452a - std::sys::backtrace::_print_fmt::h842a1474e6f8d23f
[INFO] [stdout]                                at /rustc/6067b36314ab5eb2eb47cecc464545ba58e1ad24/library/std/src/sys/backtrace.rs:66:9
[INFO] [stdout]    3:     0x5c9a85c3452a - <std::sys::backtrace::BacktraceLock::print::DisplayBacktrace as core::fmt::Display>::fmt::h71a62eb3b9696b12
[INFO] [stdout]                                at /rustc/6067b36314ab5eb2eb47cecc464545ba58e1ad24/library/std/src/sys/backtrace.rs:39:26
[INFO] [stdout]    4:     0x5c9a85c5e5a3 - core::fmt::rt::Argument::fmt::hdb6b616786b41dc1
[INFO] [stdout]                                at /rustc/6067b36314ab5eb2eb47cecc464545ba58e1ad24/library/core/src/fmt/rt.rs:177:76
[INFO] [stdout]    5:     0x5c9a85c5e5a3 - core::fmt::write::h2cc1698af7e2d686
[INFO] [stdout]                                at /rustc/6067b36314ab5eb2eb47cecc464545ba58e1ad24/library/core/src/fmt/mod.rs:1440:21
[INFO] [stdout]    6:     0x5c9a85c308f3 - std::io::Write::write_fmt::hab1b4cd059a79022
[INFO] [stdout]                                at /rustc/6067b36314ab5eb2eb47cecc464545ba58e1ad24/library/std/src/io/mod.rs:1887:15
[INFO] [stdout]    7:     0x5c9a85c34372 - std::sys::backtrace::BacktraceLock::print::h147fe35b4ea13b08
[INFO] [stdout]                                at /rustc/6067b36314ab5eb2eb47cecc464545ba58e1ad24/library/std/src/sys/backtrace.rs:42:9
[INFO] [stdout]    8:     0x5c9a85c3594f - std::panicking::default_hook::{{closure}}::hbd44223dbdc0d208
[INFO] [stdout]                                at /rustc/6067b36314ab5eb2eb47cecc464545ba58e1ad24/library/std/src/panicking.rs:298:22
[INFO] [stdout]    9:     0x5c9a85c35768 - std::panicking::default_hook::h20f81eb0576efcec
[INFO] [stdout]                                at /rustc/6067b36314ab5eb2eb47cecc464545ba58e1ad24/library/std/src/panicking.rs:322:9
[INFO] [stdout]   10:     0x5c9a85ac8fe3 - <alloc::boxed::Box<F,A> as core::ops::function::Fn<Args>>::call::hdb53814c496a4d34
[INFO] [stdout]                                at /rustc/6067b36314ab5eb2eb47cecc464545ba58e1ad24/library/alloc/src/boxed.rs:2027:9
[INFO] [stdout]   11:     0x5c9a85ac8fe3 - test::test_main::{{closure}}::hc0a4963c59427c24
[INFO] [stdout]                                at /rustc/6067b36314ab5eb2eb47cecc464545ba58e1ad24/library/test/src/lib.rs:134:21
[INFO] [stdout]   12:     0x5c9a85c36443 - <alloc::boxed::Box<F,A> as core::ops::function::Fn<Args>>::call::h591b2225413a77e9
[INFO] [stdout]                                at /rustc/6067b36314ab5eb2eb47cecc464545ba58e1ad24/library/alloc/src/boxed.rs:2027:9
[INFO] [stdout]   13:     0x5c9a85c36443 - std::panicking::rust_panic_with_hook::h625eea43051b2edc
[INFO] [stdout]                                at /rustc/6067b36314ab5eb2eb47cecc464545ba58e1ad24/library/std/src/panicking.rs:839:13
[INFO] [stdout]   14:     0x5c9a85c360fa - std::panicking::begin_panic_handler::{{closure}}::h4f9159cfbc3f6bd3
[INFO] [stdout]                                at /rustc/6067b36314ab5eb2eb47cecc464545ba58e1ad24/library/std/src/panicking.rs:704:13
[INFO] [stdout]   15:     0x5c9a85c34a29 - std::sys::backtrace::__rust_end_short_backtrace::h0390abce48353151
[INFO] [stdout]                                at /rustc/6067b36314ab5eb2eb47cecc464545ba58e1ad24/library/std/src/sys/backtrace.rs:168:18
[INFO] [stdout]   16:     0x5c9a85c35d8d - rust_begin_unwind
[INFO] [stdout]                                at /rustc/6067b36314ab5eb2eb47cecc464545ba58e1ad24/library/std/src/panicking.rs:695:5
[INFO] [stdout]   17:     0x5c9a85c5cd40 - core::panicking::panic_fmt::h9e7c637e9e5f29c9
[INFO] [stdout]                                at /rustc/6067b36314ab5eb2eb47cecc464545ba58e1ad24/library/core/src/panicking.rs:75:14
[INFO] [stdout]   18:     0x5c9a85c5d1b6 - core::result::unwrap_failed::h7979f09313fe1849
[INFO] [stdout]                                at /rustc/6067b36314ab5eb2eb47cecc464545ba58e1ad24/library/core/src/result.rs:1704:5
[INFO] [stdout]   19:     0x5c9a85a7d5b8 - core::result::Result<T,E>::expect::he9b8e1cefcde5984
[INFO] [stdout]                                at /rustc/6067b36314ab5eb2eb47cecc464545ba58e1ad24/library/core/src/result.rs:1061:23
[INFO] [stdout]   20:     0x5c9a85a89cbf - abstracted_fs::tests::ftp::{{closure}}::hbde7e148a52ff001
[INFO] [stdout]                                at /opt/rustwide/workdir/src/lib.rs:111:30
[INFO] [stdout]   21:     0x5c9a85a7e6a2 - <core::pin::Pin<P> as core::future::future::Future>::poll::h636515cd2530641c
[INFO] [stdout]                                at /rustc/6067b36314ab5eb2eb47cecc464545ba58e1ad24/library/core/src/future/future.rs:124:9
[INFO] [stdout]   22:     0x5c9a85a7e6dd - <core::pin::Pin<P> as core::future::future::Future>::poll::hc29e22b447b92b84
[INFO] [stdout]                                at /rustc/6067b36314ab5eb2eb47cecc464545ba58e1ad24/library/core/src/future/future.rs:124:9
[INFO] [stdout]   23:     0x5c9a85a8d68f - tokio::runtime::scheduler::current_thread::CoreGuard::block_on::{{closure}}::{{closure}}::{{closure}}::h3819f6f516290f41
[INFO] [stdout]                                at /opt/rustwide/cargo-home/registry/src/index.crates.io-1949cf8c6b5b557f/tokio-1.38.0/src/runtime/scheduler/current_thread/mod.rs:659:57
[INFO] [stdout]   24:     0x5c9a85a8d5d5 - tokio::runtime::coop::with_budget::hca7fbde275019d34
[INFO] [stdout]                                at /opt/rustwide/cargo-home/registry/src/index.crates.io-1949cf8c6b5b557f/tokio-1.38.0/src/runtime/coop.rs:107:5
[INFO] [stdout]   25:     0x5c9a85a8d5d5 - tokio::runtime::coop::budget::hd0565e3adc906111
[INFO] [stdout]                                at /opt/rustwide/cargo-home/registry/src/index.crates.io-1949cf8c6b5b557f/tokio-1.38.0/src/runtime/coop.rs:73:5
[INFO] [stdout]   26:     0x5c9a85a8d5d5 - tokio::runtime::scheduler::current_thread::CoreGuard::block_on::{{closure}}::{{closure}}::h7cab673c6ec72f2b
[INFO] [stdout]                                at /opt/rustwide/cargo-home/registry/src/index.crates.io-1949cf8c6b5b557f/tokio-1.38.0/src/runtime/scheduler/current_thread/mod.rs:659:25
[INFO] [stdout]   27:     0x5c9a85a8c0b0 - tokio::runtime::scheduler::current_thread::Context::enter::h8554207ef4711e7f
[INFO] [stdout]                                at /opt/rustwide/cargo-home/registry/src/index.crates.io-1949cf8c6b5b557f/tokio-1.38.0/src/runtime/scheduler/current_thread/mod.rs:404:19
[INFO] [stdout]   28:     0x5c9a85a8ce4b - tokio::runtime::scheduler::current_thread::CoreGuard::block_on::{{closure}}::h0893cbd487e66386
[INFO] [stdout]                                at /opt/rustwide/cargo-home/registry/src/index.crates.io-1949cf8c6b5b557f/tokio-1.38.0/src/runtime/scheduler/current_thread/mod.rs:658:36
[INFO] [stdout]   29:     0x5c9a85a8cbc4 - tokio::runtime::scheduler::current_thread::CoreGuard::enter::{{closure}}::h6fa79fc2ae6c6da0
[INFO] [stdout]                                at /opt/rustwide/cargo-home/registry/src/index.crates.io-1949cf8c6b5b557f/tokio-1.38.0/src/runtime/scheduler/current_thread/mod.rs:737:68
[INFO] [stdout]   30:     0x5c9a85a8634b - tokio::runtime::context::scoped::Scoped<T>::set::hed6b733199393519
[INFO] [stdout]                                at /opt/rustwide/cargo-home/registry/src/index.crates.io-1949cf8c6b5b557f/tokio-1.38.0/src/runtime/context/scoped.rs:40:9
[INFO] [stdout]   31:     0x5c9a85a861c9 - tokio::runtime::context::set_scheduler::{{closure}}::hdcd409fadfe13840
[INFO] [stdout]                                at /opt/rustwide/cargo-home/registry/src/index.crates.io-1949cf8c6b5b557f/tokio-1.38.0/src/runtime/context.rs:180:26
[INFO] [stdout]   32:     0x5c9a85a84b82 - std::thread::local::LocalKey<T>::try_with::ha61654053ff9ee89
[INFO] [stdout]                                at /rustc/6067b36314ab5eb2eb47cecc464545ba58e1ad24/library/std/src/thread/local.rs:308:12
[INFO] [stdout]   33:     0x5c9a85a845da - std::thread::local::LocalKey<T>::with::h68a65b464c48e717
[INFO] [stdout]                                at /rustc/6067b36314ab5eb2eb47cecc464545ba58e1ad24/library/std/src/thread/local.rs:272:9
[INFO] [stdout]   34:     0x5c9a85a8617d - tokio::runtime::context::set_scheduler::hfcd65565cb3b376b
[INFO] [stdout]                                at /opt/rustwide/cargo-home/registry/src/index.crates.io-1949cf8c6b5b557f/tokio-1.38.0/src/runtime/context.rs:180:9
[INFO] [stdout]   35:     0x5c9a85a8c970 - tokio::runtime::scheduler::current_thread::CoreGuard::enter::h12c7bc0aca288d27
[INFO] [stdout]                                at /opt/rustwide/cargo-home/registry/src/index.crates.io-1949cf8c6b5b557f/tokio-1.38.0/src/runtime/scheduler/current_thread/mod.rs:737:27
[INFO] [stdout]   36:     0x5c9a85a8cbe3 - tokio::runtime::scheduler::current_thread::CoreGuard::block_on::h3e9b9d802406a052
[INFO] [stdout]                                at /opt/rustwide/cargo-home/registry/src/index.crates.io-1949cf8c6b5b557f/tokio-1.38.0/src/runtime/scheduler/current_thread/mod.rs:646:19
[INFO] [stdout]   37:     0x5c9a85a8bbfd - tokio::runtime::scheduler::current_thread::CurrentThread::block_on::{{closure}}::h8ea88692e5e8e0bc
[INFO] [stdout]                                at /opt/rustwide/cargo-home/registry/src/index.crates.io-1949cf8c6b5b557f/tokio-1.38.0/src/runtime/scheduler/current_thread/mod.rs:175:28
[INFO] [stdout]   38:     0x5c9a85a7e0c7 - tokio::runtime::context::runtime::enter_runtime::h42b5beb3bd858cbd
[INFO] [stdout]                                at /opt/rustwide/cargo-home/registry/src/index.crates.io-1949cf8c6b5b557f/tokio-1.38.0/src/runtime/context/runtime.rs:65:16
[INFO] [stdout]   39:     0x5c9a85a8bb21 - tokio::runtime::scheduler::current_thread::CurrentThread::block_on::he893f5e31fcb3243
[INFO] [stdout]                                at /opt/rustwide/cargo-home/registry/src/index.crates.io-1949cf8c6b5b557f/tokio-1.38.0/src/runtime/scheduler/current_thread/mod.rs:167:9
[INFO] [stdout]   40:     0x5c9a85a7e3d2 - tokio::runtime::runtime::Runtime::block_on::h4bd0c1c9f3af733e
[INFO] [stdout]                                at /opt/rustwide/cargo-home/registry/src/index.crates.io-1949cf8c6b5b557f/tokio-1.38.0/src/runtime/runtime.rs:347:47
[INFO] [stdout]   41:     0x5c9a85a899fd - abstracted_fs::tests::ftp::h7cbfc4771d149a69
[INFO] [stdout]                                at /opt/rustwide/workdir/src/lib.rs:122:9
[INFO] [stdout]   42:     0x5c9a85a898a7 - abstracted_fs::tests::ftp::{{closure}}::h209a75945c4f1e00
[INFO] [stdout]                                at /opt/rustwide/workdir/src/lib.rs:110:19
[INFO] [stdout]   43:     0x5c9a85a8a0f6 - core::ops::function::FnOnce::call_once::h547ae01834f114aa
[INFO] [stdout]                                at /rustc/6067b36314ab5eb2eb47cecc464545ba58e1ad24/library/core/src/ops/function.rs:250:5
[INFO] [stdout]   44:     0x5c9a85ace73b - core::ops::function::FnOnce::call_once::he27718dfdd183f43
[INFO] [stdout]                                at /rustc/6067b36314ab5eb2eb47cecc464545ba58e1ad24/library/core/src/ops/function.rs:250:5
[INFO] [stdout]   45:     0x5c9a85ace73b - test::__rust_begin_short_backtrace::h4e84902998457a5d
[INFO] [stdout]                                at /rustc/6067b36314ab5eb2eb47cecc464545ba58e1ad24/library/test/src/lib.rs:632:18
[INFO] [stdout]   46:     0x5c9a85acd673 - test::run_test_in_process::{{closure}}::h7176fd18fc1feca0
[INFO] [stdout]                                at /rustc/6067b36314ab5eb2eb47cecc464545ba58e1ad24/library/test/src/lib.rs:655:60
[INFO] [stdout]   47:     0x5c9a85acd673 - <core::panic::unwind_safe::AssertUnwindSafe<F> as core::ops::function::FnOnce<()>>::call_once::hf79cff2a624d8cf7
[INFO] [stdout]                                at /rustc/6067b36314ab5eb2eb47cecc464545ba58e1ad24/library/core/src/panic/unwind_safe.rs:272:9
[INFO] [stdout]   48:     0x5c9a85acd673 - std::panicking::try::do_call::h3da0561d9ab99c25
[INFO] [stdout]                                at /rustc/6067b36314ab5eb2eb47cecc464545ba58e1ad24/library/std/src/panicking.rs:587:40
[INFO] [stdout]   49:     0x5c9a85acd673 - std::panicking::try::h41c9fa508bc61df6
[INFO] [stdout]                                at /rustc/6067b36314ab5eb2eb47cecc464545ba58e1ad24/library/std/src/panicking.rs:550:19
[INFO] [stdout]   50:     0x5c9a85acd673 - std::panic::catch_unwind::h6b3ff07bb5afad93
[INFO] [stdout]                                at /rustc/6067b36314ab5eb2eb47cecc464545ba58e1ad24/library/std/src/panic.rs:358:14
[INFO] [stdout]   51:     0x5c9a85acd673 - test::run_test_in_process::hc7253dd11b39b9f4
[INFO] [stdout]                                at /rustc/6067b36314ab5eb2eb47cecc464545ba58e1ad24/library/test/src/lib.rs:655:27
[INFO] [stdout]   52:     0x5c9a85acd673 - test::run_test::{{closure}}::hfb2007f8649c30bb
[INFO] [stdout]                                at /rustc/6067b36314ab5eb2eb47cecc464545ba58e1ad24/library/test/src/lib.rs:576:43
[INFO] [stdout]   53:     0x5c9a85a90755 - test::run_test::{{closure}}::h56a17aa7a282a9f4
[INFO] [stdout]                                at /rustc/6067b36314ab5eb2eb47cecc464545ba58e1ad24/library/test/src/lib.rs:606:41
[INFO] [stdout]   54:     0x5c9a85a90755 - std::sys::backtrace::__rust_begin_short_backtrace::hd2d2d2fb8e8c6aac
[INFO] [stdout]                                at /rustc/6067b36314ab5eb2eb47cecc464545ba58e1ad24/library/std/src/sys/backtrace.rs:152:18
[INFO] [stdout]   55:     0x5c9a85a9403a - std::thread::Builder::spawn_unchecked_::{{closure}}::{{closure}}::h4faa3f9db6133423
[INFO] [stdout]                                at /rustc/6067b36314ab5eb2eb47cecc464545ba58e1ad24/library/std/src/thread/mod.rs:559:17
[INFO] [stdout]   56:     0x5c9a85a9403a - <core::panic::unwind_safe::AssertUnwindSafe<F> as core::ops::function::FnOnce<()>>::call_once::hf2e855a36a4ea846
[INFO] [stdout]                                at /rustc/6067b36314ab5eb2eb47cecc464545ba58e1ad24/library/core/src/panic/unwind_safe.rs:272:9
[INFO] [stdout]   57:     0x5c9a85a9403a - std::panicking::try::do_call::h2f73af3616c35465
[INFO] [stdout]                                at /rustc/6067b36314ab5eb2eb47cecc464545ba58e1ad24/library/std/src/panicking.rs:587:40
[INFO] [stdout]   58:     0x5c9a85a9403a - std::panicking::try::hd1660ce9efadef5a
[INFO] [stdout]                                at /rustc/6067b36314ab5eb2eb47cecc464545ba58e1ad24/library/std/src/panicking.rs:550:19
[INFO] [stdout]   59:     0x5c9a85a9403a - std::panic::catch_unwind::h5ee8d7823b8ca744
[INFO] [stdout]                                at /rustc/6067b36314ab5eb2eb47cecc464545ba58e1ad24/library/std/src/panic.rs:358:14
[INFO] [stdout]   60:     0x5c9a85a9403a - std::thread::Builder::spawn_unchecked_::{{closure}}::h53c3a1894dce8407
[INFO] [stdout]                                at /rustc/6067b36314ab5eb2eb47cecc464545ba58e1ad24/library/std/src/thread/mod.rs:557:30
[INFO] [stdout]   61:     0x5c9a85a9403a - core::ops::function::FnOnce::call_once{{vtable.shim}}::h048ce291ad4f62bf
[INFO] [stdout]                                at /rustc/6067b36314ab5eb2eb47cecc464545ba58e1ad24/library/core/src/ops/function.rs:250:5
[INFO] [stdout]   62:     0x5c9a85c3a4db - <alloc::boxed::Box<F,A> as core::ops::function::FnOnce<Args>>::call_once::ha52bedf99a3b4981
[INFO] [stdout]                                at /rustc/6067b36314ab5eb2eb47cecc464545ba58e1ad24/library/alloc/src/boxed.rs:2013:9
[INFO] [stdout]   63:     0x5c9a85c3a4db - <alloc::boxed::Box<F,A> as core::ops::function::FnOnce<Args>>::call_once::h567748934d80ccf8
[INFO] [stdout]                                at /rustc/6067b36314ab5eb2eb47cecc464545ba58e1ad24/library/alloc/src/boxed.rs:2013:9
[INFO] [stdout]   64:     0x5c9a85c3a4db - std::sys::pal::unix::thread::Thread::new::thread_start::h2d970728ae887adc
[INFO] [stdout]                                at /rustc/6067b36314ab5eb2eb47cecc464545ba58e1ad24/library/std/src/sys/pal/unix/thread.rs:106:17
[INFO] [stdout]   65:     0x75874512fac3 - <unknown>
[INFO] [stdout]   66:     0x7587451c0a04 - clone
[INFO] [stdout]   67:                0x0 - <unknown>
[INFO] [stdout] 
[INFO] [stdout] 
[INFO] [stdout] failures:
[INFO] [stdout]     tests::ftp
[INFO] [stdout] 
[INFO] [stdout] test result: FAILED. 0 passed; 1 failed; 0 ignored; 0 measured; 0 filtered out; finished in 0.04s
[INFO] [stdout] 
[INFO] [stderr] error: test failed, to rerun pass `--lib`
[INFO] running `Command { std: "docker" "inspect" "770834e4287a003c5cf5c57c95d7f9252805a1d2b45237692e5b8a809a14f818", kill_on_drop: false }`
[INFO] running `Command { std: "docker" "rm" "-f" "770834e4287a003c5cf5c57c95d7f9252805a1d2b45237692e5b8a809a14f818", kill_on_drop: false }`
[INFO] [stdout] 770834e4287a003c5cf5c57c95d7f9252805a1d2b45237692e5b8a809a14f818
