[INFO] cloning repository https://github.com/jansu-dev/ticheck
[INFO] running `Command { std: "git" "-c" "credential.helper=" "-c" "credential.helper=/workspace/cargo-home/bin/git-credential-null" "clone" "--bare" "https://github.com/jansu-dev/ticheck" "/workspace/cache/git-repos/https%3A%2F%2Fgithub.com%2Fjansu-dev%2Fticheck", kill_on_drop: false }`
[INFO] [stderr] Cloning into bare repository '/workspace/cache/git-repos/https%3A%2F%2Fgithub.com%2Fjansu-dev%2Fticheck'...
[INFO] running `Command { std: "git" "rev-parse" "HEAD", kill_on_drop: false }`
[INFO] [stdout] ece6f508a9d55e18731d34fa63648c6504fe4d9e
[INFO] testing jansu-dev/ticheck against nightly-2025-01-18 for randomize-layout-2
[INFO] running `Command { std: "git" "clone" "/workspace/cache/git-repos/https%3A%2F%2Fgithub.com%2Fjansu-dev%2Fticheck" "/workspace/builds/worker-2-tc1/source", kill_on_drop: false }`
[INFO] [stderr] Cloning into '/workspace/builds/worker-2-tc1/source'...
[INFO] [stderr] done.
[INFO] [stderr] Updating files:  23% (9/39)
Updating files:  25% (10/39)
Updating files:  28% (11/39)
Updating files:  30% (12/39)
Updating files:  33% (13/39)
Updating files:  35% (14/39)
Updating files:  38% (15/39)
Updating files:  41% (16/39)
Updating files:  43% (17/39)
Updating files:  46% (18/39)
Updating files:  48% (19/39)
Updating files:  51% (20/39)
Updating files:  53% (21/39)
Updating files:  56% (22/39)
Updating files:  58% (23/39)
Updating files:  61% (24/39)
Updating files:  64% (25/39)
Updating files:  66% (26/39)
Updating files:  69% (27/39)
Updating files:  71% (28/39)
Updating files:  74% (29/39)
Updating files:  76% (30/39)
Updating files:  79% (31/39)
Updating files:  82% (32/39)
Updating files:  84% (33/39)
Updating files:  87% (34/39)
Updating files:  89% (35/39)
Updating files:  92% (36/39)
Updating files:  94% (37/39)
Updating files:  97% (38/39)
Updating files: 100% (39/39)
Updating files: 100% (39/39), done.
[INFO] validating manifest of git repo https://github.com/jansu-dev/ticheck on toolchain nightly-2025-01-18
[INFO] running `Command { std: CARGO_HOME="/workspace/cargo-home" RUSTUP_HOME="/workspace/rustup-home" "/workspace/cargo-home/bin/cargo" "+nightly-2025-01-18" "metadata" "--manifest-path" "Cargo.toml" "--no-deps", kill_on_drop: false }`
[INFO] started tweaking git repo https://github.com/jansu-dev/ticheck
[INFO] finished tweaking git repo https://github.com/jansu-dev/ticheck
[INFO] tweaked toml for git repo https://github.com/jansu-dev/ticheck written to /workspace/builds/worker-2-tc1/source/Cargo.toml
[INFO] crate git repo https://github.com/jansu-dev/ticheck already has a lockfile, it will not be regenerated
[INFO] running `Command { std: CARGO_HOME="/workspace/cargo-home" RUSTUP_HOME="/workspace/rustup-home" "/workspace/cargo-home/bin/cargo" "+nightly-2025-01-18" "fetch" "--manifest-path" "Cargo.toml", kill_on_drop: false }`
[INFO] [stderr]     Updating crates.io index
[INFO] [stderr]  Downloading crates ...
[INFO] [stderr]   Downloaded ssh2 v0.9.3
[INFO] [stderr]   Downloaded docx-rs v0.2.14
[INFO] running `Command { std: "docker" "create" "-v" "/var/lib/crater-agent-workspace/builds/worker-2-tc1/target:/opt/rustwide/target:rw,Z" "-v" "/var/lib/crater-agent-workspace/builds/worker-2-tc1/source:/opt/rustwide/workdir:ro,Z" "-v" "/var/lib/crater-agent-workspace/cargo-home:/opt/rustwide/cargo-home:ro,Z" "-v" "/var/lib/crater-agent-workspace/rustup-home:/opt/rustwide/rustup-home:ro,Z" "-e" "SOURCE_DIR=/opt/rustwide/workdir" "-e" "CARGO_TARGET_DIR=/opt/rustwide/target" "-e" "CARGO_HOME=/opt/rustwide/cargo-home" "-e" "RUSTUP_HOME=/opt/rustwide/rustup-home" "-w" "/opt/rustwide/workdir" "-m" "1610612736" "--user" "0:0" "--network" "none" "ghcr.io/rust-lang/crates-build-env/linux@sha256:819108c5571ea2e421544af4d832f968d213c87fbe3707a016657f43d2f853bc" "/opt/rustwide/cargo-home/bin/cargo" "+nightly-2025-01-18" "metadata" "--no-deps" "--format-version=1", kill_on_drop: false }`
[INFO] [stdout] 01bb92079a4b9b8142a54753d1b7efa50d7e35dd4b798d2ddcbcf4f96c835f9c
[INFO] running `Command { std: "docker" "start" "-a" "01bb92079a4b9b8142a54753d1b7efa50d7e35dd4b798d2ddcbcf4f96c835f9c", kill_on_drop: false }`
[INFO] running `Command { std: "docker" "inspect" "01bb92079a4b9b8142a54753d1b7efa50d7e35dd4b798d2ddcbcf4f96c835f9c", kill_on_drop: false }`
[INFO] running `Command { std: "docker" "rm" "-f" "01bb92079a4b9b8142a54753d1b7efa50d7e35dd4b798d2ddcbcf4f96c835f9c", kill_on_drop: false }`
[INFO] [stdout] 01bb92079a4b9b8142a54753d1b7efa50d7e35dd4b798d2ddcbcf4f96c835f9c
[INFO] running `Command { std: "docker" "create" "-v" "/var/lib/crater-agent-workspace/builds/worker-2-tc1/target:/opt/rustwide/target:rw,Z" "-v" "/var/lib/crater-agent-workspace/builds/worker-2-tc1/source:/opt/rustwide/workdir:ro,Z" "-v" "/var/lib/crater-agent-workspace/cargo-home:/opt/rustwide/cargo-home:ro,Z" "-v" "/var/lib/crater-agent-workspace/rustup-home:/opt/rustwide/rustup-home:ro,Z" "-e" "SOURCE_DIR=/opt/rustwide/workdir" "-e" "CARGO_TARGET_DIR=/opt/rustwide/target" "-e" "CARGO_INCREMENTAL=0" "-e" "RUST_BACKTRACE=full" "-e" "RUSTFLAGS=--cap-lints=forbid" "-e" "RUSTDOCFLAGS=--cap-lints=forbid" "-e" "CARGO_HOME=/opt/rustwide/cargo-home" "-e" "RUSTUP_HOME=/opt/rustwide/rustup-home" "-w" "/opt/rustwide/workdir" "-m" "1610612736" "--user" "0:0" "--network" "none" "ghcr.io/rust-lang/crates-build-env/linux@sha256:819108c5571ea2e421544af4d832f968d213c87fbe3707a016657f43d2f853bc" "/opt/rustwide/cargo-home/bin/cargo" "+nightly-2025-01-18" "build" "--frozen" "--message-format=json", kill_on_drop: false }`
[INFO] [stdout] f498131e8c6c638a3fef2b3e2777cd36dbca26ea2037f46bbcd4a79e8856ffc3
[INFO] running `Command { std: "docker" "start" "-a" "f498131e8c6c638a3fef2b3e2777cd36dbca26ea2037f46bbcd4a79e8856ffc3", kill_on_drop: false }`
[INFO] [stderr]    Compiling autocfg v1.0.1
[INFO] [stderr]    Compiling cfg-if v1.0.0
[INFO] [stderr]    Compiling libc v0.2.112
[INFO] [stderr]    Compiling lazy_static v1.4.0
[INFO] [stderr]    Compiling proc-macro2 v1.0.36
[INFO] [stderr]    Compiling unicode-xid v0.2.2
[INFO] [stderr]    Compiling syn v1.0.84
[INFO] [stderr]    Compiling crossbeam-utils v0.8.5
[INFO] [stderr]    Compiling scopeguard v1.1.0
[INFO] [stderr]    Compiling pkg-config v0.3.24
[INFO] [stderr]    Compiling cc v1.0.72
[INFO] [stderr]    Compiling crossbeam-epoch v0.9.5
[INFO] [stderr]    Compiling rayon-core v1.9.1
[INFO] [stderr]    Compiling log v0.4.14
[INFO] [stderr]    Compiling crc32fast v1.3.0
[INFO] [stderr]    Compiling wasm-bindgen-shared v0.2.78
[INFO] [stderr]    Compiling memoffset v0.6.5
[INFO] [stderr]    Compiling num-traits v0.2.14
[INFO] [stderr]    Compiling quote v1.0.14
[INFO] [stderr]    Compiling miniz_oxide v0.4.4
[INFO] [stderr]    Compiling num-integer v0.1.44
[INFO] [stderr]    Compiling crossbeam-channel v0.5.1
[INFO] [stderr]    Compiling crossbeam-deque v0.8.1
[INFO] [stderr]    Compiling num_cpus v1.13.1
[INFO] [stderr]    Compiling rayon v1.5.1
[INFO] [stderr]    Compiling adler v1.0.2
[INFO] [stderr]    Compiling openssl-sys v0.9.72
[INFO] [stderr]    Compiling libz-sys v1.1.3
[INFO] [stderr]    Compiling adler32 v1.2.0
[INFO] [stderr]    Compiling byteorder v1.4.3
[INFO] [stderr]    Compiling serde_derive v1.0.132
[INFO] [stderr]    Compiling bumpalo v3.8.0
[INFO] [stderr]    Compiling either v1.6.1
[INFO] [stderr]    Compiling bitflags v1.3.2
[INFO] [stderr]    Compiling num-iter v0.1.42
[INFO] [stderr]    Compiling num-rational v0.3.2
[INFO] [stderr]    Compiling serde v1.0.132
[INFO] [stderr]    Compiling parking_lot_core v0.8.5
[INFO] [stderr]    Compiling weezl v0.1.5
[INFO] [stderr]    Compiling deflate v0.8.6
[INFO] [stderr]    Compiling miniz_oxide v0.3.7
[INFO] [stderr]    Compiling libssh2-sys v0.2.23
[INFO] [stderr]    Compiling instant v0.1.12
[INFO] [stderr]    Compiling wasm-bindgen v0.2.78
[INFO] [stderr]    Compiling smallvec v1.7.0
[INFO] [stderr]    Compiling color_quant v1.1.0
[INFO] [stderr]    Compiling serde_json v1.0.73
[INFO] [stderr]    Compiling png v0.16.8
[INFO] [stderr]    Compiling gif v0.11.3
[INFO] [stderr]    Compiling flate2 v1.0.22
[INFO] [stderr]    Compiling time v0.1.44
[INFO] [stderr]    Compiling atty v0.2.14
[INFO] [stderr]    Compiling lock_api v0.4.5
[INFO] [stderr]    Compiling ryu v1.0.9
[INFO] [stderr]    Compiling bytemuck v1.7.3
[INFO] [stderr]    Compiling anyhow v1.0.52
[INFO] [stderr]    Compiling scoped_threadpool v0.1.9
[INFO] [stderr]    Compiling itoa v1.0.1
[INFO] [stderr]    Compiling unicode-width v0.1.9
[INFO] [stderr]    Compiling parking_lot v0.11.2
[INFO] [stderr]    Compiling linked-hash-map v0.5.4
[INFO] [stderr]    Compiling textwrap v0.11.0
[INFO] [stderr]    Compiling strsim v0.8.0
[INFO] [stderr]    Compiling xml-rs v0.8.4
[INFO] [stderr]    Compiling jpeg-decoder v0.1.22
[INFO] [stderr]    Compiling ansi_term v0.12.1
[INFO] [stderr]    Compiling vec_map v0.8.2
[INFO] [stderr]    Compiling yaml-rust v0.3.5
[INFO] [stderr]    Compiling yaml-rust v0.4.5
[INFO] [stderr]    Compiling pbr v1.0.4
[INFO] [stderr]    Compiling wasm-bindgen-backend v0.2.78
[INFO] [stderr]    Compiling tiff v0.6.1
[INFO] [stderr]    Compiling clap v2.34.0
[INFO] [stderr]    Compiling chrono v0.4.19
[INFO] [stderr]    Compiling colored v2.0.0
[INFO] [stderr]    Compiling image v0.23.14
[INFO] [stderr]    Compiling wasm-bindgen-macro-support v0.2.78
[INFO] [stderr]    Compiling thiserror-impl v1.0.30
[INFO] [stderr]    Compiling wasm-bindgen-macro v0.2.78
[INFO] [stderr]    Compiling thiserror v1.0.30
[INFO] [stderr]    Compiling zip v0.5.13
[INFO] [stderr]    Compiling ssh2 v0.9.3
[INFO] [stderr]    Compiling docx-rs v0.2.14
[INFO] [stderr]    Compiling tihc v0.1.0 (/opt/rustwide/workdir)
[INFO] [stdout] warning: fields `grafana_name` and `image_path` are never read
[INFO] [stdout]  --> src/components/grafanainfo/grafana.rs:7:9
[INFO] [stdout]   |
[INFO] [stdout] 6 | pub struct GrafanaImage {
[INFO] [stdout]   |            ------------ fields in this struct
[INFO] [stdout] 7 |     pub grafana_name: String,
[INFO] [stdout]   |         ^^^^^^^^^^^^
[INFO] [stdout] 8 |     pub grafana_url: String,
[INFO] [stdout] 9 |     pub image_path: String,
[INFO] [stdout]   |         ^^^^^^^^^^
[INFO] [stdout]   |
[INFO] [stdout]   = note: `GrafanaImage` has a derived impl for the trait `Clone`, but this is intentionally ignored during dead code analysis
[INFO] [stdout]   = note: `#[warn(dead_code)]` on by default
[INFO] [stdout] 
[INFO] [stdout] 
[INFO] [stdout] warning: fields `disk_strategy`, `disk_mount`, `disk_type`, `numa_status`, and `bond_status` are never read
[INFO] [stdout]   --> src/components/sysinfo/system.rs:14:9
[INFO] [stdout]    |
[INFO] [stdout] 5  | pub struct SysInfo {
[INFO] [stdout]    |            ------- fields in this struct
[INFO] [stdout] ...
[INFO] [stdout] 14 |     pub disk_strategy: String,
[INFO] [stdout]    |         ^^^^^^^^^^^^^
[INFO] [stdout] 15 |     pub disk_mount: String,
[INFO] [stdout]    |         ^^^^^^^^^^
[INFO] [stdout] 16 |     pub disk_type: String,
[INFO] [stdout]    |         ^^^^^^^^^
[INFO] [stdout] ...
[INFO] [stdout] 19 |     pub numa_status: String,
[INFO] [stdout]    |         ^^^^^^^^^^^
[INFO] [stdout] 20 |     pub bond_status: String,
[INFO] [stdout]    |         ^^^^^^^^^^^
[INFO] [stdout] 
[INFO] [stdout] 
[INFO] [stdout] warning: field `all_config` is never read
[INFO] [stdout]   --> src/executor/ssh.rs:35:9
[INFO] [stdout]    |
[INFO] [stdout] 34 | pub struct ClusterSSHHandle {
[INFO] [stdout]    |            ---------------- field in this struct
[INFO] [stdout] 35 |     pub all_config: Vec<SSHConfig>,
[INFO] [stdout]    |         ^^^^^^^^^^
[INFO] [stdout] 
[INFO] [stdout] 
[INFO] [stderr]     Finished `dev` profile [unoptimized + debuginfo] target(s) in 1m 16s
[INFO] [stderr] warning: the following packages contain code that will be rejected by a future version of Rust: wasm-bindgen v0.2.78
[INFO] [stderr] note: to see what the problems were, use the option `--future-incompat-report`, or run `cargo report future-incompatibilities --id 1`
[INFO] running `Command { std: "docker" "inspect" "f498131e8c6c638a3fef2b3e2777cd36dbca26ea2037f46bbcd4a79e8856ffc3", kill_on_drop: false }`
[INFO] running `Command { std: "docker" "rm" "-f" "f498131e8c6c638a3fef2b3e2777cd36dbca26ea2037f46bbcd4a79e8856ffc3", kill_on_drop: false }`
[INFO] [stdout] f498131e8c6c638a3fef2b3e2777cd36dbca26ea2037f46bbcd4a79e8856ffc3
[INFO] running `Command { std: "docker" "create" "-v" "/var/lib/crater-agent-workspace/builds/worker-2-tc1/target:/opt/rustwide/target:rw,Z" "-v" "/var/lib/crater-agent-workspace/builds/worker-2-tc1/source:/opt/rustwide/workdir:ro,Z" "-v" "/var/lib/crater-agent-workspace/cargo-home:/opt/rustwide/cargo-home:ro,Z" "-v" "/var/lib/crater-agent-workspace/rustup-home:/opt/rustwide/rustup-home:ro,Z" "-e" "SOURCE_DIR=/opt/rustwide/workdir" "-e" "CARGO_TARGET_DIR=/opt/rustwide/target" "-e" "CARGO_INCREMENTAL=0" "-e" "RUST_BACKTRACE=full" "-e" "RUSTFLAGS=--cap-lints=forbid" "-e" "RUSTDOCFLAGS=--cap-lints=forbid" "-e" "CARGO_HOME=/opt/rustwide/cargo-home" "-e" "RUSTUP_HOME=/opt/rustwide/rustup-home" "-w" "/opt/rustwide/workdir" "-m" "1610612736" "--user" "0:0" "--network" "none" "ghcr.io/rust-lang/crates-build-env/linux@sha256:819108c5571ea2e421544af4d832f968d213c87fbe3707a016657f43d2f853bc" "/opt/rustwide/cargo-home/bin/cargo" "+nightly-2025-01-18" "test" "--frozen" "--no-run" "--message-format=json", kill_on_drop: false }`
[INFO] [stdout] 8e41ae76a31355748077d9e592920b2b0a887bc3f625791e800aedac3e6ab275
[INFO] running `Command { std: "docker" "start" "-a" "8e41ae76a31355748077d9e592920b2b0a887bc3f625791e800aedac3e6ab275", kill_on_drop: false }`
[INFO] [stderr]    Compiling tihc v0.1.0 (/opt/rustwide/workdir)
[INFO] [stdout] warning: fields `grafana_name` and `image_path` are never read
[INFO] [stdout]  --> src/components/grafanainfo/grafana.rs:7:9
[INFO] [stdout]   |
[INFO] [stdout] 6 | pub struct GrafanaImage {
[INFO] [stdout]   |            ------------ fields in this struct
[INFO] [stdout] 7 |     pub grafana_name: String,
[INFO] [stdout]   |         ^^^^^^^^^^^^
[INFO] [stdout] 8 |     pub grafana_url: String,
[INFO] [stdout] 9 |     pub image_path: String,
[INFO] [stdout]   |         ^^^^^^^^^^
[INFO] [stdout]   |
[INFO] [stdout]   = note: `GrafanaImage` has a derived impl for the trait `Clone`, but this is intentionally ignored during dead code analysis
[INFO] [stdout]   = note: `#[warn(dead_code)]` on by default
[INFO] [stdout] 
[INFO] [stdout] 
[INFO] [stdout] warning: fields `disk_strategy`, `disk_mount`, `disk_type`, `numa_status`, and `bond_status` are never read
[INFO] [stdout]   --> src/components/sysinfo/system.rs:14:9
[INFO] [stdout]    |
[INFO] [stdout] 5  | pub struct SysInfo {
[INFO] [stdout]    |            ------- fields in this struct
[INFO] [stdout] ...
[INFO] [stdout] 14 |     pub disk_strategy: String,
[INFO] [stdout]    |         ^^^^^^^^^^^^^
[INFO] [stdout] 15 |     pub disk_mount: String,
[INFO] [stdout]    |         ^^^^^^^^^^
[INFO] [stdout] 16 |     pub disk_type: String,
[INFO] [stdout]    |         ^^^^^^^^^
[INFO] [stdout] ...
[INFO] [stdout] 19 |     pub numa_status: String,
[INFO] [stdout]    |         ^^^^^^^^^^^
[INFO] [stdout] 20 |     pub bond_status: String,
[INFO] [stdout]    |         ^^^^^^^^^^^
[INFO] [stdout] 
[INFO] [stdout] 
[INFO] [stdout] warning: field `all_config` is never read
[INFO] [stdout]   --> src/executor/ssh.rs:35:9
[INFO] [stdout]    |
[INFO] [stdout] 34 | pub struct ClusterSSHHandle {
[INFO] [stdout]    |            ---------------- field in this struct
[INFO] [stdout] 35 |     pub all_config: Vec<SSHConfig>,
[INFO] [stdout]    |         ^^^^^^^^^^
[INFO] [stdout] 
[INFO] [stdout] 
[INFO] [stderr]     Finished `test` profile [unoptimized + debuginfo] target(s) in 1.49s
[INFO] [stderr] warning: the following packages contain code that will be rejected by a future version of Rust: wasm-bindgen v0.2.78
[INFO] [stderr] note: to see what the problems were, use the option `--future-incompat-report`, or run `cargo report future-incompatibilities --id 1`
[INFO] running `Command { std: "docker" "inspect" "8e41ae76a31355748077d9e592920b2b0a887bc3f625791e800aedac3e6ab275", kill_on_drop: false }`
[INFO] running `Command { std: "docker" "rm" "-f" "8e41ae76a31355748077d9e592920b2b0a887bc3f625791e800aedac3e6ab275", kill_on_drop: false }`
[INFO] [stdout] 8e41ae76a31355748077d9e592920b2b0a887bc3f625791e800aedac3e6ab275
[INFO] running `Command { std: "docker" "create" "-v" "/var/lib/crater-agent-workspace/builds/worker-2-tc1/target:/opt/rustwide/target:rw,Z" "-v" "/var/lib/crater-agent-workspace/builds/worker-2-tc1/source:/opt/rustwide/workdir:ro,Z" "-v" "/var/lib/crater-agent-workspace/cargo-home:/opt/rustwide/cargo-home:ro,Z" "-v" "/var/lib/crater-agent-workspace/rustup-home:/opt/rustwide/rustup-home:ro,Z" "-e" "SOURCE_DIR=/opt/rustwide/workdir" "-e" "CARGO_TARGET_DIR=/opt/rustwide/target" "-e" "CARGO_INCREMENTAL=0" "-e" "RUST_BACKTRACE=full" "-e" "RUSTFLAGS=--cap-lints=forbid" "-e" "RUSTDOCFLAGS=--cap-lints=forbid" "-e" "CARGO_HOME=/opt/rustwide/cargo-home" "-e" "RUSTUP_HOME=/opt/rustwide/rustup-home" "-w" "/opt/rustwide/workdir" "-m" "1610612736" "--user" "0:0" "--network" "none" "ghcr.io/rust-lang/crates-build-env/linux@sha256:819108c5571ea2e421544af4d832f968d213c87fbe3707a016657f43d2f853bc" "/opt/rustwide/cargo-home/bin/cargo" "+nightly-2025-01-18" "test" "--frozen", kill_on_drop: false }`
[INFO] [stdout] 627cb3228b7dfe115f95f85527976509f1ab5956efcd4a569264698c13556691
[INFO] running `Command { std: "docker" "start" "-a" "627cb3228b7dfe115f95f85527976509f1ab5956efcd4a569264698c13556691", kill_on_drop: false }`
[INFO] [stderr] warning: fields `grafana_name` and `image_path` are never read
[INFO] [stderr]  --> src/components/grafanainfo/grafana.rs:7:9
[INFO] [stderr]   |
[INFO] [stderr] 6 | pub struct GrafanaImage {
[INFO] [stderr]   |            ------------ fields in this struct
[INFO] [stderr] 7 |     pub grafana_name: String,
[INFO] [stderr]   |         ^^^^^^^^^^^^
[INFO] [stderr] 8 |     pub grafana_url: String,
[INFO] [stderr] 9 |     pub image_path: String,
[INFO] [stderr]   |         ^^^^^^^^^^
[INFO] [stderr]   |
[INFO] [stderr]   = note: `GrafanaImage` has a derived impl for the trait `Clone`, but this is intentionally ignored during dead code analysis
[INFO] [stderr]   = note: `#[warn(dead_code)]` on by default
[INFO] [stderr] 
[INFO] [stderr] warning: fields `disk_strategy`, `disk_mount`, `disk_type`, `numa_status`, and `bond_status` are never read
[INFO] [stderr]   --> src/components/sysinfo/system.rs:14:9
[INFO] [stderr]    |
[INFO] [stderr] 5  | pub struct SysInfo {
[INFO] [stderr]    |            ------- fields in this struct
[INFO] [stderr] ...
[INFO] [stderr] 14 |     pub disk_strategy: String,
[INFO] [stderr]    |         ^^^^^^^^^^^^^
[INFO] [stderr] 15 |     pub disk_mount: String,
[INFO] [stderr]    |         ^^^^^^^^^^
[INFO] [stderr] 16 |     pub disk_type: String,
[INFO] [stderr]    |         ^^^^^^^^^
[INFO] [stderr] ...
[INFO] [stderr] 19 |     pub numa_status: String,
[INFO] [stderr]    |         ^^^^^^^^^^^
[INFO] [stderr] 20 |     pub bond_status: String,
[INFO] [stderr]    |         ^^^^^^^^^^^
[INFO] [stderr] 
[INFO] [stderr] warning: field `all_config` is never read
[INFO] [stderr]   --> src/executor/ssh.rs:35:9
[INFO] [stderr]    |
[INFO] [stderr] 34 | pub struct ClusterSSHHandle {
[INFO] [stderr]    |            ---------------- field in this struct
[INFO] [stderr] 35 |     pub all_config: Vec<SSHConfig>,
[INFO] [stderr]    |         ^^^^^^^^^^
[INFO] [stderr] 
[INFO] [stderr] warning: `tihc` (bin "tihc" test) generated 3 warnings
[INFO] [stderr]     Finished `test` profile [unoptimized + debuginfo] target(s) in 0.11s
[INFO] [stderr] warning: the following packages contain code that will be rejected by a future version of Rust: wasm-bindgen v0.2.78
[INFO] [stderr] note: to see what the problems were, use the option `--future-incompat-report`, or run `cargo report future-incompatibilities --id 1`
[INFO] [stderr]      Running unittests src/main.rs (/opt/rustwide/target/debug/deps/tihc-e9bcf078df8e584b)
[INFO] [stdout] 
[INFO] [stdout] running 3 tests
[INFO] [stdout] 
1 / 100 ╢▌░░░░░░░░░░░░░░░░░░░░░░░░░░░░░░░░░░░░░░░░░░░░░░░╟ 1.00 % 38789.76/s 0s
2 / 100 ╢▌░░░░░░░░░░░░░░░░░░░░░░░░░░░░░░░░░░░░░░░░░░░░░░░╟ 2.00 % 23954.96/s 0s
3 / 100 ╢▌▌░░░░░░░░░░░░░░░░░░░░░░░░░░░░░░░░░░░░░░░░░░░░░░╟ 3.00 % 30220.61/s 0s
4 / 100 ╢▌▌░░░░░░░░░░░░░░░░░░░░░░░░░░░░░░░░░░░░░░░░░░░░░░╟ 4.00 % 35445.28/s 0s
5 / 100 ╢▌▌▌░░░░░░░░░░░░░░░░░░░░░░░░░░░░░░░░░░░░░░░░░░░░░╟ 5.00 % 38405.41/s 0s
6 / 100 ╢▌▌▌░░░░░░░░░░░░░░░░░░░░░░░░░░░░░░░░░░░░░░░░░░░░░╟ 6.00 % 41893.59/s 0s
7 / 100 ╢▌▌▌▌░░░░░░░░░░░░░░░░░░░░░░░░░░░░░░░░░░░░░░░░░░░░╟ 7.00 % 44685.60/s 0s
8 / 100 ╢▌▌▌▌░░░░░░░░░░░░░░░░░░░░░░░░░░░░░░░░░░░░░░░░░░░░╟ 8.00 % 47239.44/s 0s
9 / 100 ╢▌▌▌▌▌░░░░░░░░░░░░░░░░░░░░░░░░░░░░░░░░░░░░░░░░░░░╟ 9.00 % 48353.30/s 0s
10 / 100 ╢▌▌▌▌▌░░░░░░░░░░░░░░░░░░░░░░░░░░░░░░░░░░░░░░░░░╟ 10.00 % 50077.62/s 0s
11 / 100 ╢▌▌▌▌▌▌░░░░░░░░░░░░░░░░░░░░░░░░░░░░░░░░░░░░░░░░╟ 11.00 % 51645.62/s 0s
12 / 100 ╢▌▌▌▌▌▌░░░░░░░░░░░░░░░░░░░░░░░░░░░░░░░░░░░░░░░░╟ 12.00 % 53095.00/s 0s
13 / 100 ╢▌▌▌▌▌▌░░░░░░░░░░░░░░░░░░░░░░░░░░░░░░░░░░░░░░░░╟ 13.00 % 54493.63/s 0s
14 / 100 ╢▌▌▌▌▌▌▌░░░░░░░░░░░░░░░░░░░░░░░░░░░░░░░░░░░░░░░╟ 14.00 % 55779.11/s 0s
15 / 100 ╢▌▌▌▌▌▌▌░░░░░░░░░░░░░░░░░░░░░░░░░░░░░░░░░░░░░░░╟ 15.00 % 56708.63/s 0s
16 / 100 ╢▌▌▌▌▌▌▌▌░░░░░░░░░░░░░░░░░░░░░░░░░░░░░░░░░░░░░░╟ 16.00 % 56541.10/s 0s
17 / 100 ╢▌▌▌▌▌▌▌▌░░░░░░░░░░░░░░░░░░░░░░░░░░░░░░░░░░░░░░╟ 17.00 % 57387.84/s 0s
18 / 100 ╢▌▌▌▌▌▌▌▌▌░░░░░░░░░░░░░░░░░░░░░░░░░░░░░░░░░░░░░╟ 18.00 % 58070.14/s 0s
19 / 100 ╢▌▌▌▌▌▌▌▌▌░░░░░░░░░░░░░░░░░░░░░░░░░░░░░░░░░░░░░╟ 19.00 % 58767.13/s 0s
20 / 100 ╢▌▌▌▌▌▌▌▌▌▌░░░░░░░░░░░░░░░░░░░░░░░░░░░░░░░░░░░░╟ 20.00 % 59421.24/s 0s
21 / 100 ╢▌▌▌▌▌▌▌▌▌▌░░░░░░░░░░░░░░░░░░░░░░░░░░░░░░░░░░░░╟ 21.00 % 60082.40/s 0s
22 / 100 ╢▌▌▌▌▌▌▌▌▌▌▌░░░░░░░░░░░░░░░░░░░░░░░░░░░░░░░░░░░╟ 22.00 % 60616.08/s 0s
23 / 100 ╢▌▌▌▌▌▌▌▌▌▌▌░░░░░░░░░░░░░░░░░░░░░░░░░░░░░░░░░░░╟ 23.00 % 61045.20/s 0s
24 / 100 ╢▌▌▌▌▌▌▌▌▌▌▌▌░░░░░░░░░░░░░░░░░░░░░░░░░░░░░░░░░░╟ 24.00 % 61499.04/s 0s
25 / 100 ╢▌▌▌▌▌▌▌▌▌▌▌▌░░░░░░░░░░░░░░░░░░░░░░░░░░░░░░░░░░╟ 25.00 % 61419.03/s 0s
26 / 100 ╢▌▌▌▌▌▌▌▌▌▌▌▌░░░░░░░░░░░░░░░░░░░░░░░░░░░░░░░░░░╟ 26.00 % 61704.96/s 0s
27 / 100 ╢▌▌▌▌▌▌▌▌▌▌▌▌▌░░░░░░░░░░░░░░░░░░░░░░░░░░░░░░░░░╟ 27.00 % 61964.98/s 0s
28 / 100 ╢▌▌▌▌▌▌▌▌▌▌▌▌▌░░░░░░░░░░░░░░░░░░░░░░░░░░░░░░░░░╟ 28.00 % 62165.58/s 0s
29 / 100 ╢▌▌▌▌▌▌▌▌▌▌▌▌▌▌░░░░░░░░░░░░░░░░░░░░░░░░░░░░░░░░╟ 29.00 % 62376.32/s 0s
30 / 100 ╢▌▌▌▌▌▌▌▌▌▌▌▌▌▌░░░░░░░░░░░░░░░░░░░░░░░░░░░░░░░░╟ 30.00 % 62574.31/s 0s
31 / 100 ╢▌▌▌▌▌▌▌▌▌▌▌▌▌▌▌░░░░░░░░░░░░░░░░░░░░░░░░░░░░░░░╟ 31.00 % 62830.62/s 0s
32 / 100 ╢▌▌▌▌▌▌▌▌▌▌▌▌▌▌▌░░░░░░░░░░░░░░░░░░░░░░░░░░░░░░░╟ 32.00 % 62997.09/s 0s
33 / 100 ╢▌▌▌▌▌▌▌▌▌▌▌▌▌▌▌▌░░░░░░░░░░░░░░░░░░░░░░░░░░░░░░╟ 33.00 % 63136.14/s 0s
34 / 100 ╢▌▌▌▌▌▌▌▌▌▌▌▌▌▌▌▌░░░░░░░░░░░░░░░░░░░░░░░░░░░░░░╟ 34.00 % 63299.39/s 0s
35 / 100 ╢▌▌▌▌▌▌▌▌▌▌▌▌▌▌▌▌▌░░░░░░░░░░░░░░░░░░░░░░░░░░░░░╟ 35.00 % 63392.02/s 0s
36 / 100 ╢▌▌▌▌▌▌▌▌▌▌▌▌▌▌▌▌▌░░░░░░░░░░░░░░░░░░░░░░░░░░░░░╟ 36.00 % 63017.49/s 0s
37 / 100 ╢▌▌▌▌▌▌▌▌▌▌▌▌▌▌▌▌▌▌░░░░░░░░░░░░░░░░░░░░░░░░░░░░╟ 37.00 % 63142.09/s 0s
38 / 100 ╢▌▌▌▌▌▌▌▌▌▌▌▌▌▌▌▌▌▌░░░░░░░░░░░░░░░░░░░░░░░░░░░░╟ 38.00 % 63336.50/s 0s
39 / 100 ╢▌▌▌▌▌▌▌▌▌▌▌▌▌▌▌▌▌▌░░░░░░░░░░░░░░░░░░░░░░░░░░░░╟ 39.00 % 63601.82/s 0s
40 / 100 ╢▌▌▌▌▌▌▌▌▌▌▌▌▌▌▌▌▌▌▌░░░░░░░░░░░░░░░░░░░░░░░░░░░╟ 40.00 % 63694.27/s 0s
41 / 100 ╢▌▌▌▌▌▌▌▌▌▌▌▌▌▌▌▌▌▌▌░░░░░░░░░░░░░░░░░░░░░░░░░░░╟ 41.00 % 63893.78/s 0s
42 / 100 ╢▌▌▌▌▌▌▌▌▌▌▌▌▌▌▌▌▌▌▌▌░░░░░░░░░░░░░░░░░░░░░░░░░░╟ 42.00 % 63993.17/s 0s
43 / 100 ╢▌▌▌▌▌▌▌▌▌▌▌▌▌▌▌▌▌▌▌▌░░░░░░░░░░░░░░░░░░░░░░░░░░╟ 43.00 % 64121.68/s 0s
44 / 100 ╢▌▌▌▌▌▌▌▌▌▌▌▌▌▌▌▌▌▌▌▌▌░░░░░░░░░░░░░░░░░░░░░░░░░╟ 44.00 % 64254.21/s 0s
45 / 100 ╢▌▌▌▌▌▌▌▌▌▌▌▌▌▌▌▌▌▌▌▌▌░░░░░░░░░░░░░░░░░░░░░░░░░╟ 45.00 % 64477.30/s 0s
46 / 100 ╢▌▌▌▌▌▌▌▌▌▌▌▌▌▌▌▌▌▌▌▌▌▌░░░░░░░░░░░░░░░░░░░░░░░░╟ 46.00 % 64630.34/s 0s
47 / 100 ╢▌▌▌▌▌▌▌▌▌▌▌▌▌▌▌▌▌▌▌▌▌▌░░░░░░░░░░░░░░░░░░░░░░░░╟ 47.00 % 64675.93/s 0s
48 / 100 ╢▌▌▌▌▌▌▌▌▌▌▌▌▌▌▌▌▌▌▌▌▌▌▌░░░░░░░░░░░░░░░░░░░░░░░╟ 48.00 % 64661.27/s 0s
49 / 100 ╢▌▌▌▌▌▌▌▌▌▌▌▌▌▌▌▌▌▌▌▌▌▌▌░░░░░░░░░░░░░░░░░░░░░░░╟ 49.00 % 64803.67/s 0s
50 / 100 ╢▌▌▌▌▌▌▌▌▌▌▌▌▌▌▌▌▌▌▌▌▌▌▌░░░░░░░░░░░░░░░░░░░░░░░╟ 50.00 % 65006.83/s 0stest util::time::check_mills_to_date_test ... FAILED
[INFO] [stdout] test util::time::check_str_to_date_test ... FAILED
[INFO] [stdout] 
100 / 100 ╢▌▌▌▌▌▌▌▌▌▌▌▌▌▌▌▌▌▌▌▌▌▌▌▌▌▌▌▌▌▌▌▌▌▌▌▌▌▌▌▌▌▌▌▌▌▌▌▌▌▌╟ 100.00 % 19.98/s
[INFO] [stdout] Done -- Single Bar -- TiHC 
[INFO] [stdout] test executor::progress::terminal_pbr::test_single_bar ... ok
[INFO] [stdout] 
[INFO] [stdout] failures:
[INFO] [stdout] 
[INFO] [stdout] ---- util::time::check_mills_to_date_test stdout ----
[INFO] [stdout] Grafana Time Date is : --> 2022-03-17 01:03:37
[INFO] [stdout] Grafana Time Date is : --> 2022-03-16 17:03:37
[INFO] [stdout] 
[INFO] [stdout] thread 'util::time::check_mills_to_date_test' panicked at src/util/time.rs:101:5:
[INFO] [stdout] assertion `left == right` failed
[INFO] [stdout]   left: Time { fmt: "%Y-%m-%d %H:%M:%S %z", time: "2022-03-16 17:03:37", offset: "+00:00" }
[INFO] [stdout]  right: Time { fmt: "%Y-%m-%d %H:%M:%S %z", time: "2022-03-17 01:03:37", offset: "+00:00" }
[INFO] [stdout] stack backtrace:
[INFO] [stdout]    0:     0x58eb881f8a1a - std::backtrace_rs::backtrace::libunwind::trace::hb059275cfc8d6126
[INFO] [stdout]                                at /rustc/6067b36314ab5eb2eb47cecc464545ba58e1ad24/library/std/src/../../backtrace/src/backtrace/libunwind.rs:116:5
[INFO] [stdout]    1:     0x58eb881f8a1a - std::backtrace_rs::backtrace::trace_unsynchronized::h2da071e4327ce3ee
[INFO] [stdout]                                at /rustc/6067b36314ab5eb2eb47cecc464545ba58e1ad24/library/std/src/../../backtrace/src/backtrace/mod.rs:66:5
[INFO] [stdout]    2:     0x58eb881f8a1a - std::sys::backtrace::_print_fmt::h842a1474e6f8d23f
[INFO] [stdout]                                at /rustc/6067b36314ab5eb2eb47cecc464545ba58e1ad24/library/std/src/sys/backtrace.rs:66:9
[INFO] [stdout]    3:     0x58eb881f8a1a - <std::sys::backtrace::BacktraceLock::print::DisplayBacktrace as core::fmt::Display>::fmt::h71a62eb3b9696b12
[INFO] [stdout]                                at /rustc/6067b36314ab5eb2eb47cecc464545ba58e1ad24/library/std/src/sys/backtrace.rs:39:26
[INFO] [stdout]    4:     0x58eb88220093 - core::fmt::rt::Argument::fmt::hdb6b616786b41dc1
[INFO] [stdout]                                at /rustc/6067b36314ab5eb2eb47cecc464545ba58e1ad24/library/core/src/fmt/rt.rs:177:76
[INFO] [stdout]    5:     0x58eb88220093 - core::fmt::write::h2cc1698af7e2d686
[INFO] [stdout]                                at /rustc/6067b36314ab5eb2eb47cecc464545ba58e1ad24/library/core/src/fmt/mod.rs:1440:21
[INFO] [stdout]    6:     0x58eb881f5573 - std::io::Write::write_fmt::hab1b4cd059a79022
[INFO] [stdout]                                at /rustc/6067b36314ab5eb2eb47cecc464545ba58e1ad24/library/std/src/io/mod.rs:1887:15
[INFO] [stdout]    7:     0x58eb881f8862 - std::sys::backtrace::BacktraceLock::print::h147fe35b4ea13b08
[INFO] [stdout]                                at /rustc/6067b36314ab5eb2eb47cecc464545ba58e1ad24/library/std/src/sys/backtrace.rs:42:9
[INFO] [stdout]    8:     0x58eb881f9e3f - std::panicking::default_hook::{{closure}}::hbd44223dbdc0d208
[INFO] [stdout]                                at /rustc/6067b36314ab5eb2eb47cecc464545ba58e1ad24/library/std/src/panicking.rs:298:22
[INFO] [stdout]    9:     0x58eb881f9c58 - std::panicking::default_hook::h20f81eb0576efcec
[INFO] [stdout]                                at /rustc/6067b36314ab5eb2eb47cecc464545ba58e1ad24/library/std/src/panicking.rs:322:9
[INFO] [stdout]   10:     0x58eb88184483 - <alloc::boxed::Box<F,A> as core::ops::function::Fn<Args>>::call::hdb53814c496a4d34
[INFO] [stdout]                                at /rustc/6067b36314ab5eb2eb47cecc464545ba58e1ad24/library/alloc/src/boxed.rs:2027:9
[INFO] [stdout]   11:     0x58eb88184483 - test::test_main::{{closure}}::hc0a4963c59427c24
[INFO] [stdout]                                at /rustc/6067b36314ab5eb2eb47cecc464545ba58e1ad24/library/test/src/lib.rs:134:21
[INFO] [stdout]   12:     0x58eb881fa933 - <alloc::boxed::Box<F,A> as core::ops::function::Fn<Args>>::call::h591b2225413a77e9
[INFO] [stdout]                                at /rustc/6067b36314ab5eb2eb47cecc464545ba58e1ad24/library/alloc/src/boxed.rs:2027:9
[INFO] [stdout]   13:     0x58eb881fa933 - std::panicking::rust_panic_with_hook::h625eea43051b2edc
[INFO] [stdout]                                at /rustc/6067b36314ab5eb2eb47cecc464545ba58e1ad24/library/std/src/panicking.rs:839:13
[INFO] [stdout]   14:     0x58eb881fa5ea - std::panicking::begin_panic_handler::{{closure}}::h4f9159cfbc3f6bd3
[INFO] [stdout]                                at /rustc/6067b36314ab5eb2eb47cecc464545ba58e1ad24/library/std/src/panicking.rs:704:13
[INFO] [stdout]   15:     0x58eb881f8f19 - std::sys::backtrace::__rust_end_short_backtrace::h0390abce48353151
[INFO] [stdout]                                at /rustc/6067b36314ab5eb2eb47cecc464545ba58e1ad24/library/std/src/sys/backtrace.rs:168:18
[INFO] [stdout]   16:     0x58eb881fa27d - rust_begin_unwind
[INFO] [stdout]                                at /rustc/6067b36314ab5eb2eb47cecc464545ba58e1ad24/library/std/src/panicking.rs:695:5
[INFO] [stdout]   17:     0x58eb8821eb40 - core::panicking::panic_fmt::h9e7c637e9e5f29c9
[INFO] [stdout]                                at /rustc/6067b36314ab5eb2eb47cecc464545ba58e1ad24/library/core/src/panicking.rs:75:14
[INFO] [stdout]   18:     0x58eb8821ee62 - core::panicking::assert_failed_inner::h538bec7c1374cd9c
[INFO] [stdout]   19:     0x58eb88141491 - core::panicking::assert_failed::hbd71df6649a919bf
[INFO] [stdout]                                at /rustc/6067b36314ab5eb2eb47cecc464545ba58e1ad24/library/core/src/panicking.rs:364:5
[INFO] [stdout]   20:     0x58eb88142beb - tihc::util::time::check_mills_to_date_test::h30a5fde46c133ebd
[INFO] [stdout]                                at /opt/rustwide/workdir/src/util/time.rs:101:5
[INFO] [stdout]   21:     0x58eb88142977 - tihc::util::time::check_mills_to_date_test::{{closure}}::hf1701ab68c4b8ad7
[INFO] [stdout]                                at /opt/rustwide/workdir/src/util/time.rs:94:30
[INFO] [stdout]   22:     0x58eb881400e6 - core::ops::function::FnOnce::call_once::hd18835880ad69f26
[INFO] [stdout]                                at /rustc/6067b36314ab5eb2eb47cecc464545ba58e1ad24/library/core/src/ops/function.rs:250:5
[INFO] [stdout]   23:     0x58eb88189bdb - core::ops::function::FnOnce::call_once::he27718dfdd183f43
[INFO] [stdout]                                at /rustc/6067b36314ab5eb2eb47cecc464545ba58e1ad24/library/core/src/ops/function.rs:250:5
[INFO] [stdout]   24:     0x58eb88189bdb - test::__rust_begin_short_backtrace::h4e84902998457a5d
[INFO] [stdout]                                at /rustc/6067b36314ab5eb2eb47cecc464545ba58e1ad24/library/test/src/lib.rs:632:18
[INFO] [stdout]   25:     0x58eb88188b13 - test::run_test_in_process::{{closure}}::h7176fd18fc1feca0
[INFO] [stdout]                                at /rustc/6067b36314ab5eb2eb47cecc464545ba58e1ad24/library/test/src/lib.rs:655:60
[INFO] [stdout]   26:     0x58eb88188b13 - <core::panic::unwind_safe::AssertUnwindSafe<F> as core::ops::function::FnOnce<()>>::call_once::hf79cff2a624d8cf7
[INFO] [stdout]                                at /rustc/6067b36314ab5eb2eb47cecc464545ba58e1ad24/library/core/src/panic/unwind_safe.rs:272:9
[INFO] [stdout]   27:     0x58eb88188b13 - std::panicking::try::do_call::h3da0561d9ab99c25
[INFO] [stdout]                                at /rustc/6067b36314ab5eb2eb47cecc464545ba58e1ad24/library/std/src/panicking.rs:587:40
[INFO] [stdout]   28:     0x58eb88188b13 - std::panicking::try::h41c9fa508bc61df6
[INFO] [stdout]                                at /rustc/6067b36314ab5eb2eb47cecc464545ba58e1ad24/library/std/src/panicking.rs:550:19
[INFO] [stdout]   29:     0x58eb88188b13 - std::panic::catch_unwind::h6b3ff07bb5afad93
[INFO] [stdout]                                at /rustc/6067b36314ab5eb2eb47cecc464545ba58e1ad24/library/std/src/panic.rs:358:14
[INFO] [stdout]   30:     0x58eb88188b13 - test::run_test_in_process::hc7253dd11b39b9f4
[INFO] [stdout]                                at /rustc/6067b36314ab5eb2eb47cecc464545ba58e1ad24/library/test/src/lib.rs:655:27
[INFO] [stdout]   31:     0x58eb88188b13 - test::run_test::{{closure}}::hfb2007f8649c30bb
[INFO] [stdout]                                at /rustc/6067b36314ab5eb2eb47cecc464545ba58e1ad24/library/test/src/lib.rs:576:43
[INFO] [stdout]   32:     0x58eb8814bbf5 - test::run_test::{{closure}}::h56a17aa7a282a9f4
[INFO] [stdout]                                at /rustc/6067b36314ab5eb2eb47cecc464545ba58e1ad24/library/test/src/lib.rs:606:41
[INFO] [stdout]   33:     0x58eb8814bbf5 - std::sys::backtrace::__rust_begin_short_backtrace::hd2d2d2fb8e8c6aac
[INFO] [stdout]                                at /rustc/6067b36314ab5eb2eb47cecc464545ba58e1ad24/library/std/src/sys/backtrace.rs:152:18
[INFO] [stdout]   34:     0x58eb8814f4da - std::thread::Builder::spawn_unchecked_::{{closure}}::{{closure}}::h4faa3f9db6133423
[INFO] [stdout]                                at /rustc/6067b36314ab5eb2eb47cecc464545ba58e1ad24/library/std/src/thread/mod.rs:559:17
[INFO] [stdout]   35:     0x58eb8814f4da - <core::panic::unwind_safe::AssertUnwindSafe<F> as core::ops::function::FnOnce<()>>::call_once::hf2e855a36a4ea846
[INFO] [stdout]                                at /rustc/6067b36314ab5eb2eb47cecc464545ba58e1ad24/library/core/src/panic/unwind_safe.rs:272:9
[INFO] [stdout]   36:     0x58eb8814f4da - std::panicking::try::do_call::h2f73af3616c35465
[INFO] [stdout]                                at /rustc/6067b36314ab5eb2eb47cecc464545ba58e1ad24/library/std/src/panicking.rs:587:40
[INFO] [stdout]   37:     0x58eb8814f4da - std::panicking::try::hd1660ce9efadef5a
[INFO] [stdout]                                at /rustc/6067b36314ab5eb2eb47cecc464545ba58e1ad24/library/std/src/panicking.rs:550:19
[INFO] [stdout]   38:     0x58eb8814f4da - std::panic::catch_unwind::h5ee8d7823b8ca744
[INFO] [stdout]                                at /rustc/6067b36314ab5eb2eb47cecc464545ba58e1ad24/library/std/src/panic.rs:358:14
[INFO] [stdout]   39:     0x58eb8814f4da - std::thread::Builder::spawn_unchecked_::{{closure}}::h53c3a1894dce8407
[INFO] [stdout]                                at /rustc/6067b36314ab5eb2eb47cecc464545ba58e1ad24/library/std/src/thread/mod.rs:557:30
[INFO] [stdout]   40:     0x58eb8814f4da - core::ops::function::FnOnce::call_once{{vtable.shim}}::h048ce291ad4f62bf
[INFO] [stdout]                                at /rustc/6067b36314ab5eb2eb47cecc464545ba58e1ad24/library/core/src/ops/function.rs:250:5
[INFO] [stdout]   41:     0x58eb881fe87b - <alloc::boxed::Box<F,A> as core::ops::function::FnOnce<Args>>::call_once::ha52bedf99a3b4981
[INFO] [stdout]                                at /rustc/6067b36314ab5eb2eb47cecc464545ba58e1ad24/library/alloc/src/boxed.rs:2013:9
[INFO] [stdout]   42:     0x58eb881fe87b - <alloc::boxed::Box<F,A> as core::ops::function::FnOnce<Args>>::call_once::h567748934d80ccf8
[INFO] [stdout]                                at /rustc/6067b36314ab5eb2eb47cecc464545ba58e1ad24/library/alloc/src/boxed.rs:2013:9
[INFO] [stdout]   43:     0x58eb881fe87b - std::sys::pal::unix::thread::Thread::new::thread_start::h2d970728ae887adc
[INFO] [stdout]                                at /rustc/6067b36314ab5eb2eb47cecc464545ba58e1ad24/library/std/src/sys/pal/unix/thread.rs:106:17
[INFO] [stdout]   44:     0x748634a7bac3 - <unknown>
[INFO] [stdout]   45:     0x748634b0ca04 - clone
[INFO] [stdout]   46:                0x0 - <unknown>
[INFO] [stdout] 
[INFO] [stdout] ---- util::time::check_str_to_date_test stdout ----
[INFO] [stdout] Grafana Time Date is : --> 2022-03-17 01:03:37
[INFO] [stdout] Grafana Time Date is : --> 2022-03-16 17:03:37
[INFO] [stdout] 
[INFO] [stdout] thread 'util::time::check_str_to_date_test' panicked at src/util/time.rs:90:5:
[INFO] [stdout] assertion `left == right` failed
[INFO] [stdout]   left: 2022-03-16T17:03:37
[INFO] [stdout]  right: 2022-03-17T01:03:37
[INFO] [stdout] stack backtrace:
[INFO] [stdout]    0:     0x58eb881f8a1a - std::backtrace_rs::backtrace::libunwind::trace::hb059275cfc8d6126
[INFO] [stdout]                                at /rustc/6067b36314ab5eb2eb47cecc464545ba58e1ad24/library/std/src/../../backtrace/src/backtrace/libunwind.rs:116:5
[INFO] [stdout]    1:     0x58eb881f8a1a - std::backtrace_rs::backtrace::trace_unsynchronized::h2da071e4327ce3ee
[INFO] [stdout]                                at /rustc/6067b36314ab5eb2eb47cecc464545ba58e1ad24/library/std/src/../../backtrace/src/backtrace/mod.rs:66:5
[INFO] [stdout]    2:     0x58eb881f8a1a - std::sys::backtrace::_print_fmt::h842a1474e6f8d23f
[INFO] [stdout]                                at /rustc/6067b36314ab5eb2eb47cecc464545ba58e1ad24/library/std/src/sys/backtrace.rs:66:9
[INFO] [stdout]    3:     0x58eb881f8a1a - <std::sys::backtrace::BacktraceLock::print::DisplayBacktrace as core::fmt::Display>::fmt::h71a62eb3b9696b12
[INFO] [stdout]                                at /rustc/6067b36314ab5eb2eb47cecc464545ba58e1ad24/library/std/src/sys/backtrace.rs:39:26
[INFO] [stdout]    4:     0x58eb88220093 - core::fmt::rt::Argument::fmt::hdb6b616786b41dc1
[INFO] [stdout]                                at /rustc/6067b36314ab5eb2eb47cecc464545ba58e1ad24/library/core/src/fmt/rt.rs:177:76
[INFO] [stdout]    5:     0x58eb88220093 - core::fmt::write::h2cc1698af7e2d686
[INFO] [stdout]                                at /rustc/6067b36314ab5eb2eb47cecc464545ba58e1ad24/library/core/src/fmt/mod.rs:1440:21
[INFO] [stdout]    6:     0x58eb881f5573 - std::io::Write::write_fmt::hab1b4cd059a79022
[INFO] [stdout]                                at /rustc/6067b36314ab5eb2eb47cecc464545ba58e1ad24/library/std/src/io/mod.rs:1887:15
[INFO] [stdout]    7:     0x58eb881f8862 - std::sys::backtrace::BacktraceLock::print::h147fe35b4ea13b08
[INFO] [stdout]                                at /rustc/6067b36314ab5eb2eb47cecc464545ba58e1ad24/library/std/src/sys/backtrace.rs:42:9
[INFO] [stdout]    8:     0x58eb881f9e3f - std::panicking::default_hook::{{closure}}::hbd44223dbdc0d208
[INFO] [stdout]                                at /rustc/6067b36314ab5eb2eb47cecc464545ba58e1ad24/library/std/src/panicking.rs:298:22
[INFO] [stdout]    9:     0x58eb881f9c58 - std::panicking::default_hook::h20f81eb0576efcec
[INFO] [stdout]                                at /rustc/6067b36314ab5eb2eb47cecc464545ba58e1ad24/library/std/src/panicking.rs:322:9
[INFO] [stdout]   10:     0x58eb88184483 - <alloc::boxed::Box<F,A> as core::ops::function::Fn<Args>>::call::hdb53814c496a4d34
[INFO] [stdout]                                at /rustc/6067b36314ab5eb2eb47cecc464545ba58e1ad24/library/alloc/src/boxed.rs:2027:9
[INFO] [stdout]   11:     0x58eb88184483 - test::test_main::{{closure}}::hc0a4963c59427c24
[INFO] [stdout]                                at /rustc/6067b36314ab5eb2eb47cecc464545ba58e1ad24/library/test/src/lib.rs:134:21
[INFO] [stdout]   12:     0x58eb881fa933 - <alloc::boxed::Box<F,A> as core::ops::function::Fn<Args>>::call::h591b2225413a77e9
[INFO] [stdout]                                at /rustc/6067b36314ab5eb2eb47cecc464545ba58e1ad24/library/alloc/src/boxed.rs:2027:9
[INFO] [stdout]   13:     0x58eb881fa933 - std::panicking::rust_panic_with_hook::h625eea43051b2edc
[INFO] [stdout]                                at /rustc/6067b36314ab5eb2eb47cecc464545ba58e1ad24/library/std/src/panicking.rs:839:13
[INFO] [stdout]   14:     0x58eb881fa5ea - std::panicking::begin_panic_handler::{{closure}}::h4f9159cfbc3f6bd3
[INFO] [stdout]                                at /rustc/6067b36314ab5eb2eb47cecc464545ba58e1ad24/library/std/src/panicking.rs:704:13
[INFO] [stdout]   15:     0x58eb881f8f19 - std::sys::backtrace::__rust_end_short_backtrace::h0390abce48353151
[INFO] [stdout]                                at /rustc/6067b36314ab5eb2eb47cecc464545ba58e1ad24/library/std/src/sys/backtrace.rs:168:18
[INFO] [stdout]   16:     0x58eb881fa27d - rust_begin_unwind
[INFO] [stdout]                                at /rustc/6067b36314ab5eb2eb47cecc464545ba58e1ad24/library/std/src/panicking.rs:695:5
[INFO] [stdout]   17:     0x58eb8821eb40 - core::panicking::panic_fmt::h9e7c637e9e5f29c9
[INFO] [stdout]                                at /rustc/6067b36314ab5eb2eb47cecc464545ba58e1ad24/library/core/src/panicking.rs:75:14
[INFO] [stdout]   18:     0x58eb8821ee62 - core::panicking::assert_failed_inner::h538bec7c1374cd9c
[INFO] [stdout]   19:     0x58eb881414cf - core::panicking::assert_failed::hdab7232f0f477a1a
[INFO] [stdout]                                at /rustc/6067b36314ab5eb2eb47cecc464545ba58e1ad24/library/core/src/panicking.rs:364:5
[INFO] [stdout]   20:     0x58eb88142912 - tihc::util::time::check_str_to_date_test::hcf3a723fad1e75a6
[INFO] [stdout]                                at /opt/rustwide/workdir/src/util/time.rs:90:5
[INFO] [stdout]   21:     0x58eb88142667 - tihc::util::time::check_str_to_date_test::{{closure}}::hfc9b4f40d4c38fd0
[INFO] [stdout]                                at /opt/rustwide/workdir/src/util/time.rs:83:28
[INFO] [stdout]   22:     0x58eb8813ffa6 - core::ops::function::FnOnce::call_once::h04d4ca15f525b07e
[INFO] [stdout]                                at /rustc/6067b36314ab5eb2eb47cecc464545ba58e1ad24/library/core/src/ops/function.rs:250:5
[INFO] [stdout]   23:     0x58eb88189bdb - core::ops::function::FnOnce::call_once::he27718dfdd183f43
[INFO] [stdout]                                at /rustc/6067b36314ab5eb2eb47cecc464545ba58e1ad24/library/core/src/ops/function.rs:250:5
[INFO] [stdout]   24:     0x58eb88189bdb - test::__rust_begin_short_backtrace::h4e84902998457a5d
[INFO] [stdout]                                at /rustc/6067b36314ab5eb2eb47cecc464545ba58e1ad24/library/test/src/lib.rs:632:18
[INFO] [stdout]   25:     0x58eb88188b13 - test::run_test_in_process::{{closure}}::h7176fd18fc1feca0
[INFO] [stdout]                                at /rustc/6067b36314ab5eb2eb47cecc464545ba58e1ad24/library/test/src/lib.rs:655:60
[INFO] [stdout]   26:     0x58eb88188b13 - <core::panic::unwind_safe::AssertUnwindSafe<F> as core::ops::function::FnOnce<()>>::call_once::hf79cff2a624d8cf7
[INFO] [stdout]                                at /rustc/6067b36314ab5eb2eb47cecc464545ba58e1ad24/library/core/src/panic/unwind_safe.rs:272:9
[INFO] [stdout]   27:     0x58eb88188b13 - std::panicking::try::do_call::h3da0561d9ab99c25
[INFO] [stdout]                                at /rustc/6067b36314ab5eb2eb47cecc464545ba58e1ad24/library/std/src/panicking.rs:587:40
[INFO] [stdout]   28:     0x58eb88188b13 - std::panicking::try::h41c9fa508bc61df6
[INFO] [stdout]                                at /rustc/6067b36314ab5eb2eb47cecc464545ba58e1ad24/library/std/src/panicking.rs:550:19
[INFO] [stdout]   29:     0x58eb88188b13 - std::panic::catch_unwind::h6b3ff07bb5afad93
[INFO] [stdout]                                at /rustc/6067b36314ab5eb2eb47cecc464545ba58e1ad24/library/std/src/panic.rs:358:14
[INFO] [stdout]   30:     0x58eb88188b13 - test::run_test_in_process::hc7253dd11b39b9f4
[INFO] [stdout]                                at /rustc/6067b36314ab5eb2eb47cecc464545ba58e1ad24/library/test/src/lib.rs:655:27
[INFO] [stdout]   31:     0x58eb88188b13 - test::run_test::{{closure}}::hfb2007f8649c30bb
[INFO] [stdout]                                at /rustc/6067b36314ab5eb2eb47cecc464545ba58e1ad24/library/test/src/lib.rs:576:43
[INFO] [stdout]   32:     0x58eb8814bbf5 - test::run_test::{{closure}}::h56a17aa7a282a9f4
[INFO] [stdout]                                at /rustc/6067b36314ab5eb2eb47cecc464545ba58e1ad24/library/test/src/lib.rs:606:41
[INFO] [stdout]   33:     0x58eb8814bbf5 - std::sys::backtrace::__rust_begin_short_backtrace::hd2d2d2fb8e8c6aac
[INFO] [stdout]                                at /rustc/6067b36314ab5eb2eb47cecc464545ba58e1ad24/library/std/src/sys/backtrace.rs:152:18
[INFO] [stdout]   34:     0x58eb8814f4da - std::thread::Builder::spawn_unchecked_::{{closure}}::{{closure}}::h4faa3f9db6133423
[INFO] [stdout]                                at /rustc/6067b36314ab5eb2eb47cecc464545ba58e1ad24/library/std/src/thread/mod.rs:559:17
[INFO] [stdout]   35:     0x58eb8814f4da - <core::panic::unwind_safe::AssertUnwindSafe<F> as core::ops::function::FnOnce<()>>::call_once::hf2e855a36a4ea846
[INFO] [stdout]                                at /rustc/6067b36314ab5eb2eb47cecc464545ba58e1ad24/library/core/src/panic/unwind_safe.rs:272:9
[INFO] [stdout]   36:     0x58eb8814f4da - std::panicking::try::do_call::h2f73af3616c35465
[INFO] [stdout]                                at /rustc/6067b36314ab5eb2eb47cecc464545ba58e1ad24/library/std/src/panicking.rs:587:40
[INFO] [stdout]   37:     0x58eb8814f4da - std::panicking::try::hd1660ce9efadef5a
[INFO] [stdout]                                at /rustc/6067b36314ab5eb2eb47cecc464545ba58e1ad24/library/std/src/panicking.rs:550:19
[INFO] [stdout]   38:     0x58eb8814f4da - std::panic::catch_unwind::h5ee8d7823b8ca744
[INFO] [stdout]                                at /rustc/6067b36314ab5eb2eb47cecc464545ba58e1ad24/library/std/src/panic.rs:358:14
[INFO] [stdout]   39:     0x58eb8814f4da - std::thread::Builder::spawn_unchecked_::{{closure}}::h53c3a1894dce8407
[INFO] [stdout]                                at /rustc/6067b36314ab5eb2eb47cecc464545ba58e1ad24/library/std/src/thread/mod.rs:557:30
[INFO] [stdout]   40:     0x58eb8814f4da - core::ops::function::FnOnce::call_once{{vtable.shim}}::h048ce291ad4f62bf
[INFO] [stdout]                                at /rustc/6067b36314ab5eb2eb47cecc464545ba58e1ad24/library/core/src/ops/function.rs:250:5
[INFO] [stdout]   41:     0x58eb881fe87b - <alloc::boxed::Box<F,A> as core::ops::function::FnOnce<Args>>::call_once::ha52bedf99a3b4981
[INFO] [stdout]                                at /rustc/6067b36314ab5eb2eb47cecc464545ba58e1ad24/library/alloc/src/boxed.rs:2013:9
[INFO] [stdout]   42:     0x58eb881fe87b - <alloc::boxed::Box<F,A> as core::ops::function::FnOnce<Args>>::call_once::h567748934d80ccf8
[INFO] [stdout]                                at /rustc/6067b36314ab5eb2eb47cecc464545ba58e1ad24/library/alloc/src/boxed.rs:2013:9
[INFO] [stdout]   43:     0x58eb881fe87b - std::sys::pal::unix::thread::Thread::new::thread_start::h2d970728ae887adc
[INFO] [stdout]                                at /rustc/6067b36314ab5eb2eb47cecc464545ba58e1ad24/library/std/src/sys/pal/unix/thread.rs:106:17
[INFO] [stdout]   44:     0x748634a7bac3 - <unknown>
[INFO] [stdout]   45:     0x748634b0ca04 - clone
[INFO] [stdout]   46:                0x0 - <unknown>
[INFO] [stdout] 
[INFO] [stdout] 
[INFO] [stdout] failures:
[INFO] [stdout]     util::time::check_mills_to_date_test
[INFO] [stdout]     util::time::check_str_to_date_test
[INFO] [stdout] 
[INFO] [stdout] test result: FAILED. 1 passed; 2 failed; 0 ignored; 0 measured; 0 filtered out; finished in 5.01s
[INFO] [stdout] 
[INFO] [stderr] error: test failed, to rerun pass `--bin tihc`
[INFO] running `Command { std: "docker" "inspect" "627cb3228b7dfe115f95f85527976509f1ab5956efcd4a569264698c13556691", kill_on_drop: false }`
[INFO] running `Command { std: "docker" "rm" "-f" "627cb3228b7dfe115f95f85527976509f1ab5956efcd4a569264698c13556691", kill_on_drop: false }`
[INFO] [stdout] 627cb3228b7dfe115f95f85527976509f1ab5956efcd4a569264698c13556691
