[INFO] cloning repository https://github.com/jamesblacklock/frabjous-bitcoin
[INFO] running `Command { std: "git" "-c" "credential.helper=" "-c" "credential.helper=/workspace/cargo-home/bin/git-credential-null" "clone" "--bare" "https://github.com/jamesblacklock/frabjous-bitcoin" "/workspace/cache/git-repos/https%3A%2F%2Fgithub.com%2Fjamesblacklock%2Ffrabjous-bitcoin", kill_on_drop: false }`
[INFO] [stderr] Cloning into bare repository '/workspace/cache/git-repos/https%3A%2F%2Fgithub.com%2Fjamesblacklock%2Ffrabjous-bitcoin'...
[INFO] running `Command { std: "git" "rev-parse" "HEAD", kill_on_drop: false }`
[INFO] [stdout] 96bc627593807df651d682f01af6e9a7c3ea72eb
[INFO] testing jamesblacklock/frabjous-bitcoin against nightly-2025-01-18 for randomize-layout-2
[INFO] running `Command { std: "git" "clone" "/workspace/cache/git-repos/https%3A%2F%2Fgithub.com%2Fjamesblacklock%2Ffrabjous-bitcoin" "/workspace/builds/worker-7-tc1/source", kill_on_drop: false }`
[INFO] [stderr] Cloning into '/workspace/builds/worker-7-tc1/source'...
[INFO] [stderr] done.
[INFO] validating manifest of git repo https://github.com/jamesblacklock/frabjous-bitcoin on toolchain nightly-2025-01-18
[INFO] running `Command { std: CARGO_HOME="/workspace/cargo-home" RUSTUP_HOME="/workspace/rustup-home" "/workspace/cargo-home/bin/cargo" "+nightly-2025-01-18" "metadata" "--manifest-path" "Cargo.toml" "--no-deps", kill_on_drop: false }`
[INFO] started tweaking git repo https://github.com/jamesblacklock/frabjous-bitcoin
[INFO] finished tweaking git repo https://github.com/jamesblacklock/frabjous-bitcoin
[INFO] tweaked toml for git repo https://github.com/jamesblacklock/frabjous-bitcoin written to /workspace/builds/worker-7-tc1/source/Cargo.toml
[INFO] crate git repo https://github.com/jamesblacklock/frabjous-bitcoin already has a lockfile, it will not be regenerated
[INFO] running `Command { std: CARGO_HOME="/workspace/cargo-home" RUSTUP_HOME="/workspace/rustup-home" "/workspace/cargo-home/bin/cargo" "+nightly-2025-01-18" "fetch" "--manifest-path" "Cargo.toml", kill_on_drop: false }`
[INFO] [stderr]  Downloading crates ...
[INFO] [stderr]   Downloaded secp256k1-sys v0.5.0
[INFO] running `Command { std: "docker" "create" "-v" "/var/lib/crater-agent-workspace/builds/worker-7-tc1/target:/opt/rustwide/target:rw,Z" "-v" "/var/lib/crater-agent-workspace/builds/worker-7-tc1/source:/opt/rustwide/workdir:ro,Z" "-v" "/var/lib/crater-agent-workspace/cargo-home:/opt/rustwide/cargo-home:ro,Z" "-v" "/var/lib/crater-agent-workspace/rustup-home:/opt/rustwide/rustup-home:ro,Z" "-e" "SOURCE_DIR=/opt/rustwide/workdir" "-e" "CARGO_TARGET_DIR=/opt/rustwide/target" "-e" "CARGO_HOME=/opt/rustwide/cargo-home" "-e" "RUSTUP_HOME=/opt/rustwide/rustup-home" "-w" "/opt/rustwide/workdir" "-m" "1610612736" "--user" "0:0" "--network" "none" "ghcr.io/rust-lang/crates-build-env/linux@sha256:819108c5571ea2e421544af4d832f968d213c87fbe3707a016657f43d2f853bc" "/opt/rustwide/cargo-home/bin/cargo" "+nightly-2025-01-18" "metadata" "--no-deps" "--format-version=1", kill_on_drop: false }`
[INFO] [stdout] d33758406eaf6f1a778ccc54c1b86e79cc835583f06eab43572c500e2f4d4cf9
[INFO] running `Command { std: "docker" "start" "-a" "d33758406eaf6f1a778ccc54c1b86e79cc835583f06eab43572c500e2f4d4cf9", kill_on_drop: false }`
[INFO] running `Command { std: "docker" "inspect" "d33758406eaf6f1a778ccc54c1b86e79cc835583f06eab43572c500e2f4d4cf9", kill_on_drop: false }`
[INFO] running `Command { std: "docker" "rm" "-f" "d33758406eaf6f1a778ccc54c1b86e79cc835583f06eab43572c500e2f4d4cf9", kill_on_drop: false }`
[INFO] [stdout] d33758406eaf6f1a778ccc54c1b86e79cc835583f06eab43572c500e2f4d4cf9
[INFO] running `Command { std: "docker" "create" "-v" "/var/lib/crater-agent-workspace/builds/worker-7-tc1/target:/opt/rustwide/target:rw,Z" "-v" "/var/lib/crater-agent-workspace/builds/worker-7-tc1/source:/opt/rustwide/workdir:ro,Z" "-v" "/var/lib/crater-agent-workspace/cargo-home:/opt/rustwide/cargo-home:ro,Z" "-v" "/var/lib/crater-agent-workspace/rustup-home:/opt/rustwide/rustup-home:ro,Z" "-e" "SOURCE_DIR=/opt/rustwide/workdir" "-e" "CARGO_TARGET_DIR=/opt/rustwide/target" "-e" "CARGO_INCREMENTAL=0" "-e" "RUST_BACKTRACE=full" "-e" "RUSTFLAGS=--cap-lints=forbid" "-e" "RUSTDOCFLAGS=--cap-lints=forbid" "-e" "CARGO_HOME=/opt/rustwide/cargo-home" "-e" "RUSTUP_HOME=/opt/rustwide/rustup-home" "-w" "/opt/rustwide/workdir" "-m" "1610612736" "--user" "0:0" "--network" "none" "ghcr.io/rust-lang/crates-build-env/linux@sha256:819108c5571ea2e421544af4d832f968d213c87fbe3707a016657f43d2f853bc" "/opt/rustwide/cargo-home/bin/cargo" "+nightly-2025-01-18" "build" "--frozen" "--message-format=json", kill_on_drop: false }`
[INFO] [stdout] 89d373abc72fbcf77d5906e1900dddfa2deea520b9ab63bed170fd0d99306cd3
[INFO] running `Command { std: "docker" "start" "-a" "89d373abc72fbcf77d5906e1900dddfa2deea520b9ab63bed170fd0d99306cd3", kill_on_drop: false }`
[INFO] [stderr]    Compiling libc v0.2.121
[INFO] [stderr]    Compiling cfg-if v1.0.0
[INFO] [stderr]    Compiling autocfg v1.1.0
[INFO] [stderr]    Compiling bitflags v1.3.2
[INFO] [stderr]    Compiling ppv-lite86 v0.2.16
[INFO] [stderr]    Compiling memoffset v0.6.5
[INFO] [stderr]    Compiling getrandom v0.2.5
[INFO] [stderr]    Compiling nix v0.23.1
[INFO] [stderr]    Compiling rand_core v0.6.3
[INFO] [stderr]    Compiling rand_chacha v0.3.1
[INFO] [stderr]    Compiling rand v0.8.5
[INFO] [stderr]    Compiling ctrlc v3.2.1
[INFO] [stderr]    Compiling frabjous-bitcoin v0.1.0 (/opt/rustwide/workdir)
[INFO] [stdout] warning: unused import: `Deserialize`
[INFO] [stdout]  --> src/script/op.rs:4:23
[INFO] [stdout]   |
[INFO] [stdout] 4 |     network::{Serialize, Deserialize},
[INFO] [stdout]   |                          ^^^^^^^^^^^
[INFO] [stdout]   |
[INFO] [stdout]   = note: `#[warn(unused_imports)]` on by default
[INFO] [stdout] 
[INFO] [stdout] 
[INFO] [stdout] warning: elided lifetime has a name
[INFO] [stdout]   --> src/crypto/sha256.rs:86:32
[INFO] [stdout]    |
[INFO] [stdout] 85 | impl <'a> Chunks<'a> {
[INFO] [stdout]    |       -- lifetime `'a` declared here
[INFO] [stdout] 86 |     fn from(message: &'a [u8]) -> Chunks {
[INFO] [stdout]    |                                   ^^^^^^ this elided lifetime gets resolved as `'a`
[INFO] [stdout]    |
[INFO] [stdout]    = note: `#[warn(elided_named_lifetimes)]` on by default
[INFO] [stdout] 
[INFO] [stdout] 
[INFO] [stdout] warning: fields `bip34_height`, `cltv_height`, `strict_der_height`, and `segwit_height` are never read
[INFO] [stdout]   --> src/main.rs:56:2
[INFO] [stdout]    |
[INFO] [stdout] 55 | pub struct ConsensusParams {
[INFO] [stdout]    |            --------------- fields in this struct
[INFO] [stdout] 56 |     bip34_height:      usize,
[INFO] [stdout]    |     ^^^^^^^^^^^^
[INFO] [stdout] 57 |     cltv_height:       usize,
[INFO] [stdout]    |     ^^^^^^^^^^^
[INFO] [stdout] 58 |     strict_der_height: usize,
[INFO] [stdout]    |     ^^^^^^^^^^^^^^^^^
[INFO] [stdout] 59 |     csv_height:        usize,
[INFO] [stdout] 60 |     segwit_height:     usize,
[INFO] [stdout]    |     ^^^^^^^^^^^^^
[INFO] [stdout]    |
[INFO] [stdout]    = note: `#[warn(dead_code)]` on by default
[INFO] [stdout] 
[INFO] [stdout] 
[INFO] [stdout] warning: methods `strict_der_enabled`, `csv_enabled`, and `segwit_enabled` are never used
[INFO] [stdout]    --> src/main.rs:106:5
[INFO] [stdout]     |
[INFO] [stdout] 89  | impl State {
[INFO] [stdout]     | ---------- methods in this implementation
[INFO] [stdout] ...
[INFO] [stdout] 106 |     fn strict_der_enabled(&self) -> bool {
[INFO] [stdout]     |        ^^^^^^^^^^^^^^^^^^
[INFO] [stdout] ...
[INFO] [stdout] 110 |     fn csv_enabled(&self) -> bool {
[INFO] [stdout]     |        ^^^^^^^^^^^
[INFO] [stdout] ...
[INFO] [stdout] 114 |     fn segwit_enabled(&self) -> bool {
[INFO] [stdout]     |        ^^^^^^^^^^^^^^
[INFO] [stdout] 
[INFO] [stdout] 
[INFO] [stdout] warning: function `bytes_to_hex` is never used
[INFO] [stdout]   --> src/common.rs:87:8
[INFO] [stdout]    |
[INFO] [stdout] 87 | pub fn bytes_to_hex(bytes: &[u8]) -> String {
[INFO] [stdout]    |        ^^^^^^^^^^^^
[INFO] [stdout] 
[INFO] [stdout] 
[INFO] [stdout] warning: function `bytes_to_hex_le` is never used
[INFO] [stdout]   --> src/common.rs:91:8
[INFO] [stdout]    |
[INFO] [stdout] 91 | pub fn bytes_to_hex_le(bytes: &[u8]) -> String {
[INFO] [stdout]    |        ^^^^^^^^^^^^^^^
[INFO] [stdout] 
[INFO] [stdout] 
[INFO] [stdout] warning: function `bytes_to_hex_impl` is never used
[INFO] [stdout]   --> src/common.rs:95:8
[INFO] [stdout]    |
[INFO] [stdout] 95 | pub fn bytes_to_hex_impl<T: Iterator<Item=u8>>(bytes: T) -> String {
[INFO] [stdout]    |        ^^^^^^^^^^^^^^^^^
[INFO] [stdout] 
[INFO] [stdout] 
[INFO] [stdout] warning: associated function `new` is never used
[INFO] [stdout]    --> src/network/message/inv.rs:119:9
[INFO] [stdout]     |
[INFO] [stdout] 118 | impl Inv {
[INFO] [stdout]     | -------- associated function in this implementation
[INFO] [stdout] 119 |     pub fn new(items: Vec<InvItem>) -> Self {
[INFO] [stdout]     |            ^^^
[INFO] [stdout] 
[INFO] [stdout] 
[INFO] [stdout] warning: method `iter` is never used
[INFO] [stdout]    --> src/network/message/headers.rs:146:9
[INFO] [stdout]     |
[INFO] [stdout] 139 | impl Headers {
[INFO] [stdout]     | ------------ method in this implementation
[INFO] [stdout] ...
[INFO] [stdout] 146 |     pub fn iter(&self) -> std::slice::Iter<Header> {
[INFO] [stdout]     |            ^^^^
[INFO] [stdout] 
[INFO] [stdout] 
[INFO] [stdout] warning: associated function `builder` is never used
[INFO] [stdout]   --> src/script/mod.rs:23:9
[INFO] [stdout]    |
[INFO] [stdout] 18 | impl Script {
[INFO] [stdout]    | ----------- associated function in this implementation
[INFO] [stdout] ...
[INFO] [stdout] 23 |     pub fn builder() -> ScriptBuilder {
[INFO] [stdout]    |            ^^^^^^^
[INFO] [stdout] 
[INFO] [stdout] 
[INFO] [stdout] warning: struct `ScriptBuilder` is never constructed
[INFO] [stdout]   --> src/script/mod.rs:77:12
[INFO] [stdout]    |
[INFO] [stdout] 77 | pub struct ScriptBuilder(Script);
[INFO] [stdout]    |            ^^^^^^^^^^^^^
[INFO] [stdout] 
[INFO] [stdout] 
[INFO] [stdout] warning: methods `append` and `build` are never used
[INFO] [stdout]   --> src/script/mod.rs:81:9
[INFO] [stdout]    |
[INFO] [stdout] 79 | impl ScriptBuilder {
[INFO] [stdout]    | ------------------ methods in this implementation
[INFO] [stdout] 80 |     #[must_use]
[INFO] [stdout] 81 |     pub fn append(mut self, op: Op) -> Self {
[INFO] [stdout]    |            ^^^^^^
[INFO] [stdout] ...
[INFO] [stdout] 86 |     pub fn build(self) -> Script {
[INFO] [stdout]    |            ^^^^^
[INFO] [stdout] 
[INFO] [stdout] 
[INFO] [stdout] warning: method `as_words` is never used
[INFO] [stdout]   --> src/crypto/sha256.rs:20:9
[INFO] [stdout]    |
[INFO] [stdout] 11 | impl Sha256 {
[INFO] [stdout]    | ----------- method in this implementation
[INFO] [stdout] ...
[INFO] [stdout] 20 |     pub fn as_words<'a>(&'a self) -> &'a[u32] {
[INFO] [stdout]    |            ^^^^^^^^
[INFO] [stdout] 
[INFO] [stdout] 
[INFO] [stdout] warning: method `as_words` is never used
[INFO] [stdout]    --> src/crypto/ripemd160.rs:324:9
[INFO] [stdout]     |
[INFO] [stdout] 315 | impl Ripemd160 {
[INFO] [stdout]     | -------------- method in this implementation
[INFO] [stdout] ...
[INFO] [stdout] 324 |     pub fn as_words<'a>(&'a self) -> &'a[u32] {
[INFO] [stdout]     |            ^^^^^^^^
[INFO] [stdout] 
[INFO] [stdout] 
[INFO] [stdout] warning: constant `ECDSA_B` is never used
[INFO] [stdout]   --> src/crypto/ecdsa.rs:18:11
[INFO] [stdout]    |
[INFO] [stdout] 18 | pub const ECDSA_B:     u256 = u256::from_raw_le([7, 0, 0, 0]);
[INFO] [stdout]    |           ^^^^^^^
[INFO] [stdout] 
[INFO] [stdout] 
[INFO] [stdout] warning: methods `x` and `y` are never used
[INFO] [stdout]   --> src/crypto/ecdsa.rs:51:9
[INFO] [stdout]    |
[INFO] [stdout] 50 | impl ECDSAPoint {
[INFO] [stdout]    | --------------- methods in this implementation
[INFO] [stdout] 51 |     pub fn x(&self) -> Option<u256> {
[INFO] [stdout]    |            ^
[INFO] [stdout] ...
[INFO] [stdout] 58 |     pub fn y(&self) -> Option<u256> {
[INFO] [stdout]    |            ^
[INFO] [stdout] 
[INFO] [stdout] 
[INFO] [stdout] warning: associated function `from_coords` is never used
[INFO] [stdout]    --> src/crypto/ecdsa.rs:165:9
[INFO] [stdout]     |
[INFO] [stdout] 164 | impl ECDSAPubKey {
[INFO] [stdout]     | ---------------- associated function in this implementation
[INFO] [stdout] 165 |     pub fn from_coords(x: u256, y: u256) -> Self {
[INFO] [stdout]     |            ^^^^^^^^^^^
[INFO] [stdout] 
[INFO] [stdout] 
[INFO] [stdout] warning: associated function `new` is never used
[INFO] [stdout]    --> src/crypto/ecdsa.rs:267:9
[INFO] [stdout]     |
[INFO] [stdout] 266 | impl ECDSASig {
[INFO] [stdout]     | ------------- associated function in this implementation
[INFO] [stdout] 267 |     pub fn new(r: u256, s: u256) -> ECDSASig {
[INFO] [stdout]     |            ^^^
[INFO] [stdout] 
[INFO] [stdout] 
[INFO] [stdout] warning: associated items `resize`, `pow`, and `dec` are never used
[INFO] [stdout]    --> src/crypto/big_int.rs:16:9
[INFO] [stdout]     |
[INFO] [stdout] 11  | impl <const W: usize> BigInt<W> {
[INFO] [stdout]     | ------------------------------- associated items in this implementation
[INFO] [stdout] ...
[INFO] [stdout] 16  |     pub fn resize<const X: usize>(self) -> BigInt<X> {
[INFO] [stdout]     |            ^^^^^^
[INFO] [stdout] ...
[INFO] [stdout] 111 |     pub fn pow(self, other: Self) -> Self {
[INFO] [stdout]     |            ^^^
[INFO] [stdout] ...
[INFO] [stdout] 236 |     pub fn dec(s: &str) -> Self {
[INFO] [stdout]     |            ^^^
[INFO] [stdout] 
[INFO] [stdout] 
[INFO] [stderr]     Finished `dev` profile [unoptimized + debuginfo] target(s) in 12.60s
[INFO] running `Command { std: "docker" "inspect" "89d373abc72fbcf77d5906e1900dddfa2deea520b9ab63bed170fd0d99306cd3", kill_on_drop: false }`
[INFO] running `Command { std: "docker" "rm" "-f" "89d373abc72fbcf77d5906e1900dddfa2deea520b9ab63bed170fd0d99306cd3", kill_on_drop: false }`
[INFO] [stdout] 89d373abc72fbcf77d5906e1900dddfa2deea520b9ab63bed170fd0d99306cd3
[INFO] running `Command { std: "docker" "create" "-v" "/var/lib/crater-agent-workspace/builds/worker-7-tc1/target:/opt/rustwide/target:rw,Z" "-v" "/var/lib/crater-agent-workspace/builds/worker-7-tc1/source:/opt/rustwide/workdir:ro,Z" "-v" "/var/lib/crater-agent-workspace/cargo-home:/opt/rustwide/cargo-home:ro,Z" "-v" "/var/lib/crater-agent-workspace/rustup-home:/opt/rustwide/rustup-home:ro,Z" "-e" "SOURCE_DIR=/opt/rustwide/workdir" "-e" "CARGO_TARGET_DIR=/opt/rustwide/target" "-e" "CARGO_INCREMENTAL=0" "-e" "RUST_BACKTRACE=full" "-e" "RUSTFLAGS=--cap-lints=forbid" "-e" "RUSTDOCFLAGS=--cap-lints=forbid" "-e" "CARGO_HOME=/opt/rustwide/cargo-home" "-e" "RUSTUP_HOME=/opt/rustwide/rustup-home" "-w" "/opt/rustwide/workdir" "-m" "1610612736" "--user" "0:0" "--network" "none" "ghcr.io/rust-lang/crates-build-env/linux@sha256:819108c5571ea2e421544af4d832f968d213c87fbe3707a016657f43d2f853bc" "/opt/rustwide/cargo-home/bin/cargo" "+nightly-2025-01-18" "test" "--frozen" "--no-run" "--message-format=json", kill_on_drop: false }`
[INFO] [stdout] c8ba1fe77fe11a9989dbd94b9bbd62aa55b098c95b914df06166789935b8bc35
[INFO] running `Command { std: "docker" "start" "-a" "c8ba1fe77fe11a9989dbd94b9bbd62aa55b098c95b914df06166789935b8bc35", kill_on_drop: false }`
[INFO] [stderr]    Compiling frabjous-bitcoin v0.1.0 (/opt/rustwide/workdir)
[INFO] [stdout] warning: elided lifetime has a name
[INFO] [stdout]   --> src/crypto/sha256.rs:86:32
[INFO] [stdout]    |
[INFO] [stdout] 85 | impl <'a> Chunks<'a> {
[INFO] [stdout]    |       -- lifetime `'a` declared here
[INFO] [stdout] 86 |     fn from(message: &'a [u8]) -> Chunks {
[INFO] [stdout]    |                                   ^^^^^^ this elided lifetime gets resolved as `'a`
[INFO] [stdout]    |
[INFO] [stdout]    = note: `#[warn(elided_named_lifetimes)]` on by default
[INFO] [stdout] 
[INFO] [stdout] 
[INFO] [stdout] warning: fields `bip34_height`, `cltv_height`, `strict_der_height`, and `segwit_height` are never read
[INFO] [stdout]   --> src/main.rs:56:2
[INFO] [stdout]    |
[INFO] [stdout] 55 | pub struct ConsensusParams {
[INFO] [stdout]    |            --------------- fields in this struct
[INFO] [stdout] 56 |     bip34_height:      usize,
[INFO] [stdout]    |     ^^^^^^^^^^^^
[INFO] [stdout] 57 |     cltv_height:       usize,
[INFO] [stdout]    |     ^^^^^^^^^^^
[INFO] [stdout] 58 |     strict_der_height: usize,
[INFO] [stdout]    |     ^^^^^^^^^^^^^^^^^
[INFO] [stdout] 59 |     csv_height:        usize,
[INFO] [stdout] 60 |     segwit_height:     usize,
[INFO] [stdout]    |     ^^^^^^^^^^^^^
[INFO] [stdout]    |
[INFO] [stdout]    = note: `#[warn(dead_code)]` on by default
[INFO] [stdout] 
[INFO] [stdout] 
[INFO] [stdout] warning: methods `strict_der_enabled`, `csv_enabled`, and `segwit_enabled` are never used
[INFO] [stdout]    --> src/main.rs:106:5
[INFO] [stdout]     |
[INFO] [stdout] 89  | impl State {
[INFO] [stdout]     | ---------- methods in this implementation
[INFO] [stdout] ...
[INFO] [stdout] 106 |     fn strict_der_enabled(&self) -> bool {
[INFO] [stdout]     |        ^^^^^^^^^^^^^^^^^^
[INFO] [stdout] ...
[INFO] [stdout] 110 |     fn csv_enabled(&self) -> bool {
[INFO] [stdout]     |        ^^^^^^^^^^^
[INFO] [stdout] ...
[INFO] [stdout] 114 |     fn segwit_enabled(&self) -> bool {
[INFO] [stdout]     |        ^^^^^^^^^^^^^^
[INFO] [stdout] 
[INFO] [stdout] 
[INFO] [stdout] warning: function `bytes_to_hex` is never used
[INFO] [stdout]   --> src/common.rs:87:8
[INFO] [stdout]    |
[INFO] [stdout] 87 | pub fn bytes_to_hex(bytes: &[u8]) -> String {
[INFO] [stdout]    |        ^^^^^^^^^^^^
[INFO] [stdout] 
[INFO] [stdout] 
[INFO] [stdout] warning: function `bytes_to_hex_le` is never used
[INFO] [stdout]   --> src/common.rs:91:8
[INFO] [stdout]    |
[INFO] [stdout] 91 | pub fn bytes_to_hex_le(bytes: &[u8]) -> String {
[INFO] [stdout]    |        ^^^^^^^^^^^^^^^
[INFO] [stdout] 
[INFO] [stdout] 
[INFO] [stdout] warning: function `bytes_to_hex_impl` is never used
[INFO] [stdout]   --> src/common.rs:95:8
[INFO] [stdout]    |
[INFO] [stdout] 95 | pub fn bytes_to_hex_impl<T: Iterator<Item=u8>>(bytes: T) -> String {
[INFO] [stdout]    |        ^^^^^^^^^^^^^^^^^
[INFO] [stdout] 
[INFO] [stdout] 
[INFO] [stdout] warning: associated function `new` is never used
[INFO] [stdout]    --> src/network/message/inv.rs:119:9
[INFO] [stdout]     |
[INFO] [stdout] 118 | impl Inv {
[INFO] [stdout]     | -------- associated function in this implementation
[INFO] [stdout] 119 |     pub fn new(items: Vec<InvItem>) -> Self {
[INFO] [stdout]     |            ^^^
[INFO] [stdout] 
[INFO] [stdout] 
[INFO] [stdout] warning: method `iter` is never used
[INFO] [stdout]    --> src/network/message/headers.rs:146:9
[INFO] [stdout]     |
[INFO] [stdout] 139 | impl Headers {
[INFO] [stdout]     | ------------ method in this implementation
[INFO] [stdout] ...
[INFO] [stdout] 146 |     pub fn iter(&self) -> std::slice::Iter<Header> {
[INFO] [stdout]     |            ^^^^
[INFO] [stdout] 
[INFO] [stdout] 
[INFO] [stdout] warning: method `as_words` is never used
[INFO] [stdout]   --> src/crypto/sha256.rs:20:9
[INFO] [stdout]    |
[INFO] [stdout] 11 | impl Sha256 {
[INFO] [stdout]    | ----------- method in this implementation
[INFO] [stdout] ...
[INFO] [stdout] 20 |     pub fn as_words<'a>(&'a self) -> &'a[u32] {
[INFO] [stdout]    |            ^^^^^^^^
[INFO] [stdout] 
[INFO] [stdout] 
[INFO] [stdout] warning: method `as_words` is never used
[INFO] [stdout]    --> src/crypto/ripemd160.rs:324:9
[INFO] [stdout]     |
[INFO] [stdout] 315 | impl Ripemd160 {
[INFO] [stdout]     | -------------- method in this implementation
[INFO] [stdout] ...
[INFO] [stdout] 324 |     pub fn as_words<'a>(&'a self) -> &'a[u32] {
[INFO] [stdout]     |            ^^^^^^^^
[INFO] [stdout] 
[INFO] [stdout] 
[INFO] [stdout] warning: constant `ECDSA_B` is never used
[INFO] [stdout]   --> src/crypto/ecdsa.rs:18:11
[INFO] [stdout]    |
[INFO] [stdout] 18 | pub const ECDSA_B:     u256 = u256::from_raw_le([7, 0, 0, 0]);
[INFO] [stdout]    |           ^^^^^^^
[INFO] [stdout] 
[INFO] [stdout] 
[INFO] [stdout] warning: associated function `from_coords` is never used
[INFO] [stdout]    --> src/crypto/ecdsa.rs:165:9
[INFO] [stdout]     |
[INFO] [stdout] 164 | impl ECDSAPubKey {
[INFO] [stdout]     | ---------------- associated function in this implementation
[INFO] [stdout] 165 |     pub fn from_coords(x: u256, y: u256) -> Self {
[INFO] [stdout]     |            ^^^^^^^^^^^
[INFO] [stdout] 
[INFO] [stdout] 
[INFO] [stdout] warning: associated function `new` is never used
[INFO] [stdout]    --> src/crypto/ecdsa.rs:267:9
[INFO] [stdout]     |
[INFO] [stdout] 266 | impl ECDSASig {
[INFO] [stdout]     | ------------- associated function in this implementation
[INFO] [stdout] 267 |     pub fn new(r: u256, s: u256) -> ECDSASig {
[INFO] [stdout]     |            ^^^
[INFO] [stdout] 
[INFO] [stdout] 
[INFO] [stderr]     Finished `test` profile [unoptimized + debuginfo] target(s) in 2.13s
[INFO] running `Command { std: "docker" "inspect" "c8ba1fe77fe11a9989dbd94b9bbd62aa55b098c95b914df06166789935b8bc35", kill_on_drop: false }`
[INFO] running `Command { std: "docker" "rm" "-f" "c8ba1fe77fe11a9989dbd94b9bbd62aa55b098c95b914df06166789935b8bc35", kill_on_drop: false }`
[INFO] [stdout] c8ba1fe77fe11a9989dbd94b9bbd62aa55b098c95b914df06166789935b8bc35
[INFO] running `Command { std: "docker" "create" "-v" "/var/lib/crater-agent-workspace/builds/worker-7-tc1/target:/opt/rustwide/target:rw,Z" "-v" "/var/lib/crater-agent-workspace/builds/worker-7-tc1/source:/opt/rustwide/workdir:ro,Z" "-v" "/var/lib/crater-agent-workspace/cargo-home:/opt/rustwide/cargo-home:ro,Z" "-v" "/var/lib/crater-agent-workspace/rustup-home:/opt/rustwide/rustup-home:ro,Z" "-e" "SOURCE_DIR=/opt/rustwide/workdir" "-e" "CARGO_TARGET_DIR=/opt/rustwide/target" "-e" "CARGO_INCREMENTAL=0" "-e" "RUST_BACKTRACE=full" "-e" "RUSTFLAGS=--cap-lints=forbid" "-e" "RUSTDOCFLAGS=--cap-lints=forbid" "-e" "CARGO_HOME=/opt/rustwide/cargo-home" "-e" "RUSTUP_HOME=/opt/rustwide/rustup-home" "-w" "/opt/rustwide/workdir" "-m" "1610612736" "--user" "0:0" "--network" "none" "ghcr.io/rust-lang/crates-build-env/linux@sha256:819108c5571ea2e421544af4d832f968d213c87fbe3707a016657f43d2f853bc" "/opt/rustwide/cargo-home/bin/cargo" "+nightly-2025-01-18" "test" "--frozen", kill_on_drop: false }`
[INFO] [stdout] 3ed14841bdb8f7cc54591d43172b544de4337272b0e6991fcddd920560ce6db3
[INFO] running `Command { std: "docker" "start" "-a" "3ed14841bdb8f7cc54591d43172b544de4337272b0e6991fcddd920560ce6db3", kill_on_drop: false }`
[INFO] [stderr] warning: elided lifetime has a name
[INFO] [stderr]   --> src/crypto/sha256.rs:86:32
[INFO] [stderr]    |
[INFO] [stderr] 85 | impl <'a> Chunks<'a> {
[INFO] [stderr]    |       -- lifetime `'a` declared here
[INFO] [stderr] 86 |     fn from(message: &'a [u8]) -> Chunks {
[INFO] [stderr]    |                                   ^^^^^^ this elided lifetime gets resolved as `'a`
[INFO] [stderr]    |
[INFO] [stderr]    = note: `#[warn(elided_named_lifetimes)]` on by default
[INFO] [stderr] 
[INFO] [stderr] warning: fields `bip34_height`, `cltv_height`, `strict_der_height`, and `segwit_height` are never read
[INFO] [stderr]   --> src/main.rs:56:2
[INFO] [stderr]    |
[INFO] [stderr] 55 | pub struct ConsensusParams {
[INFO] [stderr]    |            --------------- fields in this struct
[INFO] [stderr] 56 |     bip34_height:      usize,
[INFO] [stderr]    |     ^^^^^^^^^^^^
[INFO] [stderr] 57 |     cltv_height:       usize,
[INFO] [stderr]    |     ^^^^^^^^^^^
[INFO] [stderr] 58 |     strict_der_height: usize,
[INFO] [stderr]    |     ^^^^^^^^^^^^^^^^^
[INFO] [stderr] 59 |     csv_height:        usize,
[INFO] [stderr] 60 |     segwit_height:     usize,
[INFO] [stderr]    |     ^^^^^^^^^^^^^
[INFO] [stderr]    |
[INFO] [stderr]    = note: `#[warn(dead_code)]` on by default
[INFO] [stderr] 
[INFO] [stderr] warning: methods `strict_der_enabled`, `csv_enabled`, and `segwit_enabled` are never used
[INFO] [stderr]    --> src/main.rs:106:5
[INFO] [stderr]     |
[INFO] [stderr] 89  | impl State {
[INFO] [stderr]     | ---------- methods in this implementation
[INFO] [stderr] ...
[INFO] [stderr] 106 |     fn strict_der_enabled(&self) -> bool {
[INFO] [stderr]     |        ^^^^^^^^^^^^^^^^^^
[INFO] [stderr] ...
[INFO] [stderr] 110 |     fn csv_enabled(&self) -> bool {
[INFO] [stderr]     |        ^^^^^^^^^^^
[INFO] [stderr] ...
[INFO] [stderr] 114 |     fn segwit_enabled(&self) -> bool {
[INFO] [stderr]     |        ^^^^^^^^^^^^^^
[INFO] [stderr] 
[INFO] [stderr] warning: function `bytes_to_hex` is never used
[INFO] [stderr]   --> src/common.rs:87:8
[INFO] [stderr]    |
[INFO] [stderr] 87 | pub fn bytes_to_hex(bytes: &[u8]) -> String {
[INFO] [stderr]    |        ^^^^^^^^^^^^
[INFO] [stderr] 
[INFO] [stderr] warning: function `bytes_to_hex_le` is never used
[INFO] [stderr]   --> src/common.rs:91:8
[INFO] [stderr]    |
[INFO] [stderr] 91 | pub fn bytes_to_hex_le(bytes: &[u8]) -> String {
[INFO] [stderr]    |        ^^^^^^^^^^^^^^^
[INFO] [stderr] 
[INFO] [stderr] warning: function `bytes_to_hex_impl` is never used
[INFO] [stderr]   --> src/common.rs:95:8
[INFO] [stderr]    |
[INFO] [stderr] 95 | pub fn bytes_to_hex_impl<T: Iterator<Item=u8>>(bytes: T) -> String {
[INFO] [stderr]    |        ^^^^^^^^^^^^^^^^^
[INFO] [stderr] 
[INFO] [stderr] warning: associated function `new` is never used
[INFO] [stderr]    --> src/network/message/inv.rs:119:9
[INFO] [stderr]     |
[INFO] [stderr] 118 | impl Inv {
[INFO] [stderr]     | -------- associated function in this implementation
[INFO] [stderr] 119 |     pub fn new(items: Vec<InvItem>) -> Self {
[INFO] [stderr]     |            ^^^
[INFO] [stderr] 
[INFO] [stderr] warning: method `iter` is never used
[INFO] [stderr]    --> src/network/message/headers.rs:146:9
[INFO] [stderr]     |
[INFO] [stderr] 139 | impl Headers {
[INFO] [stderr]     | ------------ method in this implementation
[INFO] [stderr] ...
[INFO] [stderr] 146 |     pub fn iter(&self) -> std::slice::Iter<Header> {
[INFO] [stderr]     |            ^^^^
[INFO] [stderr] 
[INFO] [stderr] warning: method `as_words` is never used
[INFO] [stderr]   --> src/crypto/sha256.rs:20:9
[INFO] [stderr]    |
[INFO] [stderr] 11 | impl Sha256 {
[INFO] [stderr]    | ----------- method in this implementation
[INFO] [stderr] ...
[INFO] [stderr] 20 |     pub fn as_words<'a>(&'a self) -> &'a[u32] {
[INFO] [stderr]    |            ^^^^^^^^
[INFO] [stderr] 
[INFO] [stderr] warning: method `as_words` is never used
[INFO] [stderr]    --> src/crypto/ripemd160.rs:324:9
[INFO] [stderr]     |
[INFO] [stderr] 315 | impl Ripemd160 {
[INFO] [stderr]     | -------------- method in this implementation
[INFO] [stderr] ...
[INFO] [stderr] 324 |     pub fn as_words<'a>(&'a self) -> &'a[u32] {
[INFO] [stderr]     |            ^^^^^^^^
[INFO] [stderr] 
[INFO] [stderr] warning: constant `ECDSA_B` is never used
[INFO] [stderr]   --> src/crypto/ecdsa.rs:18:11
[INFO] [stderr]    |
[INFO] [stderr] 18 | pub const ECDSA_B:     u256 = u256::from_raw_le([7, 0, 0, 0]);
[INFO] [stderr]    |           ^^^^^^^
[INFO] [stderr] 
[INFO] [stderr] warning: associated function `from_coords` is never used
[INFO] [stdout] 
[INFO] [stderr]    --> src/crypto/ecdsa.rs:165:9
[INFO] [stdout] running 10 tests
[INFO] [stderr]     |
[INFO] [stderr] 164 | impl ECDSAPubKey {
[INFO] [stderr]     | ---------------- associated function in this implementation
[INFO] [stderr] 165 |     pub fn from_coords(x: u256, y: u256) -> Self {
[INFO] [stderr]     |            ^^^^^^^^^^^
[INFO] [stderr] 
[INFO] [stderr] warning: associated function `new` is never used
[INFO] [stderr]    --> src/crypto/ecdsa.rs:267:9
[INFO] [stderr]     |
[INFO] [stderr] 266 | impl ECDSASig {
[INFO] [stderr]     | ------------- associated function in this implementation
[INFO] [stderr] 267 |     pub fn new(r: u256, s: u256) -> ECDSASig {
[INFO] [stderr]     |            ^^^
[INFO] [stderr] 
[INFO] [stderr] warning: `frabjous-bitcoin` (bin "frabjous-bitcoin" test) generated 13 warnings
[INFO] [stderr]     Finished `test` profile [unoptimized + debuginfo] target(s) in 0.04s
[INFO] [stderr]      Running unittests src/main.rs (/opt/rustwide/target/debug/deps/frabjous_bitcoin-afcd3070c01c3481)
[INFO] [stdout] test crypto::ripemd160::ripemd160 ... ok
[INFO] [stdout] test script::op::branching_else ... ok
[INFO] [stdout] test script::op::branching_if ... ok
[INFO] [stdout] test crypto::ecdsa::add_points ... ok
[INFO] [stdout] test crypto::ecdsa::double_points ... ok
[INFO] [stdout] test crypto::ecdsa::decompress ... ok
[INFO] [stdout] test crypto::big_int::arithmetic ... FAILED
[INFO] [stdout] test crypto::ecdsa::mul_point_scalar ... ok
[INFO] [stdout] test crypto::ecdsa::verify_sigs has been running for over 60 seconds
[INFO] [stdout] test script::op::pizza has been running for over 60 seconds
[INFO] [stdout] test script::op::pizza ... ok
[INFO] [stdout] test crypto::ecdsa::verify_sigs ... ok
[INFO] [stderr] error: test failed, to rerun pass `--bin frabjous-bitcoin`
[INFO] [stdout] 
[INFO] [stdout] failures:
[INFO] [stdout] 
[INFO] [stdout] ---- crypto::big_int::arithmetic stdout ----
[INFO] [stdout] 
[INFO] [stdout] thread 'crypto::big_int::arithmetic' panicked at src/crypto/big_int.rs:82:9:
[INFO] [stdout] assertion failed: result < modulo
[INFO] [stdout] stack backtrace:
[INFO] [stdout]    0:     0x61dc1c413a6a - std::backtrace_rs::backtrace::libunwind::trace::hb059275cfc8d6126
[INFO] [stdout]                                at /rustc/6067b36314ab5eb2eb47cecc464545ba58e1ad24/library/std/src/../../backtrace/src/backtrace/libunwind.rs:116:5
[INFO] [stdout]    1:     0x61dc1c413a6a - std::backtrace_rs::backtrace::trace_unsynchronized::h2da071e4327ce3ee
[INFO] [stdout]                                at /rustc/6067b36314ab5eb2eb47cecc464545ba58e1ad24/library/std/src/../../backtrace/src/backtrace/mod.rs:66:5
[INFO] [stdout]    2:     0x61dc1c413a6a - std::sys::backtrace::_print_fmt::h842a1474e6f8d23f
[INFO] [stdout]                                at /rustc/6067b36314ab5eb2eb47cecc464545ba58e1ad24/library/std/src/sys/backtrace.rs:66:9
[INFO] [stdout]    3:     0x61dc1c413a6a - <std::sys::backtrace::BacktraceLock::print::DisplayBacktrace as core::fmt::Display>::fmt::h71a62eb3b9696b12
[INFO] [stdout]                                at /rustc/6067b36314ab5eb2eb47cecc464545ba58e1ad24/library/std/src/sys/backtrace.rs:39:26
[INFO] [stdout]    4:     0x61dc1c43b093 - core::fmt::rt::Argument::fmt::hdb6b616786b41dc1
[INFO] [stdout]                                at /rustc/6067b36314ab5eb2eb47cecc464545ba58e1ad24/library/core/src/fmt/rt.rs:177:76
[INFO] [stdout]    5:     0x61dc1c43b093 - core::fmt::write::h2cc1698af7e2d686
[INFO] [stdout]                                at /rustc/6067b36314ab5eb2eb47cecc464545ba58e1ad24/library/core/src/fmt/mod.rs:1440:21
[INFO] [stdout]    6:     0x61dc1c4105c3 - std::io::Write::write_fmt::hab1b4cd059a79022
[INFO] [stdout]                                at /rustc/6067b36314ab5eb2eb47cecc464545ba58e1ad24/library/std/src/io/mod.rs:1887:15
[INFO] [stdout]    7:     0x61dc1c4138b2 - std::sys::backtrace::BacktraceLock::print::h147fe35b4ea13b08
[INFO] [stdout]                                at /rustc/6067b36314ab5eb2eb47cecc464545ba58e1ad24/library/std/src/sys/backtrace.rs:42:9
[INFO] [stdout]    8:     0x61dc1c414e8f - std::panicking::default_hook::{{closure}}::hbd44223dbdc0d208
[INFO] [stdout]                                at /rustc/6067b36314ab5eb2eb47cecc464545ba58e1ad24/library/std/src/panicking.rs:298:22
[INFO] [stdout]    9:     0x61dc1c414ca8 - std::panicking::default_hook::h20f81eb0576efcec
[INFO] [stdout]                                at /rustc/6067b36314ab5eb2eb47cecc464545ba58e1ad24/library/std/src/panicking.rs:322:9
[INFO] [stdout]   10:     0x61dc1c3ddac3 - <alloc::boxed::Box<F,A> as core::ops::function::Fn<Args>>::call::hdb53814c496a4d34
[INFO] [stdout]                                at /rustc/6067b36314ab5eb2eb47cecc464545ba58e1ad24/library/alloc/src/boxed.rs:2027:9
[INFO] [stdout]   11:     0x61dc1c3ddac3 - test::test_main::{{closure}}::hc0a4963c59427c24
[INFO] [stdout]                                at /rustc/6067b36314ab5eb2eb47cecc464545ba58e1ad24/library/test/src/lib.rs:134:21
[INFO] [stdout]   12:     0x61dc1c415983 - <alloc::boxed::Box<F,A> as core::ops::function::Fn<Args>>::call::h591b2225413a77e9
[INFO] [stdout]                                at /rustc/6067b36314ab5eb2eb47cecc464545ba58e1ad24/library/alloc/src/boxed.rs:2027:9
[INFO] [stdout]   13:     0x61dc1c415983 - std::panicking::rust_panic_with_hook::h625eea43051b2edc
[INFO] [stdout]                                at /rustc/6067b36314ab5eb2eb47cecc464545ba58e1ad24/library/std/src/panicking.rs:839:13
[INFO] [stdout]   14:     0x61dc1c415606 - std::panicking::begin_panic_handler::{{closure}}::h4f9159cfbc3f6bd3
[INFO] [stdout]                                at /rustc/6067b36314ab5eb2eb47cecc464545ba58e1ad24/library/std/src/panicking.rs:697:13
[INFO] [stdout]   15:     0x61dc1c413f69 - std::sys::backtrace::__rust_end_short_backtrace::h0390abce48353151
[INFO] [stdout]                                at /rustc/6067b36314ab5eb2eb47cecc464545ba58e1ad24/library/std/src/sys/backtrace.rs:168:18
[INFO] [stdout]   16:     0x61dc1c4152cd - rust_begin_unwind
[INFO] [stdout]                                at /rustc/6067b36314ab5eb2eb47cecc464545ba58e1ad24/library/std/src/panicking.rs:695:5
[INFO] [stdout]   17:     0x61dc1c439aa0 - core::panicking::panic_fmt::h9e7c637e9e5f29c9
[INFO] [stdout]                                at /rustc/6067b36314ab5eb2eb47cecc464545ba58e1ad24/library/core/src/panicking.rs:75:14
[INFO] [stdout]   18:     0x61dc1c439b2c - core::panicking::panic::haa3255ea20181a33
[INFO] [stdout]                                at /rustc/6067b36314ab5eb2eb47cecc464545ba58e1ad24/library/core/src/panicking.rs:145:5
[INFO] [stdout]   19:     0x61dc1c38267b - frabjous_bitcoin::crypto::big_int::BigInt<_>::fast_rem::he5f62d4a40867121
[INFO] [stdout]                                at /opt/rustwide/workdir/src/crypto/big_int.rs:82:3
[INFO] [stdout]   20:     0x61dc1c3856eb - <frabjous_bitcoin::crypto::big_int::BigInt<_> as core::ops::arith::Rem>::rem::hd4c3bc2f992a26f0
[INFO] [stdout]                                at /opt/rustwide/workdir/src/crypto/big_int.rs:296:3
[INFO] [stdout]   21:     0x61dc1c3869d5 - frabjous_bitcoin::crypto::big_int::arithmetic::hf902f9e835306931
[INFO] [stdout]                                at /opt/rustwide/workdir/src/crypto/big_int.rs:448:3
[INFO] [stdout]   22:     0x61dc1c3861d7 - frabjous_bitcoin::crypto::big_int::arithmetic::{{closure}}::h67b3b920069b20a6
[INFO] [stdout]                                at /opt/rustwide/workdir/src/crypto/big_int.rs:410:16
[INFO] [stdout]   23:     0x61dc1c39be96 - core::ops::function::FnOnce::call_once::h8d2b6e41191f3a13
[INFO] [stdout]                                at /rustc/6067b36314ab5eb2eb47cecc464545ba58e1ad24/library/core/src/ops/function.rs:250:5
[INFO] [stdout]   24:     0x61dc1c3e321b - core::ops::function::FnOnce::call_once::he27718dfdd183f43
[INFO] [stdout]                                at /rustc/6067b36314ab5eb2eb47cecc464545ba58e1ad24/library/core/src/ops/function.rs:250:5
[INFO] [stdout]   25:     0x61dc1c3e321b - test::__rust_begin_short_backtrace::h4e84902998457a5d
[INFO] [stdout]                                at /rustc/6067b36314ab5eb2eb47cecc464545ba58e1ad24/library/test/src/lib.rs:632:18
[INFO] [stdout]   26:     0x61dc1c3e2153 - test::run_test_in_process::{{closure}}::h7176fd18fc1feca0
[INFO] [stdout]                                at /rustc/6067b36314ab5eb2eb47cecc464545ba58e1ad24/library/test/src/lib.rs:655:60
[INFO] [stdout]   27:     0x61dc1c3e2153 - <core::panic::unwind_safe::AssertUnwindSafe<F> as core::ops::function::FnOnce<()>>::call_once::hf79cff2a624d8cf7
[INFO] [stdout]                                at /rustc/6067b36314ab5eb2eb47cecc464545ba58e1ad24/library/core/src/panic/unwind_safe.rs:272:9
[INFO] [stdout]   28:     0x61dc1c3e2153 - std::panicking::try::do_call::h3da0561d9ab99c25
[INFO] [stdout]                                at /rustc/6067b36314ab5eb2eb47cecc464545ba58e1ad24/library/std/src/panicking.rs:587:40
[INFO] [stdout]   29:     0x61dc1c3e2153 - std::panicking::try::h41c9fa508bc61df6
[INFO] [stdout]                                at /rustc/6067b36314ab5eb2eb47cecc464545ba58e1ad24/library/std/src/panicking.rs:550:19
[INFO] [stdout]   30:     0x61dc1c3e2153 - std::panic::catch_unwind::h6b3ff07bb5afad93
[INFO] [stdout]                                at /rustc/6067b36314ab5eb2eb47cecc464545ba58e1ad24/library/std/src/panic.rs:358:14
[INFO] [stdout]   31:     0x61dc1c3e2153 - test::run_test_in_process::hc7253dd11b39b9f4
[INFO] [stdout]                                at /rustc/6067b36314ab5eb2eb47cecc464545ba58e1ad24/library/test/src/lib.rs:655:27
[INFO] [stdout]   32:     0x61dc1c3e2153 - test::run_test::{{closure}}::hfb2007f8649c30bb
[INFO] [stdout]                                at /rustc/6067b36314ab5eb2eb47cecc464545ba58e1ad24/library/test/src/lib.rs:576:43
[INFO] [stdout]   33:     0x61dc1c3a5235 - test::run_test::{{closure}}::h56a17aa7a282a9f4
[INFO] [stdout]                                at /rustc/6067b36314ab5eb2eb47cecc464545ba58e1ad24/library/test/src/lib.rs:606:41
[INFO] [stdout]   34:     0x61dc1c3a5235 - std::sys::backtrace::__rust_begin_short_backtrace::hd2d2d2fb8e8c6aac
[INFO] [stdout]                                at /rustc/6067b36314ab5eb2eb47cecc464545ba58e1ad24/library/std/src/sys/backtrace.rs:152:18
[INFO] [stdout]   35:     0x61dc1c3a8b1a - std::thread::Builder::spawn_unchecked_::{{closure}}::{{closure}}::h4faa3f9db6133423
[INFO] [stdout]                                at /rustc/6067b36314ab5eb2eb47cecc464545ba58e1ad24/library/std/src/thread/mod.rs:559:17
[INFO] [stdout]   36:     0x61dc1c3a8b1a - <core::panic::unwind_safe::AssertUnwindSafe<F> as core::ops::function::FnOnce<()>>::call_once::hf2e855a36a4ea846
[INFO] [stdout]                                at /rustc/6067b36314ab5eb2eb47cecc464545ba58e1ad24/library/core/src/panic/unwind_safe.rs:272:9
[INFO] [stdout]   37:     0x61dc1c3a8b1a - std::panicking::try::do_call::h2f73af3616c35465
[INFO] [stdout]                                at /rustc/6067b36314ab5eb2eb47cecc464545ba58e1ad24/library/std/src/panicking.rs:587:40
[INFO] [stdout]   38:     0x61dc1c3a8b1a - std::panicking::try::hd1660ce9efadef5a
[INFO] [stdout]                                at /rustc/6067b36314ab5eb2eb47cecc464545ba58e1ad24/library/std/src/panicking.rs:550:19
[INFO] [stdout]   39:     0x61dc1c3a8b1a - std::panic::catch_unwind::h5ee8d7823b8ca744
[INFO] [stdout]                                at /rustc/6067b36314ab5eb2eb47cecc464545ba58e1ad24/library/std/src/panic.rs:358:14
[INFO] [stdout]   40:     0x61dc1c3a8b1a - std::thread::Builder::spawn_unchecked_::{{closure}}::h53c3a1894dce8407
[INFO] [stdout]                                at /rustc/6067b36314ab5eb2eb47cecc464545ba58e1ad24/library/std/src/thread/mod.rs:557:30
[INFO] [stdout]   41:     0x61dc1c3a8b1a - core::ops::function::FnOnce::call_once{{vtable.shim}}::h048ce291ad4f62bf
[INFO] [stdout]                                at /rustc/6067b36314ab5eb2eb47cecc464545ba58e1ad24/library/core/src/ops/function.rs:250:5
[INFO] [stdout]   42:     0x61dc1c4198bb - <alloc::boxed::Box<F,A> as core::ops::function::FnOnce<Args>>::call_once::ha52bedf99a3b4981
[INFO] [stdout]                                at /rustc/6067b36314ab5eb2eb47cecc464545ba58e1ad24/library/alloc/src/boxed.rs:2013:9
[INFO] [stdout]   43:     0x61dc1c4198bb - <alloc::boxed::Box<F,A> as core::ops::function::FnOnce<Args>>::call_once::h567748934d80ccf8
[INFO] [stdout]                                at /rustc/6067b36314ab5eb2eb47cecc464545ba58e1ad24/library/alloc/src/boxed.rs:2013:9
[INFO] [stdout]   44:     0x61dc1c4198bb - std::sys::pal::unix::thread::Thread::new::thread_start::h2d970728ae887adc
[INFO] [stdout]                                at /rustc/6067b36314ab5eb2eb47cecc464545ba58e1ad24/library/std/src/sys/pal/unix/thread.rs:106:17
[INFO] [stdout]   45:     0x7585c0880ac3 - <unknown>
[INFO] [stdout]   46:     0x7585c0911a04 - clone
[INFO] [stdout]   47:                0x0 - <unknown>
[INFO] [stdout] 
[INFO] [stdout] 
[INFO] [stdout] failures:
[INFO] [stdout]     crypto::big_int::arithmetic
[INFO] [stdout] 
[INFO] [stdout] test result: FAILED. 9 passed; 1 failed; 0 ignored; 0 measured; 0 filtered out; finished in 86.31s
[INFO] [stdout] 
[INFO] running `Command { std: "docker" "inspect" "3ed14841bdb8f7cc54591d43172b544de4337272b0e6991fcddd920560ce6db3", kill_on_drop: false }`
[INFO] running `Command { std: "docker" "rm" "-f" "3ed14841bdb8f7cc54591d43172b544de4337272b0e6991fcddd920560ce6db3", kill_on_drop: false }`
[INFO] [stdout] 3ed14841bdb8f7cc54591d43172b544de4337272b0e6991fcddd920560ce6db3
