[INFO] cloning repository https://github.com/jam1garner/gc-adapter
[INFO] running `Command { std: "git" "-c" "credential.helper=" "-c" "credential.helper=/workspace/cargo-home/bin/git-credential-null" "clone" "--bare" "https://github.com/jam1garner/gc-adapter" "/workspace/cache/git-repos/https%3A%2F%2Fgithub.com%2Fjam1garner%2Fgc-adapter", kill_on_drop: false }`
[INFO] [stderr] Cloning into bare repository '/workspace/cache/git-repos/https%3A%2F%2Fgithub.com%2Fjam1garner%2Fgc-adapter'...
[INFO] running `Command { std: "git" "rev-parse" "HEAD", kill_on_drop: false }`
[INFO] [stdout] 26a441dea043806a2a8e0b8d7e1e7a253c62df92
[INFO] testing jam1garner/gc-adapter against nightly-2025-01-18 for randomize-layout-2
[INFO] running `Command { std: "git" "clone" "/workspace/cache/git-repos/https%3A%2F%2Fgithub.com%2Fjam1garner%2Fgc-adapter" "/workspace/builds/worker-0-tc1/source", kill_on_drop: false }`
[INFO] [stderr] Cloning into '/workspace/builds/worker-0-tc1/source'...
[INFO] [stderr] done.
[INFO] validating manifest of git repo https://github.com/jam1garner/gc-adapter on toolchain nightly-2025-01-18
[INFO] running `Command { std: CARGO_HOME="/workspace/cargo-home" RUSTUP_HOME="/workspace/rustup-home" "/workspace/cargo-home/bin/cargo" "+nightly-2025-01-18" "metadata" "--manifest-path" "Cargo.toml" "--no-deps", kill_on_drop: false }`
[INFO] started tweaking git repo https://github.com/jam1garner/gc-adapter
[INFO] finished tweaking git repo https://github.com/jam1garner/gc-adapter
[INFO] tweaked toml for git repo https://github.com/jam1garner/gc-adapter written to /workspace/builds/worker-0-tc1/source/Cargo.toml
[INFO] crate git repo https://github.com/jam1garner/gc-adapter already has a lockfile, it will not be regenerated
[INFO] running `Command { std: CARGO_HOME="/workspace/cargo-home" RUSTUP_HOME="/workspace/rustup-home" "/workspace/cargo-home/bin/cargo" "+nightly-2025-01-18" "fetch" "--manifest-path" "Cargo.toml", kill_on_drop: false }`
[INFO] [stderr]     Updating crates.io index
[INFO] [stderr]  Downloading crates ...
[INFO] [stderr]   Downloaded libflate_lz77 v1.0.0
[INFO] [stderr]   Downloaded libflate v1.0.3
[INFO] [stderr]   Downloaded rle-decode-fast v1.0.1
[INFO] [stderr]   Downloaded filetime v0.2.13
[INFO] [stderr]   Downloaded binread_derive v1.4.2
[INFO] [stderr]   Downloaded binread v1.4.1
[INFO] [stderr]   Downloaded tar v0.4.30
[INFO] [stderr]   Downloaded modular-bitfield v0.11.2
[INFO] [stderr]   Downloaded rusb v0.6.5
[INFO] [stderr]   Downloaded modular-bitfield-impl v0.11.2
[INFO] [stderr]   Downloaded syn v1.0.51
[INFO] [stderr]   Downloaded libusb1-sys v0.4.2
[INFO] running `Command { std: "docker" "create" "-v" "/var/lib/crater-agent-workspace/builds/worker-0-tc1/target:/opt/rustwide/target:rw,Z" "-v" "/var/lib/crater-agent-workspace/builds/worker-0-tc1/source:/opt/rustwide/workdir:ro,Z" "-v" "/var/lib/crater-agent-workspace/cargo-home:/opt/rustwide/cargo-home:ro,Z" "-v" "/var/lib/crater-agent-workspace/rustup-home:/opt/rustwide/rustup-home:ro,Z" "-e" "SOURCE_DIR=/opt/rustwide/workdir" "-e" "CARGO_TARGET_DIR=/opt/rustwide/target" "-e" "CARGO_HOME=/opt/rustwide/cargo-home" "-e" "RUSTUP_HOME=/opt/rustwide/rustup-home" "-w" "/opt/rustwide/workdir" "-m" "1610612736" "--user" "0:0" "--network" "none" "ghcr.io/rust-lang/crates-build-env/linux@sha256:819108c5571ea2e421544af4d832f968d213c87fbe3707a016657f43d2f853bc" "/opt/rustwide/cargo-home/bin/cargo" "+nightly-2025-01-18" "metadata" "--no-deps" "--format-version=1", kill_on_drop: false }`
[INFO] [stdout] 0be0c36fa5a009c0aa6ea80ef7a1f26375f2b5253ffadfd55f331cef669487be
[INFO] running `Command { std: "docker" "start" "-a" "0be0c36fa5a009c0aa6ea80ef7a1f26375f2b5253ffadfd55f331cef669487be", kill_on_drop: false }`
[INFO] running `Command { std: "docker" "inspect" "0be0c36fa5a009c0aa6ea80ef7a1f26375f2b5253ffadfd55f331cef669487be", kill_on_drop: false }`
[INFO] running `Command { std: "docker" "rm" "-f" "0be0c36fa5a009c0aa6ea80ef7a1f26375f2b5253ffadfd55f331cef669487be", kill_on_drop: false }`
[INFO] [stdout] 0be0c36fa5a009c0aa6ea80ef7a1f26375f2b5253ffadfd55f331cef669487be
[INFO] running `Command { std: "docker" "create" "-v" "/var/lib/crater-agent-workspace/builds/worker-0-tc1/target:/opt/rustwide/target:rw,Z" "-v" "/var/lib/crater-agent-workspace/builds/worker-0-tc1/source:/opt/rustwide/workdir:ro,Z" "-v" "/var/lib/crater-agent-workspace/cargo-home:/opt/rustwide/cargo-home:ro,Z" "-v" "/var/lib/crater-agent-workspace/rustup-home:/opt/rustwide/rustup-home:ro,Z" "-e" "SOURCE_DIR=/opt/rustwide/workdir" "-e" "CARGO_TARGET_DIR=/opt/rustwide/target" "-e" "CARGO_INCREMENTAL=0" "-e" "RUST_BACKTRACE=full" "-e" "RUSTFLAGS=--cap-lints=forbid" "-e" "RUSTDOCFLAGS=--cap-lints=forbid" "-e" "CARGO_HOME=/opt/rustwide/cargo-home" "-e" "RUSTUP_HOME=/opt/rustwide/rustup-home" "-w" "/opt/rustwide/workdir" "-m" "1610612736" "--user" "0:0" "--network" "none" "ghcr.io/rust-lang/crates-build-env/linux@sha256:819108c5571ea2e421544af4d832f968d213c87fbe3707a016657f43d2f853bc" "/opt/rustwide/cargo-home/bin/cargo" "+nightly-2025-01-18" "build" "--frozen" "--message-format=json", kill_on_drop: false }`
[INFO] [stdout] 3585d40aeb32f78a14121c500233a461bf8fcff805a44ca910d4b238046630e9
[INFO] running `Command { std: "docker" "start" "-a" "3585d40aeb32f78a14121c500233a461bf8fcff805a44ca910d4b238046630e9", kill_on_drop: false }`
[INFO] [stderr]    Compiling proc-macro2 v1.0.24
[INFO] [stderr]    Compiling unicode-xid v0.2.1
[INFO] [stderr]    Compiling syn v1.0.51
[INFO] [stderr]    Compiling static_assertions v1.1.0
[INFO] [stderr]    Compiling quote v1.0.7
[INFO] [stderr]    Compiling binread_derive v1.4.2
[INFO] [stderr]    Compiling modular-bitfield-impl v0.11.2
[INFO] [stderr]    Compiling modular-bitfield v0.11.2
[INFO] [stderr]    Compiling binread v1.4.1
[INFO] [stderr]    Compiling gc-adapter v0.1.3 (/opt/rustwide/workdir)
[INFO] [stdout] warning: method `padding` is never used
[INFO] [stdout]   --> src/parsing.rs:32:5
[INFO] [stdout]    |
[INFO] [stdout] 22 | / /// Status of controller for the given port
[INFO] [stdout] 23 | | #[bitfield]
[INFO] [stdout] 24 | | #[derive(BinRead, Debug, Default, Copy, Clone, PartialEq)]
[INFO] [stdout] 25 | | #[br(map = Self::from_bytes)]
[INFO] [stdout] 26 | | pub struct ControllerStatus {
[INFO] [stdout]    | |___________________________- method in this implementation
[INFO] [stdout] ...
[INFO] [stdout] 32 |       padding: B2
[INFO] [stdout]    |       ^^^^^^^
[INFO] [stdout]    |
[INFO] [stdout]    = note: `#[warn(dead_code)]` on by default
[INFO] [stdout] 
[INFO] [stdout] 
[INFO] [stderr]     Finished `dev` profile [unoptimized + debuginfo] target(s) in 10.12s
[INFO] running `Command { std: "docker" "inspect" "3585d40aeb32f78a14121c500233a461bf8fcff805a44ca910d4b238046630e9", kill_on_drop: false }`
[INFO] running `Command { std: "docker" "rm" "-f" "3585d40aeb32f78a14121c500233a461bf8fcff805a44ca910d4b238046630e9", kill_on_drop: false }`
[INFO] [stdout] 3585d40aeb32f78a14121c500233a461bf8fcff805a44ca910d4b238046630e9
[INFO] running `Command { std: "docker" "create" "-v" "/var/lib/crater-agent-workspace/builds/worker-0-tc1/target:/opt/rustwide/target:rw,Z" "-v" "/var/lib/crater-agent-workspace/builds/worker-0-tc1/source:/opt/rustwide/workdir:ro,Z" "-v" "/var/lib/crater-agent-workspace/cargo-home:/opt/rustwide/cargo-home:ro,Z" "-v" "/var/lib/crater-agent-workspace/rustup-home:/opt/rustwide/rustup-home:ro,Z" "-e" "SOURCE_DIR=/opt/rustwide/workdir" "-e" "CARGO_TARGET_DIR=/opt/rustwide/target" "-e" "CARGO_INCREMENTAL=0" "-e" "RUST_BACKTRACE=full" "-e" "RUSTFLAGS=--cap-lints=forbid" "-e" "RUSTDOCFLAGS=--cap-lints=forbid" "-e" "CARGO_HOME=/opt/rustwide/cargo-home" "-e" "RUSTUP_HOME=/opt/rustwide/rustup-home" "-w" "/opt/rustwide/workdir" "-m" "1610612736" "--user" "0:0" "--network" "none" "ghcr.io/rust-lang/crates-build-env/linux@sha256:819108c5571ea2e421544af4d832f968d213c87fbe3707a016657f43d2f853bc" "/opt/rustwide/cargo-home/bin/cargo" "+nightly-2025-01-18" "test" "--frozen" "--no-run" "--message-format=json", kill_on_drop: false }`
[INFO] [stdout] 93045f8babf66196d0e27b0db55a5875390130098cebf366685313199e8a1ca3
[INFO] running `Command { std: "docker" "start" "-a" "93045f8babf66196d0e27b0db55a5875390130098cebf366685313199e8a1ca3", kill_on_drop: false }`
[INFO] [stderr]    Compiling gc-adapter v0.1.3 (/opt/rustwide/workdir)
[INFO] [stdout] warning: method `padding` is never used
[INFO] [stdout]   --> src/parsing.rs:32:5
[INFO] [stdout]    |
[INFO] [stdout] 22 | / /// Status of controller for the given port
[INFO] [stdout] 23 | | #[bitfield]
[INFO] [stdout] 24 | | #[derive(BinRead, Debug, Default, Copy, Clone, PartialEq)]
[INFO] [stdout] 25 | | #[br(map = Self::from_bytes)]
[INFO] [stdout] 26 | | pub struct ControllerStatus {
[INFO] [stdout]    | |___________________________- method in this implementation
[INFO] [stdout] ...
[INFO] [stdout] 32 |       padding: B2
[INFO] [stdout]    |       ^^^^^^^
[INFO] [stdout]    |
[INFO] [stdout]    = note: `#[warn(dead_code)]` on by default
[INFO] [stdout] 
[INFO] [stdout] 
[INFO] [stdout] warning: unused import: `super::*`
[INFO] [stdout]   --> src/axis.rs:81:9
[INFO] [stdout]    |
[INFO] [stdout] 81 |     use super::*;
[INFO] [stdout]    |         ^^^^^^^^
[INFO] [stdout]    |
[INFO] [stdout]    = note: `#[warn(unused_imports)]` on by default
[INFO] [stdout] 
[INFO] [stdout] 
[INFO] [stdout] warning: unused import: `super::*`
[INFO] [stdout]    --> src/lib.rs:122:9
[INFO] [stdout]     |
[INFO] [stdout] 122 |     use super::*;
[INFO] [stdout]     |         ^^^^^^^^
[INFO] [stdout] 
[INFO] [stdout] 
[INFO] [stdout] warning: method `padding` is never used
[INFO] [stdout]   --> src/parsing.rs:32:5
[INFO] [stdout]    |
[INFO] [stdout] 22 | / /// Status of controller for the given port
[INFO] [stdout] 23 | | #[bitfield]
[INFO] [stdout] 24 | | #[derive(BinRead, Debug, Default, Copy, Clone, PartialEq)]
[INFO] [stdout] 25 | | #[br(map = Self::from_bytes)]
[INFO] [stdout] 26 | | pub struct ControllerStatus {
[INFO] [stdout]    | |___________________________- method in this implementation
[INFO] [stdout] ...
[INFO] [stdout] 32 |       padding: B2
[INFO] [stdout]    |       ^^^^^^^
[INFO] [stdout]    |
[INFO] [stdout]    = note: `#[warn(dead_code)]` on by default
[INFO] [stdout] 
[INFO] [stdout] 
[INFO] [stderr]     Finished `test` profile [unoptimized + debuginfo] target(s) in 0.55s
[INFO] running `Command { std: "docker" "inspect" "93045f8babf66196d0e27b0db55a5875390130098cebf366685313199e8a1ca3", kill_on_drop: false }`
[INFO] running `Command { std: "docker" "rm" "-f" "93045f8babf66196d0e27b0db55a5875390130098cebf366685313199e8a1ca3", kill_on_drop: false }`
[INFO] [stdout] 93045f8babf66196d0e27b0db55a5875390130098cebf366685313199e8a1ca3
[INFO] running `Command { std: "docker" "create" "-v" "/var/lib/crater-agent-workspace/builds/worker-0-tc1/target:/opt/rustwide/target:rw,Z" "-v" "/var/lib/crater-agent-workspace/builds/worker-0-tc1/source:/opt/rustwide/workdir:ro,Z" "-v" "/var/lib/crater-agent-workspace/cargo-home:/opt/rustwide/cargo-home:ro,Z" "-v" "/var/lib/crater-agent-workspace/rustup-home:/opt/rustwide/rustup-home:ro,Z" "-e" "SOURCE_DIR=/opt/rustwide/workdir" "-e" "CARGO_TARGET_DIR=/opt/rustwide/target" "-e" "CARGO_INCREMENTAL=0" "-e" "RUST_BACKTRACE=full" "-e" "RUSTFLAGS=--cap-lints=forbid" "-e" "RUSTDOCFLAGS=--cap-lints=forbid" "-e" "CARGO_HOME=/opt/rustwide/cargo-home" "-e" "RUSTUP_HOME=/opt/rustwide/rustup-home" "-w" "/opt/rustwide/workdir" "-m" "1610612736" "--user" "0:0" "--network" "none" "ghcr.io/rust-lang/crates-build-env/linux@sha256:819108c5571ea2e421544af4d832f968d213c87fbe3707a016657f43d2f853bc" "/opt/rustwide/cargo-home/bin/cargo" "+nightly-2025-01-18" "test" "--frozen", kill_on_drop: false }`
[INFO] [stdout] 27db5359fa9ae63ac28d1a1aa34aa16f2f99317bcddab27991acd36461a0a773
[INFO] running `Command { std: "docker" "start" "-a" "27db5359fa9ae63ac28d1a1aa34aa16f2f99317bcddab27991acd36461a0a773", kill_on_drop: false }`
[INFO] [stderr] warning: method `padding` is never used
[INFO] [stderr]   --> src/parsing.rs:32:5
[INFO] [stderr]    |
[INFO] [stderr] 22 | / /// Status of controller for the given port
[INFO] [stderr] 23 | | #[bitfield]
[INFO] [stderr] 24 | | #[derive(BinRead, Debug, Default, Copy, Clone, PartialEq)]
[INFO] [stderr] 25 | | #[br(map = Self::from_bytes)]
[INFO] [stderr] 26 | | pub struct ControllerStatus {
[INFO] [stderr]    | |___________________________- method in this implementation
[INFO] [stderr] ...
[INFO] [stderr] 32 |       padding: B2
[INFO] [stderr]    |       ^^^^^^^
[INFO] [stderr]    |
[INFO] [stderr]    = note: `#[warn(dead_code)]` on by default
[INFO] [stderr] 
[INFO] [stderr] warning: unused import: `super::*`
[INFO] [stderr]   --> src/axis.rs:81:9
[INFO] [stderr]    |
[INFO] [stderr] 81 |     use super::*;
[INFO] [stderr]    |         ^^^^^^^^
[INFO] [stderr]    |
[INFO] [stderr]    = note: `#[warn(unused_imports)]` on by default
[INFO] [stderr] 
[INFO] [stderr] warning: unused import: `super::*`
[INFO] [stderr]    --> src/lib.rs:122:9
[INFO] [stderr]     |
[INFO] [stderr] 122 |     use super::*;
[INFO] [stderr]     |         ^^^^^^^^
[INFO] [stderr] 
[INFO] [stderr] warning: `gc-adapter` (lib) generated 1 warning
[INFO] [stderr] warning: `gc-adapter` (lib test) generated 3 warnings (1 duplicate) (run `cargo fix --lib -p gc-adapter --tests` to apply 2 suggestions)
[INFO] [stderr]     Finished `test` profile [unoptimized + debuginfo] target(s) in 0.03s
[INFO] [stderr]      Running unittests src/lib.rs (/opt/rustwide/target/debug/deps/gc_adapter-1d666384fb10b58a)
[INFO] [stdout] 
[INFO] [stdout] running 0 tests
[INFO] [stdout] 
[INFO] [stdout] test result: ok. 0 passed; 0 failed; 0 ignored; 0 measured; 0 filtered out; finished in 0.00s
[INFO] [stdout] 
[INFO] [stderr]    Doc-tests gc_adapter
[INFO] [stdout] 
[INFO] [stdout] running 1 test
[INFO] [stdout] test src/lib.rs - (line 12) ... FAILED
[INFO] [stdout] 
[INFO] [stdout] failures:
[INFO] [stdout] 
[INFO] [stdout] ---- src/lib.rs - (line 12) stdout ----
[INFO] [stdout] error[E0599]: no function or associated item named `from_usb` found for struct `GcAdapter` in the current scope
[INFO] [stdout]   --> src/lib.rs:17:30
[INFO] [stdout]    |
[INFO] [stdout] 8  | let mut adapter = GcAdapter::from_usb().unwrap();
[INFO] [stdout]    |                              ^^^^^^^^ function or associated item not found in `GcAdapter<_>`
[INFO] [stdout]    |
[INFO] [stdout] note: if you're trying to build a new `GcAdapter<_>`, consider using `GcAdapter::<T>::new` which returns `GcAdapter<_>`
[INFO] [stdout]   --> /opt/rustwide/workdir/src/lib.rs:99:5
[INFO] [stdout]    |
[INFO] [stdout] 99 |     pub fn new(usb: T) -> Self {
[INFO] [stdout]    |     ^^^^^^^^^^^^^^^^^^^^^^^^^^
[INFO] [stdout] help: there is an associated function `from` with a similar name
[INFO] [stdout]   --> /rustc/6067b36314ab5eb2eb47cecc464545ba58e1ad24/library/core/src/convert/mod.rs:587:5
[INFO] [stdout] 
[INFO] [stdout] error: aborting due to 1 previous error
[INFO] [stdout] 
[INFO] [stdout] For more information about this error, try `rustc --explain E0599`.
[INFO] [stdout] Couldn't compile the test.
[INFO] [stdout] 
[INFO] [stdout] failures:
[INFO] [stdout]     src/lib.rs - (line 12)
[INFO] [stdout] 
[INFO] [stdout] test result: FAILED. 0 passed; 1 failed; 0 ignored; 0 measured; 0 filtered out; finished in 0.11s
[INFO] [stdout] 
[INFO] [stderr] error: doctest failed, to rerun pass `--doc`
[INFO] running `Command { std: "docker" "inspect" "27db5359fa9ae63ac28d1a1aa34aa16f2f99317bcddab27991acd36461a0a773", kill_on_drop: false }`
[INFO] running `Command { std: "docker" "rm" "-f" "27db5359fa9ae63ac28d1a1aa34aa16f2f99317bcddab27991acd36461a0a773", kill_on_drop: false }`
[INFO] [stdout] 27db5359fa9ae63ac28d1a1aa34aa16f2f99317bcddab27991acd36461a0a773
