[INFO] cloning repository https://github.com/jacobzlogar/computer-enhance
[INFO] running `Command { std: "git" "-c" "credential.helper=" "-c" "credential.helper=/workspace/cargo-home/bin/git-credential-null" "clone" "--bare" "https://github.com/jacobzlogar/computer-enhance" "/workspace/cache/git-repos/https%3A%2F%2Fgithub.com%2Fjacobzlogar%2Fcomputer-enhance", kill_on_drop: false }`
[INFO] [stderr] Cloning into bare repository '/workspace/cache/git-repos/https%3A%2F%2Fgithub.com%2Fjacobzlogar%2Fcomputer-enhance'...
[INFO] running `Command { std: "git" "rev-parse" "HEAD", kill_on_drop: false }`
[INFO] [stdout] 65ce011a5fbf4337d17414784434047111e20019
[INFO] testing jacobzlogar/computer-enhance against nightly-2025-01-18+rustflags=-Zrandomize-layout for randomize-layout-2
[INFO] running `Command { std: "git" "clone" "/workspace/cache/git-repos/https%3A%2F%2Fgithub.com%2Fjacobzlogar%2Fcomputer-enhance" "/workspace/builds/worker-7-tc2/source", kill_on_drop: false }`
[INFO] [stderr] Cloning into '/workspace/builds/worker-7-tc2/source'...
[INFO] [stderr] done.
[INFO] validating manifest of git repo https://github.com/jacobzlogar/computer-enhance on toolchain nightly-2025-01-18
[INFO] running `Command { std: CARGO_HOME="/workspace/cargo-home" RUSTUP_HOME="/workspace/rustup-home" "/workspace/cargo-home/bin/cargo" "+nightly-2025-01-18" "metadata" "--manifest-path" "Cargo.toml" "--no-deps", kill_on_drop: false }`
[INFO] started tweaking git repo https://github.com/jacobzlogar/computer-enhance
[INFO] finished tweaking git repo https://github.com/jacobzlogar/computer-enhance
[INFO] tweaked toml for git repo https://github.com/jacobzlogar/computer-enhance written to /workspace/builds/worker-7-tc2/source/Cargo.toml
[INFO] crate git repo https://github.com/jacobzlogar/computer-enhance already has a lockfile, it will not be regenerated
[INFO] running `Command { std: CARGO_HOME="/workspace/cargo-home" RUSTUP_HOME="/workspace/rustup-home" "/workspace/cargo-home/bin/cargo" "+nightly-2025-01-18" "fetch" "--manifest-path" "Cargo.toml", kill_on_drop: false }`
[INFO] running `Command { std: "docker" "create" "-v" "/var/lib/crater-agent-workspace/builds/worker-7-tc2/target:/opt/rustwide/target:rw,Z" "-v" "/var/lib/crater-agent-workspace/builds/worker-7-tc2/source:/opt/rustwide/workdir:ro,Z" "-v" "/var/lib/crater-agent-workspace/cargo-home:/opt/rustwide/cargo-home:ro,Z" "-v" "/var/lib/crater-agent-workspace/rustup-home:/opt/rustwide/rustup-home:ro,Z" "-e" "SOURCE_DIR=/opt/rustwide/workdir" "-e" "CARGO_TARGET_DIR=/opt/rustwide/target" "-e" "CARGO_HOME=/opt/rustwide/cargo-home" "-e" "RUSTUP_HOME=/opt/rustwide/rustup-home" "-w" "/opt/rustwide/workdir" "-m" "1610612736" "--user" "0:0" "--network" "none" "ghcr.io/rust-lang/crates-build-env/linux@sha256:819108c5571ea2e421544af4d832f968d213c87fbe3707a016657f43d2f853bc" "/opt/rustwide/cargo-home/bin/cargo" "+nightly-2025-01-18" "metadata" "--no-deps" "--format-version=1", kill_on_drop: false }`
[INFO] [stdout] 0601cf8afa647095cc8aa307446735ae0d7204367f96dfa0f34d817dc5d1f2ff
[INFO] running `Command { std: "docker" "start" "-a" "0601cf8afa647095cc8aa307446735ae0d7204367f96dfa0f34d817dc5d1f2ff", kill_on_drop: false }`
[INFO] running `Command { std: "docker" "inspect" "0601cf8afa647095cc8aa307446735ae0d7204367f96dfa0f34d817dc5d1f2ff", kill_on_drop: false }`
[INFO] running `Command { std: "docker" "rm" "-f" "0601cf8afa647095cc8aa307446735ae0d7204367f96dfa0f34d817dc5d1f2ff", kill_on_drop: false }`
[INFO] [stdout] 0601cf8afa647095cc8aa307446735ae0d7204367f96dfa0f34d817dc5d1f2ff
[INFO] running `Command { std: "docker" "create" "-v" "/var/lib/crater-agent-workspace/builds/worker-7-tc2/target:/opt/rustwide/target:rw,Z" "-v" "/var/lib/crater-agent-workspace/builds/worker-7-tc2/source:/opt/rustwide/workdir:ro,Z" "-v" "/var/lib/crater-agent-workspace/cargo-home:/opt/rustwide/cargo-home:ro,Z" "-v" "/var/lib/crater-agent-workspace/rustup-home:/opt/rustwide/rustup-home:ro,Z" "-e" "SOURCE_DIR=/opt/rustwide/workdir" "-e" "CARGO_TARGET_DIR=/opt/rustwide/target" "-e" "CARGO_INCREMENTAL=0" "-e" "RUST_BACKTRACE=full" "-e" "RUSTFLAGS=--cap-lints=forbid -Zrandomize-layout" "-e" "RUSTDOCFLAGS=--cap-lints=forbid" "-e" "CARGO_HOME=/opt/rustwide/cargo-home" "-e" "RUSTUP_HOME=/opt/rustwide/rustup-home" "-w" "/opt/rustwide/workdir" "-m" "1610612736" "--user" "0:0" "--network" "none" "ghcr.io/rust-lang/crates-build-env/linux@sha256:819108c5571ea2e421544af4d832f968d213c87fbe3707a016657f43d2f853bc" "/opt/rustwide/cargo-home/bin/cargo" "+nightly-2025-01-18" "build" "--frozen" "--message-format=json", kill_on_drop: false }`
[INFO] [stdout] 98dbf9c19a314c643f8382c64fe253c34a59ff75cba075d6c2357ba88ab686ad
[INFO] running `Command { std: "docker" "start" "-a" "98dbf9c19a314c643f8382c64fe253c34a59ff75cba075d6c2357ba88ab686ad", kill_on_drop: false }`
[INFO] [stderr]    Compiling proc-macro2 v1.0.92
[INFO] [stderr]    Compiling unicode-ident v1.0.14
[INFO] [stderr]    Compiling utf8parse v0.2.2
[INFO] [stderr]    Compiling anstyle v1.0.10
[INFO] [stderr]    Compiling anstyle-query v1.1.2
[INFO] [stderr]    Compiling colorchoice v1.0.3
[INFO] [stderr]    Compiling is_terminal_polyfill v1.70.1
[INFO] [stderr]    Compiling clap_lex v0.7.4
[INFO] [stderr]    Compiling anstyle-parse v0.2.6
[INFO] [stderr]    Compiling heck v0.5.0
[INFO] [stderr]    Compiling strsim v0.11.1
[INFO] [stderr]    Compiling anstream v0.6.18
[INFO] [stderr]    Compiling clap_builder v4.5.23
[INFO] [stderr]    Compiling quote v1.0.38
[INFO] [stderr]    Compiling syn v2.0.95
[INFO] [stderr]    Compiling clap_derive v4.5.18
[INFO] [stderr]    Compiling clap v4.5.23
[INFO] [stderr]    Compiling computer_enhance v0.1.0 (/opt/rustwide/workdir)
[INFO] [stdout] warning: unused variable: `iter`
[INFO] [stdout]    --> src/opcodes.rs:852:6
[INFO] [stdout]     |
[INFO] [stdout] 852 |     |iter| Ok(Mnemonic::RET { segment: Some(0) }),
[INFO] [stdout]     |      ^^^^ help: if this is intentional, prefix it with an underscore: `_iter`
[INFO] [stdout]     |
[INFO] [stdout]     = note: `#[warn(unused_variables)]` on by default
[INFO] [stdout] 
[INFO] [stdout] 
[INFO] [stdout] warning: unused variable: `wide`
[INFO] [stdout]    --> src/instructions.rs:508:44
[INFO] [stdout]     |
[INFO] [stdout] 508 | pub fn pop<'a, I: Iterator<Item = &'a u8>>(wide: bool, mut iter: I) -> Result<Mnemonic> {
[INFO] [stdout]     |                                            ^^^^ help: if this is intentional, prefix it with an underscore: `_wide`
[INFO] [stdout] 
[INFO] [stdout] 
[INFO] [stdout] warning: unused variable: `iter`
[INFO] [stdout]    --> src/instructions.rs:508:60
[INFO] [stdout]     |
[INFO] [stdout] 508 | pub fn pop<'a, I: Iterator<Item = &'a u8>>(wide: bool, mut iter: I) -> Result<Mnemonic> {
[INFO] [stdout]     |                                                            ^^^^ help: if this is intentional, prefix it with an underscore: `_iter`
[INFO] [stdout] 
[INFO] [stdout] 
[INFO] [stdout] warning: variable does not need to be mutable
[INFO] [stdout]    --> src/instructions.rs:508:56
[INFO] [stdout]     |
[INFO] [stdout] 508 | pub fn pop<'a, I: Iterator<Item = &'a u8>>(wide: bool, mut iter: I) -> Result<Mnemonic> {
[INFO] [stdout]     |                                                        ----^^^^
[INFO] [stdout]     |                                                        |
[INFO] [stdout]     |                                                        help: remove this `mut`
[INFO] [stdout]     |
[INFO] [stdout]     = note: `#[warn(unused_mut)]` on by default
[INFO] [stdout] 
[INFO] [stdout] 
[INFO] [stdout] warning: unused variable: `iter`
[INFO] [stdout]    --> src/instructions.rs:512:49
[INFO] [stdout]     |
[INFO] [stdout] 512 | pub fn call<'a, I: Iterator<Item = &'a u8>>(mut iter: I) -> Result<Mnemonic> {
[INFO] [stdout]     |                                                 ^^^^ help: if this is intentional, prefix it with an underscore: `_iter`
[INFO] [stdout] 
[INFO] [stdout] 
[INFO] [stdout] warning: variable does not need to be mutable
[INFO] [stdout]    --> src/instructions.rs:512:45
[INFO] [stdout]     |
[INFO] [stdout] 512 | pub fn call<'a, I: Iterator<Item = &'a u8>>(mut iter: I) -> Result<Mnemonic> {
[INFO] [stdout]     |                                             ----^^^^
[INFO] [stdout]     |                                             |
[INFO] [stdout]     |                                             help: remove this `mut`
[INFO] [stdout] 
[INFO] [stdout] 
[INFO] [stdout] warning: fields `flags` and `segment_registers` are never read
[INFO] [stdout]   --> src/cpu.rs:22:5
[INFO] [stdout]    |
[INFO] [stdout] 21 | pub struct Cpu {
[INFO] [stdout]    |            --- fields in this struct
[INFO] [stdout] 22 |     flags: HashMap<CpuFlag, bool>,
[INFO] [stdout]    |     ^^^^^
[INFO] [stdout] 23 |     pub registers: HashMap<Register, isize>,
[INFO] [stdout] 24 |     segment_registers: HashMap<SegmentRegister, isize>
[INFO] [stdout]    |     ^^^^^^^^^^^^^^^^^
[INFO] [stdout]    |
[INFO] [stdout]    = note: `Cpu` has a derived impl for the trait `Debug`, but this is intentionally ignored during dead code analysis
[INFO] [stdout]    = note: `#[warn(dead_code)]` on by default
[INFO] [stdout] 
[INFO] [stdout] 
[INFO] [stderr]     Finished `dev` profile [unoptimized + debuginfo] target(s) in 16.40s
[INFO] running `Command { std: "docker" "inspect" "98dbf9c19a314c643f8382c64fe253c34a59ff75cba075d6c2357ba88ab686ad", kill_on_drop: false }`
[INFO] running `Command { std: "docker" "rm" "-f" "98dbf9c19a314c643f8382c64fe253c34a59ff75cba075d6c2357ba88ab686ad", kill_on_drop: false }`
[INFO] [stdout] 98dbf9c19a314c643f8382c64fe253c34a59ff75cba075d6c2357ba88ab686ad
[INFO] running `Command { std: "docker" "create" "-v" "/var/lib/crater-agent-workspace/builds/worker-7-tc2/target:/opt/rustwide/target:rw,Z" "-v" "/var/lib/crater-agent-workspace/builds/worker-7-tc2/source:/opt/rustwide/workdir:ro,Z" "-v" "/var/lib/crater-agent-workspace/cargo-home:/opt/rustwide/cargo-home:ro,Z" "-v" "/var/lib/crater-agent-workspace/rustup-home:/opt/rustwide/rustup-home:ro,Z" "-e" "SOURCE_DIR=/opt/rustwide/workdir" "-e" "CARGO_TARGET_DIR=/opt/rustwide/target" "-e" "CARGO_INCREMENTAL=0" "-e" "RUST_BACKTRACE=full" "-e" "RUSTFLAGS=--cap-lints=forbid -Zrandomize-layout" "-e" "RUSTDOCFLAGS=--cap-lints=forbid" "-e" "CARGO_HOME=/opt/rustwide/cargo-home" "-e" "RUSTUP_HOME=/opt/rustwide/rustup-home" "-w" "/opt/rustwide/workdir" "-m" "1610612736" "--user" "0:0" "--network" "none" "ghcr.io/rust-lang/crates-build-env/linux@sha256:819108c5571ea2e421544af4d832f968d213c87fbe3707a016657f43d2f853bc" "/opt/rustwide/cargo-home/bin/cargo" "+nightly-2025-01-18" "test" "--frozen" "--no-run" "--message-format=json", kill_on_drop: false }`
[INFO] [stdout] 9d04ff7504ec94f50c598bbd2263744a8e0c240e02693095b50f936cfaeacf41
[INFO] running `Command { std: "docker" "start" "-a" "9d04ff7504ec94f50c598bbd2263744a8e0c240e02693095b50f936cfaeacf41", kill_on_drop: false }`
[INFO] [stderr]    Compiling computer_enhance v0.1.0 (/opt/rustwide/workdir)
[INFO] [stdout] warning: unused variable: `iter`
[INFO] [stdout]    --> src/opcodes.rs:852:6
[INFO] [stdout]     |
[INFO] [stdout] 852 |     |iter| Ok(Mnemonic::RET { segment: Some(0) }),
[INFO] [stdout]     |      ^^^^ help: if this is intentional, prefix it with an underscore: `_iter`
[INFO] [stdout]     |
[INFO] [stdout]     = note: `#[warn(unused_variables)]` on by default
[INFO] [stdout] 
[INFO] [stdout] 
[INFO] [stdout] warning: unused variable: `wide`
[INFO] [stdout]    --> src/instructions.rs:508:44
[INFO] [stdout]     |
[INFO] [stdout] 508 | pub fn pop<'a, I: Iterator<Item = &'a u8>>(wide: bool, mut iter: I) -> Result<Mnemonic> {
[INFO] [stdout]     |                                            ^^^^ help: if this is intentional, prefix it with an underscore: `_wide`
[INFO] [stdout] 
[INFO] [stdout] 
[INFO] [stdout] warning: unused variable: `iter`
[INFO] [stdout]    --> src/instructions.rs:508:60
[INFO] [stdout]     |
[INFO] [stdout] 508 | pub fn pop<'a, I: Iterator<Item = &'a u8>>(wide: bool, mut iter: I) -> Result<Mnemonic> {
[INFO] [stdout]     |                                                            ^^^^ help: if this is intentional, prefix it with an underscore: `_iter`
[INFO] [stdout] 
[INFO] [stdout] 
[INFO] [stdout] warning: variable does not need to be mutable
[INFO] [stdout]    --> src/instructions.rs:508:56
[INFO] [stdout]     |
[INFO] [stdout] 508 | pub fn pop<'a, I: Iterator<Item = &'a u8>>(wide: bool, mut iter: I) -> Result<Mnemonic> {
[INFO] [stdout]     |                                                        ----^^^^
[INFO] [stdout]     |                                                        |
[INFO] [stdout]     |                                                        help: remove this `mut`
[INFO] [stdout]     |
[INFO] [stdout]     = note: `#[warn(unused_mut)]` on by default
[INFO] [stdout] 
[INFO] [stdout] 
[INFO] [stdout] warning: unused variable: `iter`
[INFO] [stdout]    --> src/instructions.rs:512:49
[INFO] [stdout]     |
[INFO] [stdout] 512 | pub fn call<'a, I: Iterator<Item = &'a u8>>(mut iter: I) -> Result<Mnemonic> {
[INFO] [stdout]     |                                                 ^^^^ help: if this is intentional, prefix it with an underscore: `_iter`
[INFO] [stdout] 
[INFO] [stdout] 
[INFO] [stdout] warning: variable does not need to be mutable
[INFO] [stdout]    --> src/instructions.rs:512:45
[INFO] [stdout]     |
[INFO] [stdout] 512 | pub fn call<'a, I: Iterator<Item = &'a u8>>(mut iter: I) -> Result<Mnemonic> {
[INFO] [stdout]     |                                             ----^^^^
[INFO] [stdout]     |                                             |
[INFO] [stdout]     |                                             help: remove this `mut`
[INFO] [stdout] 
[INFO] [stdout] 
[INFO] [stdout] warning: fields `flags` and `segment_registers` are never read
[INFO] [stdout]   --> src/cpu.rs:22:5
[INFO] [stdout]    |
[INFO] [stdout] 21 | pub struct Cpu {
[INFO] [stdout]    |            --- fields in this struct
[INFO] [stdout] 22 |     flags: HashMap<CpuFlag, bool>,
[INFO] [stdout]    |     ^^^^^
[INFO] [stdout] 23 |     pub registers: HashMap<Register, isize>,
[INFO] [stdout] 24 |     segment_registers: HashMap<SegmentRegister, isize>
[INFO] [stdout]    |     ^^^^^^^^^^^^^^^^^
[INFO] [stdout]    |
[INFO] [stdout]    = note: `Cpu` has a derived impl for the trait `Debug`, but this is intentionally ignored during dead code analysis
[INFO] [stdout]    = note: `#[warn(dead_code)]` on by default
[INFO] [stdout] 
[INFO] [stdout] 
[INFO] [stdout] warning: unused variable: `iter`
[INFO] [stdout]    --> src/opcodes.rs:852:6
[INFO] [stdout]     |
[INFO] [stdout] 852 |     |iter| Ok(Mnemonic::RET { segment: Some(0) }),
[INFO] [stdout]     |      ^^^^ help: if this is intentional, prefix it with an underscore: `_iter`
[INFO] [stdout]     |
[INFO] [stdout]     = note: `#[warn(unused_variables)]` on by default
[INFO] [stdout] 
[INFO] [stdout] 
[INFO] [stdout] warning: unused variable: `wide`
[INFO] [stdout]    --> src/instructions.rs:508:44
[INFO] [stdout]     |
[INFO] [stdout] 508 | pub fn pop<'a, I: Iterator<Item = &'a u8>>(wide: bool, mut iter: I) -> Result<Mnemonic> {
[INFO] [stdout]     |                                            ^^^^ help: if this is intentional, prefix it with an underscore: `_wide`
[INFO] [stdout] 
[INFO] [stdout] 
[INFO] [stdout] warning: unused variable: `iter`
[INFO] [stdout]    --> src/instructions.rs:508:60
[INFO] [stdout]     |
[INFO] [stdout] 508 | pub fn pop<'a, I: Iterator<Item = &'a u8>>(wide: bool, mut iter: I) -> Result<Mnemonic> {
[INFO] [stdout]     |                                                            ^^^^ help: if this is intentional, prefix it with an underscore: `_iter`
[INFO] [stdout] 
[INFO] [stdout] 
[INFO] [stdout] warning: variable does not need to be mutable
[INFO] [stdout]    --> src/instructions.rs:508:56
[INFO] [stdout]     |
[INFO] [stdout] 508 | pub fn pop<'a, I: Iterator<Item = &'a u8>>(wide: bool, mut iter: I) -> Result<Mnemonic> {
[INFO] [stdout]     |                                                        ----^^^^
[INFO] [stdout]     |                                                        |
[INFO] [stdout]     |                                                        help: remove this `mut`
[INFO] [stdout]     |
[INFO] [stdout]     = note: `#[warn(unused_mut)]` on by default
[INFO] [stdout] 
[INFO] [stdout] 
[INFO] [stdout] warning: unused variable: `iter`
[INFO] [stdout]    --> src/instructions.rs:512:49
[INFO] [stdout]     |
[INFO] [stdout] 512 | pub fn call<'a, I: Iterator<Item = &'a u8>>(mut iter: I) -> Result<Mnemonic> {
[INFO] [stdout]     |                                                 ^^^^ help: if this is intentional, prefix it with an underscore: `_iter`
[INFO] [stdout] 
[INFO] [stdout] 
[INFO] [stdout] warning: variable does not need to be mutable
[INFO] [stdout]    --> src/instructions.rs:512:45
[INFO] [stdout]     |
[INFO] [stdout] 512 | pub fn call<'a, I: Iterator<Item = &'a u8>>(mut iter: I) -> Result<Mnemonic> {
[INFO] [stdout]     |                                             ----^^^^
[INFO] [stdout]     |                                             |
[INFO] [stdout]     |                                             help: remove this `mut`
[INFO] [stdout] 
[INFO] [stdout] 
[INFO] [stdout] warning: fields `flags` and `segment_registers` are never read
[INFO] [stdout]   --> src/cpu.rs:22:5
[INFO] [stdout]    |
[INFO] [stdout] 21 | pub struct Cpu {
[INFO] [stdout]    |            --- fields in this struct
[INFO] [stdout] 22 |     flags: HashMap<CpuFlag, bool>,
[INFO] [stdout]    |     ^^^^^
[INFO] [stdout] 23 |     pub registers: HashMap<Register, isize>,
[INFO] [stdout] 24 |     segment_registers: HashMap<SegmentRegister, isize>
[INFO] [stdout]    |     ^^^^^^^^^^^^^^^^^
[INFO] [stdout]    |
[INFO] [stdout]    = note: `Cpu` has a derived impl for the trait `Debug`, but this is intentionally ignored during dead code analysis
[INFO] [stdout]    = note: `#[warn(dead_code)]` on by default
[INFO] [stdout] 
[INFO] [stdout] 
[INFO] [stderr]     Finished `test` profile [unoptimized + debuginfo] target(s) in 1.47s
[INFO] running `Command { std: "docker" "inspect" "9d04ff7504ec94f50c598bbd2263744a8e0c240e02693095b50f936cfaeacf41", kill_on_drop: false }`
[INFO] running `Command { std: "docker" "rm" "-f" "9d04ff7504ec94f50c598bbd2263744a8e0c240e02693095b50f936cfaeacf41", kill_on_drop: false }`
[INFO] [stdout] 9d04ff7504ec94f50c598bbd2263744a8e0c240e02693095b50f936cfaeacf41
[INFO] running `Command { std: "docker" "create" "-v" "/var/lib/crater-agent-workspace/builds/worker-7-tc2/target:/opt/rustwide/target:rw,Z" "-v" "/var/lib/crater-agent-workspace/builds/worker-7-tc2/source:/opt/rustwide/workdir:ro,Z" "-v" "/var/lib/crater-agent-workspace/cargo-home:/opt/rustwide/cargo-home:ro,Z" "-v" "/var/lib/crater-agent-workspace/rustup-home:/opt/rustwide/rustup-home:ro,Z" "-e" "SOURCE_DIR=/opt/rustwide/workdir" "-e" "CARGO_TARGET_DIR=/opt/rustwide/target" "-e" "CARGO_INCREMENTAL=0" "-e" "RUST_BACKTRACE=full" "-e" "RUSTFLAGS=--cap-lints=forbid -Zrandomize-layout" "-e" "RUSTDOCFLAGS=--cap-lints=forbid" "-e" "CARGO_HOME=/opt/rustwide/cargo-home" "-e" "RUSTUP_HOME=/opt/rustwide/rustup-home" "-w" "/opt/rustwide/workdir" "-m" "1610612736" "--user" "0:0" "--network" "none" "ghcr.io/rust-lang/crates-build-env/linux@sha256:819108c5571ea2e421544af4d832f968d213c87fbe3707a016657f43d2f853bc" "/opt/rustwide/cargo-home/bin/cargo" "+nightly-2025-01-18" "test" "--frozen", kill_on_drop: false }`
[INFO] [stdout] d505f931fc4e229305c3c30c08a851bc1fdc1c12e755c11a2b19ce2e0ffd0ecb
[INFO] running `Command { std: "docker" "start" "-a" "d505f931fc4e229305c3c30c08a851bc1fdc1c12e755c11a2b19ce2e0ffd0ecb", kill_on_drop: false }`
[INFO] [stderr] warning: unused variable: `iter`
[INFO] [stderr]    --> src/opcodes.rs:852:6
[INFO] [stderr]     |
[INFO] [stderr] 852 |     |iter| Ok(Mnemonic::RET { segment: Some(0) }),
[INFO] [stderr]     |      ^^^^ help: if this is intentional, prefix it with an underscore: `_iter`
[INFO] [stderr]     |
[INFO] [stderr]     = note: `#[warn(unused_variables)]` on by default
[INFO] [stderr] 
[INFO] [stderr] warning: unused variable: `wide`
[INFO] [stderr]    --> src/instructions.rs:508:44
[INFO] [stderr]     |
[INFO] [stderr] 508 | pub fn pop<'a, I: Iterator<Item = &'a u8>>(wide: bool, mut iter: I) -> Result<Mnemonic> {
[INFO] [stderr]     |                                            ^^^^ help: if this is intentional, prefix it with an underscore: `_wide`
[INFO] [stderr] 
[INFO] [stderr] warning: unused variable: `iter`
[INFO] [stderr]    --> src/instructions.rs:508:60
[INFO] [stderr]     |
[INFO] [stderr] 508 | pub fn pop<'a, I: Iterator<Item = &'a u8>>(wide: bool, mut iter: I) -> Result<Mnemonic> {
[INFO] [stderr]     |                                                            ^^^^ help: if this is intentional, prefix it with an underscore: `_iter`
[INFO] [stderr] 
[INFO] [stderr] warning: variable does not need to be mutable
[INFO] [stderr]    --> src/instructions.rs:508:56
[INFO] [stderr]     |
[INFO] [stderr] 508 | pub fn pop<'a, I: Iterator<Item = &'a u8>>(wide: bool, mut iter: I) -> Result<Mnemonic> {
[INFO] [stderr]     |                                                        ----^^^^
[INFO] [stderr]     |                                                        |
[INFO] [stderr]     |                                                        help: remove this `mut`
[INFO] [stderr]     |
[INFO] [stderr]     = note: `#[warn(unused_mut)]` on by default
[INFO] [stderr] 
[INFO] [stderr] warning: unused variable: `iter`
[INFO] [stderr]    --> src/instructions.rs:512:49
[INFO] [stderr]     |
[INFO] [stderr] 512 | pub fn call<'a, I: Iterator<Item = &'a u8>>(mut iter: I) -> Result<Mnemonic> {
[INFO] [stderr]     |                                                 ^^^^ help: if this is intentional, prefix it with an underscore: `_iter`
[INFO] [stderr] 
[INFO] [stderr] warning: variable does not need to be mutable
[INFO] [stderr]    --> src/instructions.rs:512:45
[INFO] [stderr]     |
[INFO] [stderr] 512 | pub fn call<'a, I: Iterator<Item = &'a u8>>(mut iter: I) -> Result<Mnemonic> {
[INFO] [stderr]     |                                             ----^^^^
[INFO] [stderr]     |                                             |
[INFO] [stderr]     |                                             help: remove this `mut`
[INFO] [stderr] 
[INFO] [stderr] warning: fields `flags` and `segment_registers` are never read
[INFO] [stderr]   --> src/cpu.rs:22:5
[INFO] [stderr]    |
[INFO] [stderr] 21 | pub struct Cpu {
[INFO] [stderr]    |            --- fields in this struct
[INFO] [stderr] 22 |     flags: HashMap<CpuFlag, bool>,
[INFO] [stderr]    |     ^^^^^
[INFO] [stderr] 23 |     pub registers: HashMap<Register, isize>,
[INFO] [stderr] 24 |     segment_registers: HashMap<SegmentRegister, isize>
[INFO] [stderr]    |     ^^^^^^^^^^^^^^^^^
[INFO] [stderr]    |
[INFO] [stderr]    = note: `Cpu` has a derived impl for the trait `Debug`, but this is intentionally ignored during dead code analysis
[INFO] [stderr]    = note: `#[warn(dead_code)]` on by default
[INFO] [stderr] 
[INFO] [stderr] warning: `computer_enhance` (lib) generated 7 warnings (run `cargo fix --lib -p computer_enhance` to apply 2 suggestions)
[INFO] [stderr] warning: `computer_enhance` (lib test) generated 7 warnings (7 duplicates)
[INFO] [stderr]     Finished `test` profile [unoptimized + debuginfo] target(s) in 0.06s
[INFO] [stderr]      Running unittests src/lib.rs (/opt/rustwide/target/debug/deps/computer_enhance-e5531195b05254bc)
[INFO] [stdout] 
[INFO] [stdout] running 18 tests
[INFO] [stdout] test opcodes::tests::test_add_immediate ... ok
[INFO] [stdout] test opcodes::tests::test_add_immediate_wide ... ok
[INFO] [stdout] test opcodes::tests::test_add_register_memory ... ok
[INFO] [stdout] test opcodes::tests::test_add_register_memory_displacement ... ok
[INFO] [stdout] test opcodes::tests::test_add_register_memory_displacement_reverse ... ok
[INFO] [stdout] test opcodes::tests::test_add_register_memory_reverse_wide ... ok
[INFO] [stdout] test opcodes::tests::test_add_reg_mem_16_to_immediate8 ... ok
[INFO] [stdout] test opcodes::tests::test_immediate_to_register ... ok
[INFO] [stdout] test opcodes::tests::test_logical_operators ... ok
[INFO] [stdout] test opcodes::tests::test_immediate_to_al ... ok
[INFO] [stdout] test opcodes::tests::test_mov_accumulator ... ok
[INFO] [stdout] test opcodes::tests::test_mov_immediates ... ok
[INFO] [stdout] test opcodes::tests::test_immediate_to_register_wide ... ok
[INFO] [stdout] test opcodes::tests::test_or_register_memory_register ... ok
[INFO] [stdout] test opcodes::tests::test_signed_displacements ... ok
[INFO] [stdout] test opcodes::tests::test_jcxz ... ok
[INFO] [stdout] test opcodes::tests::test_or_register_memory_register_displacement ... ok
[INFO] [stdout] test opcodes::tests::test_mov_segment_register ... FAILED
[INFO] [stdout] 
[INFO] [stdout] failures:
[INFO] [stdout] 
[INFO] [stdout] ---- opcodes::tests::test_mov_segment_register stdout ----
[INFO] [stdout] 
[INFO] [stdout] thread 'opcodes::tests::test_mov_segment_register' panicked at src/opcodes.rs:1284:9:
[INFO] [stdout] assertion `left == right` failed
[INFO] [stdout]   left: MOV { dest: SegmentRegister(SS), source: Register(AX) }
[INFO] [stdout]  right: MOV { dest: Register(AX), source: SegmentRegister(SS) }
[INFO] [stdout] stack backtrace:
[INFO] [stdout]    0:     0x59a2ced8405a - std::backtrace_rs::backtrace::libunwind::trace::hb059275cfc8d6126
[INFO] [stdout]                                at /rustc/6067b36314ab5eb2eb47cecc464545ba58e1ad24/library/std/src/../../backtrace/src/backtrace/libunwind.rs:116:5
[INFO] [stdout]    1:     0x59a2ced8405a - std::backtrace_rs::backtrace::trace_unsynchronized::h2da071e4327ce3ee
[INFO] [stdout]                                at /rustc/6067b36314ab5eb2eb47cecc464545ba58e1ad24/library/std/src/../../backtrace/src/backtrace/mod.rs:66:5
[INFO] [stdout]    2:     0x59a2ced8405a - std::sys::backtrace::_print_fmt::h842a1474e6f8d23f
[INFO] [stdout]                                at /rustc/6067b36314ab5eb2eb47cecc464545ba58e1ad24/library/std/src/sys/backtrace.rs:66:9
[INFO] [stdout]    3:     0x59a2ced8405a - <std::sys::backtrace::BacktraceLock::print::DisplayBacktrace as core::fmt::Display>::fmt::h71a62eb3b9696b12
[INFO] [stdout]                                at /rustc/6067b36314ab5eb2eb47cecc464545ba58e1ad24/library/std/src/sys/backtrace.rs:39:26
[INFO] [stdout]    4:     0x59a2cedab703 - core::fmt::rt::Argument::fmt::hdb6b616786b41dc1
[INFO] [stdout]                                at /rustc/6067b36314ab5eb2eb47cecc464545ba58e1ad24/library/core/src/fmt/rt.rs:177:76
[INFO] [stdout]    5:     0x59a2cedab703 - core::fmt::write::h2cc1698af7e2d686
[INFO] [stdout]                                at /rustc/6067b36314ab5eb2eb47cecc464545ba58e1ad24/library/core/src/fmt/mod.rs:1440:21
[INFO] [stdout]    6:     0x59a2ced80bb3 - std::io::Write::write_fmt::hab1b4cd059a79022
[INFO] [stdout]                                at /rustc/6067b36314ab5eb2eb47cecc464545ba58e1ad24/library/std/src/io/mod.rs:1887:15
[INFO] [stdout]    7:     0x59a2ced83ea2 - std::sys::backtrace::BacktraceLock::print::h147fe35b4ea13b08
[INFO] [stdout]                                at /rustc/6067b36314ab5eb2eb47cecc464545ba58e1ad24/library/std/src/sys/backtrace.rs:42:9
[INFO] [stdout]    8:     0x59a2ced8547f - std::panicking::default_hook::{{closure}}::hbd44223dbdc0d208
[INFO] [stdout]                                at /rustc/6067b36314ab5eb2eb47cecc464545ba58e1ad24/library/std/src/panicking.rs:298:22
[INFO] [stdout]    9:     0x59a2ced85298 - std::panicking::default_hook::h20f81eb0576efcec
[INFO] [stdout]                                at /rustc/6067b36314ab5eb2eb47cecc464545ba58e1ad24/library/std/src/panicking.rs:322:9
[INFO] [stdout]   10:     0x59a2ced4e0b3 - <alloc::boxed::Box<F,A> as core::ops::function::Fn<Args>>::call::hdb53814c496a4d34
[INFO] [stdout]                                at /rustc/6067b36314ab5eb2eb47cecc464545ba58e1ad24/library/alloc/src/boxed.rs:2027:9
[INFO] [stdout]   11:     0x59a2ced4e0b3 - test::test_main::{{closure}}::hc0a4963c59427c24
[INFO] [stdout]                                at /rustc/6067b36314ab5eb2eb47cecc464545ba58e1ad24/library/test/src/lib.rs:134:21
[INFO] [stdout]   12:     0x59a2ced85f73 - <alloc::boxed::Box<F,A> as core::ops::function::Fn<Args>>::call::h591b2225413a77e9
[INFO] [stdout]                                at /rustc/6067b36314ab5eb2eb47cecc464545ba58e1ad24/library/alloc/src/boxed.rs:2027:9
[INFO] [stdout]   13:     0x59a2ced85f73 - std::panicking::rust_panic_with_hook::h625eea43051b2edc
[INFO] [stdout]                                at /rustc/6067b36314ab5eb2eb47cecc464545ba58e1ad24/library/std/src/panicking.rs:839:13
[INFO] [stdout]   14:     0x59a2ced85c2a - std::panicking::begin_panic_handler::{{closure}}::h4f9159cfbc3f6bd3
[INFO] [stdout]                                at /rustc/6067b36314ab5eb2eb47cecc464545ba58e1ad24/library/std/src/panicking.rs:704:13
[INFO] [stdout]   15:     0x59a2ced84559 - std::sys::backtrace::__rust_end_short_backtrace::h0390abce48353151
[INFO] [stdout]                                at /rustc/6067b36314ab5eb2eb47cecc464545ba58e1ad24/library/std/src/sys/backtrace.rs:168:18
[INFO] [stdout]   16:     0x59a2ced858bd - rust_begin_unwind
[INFO] [stdout]                                at /rustc/6067b36314ab5eb2eb47cecc464545ba58e1ad24/library/std/src/panicking.rs:695:5
[INFO] [stdout]   17:     0x59a2cedaa1b0 - core::panicking::panic_fmt::h9e7c637e9e5f29c9
[INFO] [stdout]                                at /rustc/6067b36314ab5eb2eb47cecc464545ba58e1ad24/library/core/src/panicking.rs:75:14
[INFO] [stdout]   18:     0x59a2cedaa4d2 - core::panicking::assert_failed_inner::h538bec7c1374cd9c
[INFO] [stdout]   19:     0x59a2cecfbda4 - core::panicking::assert_failed::hf552220b1458f772
[INFO] [stdout]                                at /rustc/6067b36314ab5eb2eb47cecc464545ba58e1ad24/library/core/src/panicking.rs:364:5
[INFO] [stdout]   20:     0x59a2ced017cd - computer_enhance::opcodes::tests::test_mov_segment_register::hd9051c1b9e66a98d
[INFO] [stdout]                                at /opt/rustwide/workdir/src/opcodes.rs:1284:9
[INFO] [stdout]   21:     0x59a2ced015b7 - computer_enhance::opcodes::tests::test_mov_segment_register::{{closure}}::hd3b72dc7913adf69
[INFO] [stdout]                                at /opt/rustwide/workdir/src/opcodes.rs:1279:35
[INFO] [stdout]   22:     0x59a2cecfa826 - core::ops::function::FnOnce::call_once::hc63a5fc1d8360843
[INFO] [stdout]                                at /rustc/6067b36314ab5eb2eb47cecc464545ba58e1ad24/library/core/src/ops/function.rs:250:5
[INFO] [stdout]   23:     0x59a2ced5380b - core::ops::function::FnOnce::call_once::he27718dfdd183f43
[INFO] [stdout]                                at /rustc/6067b36314ab5eb2eb47cecc464545ba58e1ad24/library/core/src/ops/function.rs:250:5
[INFO] [stdout]   24:     0x59a2ced5380b - test::__rust_begin_short_backtrace::h4e84902998457a5d
[INFO] [stdout]                                at /rustc/6067b36314ab5eb2eb47cecc464545ba58e1ad24/library/test/src/lib.rs:632:18
[INFO] [stdout]   25:     0x59a2ced52743 - test::run_test_in_process::{{closure}}::h7176fd18fc1feca0
[INFO] [stdout]                                at /rustc/6067b36314ab5eb2eb47cecc464545ba58e1ad24/library/test/src/lib.rs:655:60
[INFO] [stdout]   26:     0x59a2ced52743 - <core::panic::unwind_safe::AssertUnwindSafe<F> as core::ops::function::FnOnce<()>>::call_once::hf79cff2a624d8cf7
[INFO] [stdout]                                at /rustc/6067b36314ab5eb2eb47cecc464545ba58e1ad24/library/core/src/panic/unwind_safe.rs:272:9
[INFO] [stdout]   27:     0x59a2ced52743 - std::panicking::try::do_call::h3da0561d9ab99c25
[INFO] [stdout]                                at /rustc/6067b36314ab5eb2eb47cecc464545ba58e1ad24/library/std/src/panicking.rs:587:40
[INFO] [stdout]   28:     0x59a2ced52743 - std::panicking::try::h41c9fa508bc61df6
[INFO] [stdout]                                at /rustc/6067b36314ab5eb2eb47cecc464545ba58e1ad24/library/std/src/panicking.rs:550:19
[INFO] [stdout]   29:     0x59a2ced52743 - std::panic::catch_unwind::h6b3ff07bb5afad93
[INFO] [stdout]                                at /rustc/6067b36314ab5eb2eb47cecc464545ba58e1ad24/library/std/src/panic.rs:358:14
[INFO] [stdout]   30:     0x59a2ced52743 - test::run_test_in_process::hc7253dd11b39b9f4
[INFO] [stdout]                                at /rustc/6067b36314ab5eb2eb47cecc464545ba58e1ad24/library/test/src/lib.rs:655:27
[INFO] [stdout]   31:     0x59a2ced52743 - test::run_test::{{closure}}::hfb2007f8649c30bb
[INFO] [stdout]                                at /rustc/6067b36314ab5eb2eb47cecc464545ba58e1ad24/library/test/src/lib.rs:576:43
[INFO] [stdout]   32:     0x59a2ced15825 - test::run_test::{{closure}}::h56a17aa7a282a9f4
[INFO] [stdout]                                at /rustc/6067b36314ab5eb2eb47cecc464545ba58e1ad24/library/test/src/lib.rs:606:41
[INFO] [stdout]   33:     0x59a2ced15825 - std::sys::backtrace::__rust_begin_short_backtrace::hd2d2d2fb8e8c6aac
[INFO] [stdout]                                at /rustc/6067b36314ab5eb2eb47cecc464545ba58e1ad24/library/std/src/sys/backtrace.rs:152:18
[INFO] [stdout]   34:     0x59a2ced1910a - std::thread::Builder::spawn_unchecked_::{{closure}}::{{closure}}::h4faa3f9db6133423
[INFO] [stdout]                                at /rustc/6067b36314ab5eb2eb47cecc464545ba58e1ad24/library/std/src/thread/mod.rs:559:17
[INFO] [stdout]   35:     0x59a2ced1910a - <core::panic::unwind_safe::AssertUnwindSafe<F> as core::ops::function::FnOnce<()>>::call_once::hf2e855a36a4ea846
[INFO] [stdout]                                at /rustc/6067b36314ab5eb2eb47cecc464545ba58e1ad24/library/core/src/panic/unwind_safe.rs:272:9
[INFO] [stdout]   36:     0x59a2ced1910a - std::panicking::try::do_call::h2f73af3616c35465
[INFO] [stdout]                                at /rustc/6067b36314ab5eb2eb47cecc464545ba58e1ad24/library/std/src/panicking.rs:587:40
[INFO] [stdout]   37:     0x59a2ced1910a - std::panicking::try::hd1660ce9efadef5a
[INFO] [stdout]                                at /rustc/6067b36314ab5eb2eb47cecc464545ba58e1ad24/library/std/src/panicking.rs:550:19
[INFO] [stdout]   38:     0x59a2ced1910a - std::panic::catch_unwind::h5ee8d7823b8ca744
[INFO] [stdout]                                at /rustc/6067b36314ab5eb2eb47cecc464545ba58e1ad24/library/std/src/panic.rs:358:14
[INFO] [stdout]   39:     0x59a2ced1910a - std::thread::Builder::spawn_unchecked_::{{closure}}::h53c3a1894dce8407
[INFO] [stdout]                                at /rustc/6067b36314ab5eb2eb47cecc464545ba58e1ad24/library/std/src/thread/mod.rs:557:30
[INFO] [stdout]   40:     0x59a2ced1910a - core::ops::function::FnOnce::call_once{{vtable.shim}}::h048ce291ad4f62bf
[INFO] [stdout]                                at /rustc/6067b36314ab5eb2eb47cecc464545ba58e1ad24/library/core/src/ops/function.rs:250:5
[INFO] [stdout]   41:     0x59a2ced89eab - <alloc::boxed::Box<F,A> as core::ops::function::FnOnce<Args>>::call_once::ha52bedf99a3b4981
[INFO] [stdout]                                at /rustc/6067b36314ab5eb2eb47cecc464545ba58e1ad24/library/alloc/src/boxed.rs:2013:9
[INFO] [stdout]   42:     0x59a2ced89eab - <alloc::boxed::Box<F,A> as core::ops::function::FnOnce<Args>>::call_once::h567748934d80ccf8
[INFO] [stdout]                                at /rustc/6067b36314ab5eb2eb47cecc464545ba58e1ad24/library/alloc/src/boxed.rs:2013:9
[INFO] [stdout]   43:     0x59a2ced89eab - std::sys::pal::unix::thread::Thread::new::thread_start::h2d970728ae887adc
[INFO] [stdout]                                at /rustc/6067b36314ab5eb2eb47cecc464545ba58e1ad24/library/std/src/sys/pal/unix/thread.rs:106:17
[INFO] [stdout]   44:     0x78d62757fac3 - <unknown>
[INFO] [stdout]   45:     0x78d627610a04 - clone
[INFO] [stdout]   46:                0x0 - <unknown>
[INFO] [stdout] 
[INFO] [stdout] 
[INFO] [stdout] failures:
[INFO] [stdout]     opcodes::tests::test_mov_segment_register
[INFO] [stdout] 
[INFO] [stdout] test result: FAILED. 17 passed; 1 failed; 0 ignored; 0 measured; 0 filtered out; finished in 0.07s
[INFO] [stdout] 
[INFO] [stderr] error: test failed, to rerun pass `--lib`
[INFO] running `Command { std: "docker" "inspect" "d505f931fc4e229305c3c30c08a851bc1fdc1c12e755c11a2b19ce2e0ffd0ecb", kill_on_drop: false }`
[INFO] running `Command { std: "docker" "rm" "-f" "d505f931fc4e229305c3c30c08a851bc1fdc1c12e755c11a2b19ce2e0ffd0ecb", kill_on_drop: false }`
[INFO] [stdout] d505f931fc4e229305c3c30c08a851bc1fdc1c12e755c11a2b19ce2e0ffd0ecb
