[INFO] cloning repository https://github.com/jacobmiller22/project-pdf
[INFO] running `Command { std: "git" "-c" "credential.helper=" "-c" "credential.helper=/workspace/cargo-home/bin/git-credential-null" "clone" "--bare" "https://github.com/jacobmiller22/project-pdf" "/workspace/cache/git-repos/https%3A%2F%2Fgithub.com%2Fjacobmiller22%2Fproject-pdf", kill_on_drop: false }`
[INFO] [stderr] Cloning into bare repository '/workspace/cache/git-repos/https%3A%2F%2Fgithub.com%2Fjacobmiller22%2Fproject-pdf'...
[INFO] running `Command { std: "git" "rev-parse" "HEAD", kill_on_drop: false }`
[INFO] [stdout] 2c6a811b05b46ff8f3a396fff66b63ffdb8fc077
[INFO] testing jacobmiller22/project-pdf against nightly-2025-01-18 for randomize-layout-2
[INFO] running `Command { std: "git" "clone" "/workspace/cache/git-repos/https%3A%2F%2Fgithub.com%2Fjacobmiller22%2Fproject-pdf" "/workspace/builds/worker-2-tc1/source", kill_on_drop: false }`
[INFO] [stderr] Cloning into '/workspace/builds/worker-2-tc1/source'...
[INFO] [stderr] done.
[INFO] validating manifest of git repo https://github.com/jacobmiller22/project-pdf on toolchain nightly-2025-01-18
[INFO] running `Command { std: CARGO_HOME="/workspace/cargo-home" RUSTUP_HOME="/workspace/rustup-home" "/workspace/cargo-home/bin/cargo" "+nightly-2025-01-18" "metadata" "--manifest-path" "Cargo.toml" "--no-deps", kill_on_drop: false }`
[INFO] started tweaking git repo https://github.com/jacobmiller22/project-pdf
[INFO] finished tweaking git repo https://github.com/jacobmiller22/project-pdf
[INFO] tweaked toml for git repo https://github.com/jacobmiller22/project-pdf written to /workspace/builds/worker-2-tc1/source/Cargo.toml
[INFO] crate git repo https://github.com/jacobmiller22/project-pdf already has a lockfile, it will not be regenerated
[INFO] running `Command { std: CARGO_HOME="/workspace/cargo-home" RUSTUP_HOME="/workspace/rustup-home" "/workspace/cargo-home/bin/cargo" "+nightly-2025-01-18" "fetch" "--manifest-path" "Cargo.toml", kill_on_drop: false }`
[INFO] [stderr] warning: virtual workspace defaulting to `resolver = "1"` despite one or more workspace members being on edition 2021 which implies `resolver = "2"`
[INFO] [stderr] note: to keep the current resolver, specify `workspace.resolver = "1"` in the workspace root's manifest
[INFO] [stderr] note: to use the edition 2021 resolver, specify `workspace.resolver = "2"` in the workspace root's manifest
[INFO] [stderr] note: for more details see https://doc.rust-lang.org/cargo/reference/resolver.html#resolver-versions
[INFO] running `Command { std: "docker" "create" "-v" "/var/lib/crater-agent-workspace/builds/worker-2-tc1/target:/opt/rustwide/target:rw,Z" "-v" "/var/lib/crater-agent-workspace/builds/worker-2-tc1/source:/opt/rustwide/workdir:ro,Z" "-v" "/var/lib/crater-agent-workspace/cargo-home:/opt/rustwide/cargo-home:ro,Z" "-v" "/var/lib/crater-agent-workspace/rustup-home:/opt/rustwide/rustup-home:ro,Z" "-e" "SOURCE_DIR=/opt/rustwide/workdir" "-e" "CARGO_TARGET_DIR=/opt/rustwide/target" "-e" "CARGO_HOME=/opt/rustwide/cargo-home" "-e" "RUSTUP_HOME=/opt/rustwide/rustup-home" "-w" "/opt/rustwide/workdir" "-m" "1610612736" "--user" "0:0" "--network" "none" "ghcr.io/rust-lang/crates-build-env/linux@sha256:819108c5571ea2e421544af4d832f968d213c87fbe3707a016657f43d2f853bc" "/opt/rustwide/cargo-home/bin/cargo" "+nightly-2025-01-18" "metadata" "--no-deps" "--format-version=1", kill_on_drop: false }`
[INFO] [stdout] aa0a577378c85b4e17d1562c7ba8afd045a05e7f8bfa0f85f3fd63ab8af22805
[INFO] running `Command { std: "docker" "start" "-a" "aa0a577378c85b4e17d1562c7ba8afd045a05e7f8bfa0f85f3fd63ab8af22805", kill_on_drop: false }`
[INFO] running `Command { std: "docker" "inspect" "aa0a577378c85b4e17d1562c7ba8afd045a05e7f8bfa0f85f3fd63ab8af22805", kill_on_drop: false }`
[INFO] running `Command { std: "docker" "rm" "-f" "aa0a577378c85b4e17d1562c7ba8afd045a05e7f8bfa0f85f3fd63ab8af22805", kill_on_drop: false }`
[INFO] [stdout] aa0a577378c85b4e17d1562c7ba8afd045a05e7f8bfa0f85f3fd63ab8af22805
[INFO] running `Command { std: "docker" "create" "-v" "/var/lib/crater-agent-workspace/builds/worker-2-tc1/target:/opt/rustwide/target:rw,Z" "-v" "/var/lib/crater-agent-workspace/builds/worker-2-tc1/source:/opt/rustwide/workdir:ro,Z" "-v" "/var/lib/crater-agent-workspace/cargo-home:/opt/rustwide/cargo-home:ro,Z" "-v" "/var/lib/crater-agent-workspace/rustup-home:/opt/rustwide/rustup-home:ro,Z" "-e" "SOURCE_DIR=/opt/rustwide/workdir" "-e" "CARGO_TARGET_DIR=/opt/rustwide/target" "-e" "CARGO_INCREMENTAL=0" "-e" "RUST_BACKTRACE=full" "-e" "RUSTFLAGS=--cap-lints=forbid" "-e" "RUSTDOCFLAGS=--cap-lints=forbid" "-e" "CARGO_HOME=/opt/rustwide/cargo-home" "-e" "RUSTUP_HOME=/opt/rustwide/rustup-home" "-w" "/opt/rustwide/workdir" "-m" "1610612736" "--user" "0:0" "--network" "none" "ghcr.io/rust-lang/crates-build-env/linux@sha256:819108c5571ea2e421544af4d832f968d213c87fbe3707a016657f43d2f853bc" "/opt/rustwide/cargo-home/bin/cargo" "+nightly-2025-01-18" "build" "--frozen" "--message-format=json", kill_on_drop: false }`
[INFO] [stdout] bd4566157191fd729ac888e04f7a2af0a575ef2327a59b9f58013b7077152e58
[INFO] running `Command { std: "docker" "start" "-a" "bd4566157191fd729ac888e04f7a2af0a575ef2327a59b9f58013b7077152e58", kill_on_drop: false }`
[INFO] [stderr] warning: virtual workspace defaulting to `resolver = "1"` despite one or more workspace members being on edition 2021 which implies `resolver = "2"`
[INFO] [stderr] note: to keep the current resolver, specify `workspace.resolver = "1"` in the workspace root's manifest
[INFO] [stderr] note: to use the edition 2021 resolver, specify `workspace.resolver = "2"` in the workspace root's manifest
[INFO] [stderr] note: for more details see https://doc.rust-lang.org/cargo/reference/resolver.html#resolver-versions
[INFO] [stderr]    Compiling project-pdf v0.1.0 (/opt/rustwide/workdir/project-pdf)
[INFO] [stdout] warning: unused import: `Display`
[INFO] [stdout]  --> project-pdf/src/lexer/mod.rs:1:22
[INFO] [stdout]   |
[INFO] [stdout] 1 | use std::fmt::{self, Display};
[INFO] [stdout]   |                      ^^^^^^^
[INFO] [stdout]   |
[INFO] [stdout]   = note: `#[warn(unused_imports)]` on by default
[INFO] [stdout] 
[INFO] [stdout] 
[INFO] [stdout] warning: unused variable: `buf`
[INFO] [stdout]   --> project-pdf/src/lib.rs:11:37
[INFO] [stdout]    |
[INFO] [stdout] 11 |     fn header_offset<'a>(&mut self, buf: &'a [u8]) -> Result<usize, PDFProcessingError> {
[INFO] [stdout]    |                                     ^^^ help: if this is intentional, prefix it with an underscore: `_buf`
[INFO] [stdout]    |
[INFO] [stdout]    = note: `#[warn(unused_variables)]` on by default
[INFO] [stdout] 
[INFO] [stdout] 
[INFO] [stdout] warning: unused variable: `buf`
[INFO] [stdout]   --> project-pdf/src/lib.rs:19:9
[INFO] [stdout]    |
[INFO] [stdout] 19 |         buf: &[u8],
[INFO] [stdout]    |         ^^^ help: if this is intentional, prefix it with an underscore: `_buf`
[INFO] [stdout] 
[INFO] [stdout] 
[INFO] [stdout] warning: unused variable: `buf`
[INFO] [stdout]   --> project-pdf/src/lib.rs:80:9
[INFO] [stdout]    |
[INFO] [stdout] 80 |         buf: &[u8],
[INFO] [stdout]    |         ^^^ help: if this is intentional, prefix it with an underscore: `_buf`
[INFO] [stdout] 
[INFO] [stdout] 
[INFO] [stdout] warning: unused variable: `buf`
[INFO] [stdout]   --> project-pdf/src/lib.rs:92:9
[INFO] [stdout]    |
[INFO] [stdout] 92 |         buf: &[u8],
[INFO] [stdout]    |         ^^^ help: if this is intentional, prefix it with an underscore: `_buf`
[INFO] [stdout] 
[INFO] [stdout] 
[INFO] [stdout] warning: unused variable: `buf`
[INFO] [stdout]    --> project-pdf/src/lib.rs:104:9
[INFO] [stdout]     |
[INFO] [stdout] 104 |         buf: &[u8],
[INFO] [stdout]     |         ^^^ help: if this is intentional, prefix it with an underscore: `_buf`
[INFO] [stdout] 
[INFO] [stdout] 
[INFO] [stderr]    Compiling read-doc v0.1.0 (/opt/rustwide/workdir/examples/read-doc)
[INFO] [stdout] warning: unused import: `project_pdf`
[INFO] [stdout]  --> examples/read-doc/src/main.rs:1:5
[INFO] [stdout]   |
[INFO] [stdout] 1 | use project_pdf;
[INFO] [stdout]   |     ^^^^^^^^^^^
[INFO] [stdout]   |
[INFO] [stdout]   = note: `#[warn(unused_imports)]` on by default
[INFO] [stdout] 
[INFO] [stdout] 
[INFO] [stdout] warning: unused imports: `Read`, `env`, and `fs::File`
[INFO] [stdout]  --> examples/read-doc/src/main.rs:3:5
[INFO] [stdout]   |
[INFO] [stdout] 3 |     env,
[INFO] [stdout]   |     ^^^
[INFO] [stdout] 4 |     fs::File,
[INFO] [stdout]   |     ^^^^^^^^
[INFO] [stdout] 5 |     io::{self, Read},
[INFO] [stdout]   |                ^^^^
[INFO] [stdout] 
[INFO] [stdout] 
[INFO] [stderr]     Finished `dev` profile [unoptimized + debuginfo] target(s) in 0.68s
[INFO] running `Command { std: "docker" "inspect" "bd4566157191fd729ac888e04f7a2af0a575ef2327a59b9f58013b7077152e58", kill_on_drop: false }`
[INFO] running `Command { std: "docker" "rm" "-f" "bd4566157191fd729ac888e04f7a2af0a575ef2327a59b9f58013b7077152e58", kill_on_drop: false }`
[INFO] [stdout] bd4566157191fd729ac888e04f7a2af0a575ef2327a59b9f58013b7077152e58
[INFO] running `Command { std: "docker" "create" "-v" "/var/lib/crater-agent-workspace/builds/worker-2-tc1/target:/opt/rustwide/target:rw,Z" "-v" "/var/lib/crater-agent-workspace/builds/worker-2-tc1/source:/opt/rustwide/workdir:ro,Z" "-v" "/var/lib/crater-agent-workspace/cargo-home:/opt/rustwide/cargo-home:ro,Z" "-v" "/var/lib/crater-agent-workspace/rustup-home:/opt/rustwide/rustup-home:ro,Z" "-e" "SOURCE_DIR=/opt/rustwide/workdir" "-e" "CARGO_TARGET_DIR=/opt/rustwide/target" "-e" "CARGO_INCREMENTAL=0" "-e" "RUST_BACKTRACE=full" "-e" "RUSTFLAGS=--cap-lints=forbid" "-e" "RUSTDOCFLAGS=--cap-lints=forbid" "-e" "CARGO_HOME=/opt/rustwide/cargo-home" "-e" "RUSTUP_HOME=/opt/rustwide/rustup-home" "-w" "/opt/rustwide/workdir" "-m" "1610612736" "--user" "0:0" "--network" "none" "ghcr.io/rust-lang/crates-build-env/linux@sha256:819108c5571ea2e421544af4d832f968d213c87fbe3707a016657f43d2f853bc" "/opt/rustwide/cargo-home/bin/cargo" "+nightly-2025-01-18" "test" "--frozen" "--no-run" "--message-format=json", kill_on_drop: false }`
[INFO] [stdout] ac1941dff713a8dcf543b92ab56fc37337310e09f933e847f0645313cc7a75b6
[INFO] running `Command { std: "docker" "start" "-a" "ac1941dff713a8dcf543b92ab56fc37337310e09f933e847f0645313cc7a75b6", kill_on_drop: false }`
[INFO] [stderr] warning: virtual workspace defaulting to `resolver = "1"` despite one or more workspace members being on edition 2021 which implies `resolver = "2"`
[INFO] [stderr] note: to keep the current resolver, specify `workspace.resolver = "1"` in the workspace root's manifest
[INFO] [stderr] note: to use the edition 2021 resolver, specify `workspace.resolver = "2"` in the workspace root's manifest
[INFO] [stderr] note: for more details see https://doc.rust-lang.org/cargo/reference/resolver.html#resolver-versions
[INFO] [stderr]    Compiling base64 v0.22.1
[INFO] [stdout] warning: unused import: `Display`
[INFO] [stdout]  --> project-pdf/src/lexer/mod.rs:1:22
[INFO] [stdout]   |
[INFO] [stdout] 1 | use std::fmt::{self, Display};
[INFO] [stdout]   |                      ^^^^^^^
[INFO] [stdout]   |
[INFO] [stdout]   = note: `#[warn(unused_imports)]` on by default
[INFO] [stdout] 
[INFO] [stdout] 
[INFO] [stderr]    Compiling read-doc v0.1.0 (/opt/rustwide/workdir/examples/read-doc)
[INFO] [stdout] warning: unused variable: `buf`
[INFO] [stdout]   --> project-pdf/src/lib.rs:11:37
[INFO] [stdout]    |
[INFO] [stdout] 11 |     fn header_offset<'a>(&mut self, buf: &'a [u8]) -> Result<usize, PDFProcessingError> {
[INFO] [stdout]    |                                     ^^^ help: if this is intentional, prefix it with an underscore: `_buf`
[INFO] [stdout]    |
[INFO] [stdout]    = note: `#[warn(unused_variables)]` on by default
[INFO] [stdout] 
[INFO] [stdout] 
[INFO] [stdout] warning: unused variable: `buf`
[INFO] [stdout]   --> project-pdf/src/lib.rs:19:9
[INFO] [stdout]    |
[INFO] [stdout] 19 |         buf: &[u8],
[INFO] [stdout]    |         ^^^ help: if this is intentional, prefix it with an underscore: `_buf`
[INFO] [stdout] 
[INFO] [stdout] 
[INFO] [stdout] warning: unused variable: `buf`
[INFO] [stdout]   --> project-pdf/src/lib.rs:80:9
[INFO] [stdout]    |
[INFO] [stdout] 80 |         buf: &[u8],
[INFO] [stdout]    |         ^^^ help: if this is intentional, prefix it with an underscore: `_buf`
[INFO] [stdout] 
[INFO] [stdout] 
[INFO] [stdout] warning: unused variable: `buf`
[INFO] [stdout]   --> project-pdf/src/lib.rs:92:9
[INFO] [stdout]    |
[INFO] [stdout] 92 |         buf: &[u8],
[INFO] [stdout]    |         ^^^ help: if this is intentional, prefix it with an underscore: `_buf`
[INFO] [stdout] 
[INFO] [stdout] 
[INFO] [stdout] warning: unused variable: `buf`
[INFO] [stdout]    --> project-pdf/src/lib.rs:104:9
[INFO] [stdout]     |
[INFO] [stdout] 104 |         buf: &[u8],
[INFO] [stdout]     |         ^^^ help: if this is intentional, prefix it with an underscore: `_buf`
[INFO] [stdout] 
[INFO] [stdout] 
[INFO] [stdout] warning: unused import: `project_pdf`
[INFO] [stdout]  --> examples/read-doc/src/main.rs:1:5
[INFO] [stdout]   |
[INFO] [stdout] 1 | use project_pdf;
[INFO] [stdout]   |     ^^^^^^^^^^^
[INFO] [stdout]   |
[INFO] [stdout]   = note: `#[warn(unused_imports)]` on by default
[INFO] [stdout] 
[INFO] [stdout] 
[INFO] [stdout] warning: unused imports: `Read`, `env`, and `fs::File`
[INFO] [stdout]  --> examples/read-doc/src/main.rs:3:5
[INFO] [stdout]   |
[INFO] [stdout] 3 |     env,
[INFO] [stdout]   |     ^^^
[INFO] [stdout] 4 |     fs::File,
[INFO] [stdout]   |     ^^^^^^^^
[INFO] [stdout] 5 |     io::{self, Read},
[INFO] [stdout]   |                ^^^^
[INFO] [stdout] 
[INFO] [stdout] 
[INFO] [stderr]    Compiling project-pdf v0.1.0 (/opt/rustwide/workdir/project-pdf)
[INFO] [stdout] warning: unused import: `Display`
[INFO] [stdout]  --> project-pdf/src/lexer/mod.rs:1:22
[INFO] [stdout]   |
[INFO] [stdout] 1 | use std::fmt::{self, Display};
[INFO] [stdout]   |                      ^^^^^^^
[INFO] [stdout]   |
[INFO] [stdout]   = note: `#[warn(unused_imports)]` on by default
[INFO] [stdout] 
[INFO] [stdout] 
[INFO] [stdout] warning: unused variable: `buf`
[INFO] [stdout]   --> project-pdf/src/lib.rs:11:37
[INFO] [stdout]    |
[INFO] [stdout] 11 |     fn header_offset<'a>(&mut self, buf: &'a [u8]) -> Result<usize, PDFProcessingError> {
[INFO] [stdout]    |                                     ^^^ help: if this is intentional, prefix it with an underscore: `_buf`
[INFO] [stdout]    |
[INFO] [stdout]    = note: `#[warn(unused_variables)]` on by default
[INFO] [stdout] 
[INFO] [stdout] 
[INFO] [stdout] warning: unused variable: `buf`
[INFO] [stdout]   --> project-pdf/src/lib.rs:19:9
[INFO] [stdout]    |
[INFO] [stdout] 19 |         buf: &[u8],
[INFO] [stdout]    |         ^^^ help: if this is intentional, prefix it with an underscore: `_buf`
[INFO] [stdout] 
[INFO] [stdout] 
[INFO] [stdout] warning: unused variable: `buf`
[INFO] [stdout]   --> project-pdf/src/lib.rs:80:9
[INFO] [stdout]    |
[INFO] [stdout] 80 |         buf: &[u8],
[INFO] [stdout]    |         ^^^ help: if this is intentional, prefix it with an underscore: `_buf`
[INFO] [stdout] 
[INFO] [stdout] 
[INFO] [stdout] warning: unused variable: `buf`
[INFO] [stdout]   --> project-pdf/src/lib.rs:92:9
[INFO] [stdout]    |
[INFO] [stdout] 92 |         buf: &[u8],
[INFO] [stdout]    |         ^^^ help: if this is intentional, prefix it with an underscore: `_buf`
[INFO] [stdout] 
[INFO] [stdout] 
[INFO] [stdout] warning: unused variable: `buf`
[INFO] [stdout]    --> project-pdf/src/lib.rs:104:9
[INFO] [stdout]     |
[INFO] [stdout] 104 |         buf: &[u8],
[INFO] [stdout]     |         ^^^ help: if this is intentional, prefix it with an underscore: `_buf`
[INFO] [stdout] 
[INFO] [stdout] 
[INFO] [stdout] warning: unused variable: `xref_offset`
[INFO] [stdout]    --> project-pdf/src/lib.rs:318:13
[INFO] [stdout]     |
[INFO] [stdout] 318 |         let xref_offset = pdf
[INFO] [stdout]     |             ^^^^^^^^^^^ help: if this is intentional, prefix it with an underscore: `_xref_offset`
[INFO] [stdout] 
[INFO] [stdout] 
[INFO] [stderr]     Finished `test` profile [unoptimized + debuginfo] target(s) in 1.20s
[INFO] running `Command { std: "docker" "inspect" "ac1941dff713a8dcf543b92ab56fc37337310e09f933e847f0645313cc7a75b6", kill_on_drop: false }`
[INFO] running `Command { std: "docker" "rm" "-f" "ac1941dff713a8dcf543b92ab56fc37337310e09f933e847f0645313cc7a75b6", kill_on_drop: false }`
[INFO] [stdout] ac1941dff713a8dcf543b92ab56fc37337310e09f933e847f0645313cc7a75b6
[INFO] running `Command { std: "docker" "create" "-v" "/var/lib/crater-agent-workspace/builds/worker-2-tc1/target:/opt/rustwide/target:rw,Z" "-v" "/var/lib/crater-agent-workspace/builds/worker-2-tc1/source:/opt/rustwide/workdir:ro,Z" "-v" "/var/lib/crater-agent-workspace/cargo-home:/opt/rustwide/cargo-home:ro,Z" "-v" "/var/lib/crater-agent-workspace/rustup-home:/opt/rustwide/rustup-home:ro,Z" "-e" "SOURCE_DIR=/opt/rustwide/workdir" "-e" "CARGO_TARGET_DIR=/opt/rustwide/target" "-e" "CARGO_INCREMENTAL=0" "-e" "RUST_BACKTRACE=full" "-e" "RUSTFLAGS=--cap-lints=forbid" "-e" "RUSTDOCFLAGS=--cap-lints=forbid" "-e" "CARGO_HOME=/opt/rustwide/cargo-home" "-e" "RUSTUP_HOME=/opt/rustwide/rustup-home" "-w" "/opt/rustwide/workdir" "-m" "1610612736" "--user" "0:0" "--network" "none" "ghcr.io/rust-lang/crates-build-env/linux@sha256:819108c5571ea2e421544af4d832f968d213c87fbe3707a016657f43d2f853bc" "/opt/rustwide/cargo-home/bin/cargo" "+nightly-2025-01-18" "test" "--frozen", kill_on_drop: false }`
[INFO] [stdout] bd92cc1ef9097ef4124bf1d12769bbc1cd1fe00fa1f9299564651896ffaca498
[INFO] running `Command { std: "docker" "start" "-a" "bd92cc1ef9097ef4124bf1d12769bbc1cd1fe00fa1f9299564651896ffaca498", kill_on_drop: false }`
[INFO] [stderr] warning: virtual workspace defaulting to `resolver = "1"` despite one or more workspace members being on edition 2021 which implies `resolver = "2"`
[INFO] [stderr] note: to keep the current resolver, specify `workspace.resolver = "1"` in the workspace root's manifest
[INFO] [stderr] note: to use the edition 2021 resolver, specify `workspace.resolver = "2"` in the workspace root's manifest
[INFO] [stderr] note: for more details see https://doc.rust-lang.org/cargo/reference/resolver.html#resolver-versions
[INFO] [stderr] warning: unused import: `Display`
[INFO] [stderr]  --> project-pdf/src/lexer/mod.rs:1:22
[INFO] [stderr]   |
[INFO] [stderr] 1 | use std::fmt::{self, Display};
[INFO] [stderr]   |                      ^^^^^^^
[INFO] [stderr]   |
[INFO] [stderr]   = note: `#[warn(unused_imports)]` on by default
[INFO] [stderr] 
[INFO] [stderr] warning: unused variable: `buf`
[INFO] [stderr]   --> project-pdf/src/lib.rs:11:37
[INFO] [stderr]    |
[INFO] [stderr] 11 |     fn header_offset<'a>(&mut self, buf: &'a [u8]) -> Result<usize, PDFProcessingError> {
[INFO] [stderr]    |                                     ^^^ help: if this is intentional, prefix it with an underscore: `_buf`
[INFO] [stderr]    |
[INFO] [stderr]    = note: `#[warn(unused_variables)]` on by default
[INFO] [stderr] 
[INFO] [stderr] warning: unused variable: `buf`
[INFO] [stderr]   --> project-pdf/src/lib.rs:19:9
[INFO] [stderr]    |
[INFO] [stderr] 19 |         buf: &[u8],
[INFO] [stderr]    |         ^^^ help: if this is intentional, prefix it with an underscore: `_buf`
[INFO] [stderr] 
[INFO] [stderr] warning: unused variable: `buf`
[INFO] [stderr]   --> project-pdf/src/lib.rs:80:9
[INFO] [stderr]    |
[INFO] [stderr] 80 |         buf: &[u8],
[INFO] [stderr]    |         ^^^ help: if this is intentional, prefix it with an underscore: `_buf`
[INFO] [stderr] 
[INFO] [stderr] warning: unused variable: `buf`
[INFO] [stderr]   --> project-pdf/src/lib.rs:92:9
[INFO] [stderr]    |
[INFO] [stderr] 92 |         buf: &[u8],
[INFO] [stderr]    |         ^^^ help: if this is intentional, prefix it with an underscore: `_buf`
[INFO] [stderr] 
[INFO] [stderr] warning: unused variable: `buf`
[INFO] [stderr]    --> project-pdf/src/lib.rs:104:9
[INFO] [stderr]     |
[INFO] [stderr] 104 |         buf: &[u8],
[INFO] [stderr]     |         ^^^ help: if this is intentional, prefix it with an underscore: `_buf`
[INFO] [stderr] 
[INFO] [stderr] warning: `project-pdf` (lib) generated 6 warnings (run `cargo fix --lib -p project-pdf` to apply 1 suggestion)
[INFO] [stderr] warning: unused variable: `xref_offset`
[INFO] [stderr]    --> project-pdf/src/lib.rs:318:13
[INFO] [stderr]     |
[INFO] [stderr] 318 |         let xref_offset = pdf
[INFO] [stderr]     |             ^^^^^^^^^^^ help: if this is intentional, prefix it with an underscore: `_xref_offset`
[INFO] [stderr] 
[INFO] [stderr] warning: `project-pdf` (lib test) generated 7 warnings (6 duplicates)
[INFO] [stderr] warning: unused import: `project_pdf`
[INFO] [stderr]  --> examples/read-doc/src/main.rs:1:5
[INFO] [stderr]   |
[INFO] [stderr] 1 | use project_pdf;
[INFO] [stderr]   |     ^^^^^^^^^^^
[INFO] [stderr]   |
[INFO] [stderr]   = note: `#[warn(unused_imports)]` on by default
[INFO] [stderr] 
[INFO] [stderr] warning: unused imports: `Read`, `env`, and `fs::File`
[INFO] [stderr]  --> examples/read-doc/src/main.rs:3:5
[INFO] [stderr]   |
[INFO] [stderr] 3 |     env,
[INFO] [stderr]   |     ^^^
[INFO] [stderr] 4 |     fs::File,
[INFO] [stderr]   |     ^^^^^^^^
[INFO] [stderr] 5 |     io::{self, Read},
[INFO] [stderr]   |                ^^^^
[INFO] [stderr] 
[INFO] [stderr] warning: `read-doc` (bin "read-doc" test) generated 2 warnings (run `cargo fix --bin "read-doc" --tests` to apply 2 suggestions)
[INFO] [stderr]     Finished `test` profile [unoptimized + debuginfo] target(s) in 0.02s
[INFO] [stderr]      Running unittests src/lib.rs (/opt/rustwide/target/debug/deps/project_pdf-6e7de50c3f5dfeee)
[INFO] [stdout] 
[INFO] [stdout] running 4 tests
[INFO] [stdout] test lexer::tests::it_works ... ok
[INFO] [stdout] test tests::test_parse_literalstring ... ok
[INFO] [stdout] test tests::test_xref_offset ... ok
[INFO] [stdout] test tests::test_parse_xref ... FAILED
[INFO] [stdout] 
[INFO] [stdout] failures:
[INFO] [stdout] 
[INFO] [stdout] ---- tests::test_parse_xref stdout ----
[INFO] [stdout] 
[INFO] [stdout] thread 'tests::test_parse_xref' panicked at project-pdf/src/lib.rs:312:43:
[INFO] [stdout] Failed to read file: Os { code: 2, kind: NotFound, message: "No such file or directory" }
[INFO] [stdout] stack backtrace:
[INFO] [stdout]    0:     0x5b2dbe41e70a - std::backtrace_rs::backtrace::libunwind::trace::hb059275cfc8d6126
[INFO] [stdout]                                at /rustc/6067b36314ab5eb2eb47cecc464545ba58e1ad24/library/std/src/../../backtrace/src/backtrace/libunwind.rs:116:5
[INFO] [stdout]    1:     0x5b2dbe41e70a - std::backtrace_rs::backtrace::trace_unsynchronized::h2da071e4327ce3ee
[INFO] [stdout]                                at /rustc/6067b36314ab5eb2eb47cecc464545ba58e1ad24/library/std/src/../../backtrace/src/backtrace/mod.rs:66:5
[INFO] [stdout]    2:     0x5b2dbe41e70a - std::sys::backtrace::_print_fmt::h842a1474e6f8d23f
[INFO] [stdout]                                at /rustc/6067b36314ab5eb2eb47cecc464545ba58e1ad24/library/std/src/sys/backtrace.rs:66:9
[INFO] [stdout]    3:     0x5b2dbe41e70a - <std::sys::backtrace::BacktraceLock::print::DisplayBacktrace as core::fmt::Display>::fmt::h71a62eb3b9696b12
[INFO] [stdout]                                at /rustc/6067b36314ab5eb2eb47cecc464545ba58e1ad24/library/std/src/sys/backtrace.rs:39:26
[INFO] [stdout]    4:     0x5b2dbe445ca3 - core::fmt::rt::Argument::fmt::hdb6b616786b41dc1
[INFO] [stdout]                                at /rustc/6067b36314ab5eb2eb47cecc464545ba58e1ad24/library/core/src/fmt/rt.rs:177:76
[INFO] [stdout]    5:     0x5b2dbe445ca3 - core::fmt::write::h2cc1698af7e2d686
[INFO] [stdout]                                at /rustc/6067b36314ab5eb2eb47cecc464545ba58e1ad24/library/core/src/fmt/mod.rs:1440:21
[INFO] [stdout]    6:     0x5b2dbe41b263 - std::io::Write::write_fmt::hab1b4cd059a79022
[INFO] [stdout]                                at /rustc/6067b36314ab5eb2eb47cecc464545ba58e1ad24/library/std/src/io/mod.rs:1887:15
[INFO] [stdout]    7:     0x5b2dbe41e552 - std::sys::backtrace::BacktraceLock::print::h147fe35b4ea13b08
[INFO] [stderr] error: test failed, to rerun pass `-p project-pdf --lib`
[INFO] [stdout]                                at /rustc/6067b36314ab5eb2eb47cecc464545ba58e1ad24/library/std/src/sys/backtrace.rs:42:9
[INFO] [stdout]    8:     0x5b2dbe41fb2f - std::panicking::default_hook::{{closure}}::hbd44223dbdc0d208
[INFO] [stdout]                                at /rustc/6067b36314ab5eb2eb47cecc464545ba58e1ad24/library/std/src/panicking.rs:298:22
[INFO] [stdout]    9:     0x5b2dbe41f948 - std::panicking::default_hook::h20f81eb0576efcec
[INFO] [stdout]                                at /rustc/6067b36314ab5eb2eb47cecc464545ba58e1ad24/library/std/src/panicking.rs:322:9
[INFO] [stdout]   10:     0x5b2dbe3e10d3 - <alloc::boxed::Box<F,A> as core::ops::function::Fn<Args>>::call::hdb53814c496a4d34
[INFO] [stdout]                                at /rustc/6067b36314ab5eb2eb47cecc464545ba58e1ad24/library/alloc/src/boxed.rs:2027:9
[INFO] [stdout]   11:     0x5b2dbe3e10d3 - test::test_main::{{closure}}::hc0a4963c59427c24
[INFO] [stdout]                                at /rustc/6067b36314ab5eb2eb47cecc464545ba58e1ad24/library/test/src/lib.rs:134:21
[INFO] [stdout]   12:     0x5b2dbe420623 - <alloc::boxed::Box<F,A> as core::ops::function::Fn<Args>>::call::h591b2225413a77e9
[INFO] [stdout]                                at /rustc/6067b36314ab5eb2eb47cecc464545ba58e1ad24/library/alloc/src/boxed.rs:2027:9
[INFO] [stdout]   13:     0x5b2dbe420623 - std::panicking::rust_panic_with_hook::h625eea43051b2edc
[INFO] [stdout]                                at /rustc/6067b36314ab5eb2eb47cecc464545ba58e1ad24/library/std/src/panicking.rs:839:13
[INFO] [stdout]   14:     0x5b2dbe4202da - std::panicking::begin_panic_handler::{{closure}}::h4f9159cfbc3f6bd3
[INFO] [stdout]                                at /rustc/6067b36314ab5eb2eb47cecc464545ba58e1ad24/library/std/src/panicking.rs:704:13
[INFO] [stdout]   15:     0x5b2dbe41ec09 - std::sys::backtrace::__rust_end_short_backtrace::h0390abce48353151
[INFO] [stdout]                                at /rustc/6067b36314ab5eb2eb47cecc464545ba58e1ad24/library/std/src/sys/backtrace.rs:168:18
[INFO] [stdout]   16:     0x5b2dbe41ff6d - rust_begin_unwind
[INFO] [stdout]                                at /rustc/6067b36314ab5eb2eb47cecc464545ba58e1ad24/library/std/src/panicking.rs:695:5
[INFO] [stdout]   17:     0x5b2dbe444720 - core::panicking::panic_fmt::h9e7c637e9e5f29c9
[INFO] [stdout]                                at /rustc/6067b36314ab5eb2eb47cecc464545ba58e1ad24/library/core/src/panicking.rs:75:14
[INFO] [stdout]   18:     0x5b2dbe444af6 - core::result::unwrap_failed::h7979f09313fe1849
[INFO] [stdout]                                at /rustc/6067b36314ab5eb2eb47cecc464545ba58e1ad24/library/core/src/result.rs:1704:5
[INFO] [stdout]   19:     0x5b2dbe3a2b14 - core::result::Result<T,E>::expect::h611bba366fef8de8
[INFO] [stdout]                                at /rustc/6067b36314ab5eb2eb47cecc464545ba58e1ad24/library/core/src/result.rs:1061:23
[INFO] [stdout]   20:     0x5b2dbe3a6eed - project_pdf::tests::test_parse_xref::h9bda2d329067fffd
[INFO] [stdout]                                at /opt/rustwide/workdir/project-pdf/src/lib.rs:312:23
[INFO] [stdout]   21:     0x5b2dbe3a6e77 - project_pdf::tests::test_parse_xref::{{closure}}::h46960e24431600c9
[INFO] [stdout]                                at /opt/rustwide/workdir/project-pdf/src/lib.rs:303:25
[INFO] [stdout]   22:     0x5b2dbe3a2026 - core::ops::function::FnOnce::call_once::hd47ef1bde4cf4181
[INFO] [stdout]                                at /rustc/6067b36314ab5eb2eb47cecc464545ba58e1ad24/library/core/src/ops/function.rs:250:5
[INFO] [stdout]   23:     0x5b2dbe3e682b - core::ops::function::FnOnce::call_once::he27718dfdd183f43
[INFO] [stdout]                                at /rustc/6067b36314ab5eb2eb47cecc464545ba58e1ad24/library/core/src/ops/function.rs:250:5
[INFO] [stdout]   24:     0x5b2dbe3e682b - test::__rust_begin_short_backtrace::h4e84902998457a5d
[INFO] [stdout]                                at /rustc/6067b36314ab5eb2eb47cecc464545ba58e1ad24/library/test/src/lib.rs:632:18
[INFO] [stdout]   25:     0x5b2dbe3e5763 - test::run_test_in_process::{{closure}}::h7176fd18fc1feca0
[INFO] [stdout]                                at /rustc/6067b36314ab5eb2eb47cecc464545ba58e1ad24/library/test/src/lib.rs:655:60
[INFO] [stdout]   26:     0x5b2dbe3e5763 - <core::panic::unwind_safe::AssertUnwindSafe<F> as core::ops::function::FnOnce<()>>::call_once::hf79cff2a624d8cf7
[INFO] [stdout]                                at /rustc/6067b36314ab5eb2eb47cecc464545ba58e1ad24/library/core/src/panic/unwind_safe.rs:272:9
[INFO] [stdout]   27:     0x5b2dbe3e5763 - std::panicking::try::do_call::h3da0561d9ab99c25
[INFO] [stdout]                                at /rustc/6067b36314ab5eb2eb47cecc464545ba58e1ad24/library/std/src/panicking.rs:587:40
[INFO] [stdout]   28:     0x5b2dbe3e5763 - std::panicking::try::h41c9fa508bc61df6
[INFO] [stdout]                                at /rustc/6067b36314ab5eb2eb47cecc464545ba58e1ad24/library/std/src/panicking.rs:550:19
[INFO] [stdout]   29:     0x5b2dbe3e5763 - std::panic::catch_unwind::h6b3ff07bb5afad93
[INFO] [stdout]                                at /rustc/6067b36314ab5eb2eb47cecc464545ba58e1ad24/library/std/src/panic.rs:358:14
[INFO] [stdout]   30:     0x5b2dbe3e5763 - test::run_test_in_process::hc7253dd11b39b9f4
[INFO] [stdout]                                at /rustc/6067b36314ab5eb2eb47cecc464545ba58e1ad24/library/test/src/lib.rs:655:27
[INFO] [stdout]   31:     0x5b2dbe3e5763 - test::run_test::{{closure}}::hfb2007f8649c30bb
[INFO] [stdout]                                at /rustc/6067b36314ab5eb2eb47cecc464545ba58e1ad24/library/test/src/lib.rs:576:43
[INFO] [stdout]   32:     0x5b2dbe3a8845 - test::run_test::{{closure}}::h56a17aa7a282a9f4
[INFO] [stdout]                                at /rustc/6067b36314ab5eb2eb47cecc464545ba58e1ad24/library/test/src/lib.rs:606:41
[INFO] [stdout]   33:     0x5b2dbe3a8845 - std::sys::backtrace::__rust_begin_short_backtrace::hd2d2d2fb8e8c6aac
[INFO] [stdout]                                at /rustc/6067b36314ab5eb2eb47cecc464545ba58e1ad24/library/std/src/sys/backtrace.rs:152:18
[INFO] [stdout]   34:     0x5b2dbe3ac12a - std::thread::Builder::spawn_unchecked_::{{closure}}::{{closure}}::h4faa3f9db6133423
[INFO] [stdout]                                at /rustc/6067b36314ab5eb2eb47cecc464545ba58e1ad24/library/std/src/thread/mod.rs:559:17
[INFO] [stdout]   35:     0x5b2dbe3ac12a - <core::panic::unwind_safe::AssertUnwindSafe<F> as core::ops::function::FnOnce<()>>::call_once::hf2e855a36a4ea846
[INFO] [stdout]                                at /rustc/6067b36314ab5eb2eb47cecc464545ba58e1ad24/library/core/src/panic/unwind_safe.rs:272:9
[INFO] [stdout]   36:     0x5b2dbe3ac12a - std::panicking::try::do_call::h2f73af3616c35465
[INFO] [stdout]                                at /rustc/6067b36314ab5eb2eb47cecc464545ba58e1ad24/library/std/src/panicking.rs:587:40
[INFO] [stdout]   37:     0x5b2dbe3ac12a - std::panicking::try::hd1660ce9efadef5a
[INFO] [stdout]                                at /rustc/6067b36314ab5eb2eb47cecc464545ba58e1ad24/library/std/src/panicking.rs:550:19
[INFO] [stdout]   38:     0x5b2dbe3ac12a - std::panic::catch_unwind::h5ee8d7823b8ca744
[INFO] [stdout]                                at /rustc/6067b36314ab5eb2eb47cecc464545ba58e1ad24/library/std/src/panic.rs:358:14
[INFO] [stdout]   39:     0x5b2dbe3ac12a - std::thread::Builder::spawn_unchecked_::{{closure}}::h53c3a1894dce8407
[INFO] [stdout]                                at /rustc/6067b36314ab5eb2eb47cecc464545ba58e1ad24/library/std/src/thread/mod.rs:557:30
[INFO] [stdout]   40:     0x5b2dbe3ac12a - core::ops::function::FnOnce::call_once{{vtable.shim}}::h048ce291ad4f62bf
[INFO] [stdout]                                at /rustc/6067b36314ab5eb2eb47cecc464545ba58e1ad24/library/core/src/ops/function.rs:250:5
[INFO] [stdout]   41:     0x5b2dbe42455b - <alloc::boxed::Box<F,A> as core::ops::function::FnOnce<Args>>::call_once::ha52bedf99a3b4981
[INFO] [stdout]                                at /rustc/6067b36314ab5eb2eb47cecc464545ba58e1ad24/library/alloc/src/boxed.rs:2013:9
[INFO] [stdout]   42:     0x5b2dbe42455b - <alloc::boxed::Box<F,A> as core::ops::function::FnOnce<Args>>::call_once::h567748934d80ccf8
[INFO] [stdout]                                at /rustc/6067b36314ab5eb2eb47cecc464545ba58e1ad24/library/alloc/src/boxed.rs:2013:9
[INFO] [stdout]   43:     0x5b2dbe42455b - std::sys::pal::unix::thread::Thread::new::thread_start::h2d970728ae887adc
[INFO] [stdout]                                at /rustc/6067b36314ab5eb2eb47cecc464545ba58e1ad24/library/std/src/sys/pal/unix/thread.rs:106:17
[INFO] [stdout]   44:     0x73f06de51ac3 - <unknown>
[INFO] [stdout]   45:     0x73f06dee2a04 - clone
[INFO] [stdout]   46:                0x0 - <unknown>
[INFO] [stdout] 
[INFO] [stdout] 
[INFO] [stdout] failures:
[INFO] [stdout]     tests::test_parse_xref
[INFO] [stdout] 
[INFO] [stdout] test result: FAILED. 3 passed; 1 failed; 0 ignored; 0 measured; 0 filtered out; finished in 0.07s
[INFO] [stdout] 
[INFO] running `Command { std: "docker" "inspect" "bd92cc1ef9097ef4124bf1d12769bbc1cd1fe00fa1f9299564651896ffaca498", kill_on_drop: false }`
[INFO] running `Command { std: "docker" "rm" "-f" "bd92cc1ef9097ef4124bf1d12769bbc1cd1fe00fa1f9299564651896ffaca498", kill_on_drop: false }`
[INFO] [stdout] bd92cc1ef9097ef4124bf1d12769bbc1cd1fe00fa1f9299564651896ffaca498
