[INFO] cloning repository https://github.com/jacderida/tdl-rs
[INFO] running `Command { std: "git" "-c" "credential.helper=" "-c" "credential.helper=/workspace/cargo-home/bin/git-credential-null" "clone" "--bare" "https://github.com/jacderida/tdl-rs" "/workspace/cache/git-repos/https%3A%2F%2Fgithub.com%2Fjacderida%2Ftdl-rs", kill_on_drop: false }`
[INFO] [stderr] Cloning into bare repository '/workspace/cache/git-repos/https%3A%2F%2Fgithub.com%2Fjacderida%2Ftdl-rs'...
[INFO] running `Command { std: "git" "rev-parse" "HEAD", kill_on_drop: false }`
[INFO] [stdout] ac751d6b6df2fd1e8a577437dd91a7207d5cc956
[INFO] testing jacderida/tdl-rs against nightly-2025-01-18 for randomize-layout-2
[INFO] running `Command { std: "git" "clone" "/workspace/cache/git-repos/https%3A%2F%2Fgithub.com%2Fjacderida%2Ftdl-rs" "/workspace/builds/worker-1-tc1/source", kill_on_drop: false }`
[INFO] [stderr] Cloning into '/workspace/builds/worker-1-tc1/source'...
[INFO] [stderr] done.
[INFO] validating manifest of git repo https://github.com/jacderida/tdl-rs on toolchain nightly-2025-01-18
[INFO] running `Command { std: CARGO_HOME="/workspace/cargo-home" RUSTUP_HOME="/workspace/rustup-home" "/workspace/cargo-home/bin/cargo" "+nightly-2025-01-18" "metadata" "--manifest-path" "Cargo.toml" "--no-deps", kill_on_drop: false }`
[INFO] started tweaking git repo https://github.com/jacderida/tdl-rs
[INFO] finished tweaking git repo https://github.com/jacderida/tdl-rs
[INFO] tweaked toml for git repo https://github.com/jacderida/tdl-rs written to /workspace/builds/worker-1-tc1/source/Cargo.toml
[INFO] crate git repo https://github.com/jacderida/tdl-rs already has a lockfile, it will not be regenerated
[INFO] running `Command { std: CARGO_HOME="/workspace/cargo-home" RUSTUP_HOME="/workspace/rustup-home" "/workspace/cargo-home/bin/cargo" "+nightly-2025-01-18" "fetch" "--manifest-path" "Cargo.toml", kill_on_drop: false }`
[INFO] [stderr]     Updating crates.io index
[INFO] [stderr]  Downloading crates ...
[INFO] [stderr]   Downloaded shared_child v0.3.5
[INFO] [stderr]   Downloaded sn_fake_clock v0.4.14
[INFO] [stderr]   Downloaded pkg-version-impl v0.1.1
[INFO] [stderr]   Downloaded pkg-version v1.0.0
[INFO] [stderr]   Downloaded zip-extensions v0.6.1
[INFO] [stderr]   Downloaded duct v0.13.5
[INFO] [stderr]   Downloaded predicates v2.0.2
[INFO] [stderr]   Downloaded assert_cmd v2.0.1
[INFO] [stderr]   Downloaded assert_fs v1.0.5
[INFO] [stderr]   Downloaded tuikit v0.4.5
[INFO] running `Command { std: "docker" "create" "-v" "/var/lib/crater-agent-workspace/builds/worker-1-tc1/target:/opt/rustwide/target:rw,Z" "-v" "/var/lib/crater-agent-workspace/builds/worker-1-tc1/source:/opt/rustwide/workdir:ro,Z" "-v" "/var/lib/crater-agent-workspace/cargo-home:/opt/rustwide/cargo-home:ro,Z" "-v" "/var/lib/crater-agent-workspace/rustup-home:/opt/rustwide/rustup-home:ro,Z" "-e" "SOURCE_DIR=/opt/rustwide/workdir" "-e" "CARGO_TARGET_DIR=/opt/rustwide/target" "-e" "CARGO_HOME=/opt/rustwide/cargo-home" "-e" "RUSTUP_HOME=/opt/rustwide/rustup-home" "-w" "/opt/rustwide/workdir" "-m" "1610612736" "--user" "0:0" "--network" "none" "ghcr.io/rust-lang/crates-build-env/linux@sha256:819108c5571ea2e421544af4d832f968d213c87fbe3707a016657f43d2f853bc" "/opt/rustwide/cargo-home/bin/cargo" "+nightly-2025-01-18" "metadata" "--no-deps" "--format-version=1", kill_on_drop: false }`
[INFO] [stdout] e91ee4b32932ebfdbb337fdeda82f18d17547c43ebb33e055f775b32645c82ed
[INFO] running `Command { std: "docker" "start" "-a" "e91ee4b32932ebfdbb337fdeda82f18d17547c43ebb33e055f775b32645c82ed", kill_on_drop: false }`
[INFO] running `Command { std: "docker" "inspect" "e91ee4b32932ebfdbb337fdeda82f18d17547c43ebb33e055f775b32645c82ed", kill_on_drop: false }`
[INFO] running `Command { std: "docker" "rm" "-f" "e91ee4b32932ebfdbb337fdeda82f18d17547c43ebb33e055f775b32645c82ed", kill_on_drop: false }`
[INFO] [stdout] e91ee4b32932ebfdbb337fdeda82f18d17547c43ebb33e055f775b32645c82ed
[INFO] running `Command { std: "docker" "create" "-v" "/var/lib/crater-agent-workspace/builds/worker-1-tc1/target:/opt/rustwide/target:rw,Z" "-v" "/var/lib/crater-agent-workspace/builds/worker-1-tc1/source:/opt/rustwide/workdir:ro,Z" "-v" "/var/lib/crater-agent-workspace/cargo-home:/opt/rustwide/cargo-home:ro,Z" "-v" "/var/lib/crater-agent-workspace/rustup-home:/opt/rustwide/rustup-home:ro,Z" "-e" "SOURCE_DIR=/opt/rustwide/workdir" "-e" "CARGO_TARGET_DIR=/opt/rustwide/target" "-e" "CARGO_INCREMENTAL=0" "-e" "RUST_BACKTRACE=full" "-e" "RUSTFLAGS=--cap-lints=forbid" "-e" "RUSTDOCFLAGS=--cap-lints=forbid" "-e" "CARGO_HOME=/opt/rustwide/cargo-home" "-e" "RUSTUP_HOME=/opt/rustwide/rustup-home" "-w" "/opt/rustwide/workdir" "-m" "1610612736" "--user" "0:0" "--network" "none" "ghcr.io/rust-lang/crates-build-env/linux@sha256:819108c5571ea2e421544af4d832f968d213c87fbe3707a016657f43d2f853bc" "/opt/rustwide/cargo-home/bin/cargo" "+nightly-2025-01-18" "build" "--frozen" "--message-format=json", kill_on_drop: false }`
[INFO] [stdout] c878f4b14b4388089a3c9a7d10e10b20d8f19ed2a125d6bc94f942c30eb16248
[INFO] running `Command { std: "docker" "start" "-a" "c878f4b14b4388089a3c9a7d10e10b20d8f19ed2a125d6bc94f942c30eb16248", kill_on_drop: false }`
[INFO] [stderr]    Compiling libc v0.2.103
[INFO] [stderr]    Compiling autocfg v1.0.1
[INFO] [stderr]    Compiling cfg-if v1.0.0
[INFO] [stderr]    Compiling proc-macro2 v1.0.29
[INFO] [stderr]    Compiling unicode-xid v0.2.2
[INFO] [stderr]    Compiling syn v1.0.78
[INFO] [stderr]    Compiling lazy_static v1.4.0
[INFO] [stderr]    Compiling memchr v2.4.1
[INFO] [stderr]    Compiling cc v1.0.70
[INFO] [stderr]    Compiling version_check v0.9.3
[INFO] [stderr]    Compiling once_cell v1.8.0
[INFO] [stderr]    Compiling log v0.4.14
[INFO] [stderr]    Compiling pkg-config v0.3.20
[INFO] [stderr]    Compiling pin-project-lite v0.2.7
[INFO] [stderr]    Compiling serde_derive v1.0.130
[INFO] [stderr]    Compiling fnv v1.0.7
[INFO] [stderr]    Compiling bitflags v1.3.2
[INFO] [stderr]    Compiling serde v1.0.130
[INFO] [stderr]    Compiling crossbeam-utils v0.8.5
[INFO] [stderr]    Compiling itoa v0.4.8
[INFO] [stderr]    Compiling tracing-core v0.1.21
[INFO] [stderr]    Compiling bytes v1.1.0
[INFO] [stderr]    Compiling futures-core v0.3.17
[INFO] [stderr]    Compiling cfg-if v0.1.10
[INFO] [stderr]    Compiling proc-macro-hack v0.5.19
[INFO] [stderr]    Compiling futures-task v0.3.17
[INFO] [stderr]    Compiling ryu v1.0.5
[INFO] [stderr]    Compiling crossbeam-epoch v0.9.5
[INFO] [stderr]    Compiling tokio v1.12.0
[INFO] [stderr]    Compiling memoffset v0.6.4
[INFO] [stderr]    Compiling num-traits v0.2.14
[INFO] [stderr]    Compiling miniz_oxide v0.4.4
[INFO] [stderr]    Compiling futures-util v0.3.17
[INFO] [stderr]    Compiling indexmap v1.7.0
[INFO] [stderr]    Compiling aho-corasick v0.7.18
[INFO] [stderr]    Compiling standback v0.2.17
[INFO] [stderr]    Compiling thread_local v1.1.3
[INFO] [stderr]    Compiling regex-syntax v0.6.25
[INFO] [stderr]    Compiling quote v1.0.9
[INFO] [stderr]    Compiling foreign-types-shared v0.1.1
[INFO] [stderr]    Compiling strsim v0.9.3
[INFO] [stderr]    Compiling scopeguard v1.1.0
[INFO] [stderr]    Compiling ident_case v1.0.1
[INFO] [stderr]    Compiling openssl v0.10.36
[INFO] [stderr]    Compiling unicode-width v0.1.9
[INFO] [stderr]    Compiling adler v1.0.2
[INFO] [stderr]    Compiling foreign-types v0.3.2
[INFO] [stderr]    Compiling http v0.2.5
[INFO] [stderr]    Compiling crossbeam-utils v0.7.2
[INFO] [stderr]    Compiling num-integer v0.1.44
[INFO] [stderr]    Compiling proc-macro-error-attr v1.0.4
[INFO] [stderr]    Compiling futures-io v0.3.17
[INFO] [stderr]    Compiling openssl-sys v0.9.67
[INFO] [stderr]    Compiling bzip2-sys v0.1.11+1.0.8
[INFO] [stderr]    Compiling futures-sink v0.3.17
[INFO] [stderr]    Compiling matches v0.1.9
[INFO] [stderr]    Compiling hashbrown v0.11.2
[INFO] [stderr]    Compiling native-tls v0.2.8
[INFO] [stderr]    Compiling futures-channel v0.3.17
[INFO] [stderr]    Compiling httparse v1.5.1
[INFO] [stderr]    Compiling slab v0.4.4
[INFO] [stderr]    Compiling pin-utils v0.1.0
[INFO] [stderr]    Compiling tinyvec_macros v0.1.0
[INFO] [stderr]    Compiling maybe-uninit v2.0.0
[INFO] [stderr]    Compiling crc32fast v1.2.1
[INFO] [stderr]    Compiling rayon-core v1.9.1
[INFO] [stderr]    Compiling tinyvec v1.5.0
[INFO] [stderr]    Compiling crossbeam-deque v0.8.1
[INFO] [stderr]    Compiling crossbeam-channel v0.5.1
[INFO] [stderr]    Compiling proc-macro-error v1.0.4
[INFO] [stderr]    Compiling sharded-slab v0.1.3
[INFO] [stderr]    Compiling openssl-probe v0.1.4
[INFO] [stderr]    Compiling percent-encoding v2.1.0
[INFO] [stderr]    Compiling nix v0.14.1
[INFO] [stderr]    Compiling unicode-segmentation v1.8.0
[INFO] [stderr]    Compiling const_fn v0.4.8
[INFO] [stderr]    Compiling try-lock v0.2.3
[INFO] [stderr]    Compiling num_cpus v1.13.0
[INFO] [stderr]    Compiling mio v0.7.13
[INFO] [stderr]    Compiling atty v0.2.14
[INFO] [stderr]    Compiling time v0.1.43
[INFO] [stderr]    Compiling dirs-sys v0.3.6
[INFO] [stderr]    Compiling getrandom v0.2.3
[INFO] [stderr]    Compiling crossbeam-queue v0.3.2
[INFO] [stderr]    Compiling byteorder v1.4.3
[INFO] [stderr]    Compiling rand_core v0.6.3
[INFO] [stderr]    Compiling unicode-normalization v0.1.19
[INFO] [stderr]    Compiling dirs v2.0.2
[INFO] [stderr]    Compiling heck v0.3.3
[INFO] [stderr]    Compiling want v0.3.0
[INFO] [stderr]    Compiling form_urlencoded v1.0.1
[INFO] [stderr]    Compiling socket2 v0.4.2
[INFO] [stderr]    Compiling tracing-subscriber v0.2.24
[INFO] [stderr]    Compiling backtrace v0.3.61
[INFO] [stderr]    Compiling regex v1.5.4
[INFO] [stderr]    Compiling textwrap v0.11.0
[INFO] [stderr]    Compiling rayon v1.5.1
[INFO] [stderr]    Compiling time v0.2.27
[INFO] [stderr]    Compiling vec_map v0.8.2
[INFO] [stderr]    Compiling termcolor v1.1.2
[INFO] [stderr]    Compiling httpdate v1.0.1
[INFO] [stderr]    Compiling tower-service v0.3.1
[INFO] [stderr]    Compiling regex-automata v0.1.10
[INFO] [stderr]    Compiling serde_json v1.0.68
[INFO] [stderr]    Compiling ppv-lite86 v0.2.10
[INFO] [stderr]    Compiling http-body v0.4.3
[INFO] [stderr]    Compiling strsim v0.8.0
[INFO] [stderr]    Compiling derive_builder v0.9.0
[INFO] [stderr]    Compiling gimli v0.25.0
[INFO] [stderr]    Compiling ansi_term v0.11.0
[INFO] [stderr]    Compiling void v1.0.2
[INFO] [stderr]    Compiling eyre v0.6.5
[INFO] [stderr]    Compiling unicode-bidi v0.3.6
[INFO] [stderr]    Compiling humantime v2.1.0
[INFO] [stderr]    Compiling encoding_rs v0.8.28
[INFO] [stderr]    Compiling clap v2.33.3
[INFO] [stderr]    Compiling rand_chacha v0.3.1
[INFO] [stderr]    Compiling idna v0.2.3
[INFO] [stderr]    Compiling crossbeam-channel v0.4.4
[INFO] [stderr]    Compiling flate2 v1.0.22
[INFO] [stderr]    Compiling term v0.6.1
[INFO] [stderr]    Compiling bzip2 v0.4.3
[INFO] [stderr]    Compiling terminal_size v0.1.17
[INFO] [stderr]    Compiling dirs v1.0.5
[INFO] [stderr]    Compiling vte_generate_state_changes v0.1.1
[INFO] [stderr]    Compiling object v0.26.2
[INFO] [stderr]    Compiling csv-core v0.1.10
[INFO] [stderr]    Compiling owo-colors v1.3.0
[INFO] [stderr]    Compiling either v1.6.1
[INFO] [stderr]    Compiling utf8parse v0.2.0
[INFO] [stderr]    Compiling indenter v0.3.3
[INFO] [stderr]    Compiling arrayvec v0.5.2
[INFO] [stderr]    Compiling rustc-demangle v0.1.21
[INFO] [stderr]    Compiling term v0.5.2
[INFO] [stderr]    Compiling console v0.15.0
[INFO] [stderr]    Compiling vte v0.9.0
[INFO] [stderr]    Compiling crossbeam v0.8.1
[INFO] [stderr]    Compiling defer-drop v1.2.0
[INFO] [stderr]    Compiling url v2.2.2
[INFO] [stderr]    Compiling env_logger v0.8.4
[INFO] [stderr]    Compiling darling_core v0.10.2
[INFO] [stderr]    Compiling addr2line v0.16.0
[INFO] [stderr]    Compiling tokio-util v0.6.8
[INFO] [stderr]    Compiling tokio-native-tls v0.3.0
[INFO] [stderr]    Compiling tuikit v0.4.5
[INFO] [stderr]    Compiling rand v0.8.4
[INFO] [stderr]    Compiling os_pipe v0.9.2
[INFO] [stderr]    Compiling xattr v0.2.2
[INFO] [stderr]    Compiling filetime v0.2.15
[INFO] [stderr]    Compiling shared_child v0.3.5
[INFO] [stderr]    Compiling nix v0.19.1
[INFO] [stderr]    Compiling num-traits v0.1.43
[INFO] [stderr]    Compiling pkg-version-impl v0.1.1
[INFO] [stderr]    Compiling fuzzy-matcher v0.3.7
[INFO] [stderr]    Compiling beef v0.5.1
[INFO] [stderr]    Compiling base64 v0.13.0
[INFO] [stderr]    Compiling ipnet v2.3.1
[INFO] [stderr]    Compiling number_prefix v0.4.0
[INFO] [stderr]    Compiling mime v0.3.16
[INFO] [stderr]    Compiling serde v0.8.23
[INFO] [stderr]    Compiling shlex v0.1.1
[INFO] [stderr]    Compiling remove_dir_all v0.5.3
[INFO] [stderr]    Compiling encode_unicode v0.3.6
[INFO] [stderr]    Compiling tempfile v3.2.0
[INFO] [stderr]    Compiling indicatif v0.16.2
[INFO] [stderr]    Compiling pkg-version v1.0.0
[INFO] [stderr]    Compiling duct v0.13.5
[INFO] [stderr]    Compiling tar v0.4.37
[INFO] [stderr]    Compiling env_logger v0.9.0
[INFO] [stderr]    Compiling strum v0.21.0
[INFO] [stderr]    Compiling maplit v1.0.2
[INFO] [stderr]    Compiling fs_extra v1.2.0
[INFO] [stderr]    Compiling tracing-attributes v0.1.17
[INFO] [stderr]    Compiling darling_macro v0.10.2
[INFO] [stderr]    Compiling thiserror-impl v1.0.30
[INFO] [stderr]    Compiling time-macros-impl v0.1.2
[INFO] [stderr]    Compiling structopt-derive v0.4.16
[INFO] [stderr]    Compiling strum_macros v0.21.1
[INFO] [stderr]    Compiling darling v0.10.2
[INFO] [stderr]    Compiling derive_builder_core v0.9.0
[INFO] [stderr]    Compiling time-macros v0.1.1
[INFO] [stderr]    Compiling tracing v0.1.28
[INFO] [stderr]    Compiling serde-hjson v0.9.1
[INFO] [stderr]    Compiling h2 v0.3.6
[INFO] [stderr]    Compiling tracing-error v0.1.2
[INFO] [stderr]    Compiling thiserror v1.0.30
[INFO] [stderr]    Compiling structopt v0.3.23
[INFO] [stderr]    Compiling zip v0.5.13
[INFO] [stderr]    Compiling color-spantrace v0.1.6
[INFO] [stderr]    Compiling color-eyre v0.5.11
[INFO] [stderr]    Compiling zip-extensions v0.6.1
[INFO] [stderr]    Compiling hyper v0.14.13
[INFO] [stderr]    Compiling bstr v0.2.17
[INFO] [stderr]    Compiling chrono v0.4.19
[INFO] [stderr]    Compiling serde_urlencoded v0.7.0
[INFO] [stderr]    Compiling csv v1.1.6
[INFO] [stderr]    Compiling prettytable-rs v0.8.0
[INFO] [stderr]    Compiling timer v0.2.0
[INFO] [stderr]    Compiling skim v0.9.4
[INFO] [stderr]    Compiling hyper-tls v0.5.0
[INFO] [stderr]    Compiling reqwest v0.11.4
[INFO] [stderr]    Compiling tdl-rs v0.1.0 (/opt/rustwide/workdir)
[INFO] [stdout] warning: variable does not need to be mutable
[INFO] [stdout]    --> src/commands/profile.rs:131:21
[INFO] [stdout]     |
[INFO] [stdout] 131 |                 let mut current = settings.profiles.iter_mut().find(|x| x.default).unwrap();
[INFO] [stdout]     |                     ----^^^^^^^
[INFO] [stdout]     |                     |
[INFO] [stdout]     |                     help: remove this `mut`
[INFO] [stdout]     |
[INFO] [stdout]     = note: `#[warn(unused_mut)]` on by default
[INFO] [stdout] 
[INFO] [stdout] 
[INFO] [stdout] warning: unused variable: `version`
[INFO] [stdout]   --> src/commands/source_port.rs:96:5
[INFO] [stdout]    |
[INFO] [stdout] 96 |     version: Option<String>,
[INFO] [stdout]    |     ^^^^^^^ help: if this is intentional, prefix it with an underscore: `_version`
[INFO] [stdout]    |
[INFO] [stdout]    = note: `#[warn(unused_variables)]` on by default
[INFO] [stdout] 
[INFO] [stdout] 
[INFO] [stdout] warning: unused variable: `source_port`
[INFO] [stdout]    --> src/source_port.rs:329:9
[INFO] [stdout]     |
[INFO] [stdout] 329 |         source_port: SourcePort,
[INFO] [stdout]     |         ^^^^^^^^^^^ help: if this is intentional, prefix it with an underscore: `_source_port`
[INFO] [stdout] 
[INFO] [stdout] 
[INFO] [stdout] warning: method `get_releases` is never used
[INFO] [stdout]    --> src/source_port.rs:286:8
[INFO] [stdout]     |
[INFO] [stdout] 281 | pub trait ReleaseRepository {
[INFO] [stdout]     |           ----------------- method in this trait
[INFO] [stdout] ...
[INFO] [stdout] 286 |     fn get_releases(
[INFO] [stdout]     |        ^^^^^^^^^^^^
[INFO] [stdout]     |
[INFO] [stdout]     = note: `#[warn(dead_code)]` on by default
[INFO] [stdout] 
[INFO] [stdout] 
[INFO] [stderr]     Finished `dev` profile [unoptimized + debuginfo] target(s) in 1m 11s
[INFO] [stderr] warning: the following packages contain code that will be rejected by a future version of Rust: fs_extra v1.2.0
[INFO] [stderr] note: to see what the problems were, use the option `--future-incompat-report`, or run `cargo report future-incompatibilities --id 1`
[INFO] running `Command { std: "docker" "inspect" "c878f4b14b4388089a3c9a7d10e10b20d8f19ed2a125d6bc94f942c30eb16248", kill_on_drop: false }`
[INFO] running `Command { std: "docker" "rm" "-f" "c878f4b14b4388089a3c9a7d10e10b20d8f19ed2a125d6bc94f942c30eb16248", kill_on_drop: false }`
[INFO] [stdout] c878f4b14b4388089a3c9a7d10e10b20d8f19ed2a125d6bc94f942c30eb16248
[INFO] running `Command { std: "docker" "create" "-v" "/var/lib/crater-agent-workspace/builds/worker-1-tc1/target:/opt/rustwide/target:rw,Z" "-v" "/var/lib/crater-agent-workspace/builds/worker-1-tc1/source:/opt/rustwide/workdir:ro,Z" "-v" "/var/lib/crater-agent-workspace/cargo-home:/opt/rustwide/cargo-home:ro,Z" "-v" "/var/lib/crater-agent-workspace/rustup-home:/opt/rustwide/rustup-home:ro,Z" "-e" "SOURCE_DIR=/opt/rustwide/workdir" "-e" "CARGO_TARGET_DIR=/opt/rustwide/target" "-e" "CARGO_INCREMENTAL=0" "-e" "RUST_BACKTRACE=full" "-e" "RUSTFLAGS=--cap-lints=forbid" "-e" "RUSTDOCFLAGS=--cap-lints=forbid" "-e" "CARGO_HOME=/opt/rustwide/cargo-home" "-e" "RUSTUP_HOME=/opt/rustwide/rustup-home" "-w" "/opt/rustwide/workdir" "-m" "1610612736" "--user" "0:0" "--network" "none" "ghcr.io/rust-lang/crates-build-env/linux@sha256:819108c5571ea2e421544af4d832f968d213c87fbe3707a016657f43d2f853bc" "/opt/rustwide/cargo-home/bin/cargo" "+nightly-2025-01-18" "test" "--frozen" "--no-run" "--message-format=json", kill_on_drop: false }`
[INFO] [stdout] 2b72a3f0d65ef79c1cacda2c9ea537d8d1b72e3596766241160f2d9158898d14
[INFO] running `Command { std: "docker" "start" "-a" "2b72a3f0d65ef79c1cacda2c9ea537d8d1b72e3596766241160f2d9158898d14", kill_on_drop: false }`
[INFO] [stderr]    Compiling same-file v1.0.6
[INFO] [stderr]    Compiling predicates-core v1.0.2
[INFO] [stderr]    Compiling doc-comment v0.3.3
[INFO] [stderr]    Compiling globset v0.4.8
[INFO] [stderr]    Compiling itertools v0.10.1
[INFO] [stderr]    Compiling float-cmp v0.9.0
[INFO] [stderr]    Compiling treeline v0.1.0
[INFO] [stderr]    Compiling difflib v0.4.0
[INFO] [stderr]    Compiling normalize-line-endings v0.3.0
[INFO] [stderr]    Compiling wait-timeout v0.2.0
[INFO] [stderr]    Compiling test_helpers v0.1.0 (/opt/rustwide/workdir/test_helpers)
[INFO] [stderr]    Compiling sn_fake_clock v0.4.14
[INFO] [stdout] warning: variable does not need to be mutable
[INFO] [stdout]    --> src/commands/profile.rs:131:21
[INFO] [stdout]     |
[INFO] [stdout] 131 |                 let mut current = settings.profiles.iter_mut().find(|x| x.default).unwrap();
[INFO] [stdout]     |                     ----^^^^^^^
[INFO] [stdout]     |                     |
[INFO] [stdout]     |                     help: remove this `mut`
[INFO] [stdout]     |
[INFO] [stdout]     = note: `#[warn(unused_mut)]` on by default
[INFO] [stdout] 
[INFO] [stdout] 
[INFO] [stdout] warning: unused variable: `version`
[INFO] [stdout]   --> src/commands/source_port.rs:96:5
[INFO] [stdout]    |
[INFO] [stdout] 96 |     version: Option<String>,
[INFO] [stdout]    |     ^^^^^^^ help: if this is intentional, prefix it with an underscore: `_version`
[INFO] [stdout]    |
[INFO] [stdout]    = note: `#[warn(unused_variables)]` on by default
[INFO] [stdout] 
[INFO] [stdout] 
[INFO] [stdout] warning: unused variable: `source_port`
[INFO] [stdout]    --> src/source_port.rs:329:9
[INFO] [stdout]     |
[INFO] [stdout] 329 |         source_port: SourcePort,
[INFO] [stdout]     |         ^^^^^^^^^^^ help: if this is intentional, prefix it with an underscore: `_source_port`
[INFO] [stdout] 
[INFO] [stdout] 
[INFO] [stdout] warning: method `get_releases` is never used
[INFO] [stdout]    --> src/source_port.rs:286:8
[INFO] [stdout]     |
[INFO] [stdout] 281 | pub trait ReleaseRepository {
[INFO] [stdout]     |           ----------------- method in this trait
[INFO] [stdout] ...
[INFO] [stdout] 286 |     fn get_releases(
[INFO] [stdout]     |        ^^^^^^^^^^^^
[INFO] [stdout]     |
[INFO] [stdout]     = note: `#[warn(dead_code)]` on by default
[INFO] [stdout] 
[INFO] [stdout] 
[INFO] [stderr]    Compiling predicates-tree v1.0.3
[INFO] [stderr]    Compiling walkdir v2.3.2
[INFO] [stderr]    Compiling ignore v0.4.18
[INFO] [stderr]    Compiling globwalk v0.8.1
[INFO] [stderr]    Compiling predicates v2.0.2
[INFO] [stderr]    Compiling assert_cmd v2.0.1
[INFO] [stderr]    Compiling assert_fs v1.0.5
[INFO] [stderr]    Compiling tdl-rs v0.1.0 (/opt/rustwide/workdir)
[INFO] [stdout] warning: unused import: `assert_cmd::Command`
[INFO] [stdout]  --> tests/source_port_ls.rs:9:5
[INFO] [stdout]   |
[INFO] [stdout] 9 | use assert_cmd::Command;
[INFO] [stdout]   |     ^^^^^^^^^^^^^^^^^^^
[INFO] [stdout]   |
[INFO] [stdout]   = note: `#[warn(unused_imports)]` on by default
[INFO] [stdout] 
[INFO] [stdout] 
[INFO] [stdout] warning: unused import: `predicates::prelude::*`
[INFO] [stdout]   --> tests/source_port_ls.rs:10:5
[INFO] [stdout]    |
[INFO] [stdout] 10 | use predicates::prelude::*;
[INFO] [stdout]    |     ^^^^^^^^^^^^^^^^^^^^^^
[INFO] [stdout] 
[INFO] [stdout] 
[INFO] [stdout] warning: variable does not need to be mutable
[INFO] [stdout]    --> src/commands/profile.rs:131:21
[INFO] [stdout]     |
[INFO] [stdout] 131 |                 let mut current = settings.profiles.iter_mut().find(|x| x.default).unwrap();
[INFO] [stdout]     |                     ----^^^^^^^
[INFO] [stdout]     |                     |
[INFO] [stdout]     |                     help: remove this `mut`
[INFO] [stdout]     |
[INFO] [stdout]     = note: `#[warn(unused_mut)]` on by default
[INFO] [stdout] 
[INFO] [stdout] 
[INFO] [stdout] warning: unused variable: `version`
[INFO] [stdout]   --> src/commands/source_port.rs:96:5
[INFO] [stdout]    |
[INFO] [stdout] 96 |     version: Option<String>,
[INFO] [stdout]    |     ^^^^^^^ help: if this is intentional, prefix it with an underscore: `_version`
[INFO] [stdout]    |
[INFO] [stdout]    = note: `#[warn(unused_variables)]` on by default
[INFO] [stdout] 
[INFO] [stdout] 
[INFO] [stdout] warning: unused variable: `source_port`
[INFO] [stdout]    --> src/source_port.rs:329:9
[INFO] [stdout]     |
[INFO] [stdout] 329 |         source_port: SourcePort,
[INFO] [stdout]     |         ^^^^^^^^^^^ help: if this is intentional, prefix it with an underscore: `_source_port`
[INFO] [stdout] 
[INFO] [stdout] 
[INFO] [stdout] warning: unused variable: `source_port`
[INFO] [stdout]    --> src/source_port.rs:617:13
[INFO] [stdout]     |
[INFO] [stdout] 617 |             source_port: SourcePort,
[INFO] [stdout]     |             ^^^^^^^^^^^ help: if this is intentional, prefix it with an underscore: `_source_port`
[INFO] [stdout] 
[INFO] [stdout] 
[INFO] [stdout] warning: method `get_releases` is never used
[INFO] [stdout]    --> src/source_port.rs:286:8
[INFO] [stdout]     |
[INFO] [stdout] 281 | pub trait ReleaseRepository {
[INFO] [stdout]     |           ----------------- method in this trait
[INFO] [stdout] ...
[INFO] [stdout] 286 |     fn get_releases(
[INFO] [stdout]     |        ^^^^^^^^^^^^
[INFO] [stdout]     |
[INFO] [stdout]     = note: `#[warn(dead_code)]` on by default
[INFO] [stdout] 
[INFO] [stdout] 
[INFO] [stderr]     Finished `test` profile [unoptimized + debuginfo] target(s) in 8.78s
[INFO] [stderr] warning: the following packages contain code that will be rejected by a future version of Rust: fs_extra v1.2.0
[INFO] [stderr] note: to see what the problems were, use the option `--future-incompat-report`, or run `cargo report future-incompatibilities --id 1`
[INFO] running `Command { std: "docker" "inspect" "2b72a3f0d65ef79c1cacda2c9ea537d8d1b72e3596766241160f2d9158898d14", kill_on_drop: false }`
[INFO] running `Command { std: "docker" "rm" "-f" "2b72a3f0d65ef79c1cacda2c9ea537d8d1b72e3596766241160f2d9158898d14", kill_on_drop: false }`
[INFO] [stdout] 2b72a3f0d65ef79c1cacda2c9ea537d8d1b72e3596766241160f2d9158898d14
[INFO] running `Command { std: "docker" "create" "-v" "/var/lib/crater-agent-workspace/builds/worker-1-tc1/target:/opt/rustwide/target:rw,Z" "-v" "/var/lib/crater-agent-workspace/builds/worker-1-tc1/source:/opt/rustwide/workdir:ro,Z" "-v" "/var/lib/crater-agent-workspace/cargo-home:/opt/rustwide/cargo-home:ro,Z" "-v" "/var/lib/crater-agent-workspace/rustup-home:/opt/rustwide/rustup-home:ro,Z" "-e" "SOURCE_DIR=/opt/rustwide/workdir" "-e" "CARGO_TARGET_DIR=/opt/rustwide/target" "-e" "CARGO_INCREMENTAL=0" "-e" "RUST_BACKTRACE=full" "-e" "RUSTFLAGS=--cap-lints=forbid" "-e" "RUSTDOCFLAGS=--cap-lints=forbid" "-e" "CARGO_HOME=/opt/rustwide/cargo-home" "-e" "RUSTUP_HOME=/opt/rustwide/rustup-home" "-w" "/opt/rustwide/workdir" "-m" "1610612736" "--user" "0:0" "--network" "none" "ghcr.io/rust-lang/crates-build-env/linux@sha256:819108c5571ea2e421544af4d832f968d213c87fbe3707a016657f43d2f853bc" "/opt/rustwide/cargo-home/bin/cargo" "+nightly-2025-01-18" "test" "--frozen", kill_on_drop: false }`
[INFO] [stdout] fdef863e9c719c57d4d6ee2f0fa4768893f318142acd4efe949a0975a2eab086
[INFO] running `Command { std: "docker" "start" "-a" "fdef863e9c719c57d4d6ee2f0fa4768893f318142acd4efe949a0975a2eab086", kill_on_drop: false }`
[INFO] [stderr] warning: variable does not need to be mutable
[INFO] [stderr]    --> src/commands/profile.rs:131:21
[INFO] [stderr]     |
[INFO] [stderr] 131 |                 let mut current = settings.profiles.iter_mut().find(|x| x.default).unwrap();
[INFO] [stderr]     |                     ----^^^^^^^
[INFO] [stderr]     |                     |
[INFO] [stderr]     |                     help: remove this `mut`
[INFO] [stderr]     |
[INFO] [stderr]     = note: `#[warn(unused_mut)]` on by default
[INFO] [stderr] 
[INFO] [stderr] warning: unused variable: `version`
[INFO] [stderr]   --> src/commands/source_port.rs:96:5
[INFO] [stderr]    |
[INFO] [stderr] 96 |     version: Option<String>,
[INFO] [stderr]    |     ^^^^^^^ help: if this is intentional, prefix it with an underscore: `_version`
[INFO] [stderr]    |
[INFO] [stderr]    = note: `#[warn(unused_variables)]` on by default
[INFO] [stderr] 
[INFO] [stderr] warning: unused variable: `source_port`
[INFO] [stderr]    --> src/source_port.rs:329:9
[INFO] [stderr]     |
[INFO] [stderr] 329 |         source_port: SourcePort,
[INFO] [stderr]     |         ^^^^^^^^^^^ help: if this is intentional, prefix it with an underscore: `_source_port`
[INFO] [stderr] 
[INFO] [stderr] warning: method `get_releases` is never used
[INFO] [stderr]    --> src/source_port.rs:286:8
[INFO] [stderr]     |
[INFO] [stderr] 281 | pub trait ReleaseRepository {
[INFO] [stderr]     |           ----------------- method in this trait
[INFO] [stderr] ...
[INFO] [stderr] 286 |     fn get_releases(
[INFO] [stderr]     |        ^^^^^^^^^^^^
[INFO] [stderr]     |
[INFO] [stderr]     = note: `#[warn(dead_code)]` on by default
[INFO] [stderr] 
[INFO] [stderr] warning: `tdl-rs` (bin "tdl") generated 4 warnings (run `cargo fix --bin "tdl"` to apply 1 suggestion)
[INFO] [stderr] warning: unused variable: `source_port`
[INFO] [stderr]    --> src/source_port.rs:617:13
[INFO] [stderr]     |
[INFO] [stderr] 617 |             source_port: SourcePort,
[INFO] [stderr]     |             ^^^^^^^^^^^ help: if this is intentional, prefix it with an underscore: `_source_port`
[INFO] [stderr] 
[INFO] [stderr] warning: unused import: `assert_cmd::Command`
[INFO] [stderr]  --> tests/source_port_ls.rs:9:5
[INFO] [stderr]   |
[INFO] [stderr] 9 | use assert_cmd::Command;
[INFO] [stderr]   |     ^^^^^^^^^^^^^^^^^^^
[INFO] [stderr]   |
[INFO] [stderr]   = note: `#[warn(unused_imports)]` on by default
[INFO] [stderr] 
[INFO] [stderr] warning: unused import: `predicates::prelude::*`
[INFO] [stderr]   --> tests/source_port_ls.rs:10:5
[INFO] [stderr]    |
[INFO] [stderr] 10 | use predicates::prelude::*;
[INFO] [stderr]    |     ^^^^^^^^^^^^^^^^^^^^^^
[INFO] [stderr] 
[INFO] [stderr] warning: `tdl-rs` (bin "tdl" test) generated 5 warnings (4 duplicates)
[INFO] [stderr] warning: `tdl-rs` (test "source_port_ls") generated 2 warnings (run `cargo fix --test "source_port_ls"` to apply 2 suggestions)
[INFO] [stderr]     Finished `test` profile [unoptimized + debuginfo] target(s) in 0.28s
[INFO] [stderr] warning: the following packages contain code that will be rejected by a future version of Rust: fs_extra v1.2.0
[INFO] [stderr] note: to see what the problems were, use the option `--future-incompat-report`, or run `cargo report future-incompatibilities --id 1`
[INFO] [stderr]      Running unittests src/fake_source_port.rs (/opt/rustwide/target/debug/deps/fake_source_port-63d3ff4a2f8d9ef6)
[INFO] [stdout] 
[INFO] [stdout] running 0 tests
[INFO] [stdout] 
[INFO] [stdout] test result: ok. 0 passed; 0 failed; 0 ignored; 0 measured; 0 filtered out; finished in 0.00s
[INFO] [stdout] 
[INFO] [stderr]      Running unittests src/main.rs (/opt/rustwide/target/debug/deps/tdl-278568f333593863)
[INFO] [stdout] 
[INFO] [stdout] running 69 tests
[INFO] [stdout] test commands::profile::add::should_return_error_result_for_invalid_source_port_reference ... ok
[INFO] [stdout] test commands::source_port::add::should_save_the_first_source_port ... ok
[INFO] [stdout] test commands::source_port::add::should_save_source_port_with_duplicate_source_port_but_different_version ... ok
[INFO] [stdout] test commands::profile::add::should_ensure_there_is_always_a_default_profile ... ok
[INFO] [stdout] test commands::profile::add::should_save_a_new_profile ... ok
[INFO] [stdout] test commands::profile::add::should_save_a_new_profile_as_the_new_default ... ok
[INFO] [stdout] test commands::profile::add::should_save_the_first_profile ... ok
[INFO] [stdout] test profile::new::should_return_error_for_empty_version ... ok
[INFO] [stdout] test profile::new::should_return_error_for_empty_name ... ok
[INFO] [stdout] test settings::get_app_settings_dir_path::should_return_value_of_tdl_settings_path_env_var ... ok
[INFO] [stdout] test commands::source_port::add::should_return_error_for_duplicate_type_and_version_combination ... ok
[INFO] [stdout] test profile::new::should_set_fields ... ok
[INFO] [stdout] test settings::get_app_settings_dir_path::should_create_directory_specified_by_tdl_settings_path_env_var ... ok
[INFO] [stdout] test settings::get_app_settings_dir_path::should_return_error_if_tdl_settings_env_var_points_to_file ... ok
[INFO] [stdout] test settings::get_user_settings::should_set_paths_relative_to_doom_home_if_env_var_is_set ... ok
[INFO] [stdout] test settings::user_settings::set_from_doom_home::should_create_directories ... ok
[INFO] [stdout] test source_port::get_latest_source_port_release_from_response::should_return_an_error_for_source_port_with_no_latest_release_marked ... ok
[INFO] [stdout] test commands::source_port::add::should_save_a_new_source_port ... ok
[INFO] [stdout] test settings::user_settings::set_from_doom_home::should_set_fields ... ok
[INFO] [stdout] test source_port::get_latest_source_port_release::should_return_the_existing_cache_entry ... ok
[INFO] [stdout] test source_port::get_latest_source_port_release::should_return_error_and_cache_source_port_with_no_latest_release ... ok
[INFO] [stdout] test source_port::get_latest_source_port_release_from_response::should_return_no_assets_for_dsda_doom ... ok
[INFO] [stdout] test source_port::get_latest_source_port_release_from_response::should_return_a_windows_asset_for_crispy_doom ... ok
[INFO] [stdout] test source_port::get_latest_source_port_release::should_create_a_cache_entry_for_retrieved_version ... ok
[INFO] [stdout] test source_port::get_latest_source_port_release_from_response::should_return_a_windows_asset_for_woof ... ok
[INFO] [stdout] test source_port::get_latest_source_port_release_from_response::should_return_windows_and_macos_asset_for_lzdoom ... ok
[INFO] [stdout] test source_port::get_latest_source_port_release_from_response::should_return_a_windows_asset_for_prboom_plus ... ok
[INFO] [stdout] test source_port::get_latest_source_port_release_from_response::should_return_a_windows_asset_for_doom_retro ... ok
[INFO] [stdout] test source_port::get_latest_source_port_release::should_not_use_stale_cache_entry ... ok
[INFO] [stdout] test source_port::get_latest_source_port_release_from_response::should_return_windows_and_macos_asset_for_odamex ... ok
[INFO] [stdout] test source_port::get_latest_source_port_release::should_get_correct_version ... ok
[INFO] [stdout] test source_port::github_release_repository::new::should_set_the_api_base_url ... ok
[INFO] [stdout] test source_port::get_latest_source_port_release_from_response::should_return_windows_and_linux_assets_for_chocolate_doom ... ok
[INFO] [stdout] test source_port::get_latest_source_port_release::should_create_a_cache_entry_with_correct_date_time_stamp ... ok
[INFO] [stdout] test source_port::get_latest_source_port_release_from_response::should_return_windows_and_macos_asset_for_eternity_engine ... ok
[INFO] [stdout] test source_port::installed_source_port::new::should_return_error_for_empty_version ... ok
[INFO] [stdout] test source_port::installed_source_port::new::should_return_error_if_path_does_not_exist ... ok
[INFO] [stdout] test source_port::installed_source_port::new::should_return_error_if_path_is_not_a_file ... ok
[INFO] [stdout] test source_port::get_latest_source_port_release_from_response::should_return_windows_and_macos_asset_for_gzdoom ... ok
[INFO] [stdout] test source_port::get_latest_source_port_release::should_return_error_when_missing_release_is_cached ... ok
[INFO] [stdout] test source_port::installed_source_port::new::should_set_fields ... ok
[INFO] [stdout] test storage::app_settings_repository::get::should_return_an_empty_initialised_settings_registry_if_no_settings_have_yet_been_saved ... ok
[INFO] [stdout] test storage::app_settings_repository::new::should_create_the_release_cache_directory_if_settings_file_does_not_exist ... ok
[INFO] [stdout] test storage::app_settings_repository::new::should_serialize_default_settings_if_settings_file_does_not_exist ... ok
[INFO] [stdout] test storage::app_settings_repository::new::should_set_fields_correctly ... ok
[INFO] [stdout] test wad::mapinfo::new::should_ensure_the_map_number_is_set ... ok
[INFO] [stdout] test storage::object_repository::new::should_set_fields_correctly ... ok
[INFO] [stdout] test storage::app_settings_repository::save::should_serialize_the_settings_file_to_json ... ok
[INFO] [stdout] test storage::object_repository::new::should_create_objects_path_if_it_does_not_exist ... ok
[INFO] [stdout] test storage::object_repository::new::should_ensure_existing_object_path_is_not_a_file ... ok
[INFO] [stdout] test source_port::get_latest_source_port_release::should_return_an_error_for_no_release_marked_latest ... ok
[INFO] [stdout] test storage::object_repository::delete::should_return_ok_result_for_non_existent_file ... ok
[INFO] [stdout] test wad::wadentry::new::should_ensure_the_id_is_set ... ok
[INFO] [stdout] test wad::wadentry::new::should_ensure_the_release_date_is_set ... ok
[INFO] [stdout] test wad::wadentry::new::should_ensure_the_name_is_set ... ok
[INFO] [stdout] test wad::mapinfo::new::should_permit_a_map_in_the_doom_format ... ok
[INFO] [stdout] test wad::wadentry::new::should_ensure_the_author_is_set ... ok
[INFO] [stdout] test storage::object_repository::get::should_return_error_for_non_existent_entry ... ok
[INFO] [stdout] test storage::object_repository::save::should_persist_a_wad_entry ... ok
[INFO] [stdout] test storage::object_repository::delete::should_delete_an_existing_wad_entry ... ok
[INFO] [stdout] test wad::wadentry::new::should_ensure_the_title_is_set ... ok
[INFO] [stdout] test storage::object_repository::save::should_ensure_id_is_not_taken ... ok
[INFO] [stdout] test wad::mapinfo::new::should_reject_map_number_in_wrong_format ... ok
[INFO] [stdout] test wad::mapinfo::new::should_permit_a_map_in_the_doom2_format ... ok
[INFO] [stdout] test storage::object_repository::get::should_retrieve_existing_wad_entry ... ok
[INFO] [stdout] test storage::object_repository::save::should_ensure_id_is_set ... ok
[INFO] [stdout] test wad::mapinfo::new::should_ensure_the_map_name_is_set ... ok
[INFO] [stdout] test storage::app_settings_repository::get::should_deserialize_the_settings_file_and_return_the_settings_registry ... ok
[INFO] [stdout] test wad::wadentry::new::should_set_fields_correctly ... ok
[INFO] [stdout] 
[INFO] [stdout] test result: ok. 69 passed; 0 failed; 0 ignored; 0 measured; 0 filtered out; finished in 0.09s
[INFO] [stdout] 
[INFO] [stderr]      Running tests/iwad_import.rs (/opt/rustwide/target/debug/deps/iwad_import-1c846e9864ae931b)
[INFO] [stdout] 
[INFO] [stdout] running 4 tests
[INFO] [stdout] test tnt_iwad_import_should_print_the_correct_information ... FAILED
[INFO] [stdout] test doom2_iwad_import_should_print_the_correct_information ... FAILED
[INFO] [stdout] test doom_iwad_import_should_print_the_correct_information ... FAILED
[INFO] [stdout] test plutonia_iwad_import_should_print_the_correct_information ... FAILED
[INFO] [stdout] 
[INFO] [stdout] failures:
[INFO] [stdout] 
[INFO] [stdout] ---- tnt_iwad_import_should_print_the_correct_information stdout ----
[INFO] [stdout] 
[INFO] [stdout] thread 'tnt_iwad_import_should_print_the_correct_information' panicked at /rustc/6067b36314ab5eb2eb47cecc464545ba58e1ad24/library/core/src/ops/function.rs:250:5:
[INFO] [stdout] Unexpected failure.
[INFO] [stdout] code-1
[INFO] [stdout] stderr=```"Error: \n   0: \u{1b}[91mNo such file or directory (os error 2)\u{1b}[0m\n\nLocation:\n   \u{1b}[35msrc/wad.rs\u{1b}[0m:\u{1b}[35m70\u{1b}[0m\n\n  ━━━━━━━━━━━━━━━━━━━━━━━━━━━━━━━━━━ BACKTRACE ━━━━━━━━━━━━━━━━━━━━━━━━━━━━━━━━━━━\n  \u{1b}[96m                              ⋮ 5 frames hidden ⋮                               \u{1b}[0m\n   6: \u{1b}[32m<core::result::Result<T,F> as core::ops::try_trait::FromResidual<core::result::Result<core::convert::Infallible,E>>>::from_residual\u{1b}[0m\u{1b}[90m::h8006e2fe216930cc\u{1b}[0m\n      at \u{1b}[35m/rustc/6067b36314ab5eb2eb47cecc464545ba58e1ad24/library/core/src/result.rs\u{1b}[0m:\u{1b}[35m2014\u{1b}[0m\n   7: \u{1b}[91mtdl::wad::WadMetadata::from_path\u{1b}[0m\u{1b}[90m::h22b2fa262fc87e6a\u{1b}[0m\n      at \u{1b}[35m/opt/rustwide/workdir/src/wad.rs\u{1b}[0m:\u{1b}[35m70\u{1b}[0m\n        68 │ impl WadMetadata {\n        69 │     pub fn from_path(wad_path: impl AsRef<Path>) -> Result<WadMetadata, Report> {\n  \u{1b}[37m\u{1b}[1m      70\u{1b}[0m \u{1b}[37m\u{1b}[1m>\u{1b}[0m \u{1b}[37m\u{1b}[1m        let mut file = File::open(&wad_path)?;\u{1b}[0m\n        71 │         let header = WadMetadata::read_header(&wad_path, &mut file)?;\n        72 │         let directory = WadMetadata::read_directory(&mut file, &header)?;\n   8: \u{1b}[91mtdl::commands::iwad::run_iwad_cmd\u{1b}[0m\u{1b}[90m::h7748a0240f084bca\u{1b}[0m\n      at \u{1b}[35m/opt/rustwide/workdir/src/commands/iwad.rs\u{1b}[0m:\u{1b}[35m188\u{1b}[0m\n       186 │     match cmd {\n       187 │         IwadCommand::Import { path } => {\n  \u{1b}[37m\u{1b}[1m     188\u{1b}[0m \u{1b}[37m\u{1b}[1m>\u{1b}[0m \u{1b}[37m\u{1b}[1m            let metadata = WadMetadata::from_path(&path)?;\u{1b}[0m\n       189 │             let id = get_wad_entry_id(&path)?;\n       190 │             let file_name = get_wad_file_name(&path)?;\n   9: \u{1b}[91mtdl::main\u{1b}[0m\u{1b}[90m::h807adc754713862e\u{1b}[0m\n      at \u{1b}[35m/opt/rustwide/workdir/src/main.rs\u{1b}[0m:\u{1b}[35m69\u{1b}[0m\n        67 │         }\n        68 │         Some(Command::Wad { cmd }) => run_wad_cmd(cmd),\n  \u{1b}[37m\u{1b}[1m      69\u{1b}[0m \u{1b}[37m\u{1b}[1m>\u{1b}[0m \u{1b}[37m\u{1b}[1m        Some(Command::Iwad { cmd }) => run_iwad_cmd(cmd),\u{1b}[0m\n        70 │         None => panic!(\"Eventually go into interactive mode\"),\n        71 │     };\n  10: \u{1b}[32mcore::ops::function::FnOnce::call_once\u{1b}[0m\u{1b}[90m::h77a0e53334875423\u{1b}[0m\n      at \u{1b}[35m/rustc/6067b36314ab5eb2eb47cecc464545ba58e1ad24/library/core/src/ops/function.rs\u{1b}[0m:\u{1b}[35m250\u{1b}[0m\n  11: \u{1b}[32mstd::sys::backtrace::__rust_begin_short_backtrace\u{1b}[0m\u{1b}[90m::hf73de8cd05d7821b\u{1b}[0m\n      at \u{1b}[35m/rustc/6067b36314ab5eb2eb47cecc464545ba58e1ad24/library/std/src/sys/backtrace.rs\u{1b}[0m:\u{1b}[35m152\u{1b}[0m\n  \u{1b}[96m                              ⋮ 14 frames hidden ⋮                              \u{1b}[0m\n\nRun with COLORBT_SHOW_HIDDEN=1 environment variable to disable frame filtering.\n"```
[INFO] [stdout] command=`RUST_LOG="debug" TDL_DOOM_HOME_PATH="/tmp/.tmpq67aaj" TDL_SETTINGS_PATH="/tmp/.tmpEscdtp" "/opt/rustwide/target/debug/tdl" "iwad" "import" "test_iwads/TNT.WAD"`
[INFO] [stdout] code=1
[INFO] [stdout] stdout=```""```
[INFO] [stdout] stderr=```"Error: \n   0: \u{1b}[91mNo such file or directory (os error 2)\u{1b}[0m\n\nLocation:\n   \u{1b}[35msrc/wad.rs\u{1b}[0m:\u{1b}[35m70\u{1b}[0m\n\n  ━━━━━━━━━━━━━━━━━━━━━━━━━━━━━━━━━━ BACKTRACE ━━━━━━━━━━━━━━━━━━━━━━━━━━━━━━━━━━━\n  \u{1b}[96m                              ⋮ 5 frames hidden ⋮                               \u{1b}[0m\n   6: \u{1b}[32m<core::result::Result<T,F> as core::ops::try_trait::FromResidual<core::result::Result<core::convert::Infallible,E>>>::from_residual\u{1b}[0m\u{1b}[90m::h8006e2fe216930cc\u{1b}[0m\n      at \u{1b}[35m/rustc/6067b36314ab5eb2eb47cecc464545ba58e1ad24/library/core/src/result.rs\u{1b}[0m:\u{1b}[35m2014\u{1b}[0m\n   7: \u{1b}[91mtdl::wad::WadMetadata::from_path\u{1b}[0m\u{1b}[90m::h22b2fa262fc87e6a\u{1b}[0m\n      at \u{1b}[35m/opt/rustwide/workdir/src/wad.rs\u{1b}[0m:\u{1b}[35m70\u{1b}[0m\n        68 │ impl WadMetadata {\n        69 │     pub fn from_path(wad_path: impl AsRef<Path>) -> Result<WadMetadata, Report> {\n  \u{1b}[37m\u{1b}[1m      70\u{1b}[0m \u{1b}[37m\u{1b}[1m>\u{1b}[0m \u{1b}[37m\u{1b}[1m        let mut file = File::open(&wad_path)?;\u{1b}[0m\n        71 │         let header = WadMetadata::read_header(&wad_path, &mut file)?;\n        72 │         let directory = WadMetadata::read_directory(&mut file, &header)?;\n   8: \u{1b}[91mtdl::commands::iwad::run_iwad_cmd\u{1b}[0m\u{1b}[90m::h7748a0240f084bca\u{1b}[0m\n      at \u{1b}[35m/opt/rustwide/workdir/src/commands/iwad.rs\u{1b}[0m:\u{1b}[35m188\u{1b}[0m\n       186 │     match cmd {\n       187 │         IwadCommand::Import { path } => {\n  \u{1b}[37m\u{1b}[1m     188\u{1b}[0m \u{1b}[37m\u{1b}[1m>\u{1b}[0m \u{1b}[37m\u{1b}[1m            let metadata = WadMetadata::from_path(&path)?;\u{1b}[0m\n       189 │             let id = get_wad_entry_id(&path)?;\n       190 │             let file_name = get_wad_file_name(&path)?;\n   9: \u{1b}[91mtdl::main\u{1b}[0m\u{1b}[90m::h807adc754713862e\u{1b}[0m\n      at \u{1b}[35m/opt/rustwide/workdir/src/main.rs\u{1b}[0m:\u{1b}[35m69\u{1b}[0m\n        67 │         }\n        68 │         Some(Command::Wad { cmd }) => run_wad_cmd(cmd),\n  \u{1b}[37m\u{1b}[1m      69\u{1b}[0m \u{1b}[37m\u{1b}[1m>\u{1b}[0m \u{1b}[37m\u{1b}[1m        Some(Command::Iwad { cmd }) => run_iwad_cmd(cmd),\u{1b}[0m\n        70 │         None => panic!(\"Eventually go into interactive mode\"),\n        71 │     };\n  10: \u{1b}[32mcore::ops::function::FnOnce::call_once\u{1b}[0m\u{1b}[90m::h77a0e53334875423\u{1b}[0m\n      at \u{1b}[35m/rustc/6067b36314ab5eb2eb47cecc464545ba58e1ad24/library/core/src/ops/function.rs\u{1b}[0m:\u{1b}[35m250\u{1b}[0m\n  11: \u{1b}[32mstd::sys::backtrace::__rust_begin_short_backtrace\u{1b}[0m\u{1b}[90m::hf73de8cd05d7821b\u{1b}[0m\n      at \u{1b}[35m/rustc/6067b36314ab5eb2eb47cecc464545ba58e1ad24/library/std/src/sys/backtrace.rs\u{1b}[0m:\u{1b}[35m152\u{1b}[0m\n  \u{1b}[96m                              ⋮ 14 frames hidden ⋮                              \u{1b}[0m\n\nRun with COLORBT_SHOW_HIDDEN=1 environment variable to disable frame filtering.\n"```
[INFO] [stdout] 
[INFO] [stdout] stack backtrace:
[INFO] [stdout]    0:     0x60746d0595ea - std::backtrace_rs::backtrace::libunwind::trace::hb059275cfc8d6126
[INFO] [stdout]                                at /rustc/6067b36314ab5eb2eb47cecc464545ba58e1ad24/library/std/src/../../backtrace/src/backtrace/libunwind.rs:116:5
[INFO] [stdout]    1:     0x60746d0595ea - std::backtrace_rs::backtrace::trace_unsynchronized::h2da071e4327ce3ee
[INFO] [stdout]                                at /rustc/6067b36314ab5eb2eb47cecc464545ba58e1ad24/library/std/src/../../backtrace/src/backtrace/mod.rs:66:5
[INFO] [stdout]    2:     0x60746d0595ea - std::sys::backtrace::_print_fmt::h842a1474e6f8d23f
[INFO] [stdout]                                at /rustc/6067b36314ab5eb2eb47cecc464545ba58e1ad24/library/std/src/sys/backtrace.rs:66:9
[INFO] [stdout]    3:     0x60746d0595ea - <std::sys::backtrace::BacktraceLock::print::DisplayBacktrace as core::fmt::Display>::fmt::h71a62eb3b9696b12
[INFO] [stdout]                                at /rustc/6067b36314ab5eb2eb47cecc464545ba58e1ad24/library/std/src/sys/backtrace.rs:39:26
[INFO] [stdout]    4:     0x60746d082d73 - core::fmt::rt::Argument::fmt::hdb6b616786b41dc1
[INFO] [stdout]                                at /rustc/6067b36314ab5eb2eb47cecc464545ba58e1ad24/library/core/src/fmt/rt.rs:177:76
[INFO] [stdout]    5:     0x60746d082d73 - core::fmt::write::h2cc1698af7e2d686
[INFO] [stdout]                                at /rustc/6067b36314ab5eb2eb47cecc464545ba58e1ad24/library/core/src/fmt/mod.rs:1440:21
[INFO] [stdout]    6:     0x60746d0559c3 - std::io::Write::write_fmt::hab1b4cd059a79022
[INFO] [stdout]                                at /rustc/6067b36314ab5eb2eb47cecc464545ba58e1ad24/library/std/src/io/mod.rs:1887:15
[INFO] [stdout]    7:     0x60746d059432 - std::sys::backtrace::BacktraceLock::print::h147fe35b4ea13b08
[INFO] [stdout]                                at /rustc/6067b36314ab5eb2eb47cecc464545ba58e1ad24/library/std/src/sys/backtrace.rs:42:9
[INFO] [stdout]    8:     0x60746d05aa8f - std::panicking::default_hook::{{closure}}::hbd44223dbdc0d208
[INFO] [stdout]                                at /rustc/6067b36314ab5eb2eb47cecc464545ba58e1ad24/library/std/src/panicking.rs:298:22
[INFO] [stdout]    9:     0x60746d05a8a8 - std::panicking::default_hook::h20f81eb0576efcec
[INFO] [stdout]                                at /rustc/6067b36314ab5eb2eb47cecc464545ba58e1ad24/library/std/src/panicking.rs:322:9
[INFO] [stdout]   10:     0x60746cfb10c3 - <alloc::boxed::Box<F,A> as core::ops::function::Fn<Args>>::call::hdb53814c496a4d34
[INFO] [stdout]                                at /rustc/6067b36314ab5eb2eb47cecc464545ba58e1ad24/library/alloc/src/boxed.rs:2027:9
[INFO] [stdout]   11:     0x60746cfb10c3 - test::test_main::{{closure}}::hc0a4963c59427c24
[INFO] [stdout]                                at /rustc/6067b36314ab5eb2eb47cecc464545ba58e1ad24/library/test/src/lib.rs:134:21
[INFO] [stdout]   12:     0x60746d05b583 - <alloc::boxed::Box<F,A> as core::ops::function::Fn<Args>>::call::h591b2225413a77e9
[INFO] [stdout]                                at /rustc/6067b36314ab5eb2eb47cecc464545ba58e1ad24/library/alloc/src/boxed.rs:2027:9
[INFO] [stdout]   13:     0x60746d05b583 - std::panicking::rust_panic_with_hook::h625eea43051b2edc
[INFO] [stdout]                                at /rustc/6067b36314ab5eb2eb47cecc464545ba58e1ad24/library/std/src/panicking.rs:839:13
[INFO] [stdout]   14:     0x60746d05b23a - std::panicking::begin_panic_handler::{{closure}}::h4f9159cfbc3f6bd3
[INFO] [stdout]                                at /rustc/6067b36314ab5eb2eb47cecc464545ba58e1ad24/library/std/src/panicking.rs:704:13
[INFO] [stdout]   15:     0x60746d059ae9 - std::sys::backtrace::__rust_end_short_backtrace::h0390abce48353151
[INFO] [stdout]                                at /rustc/6067b36314ab5eb2eb47cecc464545ba58e1ad24/library/std/src/sys/backtrace.rs:168:18
[INFO] [stdout]   16:     0x60746d05aecd - rust_begin_unwind
[INFO] [stdout]                                at /rustc/6067b36314ab5eb2eb47cecc464545ba58e1ad24/library/std/src/panicking.rs:695:5
[INFO] [stdout]   17:     0x60746d081440 - core::panicking::panic_fmt::h9e7c637e9e5f29c9
[INFO] [stdout]                                at /rustc/6067b36314ab5eb2eb47cecc464545ba58e1ad24/library/core/src/panicking.rs:75:14
[INFO] [stdout]   18:     0x60746d002503 - core::panicking::panic_display::h2adb69b7ed8dc79a
[INFO] [stdout]                                at /rustc/6067b36314ab5eb2eb47cecc464545ba58e1ad24/library/core/src/panicking.rs:261:5
[INFO] [stdout]   19:     0x60746d007547 - assert_cmd::assert::AssertError::panic::h2e39ded93cadbaad
[INFO] [stdout]                                at /opt/rustwide/cargo-home/registry/src/index.crates.io-1949cf8c6b5b557f/assert_cmd-2.0.1/src/assert.rs:1030:9
[INFO] [stdout]   20:     0x60746d000835 - core::ops::function::FnOnce::call_once::h9173c02ee6915fc5
[INFO] [stdout]                                at /rustc/6067b36314ab5eb2eb47cecc464545ba58e1ad24/library/core/src/ops/function.rs:250:5
[INFO] [stdout]   21:     0x60746d0056b0 - core::result::Result<T,E>::unwrap_or_else::hc6e0014d77bf1efe
[INFO] [stdout]                                at /rustc/6067b36314ab5eb2eb47cecc464545ba58e1ad24/library/core/src/result.rs:1463:23
[INFO] [stdout]   22:     0x60746d006e44 - assert_cmd::assert::Assert::success::h93e87d4a418a6024
[INFO] [stdout]                                at /opt/rustwide/cargo-home/registry/src/index.crates.io-1949cf8c6b5b557f/assert_cmd-2.0.1/src/assert.rs:156:9
[INFO] [stdout]   23:     0x60746cf75829 - iwad_import::tnt_iwad_import_should_print_the_correct_information::h02bc3d353216b25b
[INFO] [stdout]                                at /opt/rustwide/workdir/tests/iwad_import.rs:200:5
[INFO] [stdout]   24:     0x60746cf750c7 - iwad_import::tnt_iwad_import_should_print_the_correct_information::{{closure}}::hba358da4497092e5
[INFO] [stdout]                                at /opt/rustwide/workdir/tests/iwad_import.rs:196:58
[INFO] [stdout]   25:     0x60746cf6d776 - core::ops::function::FnOnce::call_once::h18b743aea37f2147
[INFO] [stdout]                                at /rustc/6067b36314ab5eb2eb47cecc464545ba58e1ad24/library/core/src/ops/function.rs:250:5
[INFO] [stdout]   26:     0x60746cfb681b - core::ops::function::FnOnce::call_once::he27718dfdd183f43
[INFO] [stdout]                                at /rustc/6067b36314ab5eb2eb47cecc464545ba58e1ad24/library/core/src/ops/function.rs:250:5
[INFO] [stdout]   27:     0x60746cfb681b - test::__rust_begin_short_backtrace::h4e84902998457a5d
[INFO] [stdout]                                at /rustc/6067b36314ab5eb2eb47cecc464545ba58e1ad24/library/test/src/lib.rs:632:18
[INFO] [stdout]   28:     0x60746cfb5753 - test::run_test_in_process::{{closure}}::h7176fd18fc1feca0
[INFO] [stdout]                                at /rustc/6067b36314ab5eb2eb47cecc464545ba58e1ad24/library/test/src/lib.rs:655:60
[INFO] [stdout]   29:     0x60746cfb5753 - <core::panic::unwind_safe::AssertUnwindSafe<F> as core::ops::function::FnOnce<()>>::call_once::hf79cff2a624d8cf7
[INFO] [stdout]                                at /rustc/6067b36314ab5eb2eb47cecc464545ba58e1ad24/library/core/src/panic/unwind_safe.rs:272:9
[INFO] [stdout]   30:     0x60746cfb5753 - std::panicking::try::do_call::h3da0561d9ab99c25
[INFO] [stdout]                                at /rustc/6067b36314ab5eb2eb47cecc464545ba58e1ad24/library/std/src/panicking.rs:587:40
[INFO] [stdout]   31:     0x60746cfb5753 - std::panicking::try::h41c9fa508bc61df6
[INFO] [stdout]                                at /rustc/6067b36314ab5eb2eb47cecc464545ba58e1ad24/library/std/src/panicking.rs:550:19
[INFO] [stdout]   32:     0x60746cfb5753 - std::panic::catch_unwind::h6b3ff07bb5afad93
[INFO] [stdout]                                at /rustc/6067b36314ab5eb2eb47cecc464545ba58e1ad24/library/std/src/panic.rs:358:14
[INFO] [stdout]   33:     0x60746cfb5753 - test::run_test_in_process::hc7253dd11b39b9f4
[INFO] [stdout]                                at /rustc/6067b36314ab5eb2eb47cecc464545ba58e1ad24/library/test/src/lib.rs:655:27
[INFO] [stdout]   34:     0x60746cfb5753 - test::run_test::{{closure}}::hfb2007f8649c30bb
[INFO] [stdout]                                at /rustc/6067b36314ab5eb2eb47cecc464545ba58e1ad24/library/test/src/lib.rs:576:43
[INFO] [stdout]   35:     0x60746cf78835 - test::run_test::{{closure}}::h56a17aa7a282a9f4
[INFO] [stdout]                                at /rustc/6067b36314ab5eb2eb47cecc464545ba58e1ad24/library/test/src/lib.rs:606:41
[INFO] [stdout]   36:     0x60746cf78835 - std::sys::backtrace::__rust_begin_short_backtrace::hd2d2d2fb8e8c6aac
[INFO] [stdout]                                at /rustc/6067b36314ab5eb2eb47cecc464545ba58e1ad24/library/std/src/sys/backtrace.rs:152:18
[INFO] [stdout]   37:     0x60746cf7c11a - std::thread::Builder::spawn_unchecked_::{{closure}}::{{closure}}::h4faa3f9db6133423
[INFO] [stdout]                                at /rustc/6067b36314ab5eb2eb47cecc464545ba58e1ad24/library/std/src/thread/mod.rs:559:17
[INFO] [stdout]   38:     0x60746cf7c11a - <core::panic::unwind_safe::AssertUnwindSafe<F> as core::ops::function::FnOnce<()>>::call_once::hf2e855a36a4ea846
[INFO] [stdout]                                at /rustc/6067b36314ab5eb2eb47cecc464545ba58e1ad24/library/core/src/panic/unwind_safe.rs:272:9
[INFO] [stdout]   39:     0x60746cf7c11a - std::panicking::try::do_call::h2f73af3616c35465
[INFO] [stdout]                                at /rustc/6067b36314ab5eb2eb47cecc464545ba58e1ad24/library/std/src/panicking.rs:587:40
[INFO] [stdout]   40:     0x60746cf7c11a - std::panicking::try::hd1660ce9efadef5a
[INFO] [stdout]                                at /rustc/6067b36314ab5eb2eb47cecc464545ba58e1ad24/library/std/src/panicking.rs:550:19
[INFO] [stdout]   41:     0x60746cf7c11a - std::panic::catch_unwind::h5ee8d7823b8ca744
[INFO] [stdout]                                at /rustc/6067b36314ab5eb2eb47cecc464545ba58e1ad24/library/std/src/panic.rs:358:14
[INFO] [stdout]   42:     0x60746cf7c11a - std::thread::Builder::spawn_unchecked_::{{closure}}::h53c3a1894dce8407
[INFO] [stdout]                                at /rustc/6067b36314ab5eb2eb47cecc464545ba58e1ad24/library/std/src/thread/mod.rs:557:30
[INFO] [stdout]   43:     0x60746cf7c11a - core::ops::function::FnOnce::call_once{{vtable.shim}}::h048ce291ad4f62bf
[INFO] [stdout]                                at /rustc/6067b36314ab5eb2eb47cecc464545ba58e1ad24/library/core/src/ops/function.rs:250:5
[INFO] [stdout]   44:     0x60746d060a4b - <alloc::boxed::Box<F,A> as core::ops::function::FnOnce<Args>>::call_once::ha52bedf99a3b4981
[INFO] [stdout]                                at /rustc/6067b36314ab5eb2eb47cecc464545ba58e1ad24/library/alloc/src/boxed.rs:2013:9
[INFO] [stdout]   45:     0x60746d060a4b - <alloc::boxed::Box<F,A> as core::ops::function::FnOnce<Args>>::call_once::h567748934d80ccf8
[INFO] [stdout]                                at /rustc/6067b36314ab5eb2eb47cecc464545ba58e1ad24/library/alloc/src/boxed.rs:2013:9
[INFO] [stdout]   46:     0x60746d060a4b - std::sys::pal::unix::thread::Thread::new::thread_start::h2d970728ae887adc
[INFO] [stdout]                                at /rustc/6067b36314ab5eb2eb47cecc464545ba58e1ad24/library/std/src/sys/pal/unix/thread.rs:106:17
[INFO] [stdout]   47:     0x7abe55f85ac3 - <unknown>
[INFO] [stdout]   48:     0x7abe56016a04 - clone
[INFO] [stdout]   49:                0x0 - <unknown>
[INFO] [stdout] 
[INFO] [stdout] ---- doom2_iwad_import_should_print_the_correct_information stdout ----
[INFO] [stdout] 
[INFO] [stdout] thread 'doom2_iwad_import_should_print_the_correct_information' panicked at /rustc/6067b36314ab5eb2eb47cecc464545ba58e1ad24/library/core/src/ops/function.rs:250:5:
[INFO] [stdout] Unexpected failure.
[INFO] [stdout] code-1
[INFO] [stdout] stderr=```"Error: \n   0: \u{1b}[91mNo such file or directory (os error 2)\u{1b}[0m\n\nLocation:\n   \u{1b}[35msrc/wad.rs\u{1b}[0m:\u{1b}[35m70\u{1b}[0m\n\n  ━━━━━━━━━━━━━━━━━━━━━━━━━━━━━━━━━━ BACKTRACE ━━━━━━━━━━━━━━━━━━━━━━━━━━━━━━━━━━━\n  \u{1b}[96m                              ⋮ 5 frames hidden ⋮                               \u{1b}[0m\n   6: \u{1b}[32m<core::result::Result<T,F> as core::ops::try_trait::FromResidual<core::result::Result<core::convert::Infallible,E>>>::from_residual\u{1b}[0m\u{1b}[90m::h8006e2fe216930cc\u{1b}[0m\n      at \u{1b}[35m/rustc/6067b36314ab5eb2eb47cecc464545ba58e1ad24/library/core/src/result.rs\u{1b}[0m:\u{1b}[35m2014\u{1b}[0m\n   7: \u{1b}[91mtdl::wad::WadMetadata::from_path\u{1b}[0m\u{1b}[90m::h22b2fa262fc87e6a\u{1b}[0m\n      at \u{1b}[35m/opt/rustwide/workdir/src/wad.rs\u{1b}[0m:\u{1b}[35m70\u{1b}[0m\n        68 │ impl WadMetadata {\n        69 │     pub fn from_path(wad_path: impl AsRef<Path>) -> Result<WadMetadata, Report> {\n  \u{1b}[37m\u{1b}[1m      70\u{1b}[0m \u{1b}[37m\u{1b}[1m>\u{1b}[0m \u{1b}[37m\u{1b}[1m        let mut file = File::open(&wad_path)?;\u{1b}[0m\n        71 │         let header = WadMetadata::read_header(&wad_path, &mut file)?;\n        72 │         let directory = WadMetadata::read_directory(&mut file, &header)?;\n   8: \u{1b}[91mtdl::commands::iwad::run_iwad_cmd\u{1b}[0m\u{1b}[90m::h7748a0240f084bca\u{1b}[0m\n      at \u{1b}[35m/opt/rustwide/workdir/src/commands/iwad.rs\u{1b}[0m:\u{1b}[35m188\u{1b}[0m\n       186 │     match cmd {\n       187 │         IwadCommand::Import { path } => {\n  \u{1b}[37m\u{1b}[1m     188\u{1b}[0m \u{1b}[37m\u{1b}[1m>\u{1b}[0m \u{1b}[37m\u{1b}[1m            let metadata = WadMetadata::from_path(&path)?;\u{1b}[0m\n       189 │             let id = get_wad_entry_id(&path)?;\n       190 │             let file_name = get_wad_file_name(&path)?;\n   9: \u{1b}[91mtdl::main\u{1b}[0m\u{1b}[90m::h807adc754713862e\u{1b}[0m\n      at \u{1b}[35m/opt/rustwide/workdir/src/main.rs\u{1b}[0m:\u{1b}[35m69\u{1b}[0m\n        67 │         }\n        68 │         Some(Command::Wad { cmd }) => run_wad_cmd(cmd),\n  \u{1b}[37m\u{1b}[1m      69\u{1b}[0m \u{1b}[37m\u{1b}[1m>\u{1b}[0m \u{1b}[37m\u{1b}[1m        Some(Command::Iwad { cmd }) => run_iwad_cmd(cmd),\u{1b}[0m\n        70 │         None => panic!(\"Eventually go into interactive mode\"),\n        71 │     };\n  10: \u{1b}[32mcore::ops::function::FnOnce::call_once\u{1b}[0m\u{1b}[90m::h77a0e53334875423\u{1b}[0m\n      at \u{1b}[35m/rustc/6067b36314ab5eb2eb47cecc464545ba58e1ad24/library/core/src/ops/function.rs\u{1b}[0m:\u{1b}[35m250\u{1b}[0m\n  11: \u{1b}[32mstd::sys::backtrace::__rust_begin_short_backtrace\u{1b}[0m\u{1b}[90m::hf73de8cd05d7821b\u{1b}[0m\n      at \u{1b}[35m/rustc/6067b36314ab5eb2eb47cecc464545ba58e1ad24/library/std/src/sys/backtrace.rs\u{1b}[0m:\u{1b}[35m152\u{1b}[0m\n  \u{1b}[96m                              ⋮ 14 frames hidden ⋮                              \u{1b}[0m\n\nRun with COLORBT_SHOW_HIDDEN=1 environment variable to disable frame filtering.\n"```
[INFO] [stdout] command=`RUST_LOG="debug" TDL_DOOM_HOME_PATH="/tmp/.tmpmldjgN" TDL_SETTINGS_PATH="/tmp/.tmpz2XDnI" "/opt/rustwide/target/debug/tdl" "iwad" "import" "test_iwads/DOOM2.WAD"`
[INFO] [stdout] code=1
[INFO] [stdout] stdout=```""```
[INFO] [stdout] stderr=```"Error: \n   0: \u{1b}[91mNo such file or directory (os error 2)\u{1b}[0m\n\nLocation:\n   \u{1b}[35msrc/wad.rs\u{1b}[0m:\u{1b}[35m70\u{1b}[0m\n\n  ━━━━━━━━━━━━━━━━━━━━━━━━━━━━━━━━━━ BACKTRACE ━━━━━━━━━━━━━━━━━━━━━━━━━━━━━━━━━━━\n  \u{1b}[96m                              ⋮ 5 frames hidden ⋮                               \u{1b}[0m\n   6: \u{1b}[32m<core::result::Result<T,F> as core::ops::try_trait::FromResidual<core::result::Result<core::convert::Infallible,E>>>::from_residual\u{1b}[0m\u{1b}[90m::h8006e2fe216930cc\u{1b}[0m\n      at \u{1b}[35m/rustc/6067b36314ab5eb2eb47cecc464545ba58e1ad24/library/core/src/result.rs\u{1b}[0m:\u{1b}[35m2014\u{1b}[0m\n   7: \u{1b}[91mtdl::wad::WadMetadata::from_path\u{1b}[0m\u{1b}[90m::h22b2fa262fc87e6a\u{1b}[0m\n      at \u{1b}[35m/opt/rustwide/workdir/src/wad.rs\u{1b}[0m:\u{1b}[35m70\u{1b}[0m\n        68 │ impl WadMetadata {\n        69 │     pub fn from_path(wad_path: impl AsRef<Path>) -> Result<WadMetadata, Report> {\n  \u{1b}[37m\u{1b}[1m      70\u{1b}[0m \u{1b}[37m\u{1b}[1m>\u{1b}[0m \u{1b}[37m\u{1b}[1m        let mut file = File::open(&wad_path)?;\u{1b}[0m\n        71 │         let header = WadMetadata::read_header(&wad_path, &mut file)?;\n        72 │         let directory = WadMetadata::read_directory(&mut file, &header)?;\n   8: \u{1b}[91mtdl::commands::iwad::run_iwad_cmd\u{1b}[0m\u{1b}[90m::h7748a0240f084bca\u{1b}[0m\n      at \u{1b}[35m/opt/rustwide/workdir/src/commands/iwad.rs\u{1b}[0m:\u{1b}[35m188\u{1b}[0m\n       186 │     match cmd {\n       187 │         IwadCommand::Import { path } => {\n  \u{1b}[37m\u{1b}[1m     188\u{1b}[0m \u{1b}[37m\u{1b}[1m>\u{1b}[0m \u{1b}[37m\u{1b}[1m            let metadata = WadMetadata::from_path(&path)?;\u{1b}[0m\n       189 │             let id = get_wad_entry_id(&path)?;\n       190 │             let file_name = get_wad_file_name(&path)?;\n   9: \u{1b}[91mtdl::main\u{1b}[0m\u{1b}[90m::h807adc754713862e\u{1b}[0m\n      at \u{1b}[35m/opt/rustwide/workdir/src/main.rs\u{1b}[0m:\u{1b}[35m69\u{1b}[0m\n        67 │         }\n        68 │         Some(Command::Wad { cmd }) => run_wad_cmd(cmd),\n  \u{1b}[37m\u{1b}[1m      69\u{1b}[0m \u{1b}[37m\u{1b}[1m>\u{1b}[0m \u{1b}[37m\u{1b}[1m        Some(Command::Iwad { cmd }) => run_iwad_cmd(cmd),\u{1b}[0m\n        70 │         None => panic!(\"Eventually go into interactive mode\"),\n        71 │     };\n  10: \u{1b}[32mcore::ops::function::FnOnce::call_once\u{1b}[0m\u{1b}[90m::h77a0e53334875423\u{1b}[0m\n      at \u{1b}[35m/rustc/6067b36314ab5eb2eb47cecc464545ba58e1ad24/library/core/src/ops/function.rs\u{1b}[0m:\u{1b}[35m250\u{1b}[0m\n  11: \u{1b}[32mstd::sys::backtrace::__rust_begin_short_backtrace\u{1b}[0m\u{1b}[90m::hf73de8cd05d7821b\u{1b}[0m\n      at \u{1b}[35m/rustc/6067b36314ab5eb2eb47cecc464545ba58e1ad24/library/std/src/sys/backtrace.rs\u{1b}[0m:\u{1b}[35m152\u{1b}[0m\n  \u{1b}[96m                              ⋮ 14 frames hidden ⋮                              \u{1b}[0m\n\nRun with COLORBT_SHOW_HIDDEN=1 environment variable to disable frame filtering.\n"```
[INFO] [stdout] 
[INFO] [stdout] stack backtrace:
[INFO] [stdout]    0:     0x60746d0595ea - std::backtrace_rs::backtrace::libunwind::trace::hb059275cfc8d6126
[INFO] [stdout]                                at /rustc/6067b36314ab5eb2eb47cecc464545ba58e1ad24/library/std/src/../../backtrace/src/backtrace/libunwind.rs:116:5
[INFO] [stdout]    1:     0x60746d0595ea - std::backtrace_rs::backtrace::trace_unsynchronized::h2da071e4327ce3ee
[INFO] [stdout]                                at /rustc/6067b36314ab5eb2eb47cecc464545ba58e1ad24/library/std/src/../../backtrace/src/backtrace/mod.rs:66:5
[INFO] [stdout]    2:     0x60746d0595ea - std::sys::backtrace::_print_fmt::h842a1474e6f8d23f
[INFO] [stdout]                                at /rustc/6067b36314ab5eb2eb47cecc464545ba58e1ad24/library/std/src/sys/backtrace.rs:66:9
[INFO] [stdout]    3:     0x60746d0595ea - <std::sys::backtrace::BacktraceLock::print::DisplayBacktrace as core::fmt::Display>::fmt::h71a62eb3b9696b12
[INFO] [stdout]                                at /rustc/6067b36314ab5eb2eb47cecc464545ba58e1ad24/library/std/src/sys/backtrace.rs:39:26
[INFO] [stdout]    4:     0x60746d082d73 - core::fmt::rt::Argument::fmt::hdb6b616786b41dc1
[INFO] [stdout]                                at /rustc/6067b36314ab5eb2eb47cecc464545ba58e1ad24/library/core/src/fmt/rt.rs:177:76
[INFO] [stdout]    5:     0x60746d082d73 - core::fmt::write::h2cc1698af7e2d686
[INFO] [stdout]                                at /rustc/6067b36314ab5eb2eb47cecc464545ba58e1ad24/library/core/src/fmt/mod.rs:1440:21
[INFO] [stdout]    6:     0x60746d0559c3 - std::io::Write::write_fmt::hab1b4cd059a79022
[INFO] [stdout]                                at /rustc/6067b36314ab5eb2eb47cecc464545ba58e1ad24/library/std/src/io/mod.rs:1887:15
[INFO] [stdout]    7:     0x60746d059432 - std::sys::backtrace::BacktraceLock::print::h147fe35b4ea13b08
[INFO] [stdout]                                at /rustc/6067b36314ab5eb2eb47cecc464545ba58e1ad24/library/std/src/sys/backtrace.rs:42:9
[INFO] [stdout]    8:     0x60746d05aa8f - std::panicking::default_hook::{{closure}}::hbd44223dbdc0d208
[INFO] [stdout]                                at /rustc/6067b36314ab5eb2eb47cecc464545ba58e1ad24/library/std/src/panicking.rs:298:22
[INFO] [stdout]    9:     0x60746d05a8a8 - std::panicking::default_hook::h20f81eb0576efcec
[INFO] [stdout]                                at /rustc/6067b36314ab5eb2eb47cecc464545ba58e1ad24/library/std/src/panicking.rs:322:9
[INFO] [stdout]   10:     0x60746cfb10c3 - <alloc::boxed::Box<F,A> as core::ops::function::Fn<Args>>::call::hdb53814c496a4d34
[INFO] [stdout]                                at /rustc/6067b36314ab5eb2eb47cecc464545ba58e1ad24/library/alloc/src/boxed.rs:2027:9
[INFO] [stdout]   11:     0x60746cfb10c3 - test::test_main::{{closure}}::hc0a4963c59427c24
[INFO] [stdout]                                at /rustc/6067b36314ab5eb2eb47cecc464545ba58e1ad24/library/test/src/lib.rs:134:21
[INFO] [stdout]   12:     0x60746d05b583 - <alloc::boxed::Box<F,A> as core::ops::function::Fn<Args>>::call::h591b2225413a77e9
[INFO] [stdout]                                at /rustc/6067b36314ab5eb2eb47cecc464545ba58e1ad24/library/alloc/src/boxed.rs:2027:9
[INFO] [stdout]   13:     0x60746d05b583 - std::panicking::rust_panic_with_hook::h625eea43051b2edc
[INFO] [stdout]                                at /rustc/6067b36314ab5eb2eb47cecc464545ba58e1ad24/library/std/src/panicking.rs:839:13
[INFO] [stdout]   14:     0x60746d05b23a - std::panicking::begin_panic_handler::{{closure}}::h4f9159cfbc3f6bd3
[INFO] [stdout]                                at /rustc/6067b36314ab5eb2eb47cecc464545ba58e1ad24/library/std/src/panicking.rs:704:13
[INFO] [stdout]   15:     0x60746d059ae9 - std::sys::backtrace::__rust_end_short_backtrace::h0390abce48353151
[INFO] [stdout]                                at /rustc/6067b36314ab5eb2eb47cecc464545ba58e1ad24/library/std/src/sys/backtrace.rs:168:18
[INFO] [stdout]   16:     0x60746d05aecd - rust_begin_unwind
[INFO] [stdout]                                at /rustc/6067b36314ab5eb2eb47cecc464545ba58e1ad24/library/std/src/panicking.rs:695:5
[INFO] [stdout]   17:     0x60746d081440 - core::panicking::panic_fmt::h9e7c637e9e5f29c9
[INFO] [stdout]                                at /rustc/6067b36314ab5eb2eb47cecc464545ba58e1ad24/library/core/src/panicking.rs:75:14
[INFO] [stdout]   18:     0x60746d002503 - core::panicking::panic_display::h2adb69b7ed8dc79a
[INFO] [stdout]                                at /rustc/6067b36314ab5eb2eb47cecc464545ba58e1ad24/library/core/src/panicking.rs:261:5
[INFO] [stdout]   19:     0x60746d007547 - assert_cmd::assert::AssertError::panic::h2e39ded93cadbaad
[INFO] [stdout]                                at /opt/rustwide/cargo-home/registry/src/index.crates.io-1949cf8c6b5b557f/assert_cmd-2.0.1/src/assert.rs:1030:9
[INFO] [stdout]   20:     0x60746d000835 - core::ops::function::FnOnce::call_once::h9173c02ee6915fc5
[INFO] [stdout]                                at /rustc/6067b36314ab5eb2eb47cecc464545ba58e1ad24/library/core/src/ops/function.rs:250:5
[INFO] [stdout]   21:     0x60746d0056b0 - core::result::Result<T,E>::unwrap_or_else::hc6e0014d77bf1efe
[INFO] [stdout]                                at /rustc/6067b36314ab5eb2eb47cecc464545ba58e1ad24/library/core/src/result.rs:1463:23
[INFO] [stdout]   22:     0x60746d006e44 - assert_cmd::assert::Assert::success::h93e87d4a418a6024
[INFO] [stdout]                                at /opt/rustwide/cargo-home/registry/src/index.crates.io-1949cf8c6b5b557f/assert_cmd-2.0.1/src/assert.rs:156:9
[INFO] [stdout]   23:     0x60746cf6f849 - iwad_import::doom2_iwad_import_should_print_the_correct_information::hf4e0e9752b475a53
[INFO] [stdout]                                at /opt/rustwide/workdir/tests/iwad_import.rs:10:5
[INFO] [stdout]   24:     0x60746cf6f0e7 - iwad_import::doom2_iwad_import_should_print_the_correct_information::{{closure}}::h1af02b61cbb8051d
[INFO] [stdout]                                at /opt/rustwide/workdir/tests/iwad_import.rs:6:60
[INFO] [stdout]   25:     0x60746cf6d7f6 - core::ops::function::FnOnce::call_once::h83f1ddc0b31e7e91
[INFO] [stdout]                                at /rustc/6067b36314ab5eb2eb47cecc464545ba58e1ad24/library/core/src/ops/function.rs:250:5
[INFO] [stdout]   26:     0x60746cfb681b - core::ops::function::FnOnce::call_once::he27718dfdd183f43
[INFO] [stdout]                                at /rustc/6067b36314ab5eb2eb47cecc464545ba58e1ad24/library/core/src/ops/function.rs:250:5
[INFO] [stdout]   27:     0x60746cfb681b - test::__rust_begin_short_backtrace::h4e84902998457a5d
[INFO] [stdout]                                at /rustc/6067b36314ab5eb2eb47cecc464545ba58e1ad24/library/test/src/lib.rs:632:18
[INFO] [stdout]   28:     0x60746cfb5753 - test::run_test_in_process::{{closure}}::h7176fd18fc1feca0
[INFO] [stdout]                                at /rustc/6067b36314ab5eb2eb47cecc464545ba58e1ad24/library/test/src/lib.rs:655:60
[INFO] [stdout]   29:     0x60746cfb5753 - <core::panic::unwind_safe::AssertUnwindSafe<F> as core::ops::function::FnOnce<()>>::call_once::hf79cff2a624d8cf7
[INFO] [stdout]                                at /rustc/6067b36314ab5eb2eb47cecc464545ba58e1ad24/library/core/src/panic/unwind_safe.rs:272:9
[INFO] [stdout]   30:     0x60746cfb5753 - std::panicking::try::do_call::h3da0561d9ab99c25
[INFO] [stdout]                                at /rustc/6067b36314ab5eb2eb47cecc464545ba58e1ad24/library/std/src/panicking.rs:587:40
[INFO] [stdout]   31:     0x60746cfb5753 - std::panicking::try::h41c9fa508bc61df6
[INFO] [stdout]                                at /rustc/6067b36314ab5eb2eb47cecc464545ba58e1ad24/library/std/src/panicking.rs:550:19
[INFO] [stdout]   32:     0x60746cfb5753 - std::panic::catch_unwind::h6b3ff07bb5afad93
[INFO] [stdout]                                at /rustc/6067b36314ab5eb2eb47cecc464545ba58e1ad24/library/std/src/panic.rs:358:14
[INFO] [stdout]   33:     0x60746cfb5753 - test::run_test_in_process::hc7253dd11b39b9f4
[INFO] [stdout]                                at /rustc/6067b36314ab5eb2eb47cecc464545ba58e1ad24/library/test/src/lib.rs:655:27
[INFO] [stdout]   34:     0x60746cfb5753 - test::run_test::{{closure}}::hfb2007f8649c30bb
[INFO] [stdout]                                at /rustc/6067b36314ab5eb2eb47cecc464545ba58e1ad24/library/test/src/lib.rs:576:43
[INFO] [stdout]   35:     0x60746cf78835 - test::run_test::{{closure}}::h56a17aa7a282a9f4
[INFO] [stdout]                                at /rustc/6067b36314ab5eb2eb47cecc464545ba58e1ad24/library/test/src/lib.rs:606:41
[INFO] [stdout]   36:     0x60746cf78835 - std::sys::backtrace::__rust_begin_short_backtrace::hd2d2d2fb8e8c6aac
[INFO] [stdout]                                at /rustc/6067b36314ab5eb2eb47cecc464545ba58e1ad24/library/std/src/sys/backtrace.rs:152:18
[INFO] [stdout]   37:     0x60746cf7c11a - std::thread::Builder::spawn_unchecked_::{{closure}}::{{closure}}::h4faa3f9db6133423
[INFO] [stdout]                                at /rustc/6067b36314ab5eb2eb47cecc464545ba58e1ad24/library/std/src/thread/mod.rs:559:17
[INFO] [stdout]   38:     0x60746cf7c11a - <core::panic::unwind_safe::AssertUnwindSafe<F> as core::ops::function::FnOnce<()>>::call_once::hf2e855a36a4ea846
[INFO] [stdout]                                at /rustc/6067b36314ab5eb2eb47cecc464545ba58e1ad24/library/core/src/panic/unwind_safe.rs:272:9
[INFO] [stdout]   39:     0x60746cf7c11a - std::panicking::try::do_call::h2f73af3616c35465
[INFO] [stdout]                                at /rustc/6067b36314ab5eb2eb47cecc464545ba58e1ad24/library/std/src/panicking.rs:587:40
[INFO] [stdout]   40:     0x60746cf7c11a - std::panicking::try::hd1660ce9efadef5a
[INFO] [stdout]                                at /rustc/6067b36314ab5eb2eb47cecc464545ba58e1ad24/library/std/src/panicking.rs:550:19
[INFO] [stdout]   41:     0x60746cf7c11a - std::panic::catch_unwind::h5ee8d7823b8ca744
[INFO] [stdout]                                at /rustc/6067b36314ab5eb2eb47cecc464545ba58e1ad24/library/std/src/panic.rs:358:14
[INFO] [stdout]   42:     0x60746cf7c11a - std::thread::Builder::spawn_unchecked_::{{closure}}::h53c3a1894dce8407
[INFO] [stdout]                                at /rustc/6067b36314ab5eb2eb47cecc464545ba58e1ad24/library/std/src/thread/mod.rs:557:30
[INFO] [stdout]   43:     0x60746cf7c11a - core::ops::function::FnOnce::call_once{{vtable.shim}}::h048ce291ad4f62bf
[INFO] [stdout]                                at /rustc/6067b36314ab5eb2eb47cecc464545ba58e1ad24/library/core/src/ops/function.rs:250:5
[INFO] [stdout]   44:     0x60746d060a4b - <alloc::boxed::Box<F,A> as core::ops::function::FnOnce<Args>>::call_once::ha52bedf99a3b4981
[INFO] [stdout]                                at /rustc/6067b36314ab5eb2eb47cecc464545ba58e1ad24/library/alloc/src/boxed.rs:2013:9
[INFO] [stdout]   45:     0x60746d060a4b - <alloc::boxed::Box<F,A> as core::ops::function::FnOnce<Args>>::call_once::h567748934d80ccf8
[INFO] [stdout]                                at /rustc/6067b36314ab5eb2eb47cecc464545ba58e1ad24/library/alloc/src/boxed.rs:2013:9
[INFO] [stdout]   46:     0x60746d060a4b - std::sys::pal::unix::thread::Thread::new::thread_start::h2d970728ae887adc
[INFO] [stdout]                                at /rustc/6067b36314ab5eb2eb47cecc464545ba58e1ad24/library/std/src/sys/pal/unix/thread.rs:106:17
[INFO] [stdout]   47:     0x7abe55f85ac3 - <unknown>
[INFO] [stdout]   48:     0x7abe56016a04 - clone
[INFO] [stdout]   49:                0x0 - <unknown>
[INFO] [stdout] 
[INFO] [stdout] ---- doom_iwad_import_should_print_the_correct_information stdout ----
[INFO] [stdout] 
[INFO] [stdout] thread 'doom_iwad_import_should_print_the_correct_information' panicked at /rustc/6067b36314ab5eb2eb47cecc464545ba58e1ad24/library/core/src/ops/function.rs:250:5:
[INFO] [stdout] Unexpected failure.
[INFO] [stdout] code-1
[INFO] [stdout] stderr=```"Error: \n   0: \u{1b}[91mNo such file or directory (os error 2)\u{1b}[0m\n\nLocation:\n   \u{1b}[35msrc/wad.rs\u{1b}[0m:\u{1b}[35m70\u{1b}[0m\n\n  ━━━━━━━━━━━━━━━━━━━━━━━━━━━━━━━━━━ BACKTRACE ━━━━━━━━━━━━━━━━━━━━━━━━━━━━━━━━━━━\n  \u{1b}[96m                              ⋮ 5 frames hidden ⋮                               \u{1b}[0m\n   6: \u{1b}[32m<core::result::Result<T,F> as core::ops::try_trait::FromResidual<core::result::Result<core::convert::Infallible,E>>>::from_residual\u{1b}[0m\u{1b}[90m::h8006e2fe216930cc\u{1b}[0m\n      at \u{1b}[35m/rustc/6067b36314ab5eb2eb47cecc464545ba58e1ad24/library/core/src/result.rs\u{1b}[0m:\u{1b}[35m2014\u{1b}[0m\n   7: \u{1b}[91mtdl::wad::WadMetadata::from_path\u{1b}[0m\u{1b}[90m::h22b2fa262fc87e6a\u{1b}[0m\n      at \u{1b}[35m/opt/rustwide/workdir/src/wad.rs\u{1b}[0m:\u{1b}[35m70\u{1b}[0m\n        68 │ impl WadMetadata {\n        69 │     pub fn from_path(wad_path: impl AsRef<Path>) -> Result<WadMetadata, Report> {\n  \u{1b}[37m\u{1b}[1m      70\u{1b}[0m \u{1b}[37m\u{1b}[1m>\u{1b}[0m \u{1b}[37m\u{1b}[1m        let mut file = File::open(&wad_path)?;\u{1b}[0m\n        71 │         let header = WadMetadata::read_header(&wad_path, &mut file)?;\n        72 │         let directory = WadMetadata::read_directory(&mut file, &header)?;\n   8: \u{1b}[91mtdl::commands::iwad::run_iwad_cmd\u{1b}[0m\u{1b}[90m::h7748a0240f084bca\u{1b}[0m\n      at \u{1b}[35m/opt/rustwide/workdir/src/commands/iwad.rs\u{1b}[0m:\u{1b}[35m188\u{1b}[0m\n       186 │     match cmd {\n       187 │         IwadCommand::Import { path } => {\n  \u{1b}[37m\u{1b}[1m     188\u{1b}[0m \u{1b}[37m\u{1b}[1m>\u{1b}[0m \u{1b}[37m\u{1b}[1m            let metadata = WadMetadata::from_path(&path)?;\u{1b}[0m\n       189 │             let id = get_wad_entry_id(&path)?;\n       190 │             let file_name = get_wad_file_name(&path)?;\n   9: \u{1b}[91mtdl::main\u{1b}[0m\u{1b}[90m::h807adc754713862e\u{1b}[0m\n      at \u{1b}[35m/opt/rustwide/workdir/src/main.rs\u{1b}[0m:\u{1b}[35m69\u{1b}[0m\n        67 │         }\n        68 │         Some(Command::Wad { cmd }) => run_wad_cmd(cmd),\n  \u{1b}[37m\u{1b}[1m      69\u{1b}[0m \u{1b}[37m\u{1b}[1m>\u{1b}[0m \u{1b}[37m\u{1b}[1m        Some(Command::Iwad { cmd }) => run_iwad_cmd(cmd),\u{1b}[0m\n        70 │         None => panic!(\"Eventually go into interactive mode\"),\n        71 │     };\n  10: \u{1b}[32mcore::ops::function::FnOnce::call_once\u{1b}[0m\u{1b}[90m::h77a0e53334875423\u{1b}[0m\n      at \u{1b}[35m/rustc/6067b36314ab5eb2eb47cecc464545ba58e1ad24/library/core/src/ops/function.rs\u{1b}[0m:\u{1b}[35m250\u{1b}[0m\n  11: \u{1b}[32mstd::sys::backtrace::__rust_begin_short_backtrace\u{1b}[0m\u{1b}[90m::hf73de8cd05d7821b\u{1b}[0m\n      at \u{1b}[35m/rustc/6067b36314ab5eb2eb47cecc464545ba58e1ad24/library/std/src/sys/backtrace.rs\u{1b}[0m:\u{1b}[35m152\u{1b}[0m\n  \u{1b}[96m                              ⋮ 14 frames hidden ⋮                              \u{1b}[0m\n\nRun with COLORBT_SHOW_HIDDEN=1 environment variable to disable frame filtering.\n"```
[INFO] [stdout] command=`RUST_LOG="debug" TDL_DOOM_HOME_PATH="/tmp/.tmpeHuY9w" TDL_SETTINGS_PATH="/tmp/.tmpO9g9V0" "/opt/rustwide/target/debug/tdl" "iwad" "import" "test_iwads/DOOM.WAD"`
[INFO] [stdout] code=1
[INFO] [stdout] stdout=```""```
[INFO] [stdout] stderr=```"Error: \n   0: \u{1b}[91mNo such file or directory (os error 2)\u{1b}[0m\n\nLocation:\n   \u{1b}[35msrc/wad.rs\u{1b}[0m:\u{1b}[35m70\u{1b}[0m\n\n  ━━━━━━━━━━━━━━━━━━━━━━━━━━━━━━━━━━ BACKTRACE ━━━━━━━━━━━━━━━━━━━━━━━━━━━━━━━━━━━\n  \u{1b}[96m                              ⋮ 5 frames hidden ⋮                               \u{1b}[0m\n   6: \u{1b}[32m<core::result::Result<T,F> as core::ops::try_trait::FromResidual<core::result::Result<core::convert::Infallible,E>>>::from_residual\u{1b}[0m\u{1b}[90m::h8006e2fe216930cc\u{1b}[0m\n      at \u{1b}[35m/rustc/6067b36314ab5eb2eb47cecc464545ba58e1ad24/library/core/src/result.rs\u{1b}[0m:\u{1b}[35m2014\u{1b}[0m\n   7: \u{1b}[91mtdl::wad::WadMetadata::from_path\u{1b}[0m\u{1b}[90m::h22b2fa262fc87e6a\u{1b}[0m\n      at \u{1b}[35m/opt/rustwide/workdir/src/wad.rs\u{1b}[0m:\u{1b}[35m70\u{1b}[0m\n        68 │ impl WadMetadata {\n        69 │     pub fn from_path(wad_path: impl AsRef<Path>) -> Result<WadMetadata, Report> {\n  \u{1b}[37m\u{1b}[1m      70\u{1b}[0m \u{1b}[37m\u{1b}[1m>\u{1b}[0m \u{1b}[37m\u{1b}[1m        let mut file = File::open(&wad_path)?;\u{1b}[0m\n        71 │         let header = WadMetadata::read_header(&wad_path, &mut file)?;\n        72 │         let directory = WadMetadata::read_directory(&mut file, &header)?;\n   8: \u{1b}[91mtdl::commands::iwad::run_iwad_cmd\u{1b}[0m\u{1b}[90m::h7748a0240f084bca\u{1b}[0m\n      at \u{1b}[35m/opt/rustwide/workdir/src/commands/iwad.rs\u{1b}[0m:\u{1b}[35m188\u{1b}[0m\n       186 │     match cmd {\n       187 │         IwadCommand::Import { path } => {\n  \u{1b}[37m\u{1b}[1m     188\u{1b}[0m \u{1b}[37m\u{1b}[1m>\u{1b}[0m \u{1b}[37m\u{1b}[1m            let metadata = WadMetadata::from_path(&path)?;\u{1b}[0m\n       189 │             let id = get_wad_entry_id(&path)?;\n       190 │             let file_name = get_wad_file_name(&path)?;\n   9: \u{1b}[91mtdl::main\u{1b}[0m\u{1b}[90m::h807adc754713862e\u{1b}[0m\n      at \u{1b}[35m/opt/rustwide/workdir/src/main.rs\u{1b}[0m:\u{1b}[35m69\u{1b}[0m\n        67 │         }\n        68 │         Some(Command::Wad { cmd }) => run_wad_cmd(cmd),\n  \u{1b}[37m\u{1b}[1m      69\u{1b}[0m \u{1b}[37m\u{1b}[1m>\u{1b}[0m \u{1b}[37m\u{1b}[1m        Some(Command::Iwad { cmd }) => run_iwad_cmd(cmd),\u{1b}[0m\n        70 │         None => panic!(\"Eventually go into interactive mode\"),\n        71 │     };\n  10: \u{1b}[32mcore::ops::function::FnOnce::call_once\u{1b}[0m\u{1b}[90m::h77a0e53334875423\u{1b}[0m\n      at \u{1b}[35m/rustc/6067b36314ab5eb2eb47cecc464545ba58e1ad24/library/core/src/ops/function.rs\u{1b}[0m:\u{1b}[35m250\u{1b}[0m\n  11: \u{1b}[32mstd::sys::backtrace::__rust_begin_short_backtrace\u{1b}[0m\u{1b}[90m::hf73de8cd05d7821b\u{1b}[0m\n      at \u{1b}[35m/rustc/6067b36314ab5eb2eb47cecc464545ba58e1ad24/library/std/src/sys/backtrace.rs\u{1b}[0m:\u{1b}[35m152\u{1b}[0m\n  \u{1b}[96m                              ⋮ 14 frames hidden ⋮                              \u{1b}[0m\n\nRun with COLORBT_SHOW_HIDDEN=1 environment variable to disable frame filtering.\n"```
[INFO] [stdout] 
[INFO] [stdout] stack backtrace:
[INFO] [stdout]    0:     0x60746d0595ea - std::backtrace_rs::backtrace::libunwind::trace::hb059275cfc8d6126
[INFO] [stdout]                                at /rustc/6067b36314ab5eb2eb47cecc464545ba58e1ad24/library/std/src/../../backtrace/src/backtrace/libunwind.rs:116:5
[INFO] [stdout]    1:     0x60746d0595ea - std::backtrace_rs::backtrace::trace_unsynchronized::h2da071e4327ce3ee
[INFO] [stdout]                                at /rustc/6067b36314ab5eb2eb47cecc464545ba58e1ad24/library/std/src/../../backtrace/src/backtrace/mod.rs:66:5
[INFO] [stdout]    2:     0x60746d0595ea - std::sys::backtrace::_print_fmt::h842a1474e6f8d23f
[INFO] [stdout]                                at /rustc/6067b36314ab5eb2eb47cecc464545ba58e1ad24/library/std/src/sys/backtrace.rs:66:9
[INFO] [stdout]    3:     0x60746d0595ea - <std::sys::backtrace::BacktraceLock::print::DisplayBacktrace as core::fmt::Display>::fmt::h71a62eb3b9696b12
[INFO] [stdout]                                at /rustc/6067b36314ab5eb2eb47cecc464545ba58e1ad24/library/std/src/sys/backtrace.rs:39:26
[INFO] [stdout]    4:     0x60746d082d73 - core::fmt::rt::Argument::fmt::hdb6b616786b41dc1
[INFO] [stdout]                                at /rustc/6067b36314ab5eb2eb47cecc464545ba58e1ad24/library/core/src/fmt/rt.rs:177:76
[INFO] [stdout]    5:     0x60746d082d73 - core::fmt::write::h2cc1698af7e2d686
[INFO] [stdout]                                at /rustc/6067b36314ab5eb2eb47cecc464545ba58e1ad24/library/core/src/fmt/mod.rs:1440:21
[INFO] [stdout]    6:     0x60746d0559c3 - std::io::Write::write_fmt::hab1b4cd059a79022
[INFO] [stdout]                                at /rustc/6067b36314ab5eb2eb47cecc464545ba58e1ad24/library/std/src/io/mod.rs:1887:15
[INFO] [stdout]    7:     0x60746d059432 - std::sys::backtrace::BacktraceLock::print::h147fe35b4ea13b08
[INFO] [stdout]                                at /rustc/6067b36314ab5eb2eb47cecc464545ba58e1ad24/library/std/src/sys/backtrace.rs:42:9
[INFO] [stdout]    8:     0x60746d05aa8f - std::panicking::default_hook::{{closure}}::hbd44223dbdc0d208
[INFO] [stdout]                                at /rustc/6067b36314ab5eb2eb47cecc464545ba58e1ad24/library/std/src/panicking.rs:298:22
[INFO] [stdout]    9:     0x60746d05a8a8 - std::panicking::default_hook::h20f81eb0576efcec
[INFO] [stdout]                                at /rustc/6067b36314ab5eb2eb47cecc464545ba58e1ad24/library/std/src/panicking.rs:322:9
[INFO] [stdout]   10:     0x60746cfb10c3 - <alloc::boxed::Box<F,A> as core::ops::function::Fn<Args>>::call::hdb53814c496a4d34
[INFO] [stdout]                                at /rustc/6067b36314ab5eb2eb47cecc464545ba58e1ad24/library/alloc/src/boxed.rs:2027:9
[INFO] [stdout]   11:     0x60746cfb10c3 - test::test_main::{{closure}}::hc0a4963c59427c24
[INFO] [stdout]                                at /rustc/6067b36314ab5eb2eb47cecc464545ba58e1ad24/library/test/src/lib.rs:134:21
[INFO] [stdout]   12:     0x60746d05b583 - <alloc::boxed::Box<F,A> as core::ops::function::Fn<Args>>::call::h591b2225413a77e9
[INFO] [stdout]                                at /rustc/6067b36314ab5eb2eb47cecc464545ba58e1ad24/library/alloc/src/boxed.rs:2027:9
[INFO] [stdout]   13:     0x60746d05b583 - std::panicking::rust_panic_with_hook::h625eea43051b2edc
[INFO] [stdout]                                at /rustc/6067b36314ab5eb2eb47cecc464545ba58e1ad24/library/std/src/panicking.rs:839:13
[INFO] [stdout]   14:     0x60746d05b23a - std::panicking::begin_panic_handler::{{closure}}::h4f9159cfbc3f6bd3
[INFO] [stdout]                                at /rustc/6067b36314ab5eb2eb47cecc464545ba58e1ad24/library/std/src/panicking.rs:704:13
[INFO] [stdout]   15:     0x60746d059ae9 - std::sys::backtrace::__rust_end_short_backtrace::h0390abce48353151
[INFO] [stdout]                                at /rustc/6067b36314ab5eb2eb47cecc464545ba58e1ad24/library/std/src/sys/backtrace.rs:168:18
[INFO] [stdout]   16:     0x60746d05aecd - rust_begin_unwind
[INFO] [stdout]                                at /rustc/6067b36314ab5eb2eb47cecc464545ba58e1ad24/library/std/src/panicking.rs:695:5
[INFO] [stdout]   17:     0x60746d081440 - core::panicking::panic_fmt::h9e7c637e9e5f29c9
[INFO] [stdout]                                at /rustc/6067b36314ab5eb2eb47cecc464545ba58e1ad24/library/core/src/panicking.rs:75:14
[INFO] [stdout]   18:     0x60746d002503 - core::panicking::panic_display::h2adb69b7ed8dc79a
[INFO] [stdout]                                at /rustc/6067b36314ab5eb2eb47cecc464545ba58e1ad24/library/core/src/panicking.rs:261:5
[INFO] [stdout]   19:     0x60746d007547 - assert_cmd::assert::AssertError::panic::h2e39ded93cadbaad
[INFO] [stdout]                                at /opt/rustwide/cargo-home/registry/src/index.crates.io-1949cf8c6b5b557f/assert_cmd-2.0.1/src/assert.rs:1030:9
[INFO] [stdout]   20:     0x60746d000835 - core::ops::function::FnOnce::call_once::h9173c02ee6915fc5
[INFO] [stdout]                                at /rustc/6067b36314ab5eb2eb47cecc464545ba58e1ad24/library/core/src/ops/function.rs:250:5
[INFO] [stdout]   21:     0x60746d0056b0 - core::result::Result<T,E>::unwrap_or_else::hc6e0014d77bf1efe
[INFO] [stdout]                                at /rustc/6067b36314ab5eb2eb47cecc464545ba58e1ad24/library/core/src/result.rs:1463:23
[INFO] [stdout]   22:     0x60746d006e44 - assert_cmd::assert::Assert::success::h93e87d4a418a6024
[INFO] [stdout]                                at /opt/rustwide/cargo-home/registry/src/index.crates.io-1949cf8c6b5b557f/assert_cmd-2.0.1/src/assert.rs:156:9
[INFO] [stdout]   23:     0x60746cf717a9 - iwad_import::doom_iwad_import_should_print_the_correct_information::h0dfd48bf1e7917a4
[INFO] [stdout]                                at /opt/rustwide/workdir/tests/iwad_import.rs:72:5
[INFO] [stdout]   24:     0x60746cf71027 - iwad_import::doom_iwad_import_should_print_the_correct_information::{{closure}}::he8a7719b9967a9e8
[INFO] [stdout]                                at /opt/rustwide/workdir/tests/iwad_import.rs:68:59
[INFO] [stdout]   25:     0x60746cf6d836 - core::ops::function::FnOnce::call_once::h9ba4ec1412ac36f1
[INFO] [stdout]                                at /rustc/6067b36314ab5eb2eb47cecc464545ba58e1ad24/library/core/src/ops/function.rs:250:5
[INFO] [stdout]   26:     0x60746cfb681b - core::ops::function::FnOnce::call_once::he27718dfdd183f43
[INFO] [stdout]                                at /rustc/6067b36314ab5eb2eb47cecc464545ba58e1ad24/library/core/src/ops/function.rs:250:5
[INFO] [stdout]   27:     0x60746cfb681b - test::__rust_begin_short_backtrace::h4e84902998457a5d
[INFO] [stdout]                                at /rustc/6067b36314ab5eb2eb47cecc464545ba58e1ad24/library/test/src/lib.rs:632:18
[INFO] [stdout]   28:     0x60746cfb5753 - test::run_test_in_process::{{closure}}::h7176fd18fc1feca0
[INFO] [stdout]                                at /rustc/6067b36314ab5eb2eb47cecc464545ba58e1ad24/library/test/src/lib.rs:655:60
[INFO] [stdout]   29:     0x60746cfb5753 - <core::panic::unwind_safe::AssertUnwindSafe<F> as core::ops::function::FnOnce<()>>::call_once::hf79cff2a624d8cf7
[INFO] [stdout]                                at /rustc/6067b36314ab5eb2eb47cecc464545ba58e1ad24/library/core/src/panic/unwind_safe.rs:272:9
[INFO] [stdout]   30:     0x60746cfb5753 - std::panicking::try::do_call::h3da0561d9ab99c25
[INFO] [stdout]                                at /rustc/6067b36314ab5eb2eb47cecc464545ba58e1ad24/library/std/src/panicking.rs:587:40
[INFO] [stdout]   31:     0x60746cfb5753 - std::panicking::try::h41c9fa508bc61df6
[INFO] [stdout]                                at /rustc/6067b36314ab5eb2eb47cecc464545ba58e1ad24/library/std/src/panicking.rs:550:19
[INFO] [stdout]   32:     0x60746cfb5753 - std::panic::catch_unwind::h6b3ff07bb5afad93
[INFO] [stdout]                                at /rustc/6067b36314ab5eb2eb47cecc464545ba58e1ad24/library/std/src/panic.rs:358:14
[INFO] [stdout]   33:     0x60746cfb5753 - test::run_test_in_process::hc7253dd11b39b9f4
[INFO] [stdout]                                at /rustc/6067b36314ab5eb2eb47cecc464545ba58e1ad24/library/test/src/lib.rs:655:27
[INFO] [stdout]   34:     0x60746cfb5753 - test::run_test::{{closure}}::hfb2007f8649c30bb
[INFO] [stdout]                                at /rustc/6067b36314ab5eb2eb47cecc464545ba58e1ad24/library/test/src/lib.rs:576:43
[INFO] [stdout]   35:     0x60746cf78835 - test::run_test::{{closure}}::h56a17aa7a282a9f4
[INFO] [stdout]                                at /rustc/6067b36314ab5eb2eb47cecc464545ba58e1ad24/library/test/src/lib.rs:606:41
[INFO] [stdout]   36:     0x60746cf78835 - std::sys::backtrace::__rust_begin_short_backtrace::hd2d2d2fb8e8c6aac
[INFO] [stdout]                                at /rustc/6067b36314ab5eb2eb47cecc464545ba58e1ad24/library/std/src/sys/backtrace.rs:152:18
[INFO] [stdout]   37:     0x60746cf7c11a - std::thread::Builder::spawn_unchecked_::{{closure}}::{{closure}}::h4faa3f9db6133423
[INFO] [stdout]                                at /rustc/6067b36314ab5eb2eb47cecc464545ba58e1ad24/library/std/src/thread/mod.rs:559:17
[INFO] [stdout]   38:     0x60746cf7c11a - <core::panic::unwind_safe::AssertUnwindSafe<F> as core::ops::function::FnOnce<()>>::call_once::hf2e855a36a4ea846
[INFO] [stdout]                                at /rustc/6067b36314ab5eb2eb47cecc464545ba58e1ad24/library/core/src/panic/unwind_safe.rs:272:9
[INFO] [stdout]   39:     0x60746cf7c11a - std::panicking::try::do_call::h2f73af3616c35465
[INFO] [stdout]                                at /rustc/6067b36314ab5eb2eb47cecc464545ba58e1ad24/library/std/src/panicking.rs:587:40
[INFO] [stdout]   40:     0x60746cf7c11a - std::panicking::try::hd1660ce9efadef5a
[INFO] [stdout]                                at /rustc/6067b36314ab5eb2eb47cecc464545ba58e1ad24/library/std/src/panicking.rs:550:19
[INFO] [stdout]   41:     0x60746cf7c11a - std::panic::catch_unwind::h5ee8d7823b8ca744
[INFO] [stdout]                                at /rustc/6067b36314ab5eb2eb47cecc464545ba58e1ad24/library/std/src/panic.rs:358:14
[INFO] [stdout]   42:     0x60746cf7c11a - std::thread::Builder::spawn_unchecked_::{{closure}}::h53c3a1894dce8407
[INFO] [stdout]                                at /rustc/6067b36314ab5eb2eb47cecc464545ba58e1ad24/library/std/src/thread/mod.rs:557:30
[INFO] [stdout]   43:     0x60746cf7c11a - core::ops::function::FnOnce::call_once{{vtable.shim}}::h048ce291ad4f62bf
[INFO] [stdout]                                at /rustc/6067b36314ab5eb2eb47cecc464545ba58e1ad24/library/core/src/ops/function.rs:250:5
[INFO] [stdout]   44:     0x60746d060a4b - <alloc::boxed::Box<F,A> as core::ops::function::FnOnce<Args>>::call_once::ha52bedf99a3b4981
[INFO] [stdout]                                at /rustc/6067b36314ab5eb2eb47cecc464545ba58e1ad24/library/alloc/src/boxed.rs:2013:9
[INFO] [stdout]   45:     0x60746d060a4b - <alloc::boxed::Box<F,A> as core::ops::function::FnOnce<Args>>::call_once::h567748934d80ccf8
[INFO] [stdout]                                at /rustc/6067b36314ab5eb2eb47cecc464545ba58e1ad24/library/alloc/src/boxed.rs:2013:9
[INFO] [stdout]   46:     0x60746d060a4b - std::sys::pal::unix::thread::Thread::new::thread_start::h2d970728ae887adc
[INFO] [stdout]                                at /rustc/6067b36314ab5eb2eb47cecc464545ba58e1ad24/library/std/src/sys/pal/unix/thread.rs:106:17
[INFO] [stdout]   47:     0x7abe55f85ac3 - <unknown>
[INFO] [stdout]   48:     0x7abe56016a04 - clone
[INFO] [stdout]   49:                0x0 - <unknown>
[INFO] [stdout] 
[INFO] [stdout] ---- plutonia_iwad_import_should_print_the_correct_information stdout ----
[INFO] [stdout] 
[INFO] [stdout] thread 'plutonia_iwad_import_should_print_the_correct_information' panicked at /rustc/6067b36314ab5eb2eb47cecc464545ba58e1ad24/library/core/src/ops/function.rs:250:5:
[INFO] [stdout] Unexpected failure.
[INFO] [stdout] code-1
[INFO] [stdout] stderr=```"Error: \n   0: \u{1b}[91mNo such file or directory (os error 2)\u{1b}[0m\n\nLocation:\n   \u{1b}[35msrc/wad.rs\u{1b}[0m:\u{1b}[35m70\u{1b}[0m\n\n  ━━━━━━━━━━━━━━━━━━━━━━━━━━━━━━━━━━ BACKTRACE ━━━━━━━━━━━━━━━━━━━━━━━━━━━━━━━━━━━\n  \u{1b}[96m                              ⋮ 5 frames hidden ⋮                               \u{1b}[0m\n   6: \u{1b}[32m<core::result::Result<T,F> as core::ops::try_trait::FromResidual<core::result::Result<core::convert::Infallible,E>>>::from_residual\u{1b}[0m\u{1b}[90m::h8006e2fe216930cc\u{1b}[0m\n      at \u{1b}[35m/rustc/6067b36314ab5eb2eb47cecc464545ba58e1ad24/library/core/src/result.rs\u{1b}[0m:\u{1b}[35m2014\u{1b}[0m\n   7: \u{1b}[91mtdl::wad::WadMetadata::from_path\u{1b}[0m\u{1b}[90m::h22b2fa262fc87e6a\u{1b}[0m\n      at \u{1b}[35m/opt/rustwide/workdir/src/wad.rs\u{1b}[0m:\u{1b}[35m70\u{1b}[0m\n        68 │ impl WadMetadata {\n        69 │     pub fn from_path(wad_path: impl AsRef<Path>) -> Result<WadMetadata, Report> {\n  \u{1b}[37m\u{1b}[1m      70\u{1b}[0m \u{1b}[37m\u{1b}[1m>\u{1b}[0m \u{1b}[37m\u{1b}[1m        let mut file = File::open(&wad_path)?;\u{1b}[0m\n        71 │         let header = WadMetadata::read_header(&wad_path, &mut file)?;\n        72 │         let directory = WadMetadata::read_directory(&mut file, &header)?;\n   8: \u{1b}[91mtdl::commands::iwad::run_iwad_cmd\u{1b}[0m\u{1b}[90m::h7748a0240f084bca\u{1b}[0m\n      at \u{1b}[35m/opt/rustwide/workdir/src/commands/iwad.rs\u{1b}[0m:\u{1b}[35m188\u{1b}[0m\n       186 │     match cmd {\n       187 │         IwadCommand::Import { path } => {\n  \u{1b}[37m\u{1b}[1m     188\u{1b}[0m \u{1b}[37m\u{1b}[1m>\u{1b}[0m \u{1b}[37m\u{1b}[1m            let metadata = WadMetadata::from_path(&path)?;\u{1b}[0m\n       189 │             let id = get_wad_entry_id(&path)?;\n       190 │             let file_name = get_wad_file_name(&path)?;\n   9: \u{1b}[91mtdl::main\u{1b}[0m\u{1b}[90m::h807adc754713862e\u{1b}[0m\n      at \u{1b}[35m/opt/rustwide/workdir/src/main.rs\u{1b}[0m:\u{1b}[35m69\u{1b}[0m\n        67 │         }\n        68 │         Some(Command::Wad { cmd }) => run_wad_cmd(cmd),\n  \u{1b}[37m\u{1b}[1m      69\u{1b}[0m \u{1b}[37m\u{1b}[1m>\u{1b}[0m \u{1b}[37m\u{1b}[1m        Some(Command::Iwad { cmd }) => run_iwad_cmd(cmd),\u{1b}[0m\n        70 │         None => panic!(\"Eventually go into interactive mode\"),\n        71 │     };\n  10: \u{1b}[32mcore::ops::function::FnOnce::call_once\u{1b}[0m\u{1b}[90m::h77a0e53334875423\u{1b}[0m\n      at \u{1b}[35m/rustc/6067b36314ab5eb2eb47cecc464545ba58e1ad24/library/core/src/ops/function.rs\u{1b}[0m:\u{1b}[35m250\u{1b}[0m\n  11: \u{1b}[32mstd::sys::backtrace::__rust_begin_short_backtrace\u{1b}[0m\u{1b}[90m::hf73de8cd05d7821b\u{1b}[0m\n      at \u{1b}[35m/rustc/6067b36314ab5eb2eb47cecc464545ba58e1ad24/library/std/src/sys/backtrace.rs\u{1b}[0m:\u{1b}[35m152\u{1b}[0m\n  \u{1b}[96m                              ⋮ 14 frames hidden ⋮                              \u{1b}[0m\n\nRun with COLORBT_SHOW_HIDDEN=1 environment variable to disable frame filtering.\n"```
[INFO] [stdout] command=`RUST_LOG="debug" TDL_DOOM_HOME_PATH="/tmp/.tmpT1lgZw" TDL_SETTINGS_PATH="/tmp/.tmpSwqwth" "/opt/rustwide/target/debug/tdl" "iwad" "import" "test_iwads/PLUTONIA.WAD"`
[INFO] [stdout] code=1
[INFO] [stdout] stdout=```""```
[INFO] [stdout] stderr=```"Error: \n   0: \u{1b}[91mNo such file or directory (os error 2)\u{1b}[0m\n\nLocation:\n   \u{1b}[35msrc/wad.rs\u{1b}[0m:\u{1b}[35m70\u{1b}[0m\n\n  ━━━━━━━━━━━━━━━━━━━━━━━━━━━━━━━━━━ BACKTRACE ━━━━━━━━━━━━━━━━━━━━━━━━━━━━━━━━━━━\n  \u{1b}[96m                              ⋮ 5 frames hidden ⋮                               \u{1b}[0m\n   6: \u{1b}[32m<core::result::Result<T,F> as core::ops::try_trait::FromResidual<core::result::Result<core::convert::Infallible,E>>>::from_residual\u{1b}[0m\u{1b}[90m::h8006e2fe216930cc\u{1b}[0m\n      at \u{1b}[35m/rustc/6067b36314ab5eb2eb47cecc464545ba58e1ad24/library/core/src/result.rs\u{1b}[0m:\u{1b}[35m2014\u{1b}[0m\n   7: \u{1b}[91mtdl::wad::WadMetadata::from_path\u{1b}[0m\u{1b}[90m::h22b2fa262fc87e6a\u{1b}[0m\n      at \u{1b}[35m/opt/rustwide/workdir/src/wad.rs\u{1b}[0m:\u{1b}[35m70\u{1b}[0m\n        68 │ impl WadMetadata {\n        69 │     pub fn from_path(wad_path: impl AsRef<Path>) -> Result<WadMetadata, Report> {\n  \u{1b}[37m\u{1b}[1m      70\u{1b}[0m \u{1b}[37m\u{1b}[1m>\u{1b}[0m \u{1b}[37m\u{1b}[1m        let mut file = File::open(&wad_path)?;\u{1b}[0m\n        71 │         let header = WadMetadata::read_header(&wad_path, &mut file)?;\n        72 │         let directory = WadMetadata::read_directory(&mut file, &header)?;\n   8: \u{1b}[91mtdl::commands::iwad::run_iwad_cmd\u{1b}[0m\u{1b}[90m::h7748a0240f084bca\u{1b}[0m\n      at \u{1b}[35m/opt/rustwide/workdir/src/commands/iwad.rs\u{1b}[0m:\u{1b}[35m188\u{1b}[0m\n       186 │     match cmd {\n       187 │         IwadCommand::Import { path } => {\n  \u{1b}[37m\u{1b}[1m     188\u{1b}[0m \u{1b}[37m\u{1b}[1m>\u{1b}[0m \u{1b}[37m\u{1b}[1m            let metadata = WadMetadata::from_path(&path)?;\u{1b}[0m\n       189 │             let id = get_wad_entry_id(&path)?;\n       190 │             let file_name = get_wad_file_name(&path)?;\n   9: \u{1b}[91mtdl::main\u{1b}[0m\u{1b}[90m::h807adc754713862e\u{1b}[0m\n      at \u{1b}[35m/opt/rustwide/workdir/src/main.rs\u{1b}[0m:\u{1b}[35m69\u{1b}[0m\n        67 │         }\n        68 │         Some(Command::Wad { cmd }) => run_wad_cmd(cmd),\n  \u{1b}[37m\u{1b}[1m      69\u{1b}[0m \u{1b}[37m\u{1b}[1m>\u{1b}[0m \u{1b}[37m\u{1b}[1m        Some(Command::Iwad { cmd }) => run_iwad_cmd(cmd),\u{1b}[0m\n        70 │         None => panic!(\"Eventually go into interactive mode\"),\n        71 │     };\n  10: \u{1b}[32mcore::ops::function::FnOnce::call_once\u{1b}[0m\u{1b}[90m::h77a0e53334875423\u{1b}[0m\n      at \u{1b}[35m/rustc/6067b36314ab5eb2eb47cecc464545ba58e1ad24/library/core/src/ops/function.rs\u{1b}[0m:\u{1b}[35m250\u{1b}[0m\n  11: \u{1b}[32mstd::sys::backtrace::__rust_begin_short_backtrace\u{1b}[0m\u{1b}[90m::hf73de8cd05d7821b\u{1b}[0m\n      at \u{1b}[35m/rustc/6067b36314ab5eb2eb47cecc464545ba58e1ad24/library/std/src/sys/backtrace.rs\u{1b}[0m:\u{1b}[35m152\u{1b}[0m\n  \u{1b}[96m                              ⋮ 14 frames hidden ⋮                              \u{1b}[0m\n\nRun with COLORBT_SHOW_HIDDEN=1 environment variable to disable frame filtering.\n"```
[INFO] [stdout] 
[INFO] [stdout] stack backtrace:
[INFO] [stdout]    0:     0x60746d0595ea - std::backtrace_rs::backtrace::libunwind::trace::hb059275cfc8d6126
[INFO] [stdout]                                at /rustc/6067b36314ab5eb2eb47cecc464545ba58e1ad24/library/std/src/../../backtrace/src/backtrace/libunwind.rs:116:5
[INFO] [stdout]    1:     0x60746d0595ea - std::backtrace_rs::backtrace::trace_unsynchronized::h2da071e4327ce3ee
[INFO] [stdout]                                at /rustc/6067b36314ab5eb2eb47cecc464545ba58e1ad24/library/std/src/../../backtrace/src/backtrace/mod.rs:66:5
[INFO] [stdout]    2:     0x60746d0595ea - std::sys::backtrace::_print_fmt::h842a1474e6f8d23f
[INFO] [stdout]                                at /rustc/6067b36314ab5eb2eb47cecc464545ba58e1ad24/library/std/src/sys/backtrace.rs:66:9
[INFO] [stdout]    3:     0x60746d0595ea - <std::sys::backtrace::BacktraceLock::print::DisplayBacktrace as core::fmt::Display>::fmt::h71a62eb3b9696b12
[INFO] [stdout]                                at /rustc/6067b36314ab5eb2eb47cecc464545ba58e1ad24/library/std/src/sys/backtrace.rs:39:26
[INFO] [stdout]    4:     0x60746d082d73 - core::fmt::rt::Argument::fmt::hdb6b616786b41dc1
[INFO] [stdout]                                at /rustc/6067b36314ab5eb2eb47cecc464545ba58e1ad24/library/core/src/fmt/rt.rs:177:76
[INFO] [stdout]    5:     0x60746d082d73 - core::fmt::write::h2cc1698af7e2d686
[INFO] [stdout]                                at /rustc/6067b36314ab5eb2eb47cecc464545ba58e1ad24/library/core/src/fmt/mod.rs:1440:21
[INFO] [stdout]    6:     0x60746d0559c3 - std::io::Write::write_fmt::hab1b4cd059a79022
[INFO] [stdout]                                at /rustc/6067b36314ab5eb2eb47cecc464545ba58e1ad24/library/std/src/io/mod.rs:1887:15
[INFO] [stdout]    7:     0x60746d059432 - std::sys::backtrace::BacktraceLock::print::h147fe35b4ea13b08
[INFO] [stdout]                                at /rustc/6067b36314ab5eb2eb47cecc464545ba58e1ad24/library/std/src/sys/backtrace.rs:42:9
[INFO] [stdout]    8:     0x60746d05aa8f - std::panicking::default_hook::{{closure}}::hbd44223dbdc0d208
[INFO] [stdout]                                at /rustc/6067b36314ab5eb2eb47cecc464545ba58e1ad24/library/std/src/panicking.rs:298:22
[INFO] [stdout]    9:     0x60746d05a8a8 - std::panicking::default_hook::h20f81eb0576efcec
[INFO] [stdout]                                at /rustc/6067b36314ab5eb2eb47cecc464545ba58e1ad24/library/std/src/panicking.rs:322:9
[INFO] [stdout]   10:     0x60746cfb10c3 - <alloc::boxed::Box<F,A> as core::ops::function::Fn<Args>>::call::hdb53814c496a4d34
[INFO] [stdout]                                at /rustc/6067b36314ab5eb2eb47cecc464545ba58e1ad24/library/alloc/src/boxed.rs:2027:9
[INFO] [stdout]   11:     0x60746cfb10c3 - test::test_main::{{closure}}::hc0a4963c59427c24
[INFO] [stdout]                                at /rustc/6067b36314ab5eb2eb47cecc464545ba58e1ad24/library/test/src/lib.rs:134:21
[INFO] [stdout]   12:     0x60746d05b583 - <alloc::boxed::Box<F,A> as core::ops::function::Fn<Args>>::call::h591b2225413a77e9
[INFO] [stdout]                                at /rustc/6067b36314ab5eb2eb47cecc464545ba58e1ad24/library/alloc/src/boxed.rs:2027:9
[INFO] [stdout]   13:     0x60746d05b583 - std::panicking::rust_panic_with_hook::h625eea43051b2edc
[INFO] [stdout]                                at /rustc/6067b36314ab5eb2eb47cecc464545ba58e1ad24/library/std/src/panicking.rs:839:13
[INFO] [stdout]   14:     0x60746d05b23a - std::panicking::begin_panic_handler::{{closure}}::h4f9159cfbc3f6bd3
[INFO] [stdout]                                at /rustc/6067b36314ab5eb2eb47cecc464545ba58e1ad24/library/std/src/panicking.rs:704:13
[INFO] [stdout]   15:     0x60746d059ae9 - std::sys::backtrace::__rust_end_short_backtrace::h0390abce48353151
[INFO] [stdout]                                at /rustc/6067b36314ab5eb2eb47cecc464545ba58e1ad24/library/std/src/sys/backtrace.rs:168:18
[INFO] [stdout]   16:     0x60746d05aecd - rust_begin_unwind
[INFO] [stdout]                                at /rustc/6067b36314ab5eb2eb47cecc464545ba58e1ad24/library/std/src/panicking.rs:695:5
[INFO] [stdout]   17:     0x60746d081440 - core::panicking::panic_fmt::h9e7c637e9e5f29c9
[INFO] [stdout]                                at /rustc/6067b36314ab5eb2eb47cecc464545ba58e1ad24/library/core/src/panicking.rs:75:14
[INFO] [stdout]   18:     0x60746d002503 - core::panicking::panic_display::h2adb69b7ed8dc79a
[INFO] [stdout]                                at /rustc/6067b36314ab5eb2eb47cecc464545ba58e1ad24/library/core/src/panicking.rs:261:5
[INFO] [stdout]   19:     0x60746d007547 - assert_cmd::assert::AssertError::panic::h2e39ded93cadbaad
[INFO] [stdout]                                at /opt/rustwide/cargo-home/registry/src/index.crates.io-1949cf8c6b5b557f/assert_cmd-2.0.1/src/assert.rs:1030:9
[INFO] [stdout]   20:     0x60746d000835 - core::ops::function::FnOnce::call_once::h9173c02ee6915fc5
[INFO] [stdout]                                at /rustc/6067b36314ab5eb2eb47cecc464545ba58e1ad24/library/core/src/ops/function.rs:250:5
[INFO] [stdout]   21:     0x60746d0056b0 - core::result::Result<T,E>::unwrap_or_else::hc6e0014d77bf1efe
[INFO] [stdout]                                at /rustc/6067b36314ab5eb2eb47cecc464545ba58e1ad24/library/core/src/result.rs:1463:23
[INFO] [stdout]   22:     0x60746d006e44 - assert_cmd::assert::Assert::success::h93e87d4a418a6024
[INFO] [stdout]                                at /opt/rustwide/cargo-home/registry/src/index.crates.io-1949cf8c6b5b557f/assert_cmd-2.0.1/src/assert.rs:156:9
[INFO] [stdout]   23:     0x60746cf73919 - iwad_import::plutonia_iwad_import_should_print_the_correct_information::hcd804907e8fafcd1
[INFO] [stdout]                                at /opt/rustwide/workdir/tests/iwad_import.rs:137:5
[INFO] [stdout]   24:     0x60746cf731b7 - iwad_import::plutonia_iwad_import_should_print_the_correct_information::{{closure}}::hd4378ffba7df56e7
[INFO] [stdout]                                at /opt/rustwide/workdir/tests/iwad_import.rs:133:63
[INFO] [stdout]   25:     0x60746cf6d7b6 - core::ops::function::FnOnce::call_once::h831e6a563ce59490
[INFO] [stdout]                                at /rustc/6067b36314ab5eb2eb47cecc464545ba58e1ad24/library/core/src/ops/function.rs:250:5
[INFO] [stdout]   26:     0x60746cfb681b - core::ops::function::FnOnce::call_once::he27718dfdd183f43
[INFO] [stdout]                                at /rustc/6067b36314ab5eb2eb47cecc464545ba58e1ad24/library/core/src/ops/function.rs:250:5
[INFO] [stdout]   27:     0x60746cfb681b - test::__rust_begin_short_backtrace::h4e84902998457a5d
[INFO] [stdout]                                at /rustc/6067b36314ab5eb2eb47cecc464545ba58e1ad24/library/test/src/lib.rs:632:18
[INFO] [stdout]   28:     0x60746cfb5753 - test::run_test_in_process::{{closure}}::h7176fd18fc1feca0
[INFO] [stdout]                                at /rustc/6067b36314ab5eb2eb47cecc464545ba58e1ad24/library/test/src/lib.rs:655:60
[INFO] [stdout]   29:     0x60746cfb5753 - <core::panic::unwind_safe::AssertUnwindSafe<F> as core::ops::function::FnOnce<()>>::call_once::hf79cff2a624d8cf7
[INFO] [stdout]                                at /rustc/6067b36314ab5eb2eb47cecc464545ba58e1ad24/library/core/src/panic/unwind_safe.rs:272:9
[INFO] [stdout]   30:     0x60746cfb5753 - std::panicking::try::do_call::h3da0561d9ab99c25
[INFO] [stdout]                                at /rustc/6067b36314ab5eb2eb47cecc464545ba58e1ad24/library/std/src/panicking.rs:587:40
[INFO] [stdout]   31:     0x60746cfb5753 - std::panicking::try::h41c9fa508bc61df6
[INFO] [stdout]                                at /rustc/6067b36314ab5eb2eb47cecc464545ba58e1ad24/library/std/src/panicking.rs:550:19
[INFO] [stdout]   32:     0x60746cfb5753 - std::panic::catch_unwind::h6b3ff07bb5afad93
[INFO] [stdout]                                at /rustc/6067b36314ab5eb2eb47cecc464545ba58e1ad24/library/std/src/panic.rs:358:14
[INFO] [stdout]   33:     0x60746cfb5753 - test::run_test_in_process::hc7253dd11b39b9f4
[INFO] [stdout]                                at /rustc/6067b36314ab5eb2eb47cecc464545ba58e1ad24/library/test/src/lib.rs:655:27
[INFO] [stdout]   34:     0x60746cfb5753 - test::run_test::{{closure}}::hfb2007f8649c30bb
[INFO] [stdout]                                at /rustc/6067b36314ab5eb2eb47cecc464545ba58e1ad24/library/test/src/lib.rs:576:43
[INFO] [stdout]   35:     0x60746cf78835 - test::run_test::{{closure}}::h56a17aa7a282a9f4
[INFO] [stdout]                                at /rustc/6067b36314ab5eb2eb47cecc464545ba58e1ad24/library/test/src/lib.rs:606:41
[INFO] [stdout]   36:     0x60746cf78835 - std::sys::backtrace::__rust_begin_short_backtrace::hd2d2d2fb8e8c6aac
[INFO] [stdout]                                at /rustc/6067b36314ab5eb2eb47cecc464545ba58e1ad24/library/std/src/sys/backtrace.rs:152:18
[INFO] [stdout]   37:     0x60746cf7c11a - std::thread::Builder::spawn_unchecked_::{{closure}}::{{closure}}::h4faa3f9db6133423
[INFO] [stdout]                                at /rustc/6067b36314ab5eb2eb47cecc464545ba58e1ad24/library/std/src/thread/mod.rs:559:17
[INFO] [stdout]   38:     0x60746cf7c11a - <core::panic::unwind_safe::AssertUnwindSafe<F> as core::ops::function::FnOnce<()>>::call_once::hf2e855a36a4ea846
[INFO] [stdout]                                at /rustc/6067b36314ab5eb2eb47cecc464545ba58e1ad24/library/core/src/panic/unwind_safe.rs:272:9
[INFO] [stdout]   39:     0x60746cf7c11a - std::panicking::try::do_call::h2f73af3616c35465
[INFO] [stdout]                                at /rustc/6067b36314ab5eb2eb47cecc464545ba58e1ad24/library/std/src/panicking.rs:587:40
[INFO] [stdout]   40:     0x60746cf7c11a - std::panicking::try::hd1660ce9efadef5a
[INFO] [stdout]                                at /rustc/6067b36314ab5eb2eb47cecc464545ba58e1ad24/library/std/src/panicking.rs:550:19
[INFO] [stdout]   41:     0x60746cf7c11a - std::panic::catch_unwind::h5ee8d7823b8ca744
[INFO] [stdout]                                at /rustc/6067b36314ab5eb2eb47cecc464545ba58e1ad24/library/std/src/panic.rs:358:14
[INFO] [stdout]   42:     0x60746cf7c11a - std::thread::Builder::spawn_unchecked_::{{closure}}::h53c3a1894dce8407
[INFO] [stdout]                                at /rustc/6067b36314ab5eb2eb47cecc464545ba58e1ad24/library/std/src/thread/mod.rs:557:30
[INFO] [stdout]   43:     0x60746cf7c11a - core::ops::function::FnOnce::call_once{{vtable.shim}}::h048ce291ad4f62bf
[INFO] [stdout]                                at /rustc/6067b36314ab5eb2eb47cecc464545ba58e1ad24/library/core/src/ops/function.rs:250:5
[INFO] [stdout]   44:     0x60746d060a4b - <alloc::boxed::Box<F,A> as core::ops::function::FnOnce<Args>>::call_once::ha52bedf99a3b4981
[INFO] [stdout]                                at /rustc/6067b36314ab5eb2eb47cecc464545ba58e1ad24/library/alloc/src/boxed.rs:2013:9
[INFO] [stdout]   45:     0x60746d060a4b - <alloc::boxed::Box<F,A> as core::ops::function::FnOnce<Args>>::call_once::h567748934d80ccf8
[INFO] [stdout]                                at /rustc/6067b36314ab5eb2eb47cecc464545ba58e1ad24/library/alloc/src/boxed.rs:2013:9
[INFO] [stdout]   46:     0x60746d060a4b - std::sys::pal::unix::thread::Thread::new::thread_start::h2d970728ae887adc
[INFO] [stdout]                                at /rustc/6067b36314ab5eb2eb47cecc464545ba58e1ad24/library/std/src/sys/pal/unix/thread.rs:106:17
[INFO] [stdout]   47:     0x7abe55f85ac3 - <unknown>
[INFO] [stdout]   48:     0x7abe56016a04 - clone
[INFO] [stdout]   49:                0x0 - <unknown>
[INFO] [stdout] 
[INFO] [stdout] 
[INFO] [stdout] failures:
[INFO] [stdout]     doom2_iwad_import_should_print_the_correct_information
[INFO] [stdout]     doom_iwad_import_should_print_the_correct_information
[INFO] [stdout]     plutonia_iwad_import_should_print_the_correct_information
[INFO] [stdout]     tnt_iwad_import_should_print_the_correct_information
[INFO] [stdout] 
[INFO] [stdout] test result: FAILED. 0 passed; 4 failed; 0 ignored; 0 measured; 0 filtered out; finished in 0.80s
[INFO] [stdout] 
[INFO] [stderr] error: test failed, to rerun pass `--test iwad_import`
[INFO] running `Command { std: "docker" "inspect" "fdef863e9c719c57d4d6ee2f0fa4768893f318142acd4efe949a0975a2eab086", kill_on_drop: false }`
[INFO] running `Command { std: "docker" "rm" "-f" "fdef863e9c719c57d4d6ee2f0fa4768893f318142acd4efe949a0975a2eab086", kill_on_drop: false }`
[INFO] [stdout] fdef863e9c719c57d4d6ee2f0fa4768893f318142acd4efe949a0975a2eab086
