[INFO] cloning repository https://github.com/ivanceras/inquerest
[INFO] running `Command { std: "git" "-c" "credential.helper=" "-c" "credential.helper=/workspace/cargo-home/bin/git-credential-null" "clone" "--bare" "https://github.com/ivanceras/inquerest" "/workspace/cache/git-repos/https%3A%2F%2Fgithub.com%2Fivanceras%2Finquerest", kill_on_drop: false }`
[INFO] [stderr] Cloning into bare repository '/workspace/cache/git-repos/https%3A%2F%2Fgithub.com%2Fivanceras%2Finquerest'...
[INFO] running `Command { std: "git" "rev-parse" "HEAD", kill_on_drop: false }`
[INFO] [stdout] 6a4f154ac74a2aa8b0048b7731e378986d701e87
[INFO] testing ivanceras/inquerest against nightly-2025-01-18 for randomize-layout-2
[INFO] running `Command { std: "git" "clone" "/workspace/cache/git-repos/https%3A%2F%2Fgithub.com%2Fivanceras%2Finquerest" "/workspace/builds/worker-6-tc1/source", kill_on_drop: false }`
[INFO] [stderr] Cloning into '/workspace/builds/worker-6-tc1/source'...
[INFO] [stderr] done.
[INFO] validating manifest of git repo https://github.com/ivanceras/inquerest on toolchain nightly-2025-01-18
[INFO] running `Command { std: CARGO_HOME="/workspace/cargo-home" RUSTUP_HOME="/workspace/rustup-home" "/workspace/cargo-home/bin/cargo" "+nightly-2025-01-18" "metadata" "--manifest-path" "Cargo.toml" "--no-deps", kill_on_drop: false }`
[INFO] started tweaking git repo https://github.com/ivanceras/inquerest
[INFO] finished tweaking git repo https://github.com/ivanceras/inquerest
[INFO] tweaked toml for git repo https://github.com/ivanceras/inquerest written to /workspace/builds/worker-6-tc1/source/Cargo.toml
[INFO] running `Command { std: CARGO_HOME="/workspace/cargo-home" RUSTUP_HOME="/workspace/rustup-home" "/workspace/cargo-home/bin/cargo" "+nightly-2025-01-18" "generate-lockfile" "--manifest-path" "Cargo.toml", kill_on_drop: false }`
[INFO] [stderr]     Updating crates.io index
[INFO] [stderr]      Locking 86 packages to latest compatible versions
[INFO] [stderr]       Adding restq v0.3.3 (available: v0.9.1)
[INFO] [stderr]       Adding thiserror v1.0.69 (available: v2.0.11)
[INFO] running `Command { std: CARGO_HOME="/workspace/cargo-home" RUSTUP_HOME="/workspace/rustup-home" "/workspace/cargo-home/bin/cargo" "+nightly-2025-01-18" "fetch" "--manifest-path" "Cargo.toml", kill_on_drop: false }`
[INFO] [stderr]  Downloading crates ...
[INFO] [stderr]   Downloaded uuid v0.8.2
[INFO] [stderr]   Downloaded proc-macro2 v1.0.93
[INFO] [stderr]   Downloaded wasm-bindgen-macro v0.2.100
[INFO] [stderr]   Downloaded wasm-bindgen v0.2.100
[INFO] [stderr]   Downloaded safemem v0.3.3
[INFO] [stderr]   Downloaded sql-ast v0.7.5
[INFO] [stderr]   Downloaded js-sys v0.3.77
[INFO] [stderr]   Downloaded cc v1.2.10
[INFO] [stderr]   Downloaded restq v0.3.3
[INFO] [stderr]   Downloaded wasm-bindgen-backend v0.2.100
[INFO] [stderr]   Downloaded wasm-bindgen-shared v0.2.100
[INFO] [stderr]   Downloaded wasm-bindgen-macro-support v0.2.100
[INFO] [stderr]   Downloaded pom v3.4.0
[INFO] [stderr]   Downloaded log v0.4.25
[INFO] running `Command { std: "docker" "create" "-v" "/var/lib/crater-agent-workspace/builds/worker-6-tc1/target:/opt/rustwide/target:rw,Z" "-v" "/var/lib/crater-agent-workspace/builds/worker-6-tc1/source:/opt/rustwide/workdir:ro,Z" "-v" "/var/lib/crater-agent-workspace/cargo-home:/opt/rustwide/cargo-home:ro,Z" "-v" "/var/lib/crater-agent-workspace/rustup-home:/opt/rustwide/rustup-home:ro,Z" "-e" "SOURCE_DIR=/opt/rustwide/workdir" "-e" "CARGO_TARGET_DIR=/opt/rustwide/target" "-e" "CARGO_HOME=/opt/rustwide/cargo-home" "-e" "RUSTUP_HOME=/opt/rustwide/rustup-home" "-w" "/opt/rustwide/workdir" "-m" "1610612736" "--user" "0:0" "--network" "none" "ghcr.io/rust-lang/crates-build-env/linux@sha256:819108c5571ea2e421544af4d832f968d213c87fbe3707a016657f43d2f853bc" "/opt/rustwide/cargo-home/bin/cargo" "+nightly-2025-01-18" "metadata" "--no-deps" "--format-version=1", kill_on_drop: false }`
[INFO] [stdout] 7057938bd1960674c4197750c60ae204b5618d959fc288a37470bd7f9481d7d9
[INFO] running `Command { std: "docker" "start" "-a" "7057938bd1960674c4197750c60ae204b5618d959fc288a37470bd7f9481d7d9", kill_on_drop: false }`
[INFO] running `Command { std: "docker" "inspect" "7057938bd1960674c4197750c60ae204b5618d959fc288a37470bd7f9481d7d9", kill_on_drop: false }`
[INFO] running `Command { std: "docker" "rm" "-f" "7057938bd1960674c4197750c60ae204b5618d959fc288a37470bd7f9481d7d9", kill_on_drop: false }`
[INFO] [stdout] 7057938bd1960674c4197750c60ae204b5618d959fc288a37470bd7f9481d7d9
[INFO] running `Command { std: "docker" "create" "-v" "/var/lib/crater-agent-workspace/builds/worker-6-tc1/target:/opt/rustwide/target:rw,Z" "-v" "/var/lib/crater-agent-workspace/builds/worker-6-tc1/source:/opt/rustwide/workdir:ro,Z" "-v" "/var/lib/crater-agent-workspace/cargo-home:/opt/rustwide/cargo-home:ro,Z" "-v" "/var/lib/crater-agent-workspace/rustup-home:/opt/rustwide/rustup-home:ro,Z" "-e" "SOURCE_DIR=/opt/rustwide/workdir" "-e" "CARGO_TARGET_DIR=/opt/rustwide/target" "-e" "CARGO_INCREMENTAL=0" "-e" "RUST_BACKTRACE=full" "-e" "RUSTFLAGS=--cap-lints=forbid" "-e" "RUSTDOCFLAGS=--cap-lints=forbid" "-e" "CARGO_HOME=/opt/rustwide/cargo-home" "-e" "RUSTUP_HOME=/opt/rustwide/rustup-home" "-w" "/opt/rustwide/workdir" "-m" "1610612736" "--user" "0:0" "--network" "none" "ghcr.io/rust-lang/crates-build-env/linux@sha256:819108c5571ea2e421544af4d832f968d213c87fbe3707a016657f43d2f853bc" "/opt/rustwide/cargo-home/bin/cargo" "+nightly-2025-01-18" "build" "--frozen" "--message-format=json", kill_on_drop: false }`
[INFO] [stdout] ed62dd9cc4af4f4465e835468fc9225b92a6f982bcb676c01b3b11f48fb78bbe
[INFO] running `Command { std: "docker" "start" "-a" "ed62dd9cc4af4f4465e835468fc9225b92a6f982bcb676c01b3b11f48fb78bbe", kill_on_drop: false }`
[INFO] [stderr]    Compiling proc-macro2 v1.0.93
[INFO] [stderr]    Compiling stable_deref_trait v1.2.0
[INFO] [stderr]    Compiling litemap v0.7.4
[INFO] [stderr]    Compiling writeable v0.5.5
[INFO] [stderr]    Compiling icu_locid_transform_data v1.5.0
[INFO] [stderr]    Compiling icu_properties_data v1.5.0
[INFO] [stderr]    Compiling utf16_iter v1.0.5
[INFO] [stderr]    Compiling memchr v2.7.4
[INFO] [stderr]    Compiling utf8_iter v1.0.4
[INFO] [stderr]    Compiling icu_normalizer_data v1.5.0
[INFO] [stderr]    Compiling smallvec v1.13.2
[INFO] [stderr]    Compiling write16 v1.0.0
[INFO] [stderr]    Compiling serde v1.0.217
[INFO] [stderr]    Compiling regex-automata v0.4.9
[INFO] [stderr]    Compiling percent-encoding v2.3.1
[INFO] [stderr]    Compiling num-traits v0.2.19
[INFO] [stderr]    Compiling log v0.4.25
[INFO] [stderr]    Compiling safemem v0.3.3
[INFO] [stderr]    Compiling byteorder v1.5.0
[INFO] [stderr]    Compiling uuid v0.8.2
[INFO] [stderr]    Compiling form_urlencoded v1.2.1
[INFO] [stderr]    Compiling base64 v0.9.3
[INFO] [stderr]    Compiling sql-ast v0.7.5
[INFO] [stderr]    Compiling quote v1.0.38
[INFO] [stderr]    Compiling syn v2.0.96
[INFO] [stderr]    Compiling chrono v0.4.39
[INFO] [stderr]    Compiling csv-core v0.1.11
[INFO] [stderr]    Compiling bstr v1.11.3
[INFO] [stderr]    Compiling pom v3.4.0
[INFO] [stderr]    Compiling csv v1.3.1
[INFO] [stderr]    Compiling synstructure v0.13.1
[INFO] [stderr]    Compiling zerofrom-derive v0.1.5
[INFO] [stderr]    Compiling yoke-derive v0.7.5
[INFO] [stderr]    Compiling zerovec-derive v0.10.3
[INFO] [stderr]    Compiling displaydoc v0.2.5
[INFO] [stderr]    Compiling icu_provider_macros v1.5.0
[INFO] [stderr]    Compiling thiserror-impl v1.0.69
[INFO] [stderr]    Compiling zerofrom v0.1.5
[INFO] [stderr]    Compiling yoke v0.7.5
[INFO] [stderr]    Compiling zerovec v0.10.4
[INFO] [stderr]    Compiling thiserror v1.0.69
[INFO] [stderr]    Compiling tinystr v0.7.6
[INFO] [stderr]    Compiling icu_collections v1.5.0
[INFO] [stderr]    Compiling icu_locid v1.5.0
[INFO] [stderr]    Compiling icu_provider v1.5.0
[INFO] [stderr]    Compiling icu_locid_transform v1.5.0
[INFO] [stderr]    Compiling icu_properties v1.5.1
[INFO] [stderr]    Compiling icu_normalizer v1.5.0
[INFO] [stderr]    Compiling idna_adapter v1.2.0
[INFO] [stderr]    Compiling idna v1.0.3
[INFO] [stderr]    Compiling url v2.5.4
[INFO] [stderr]    Compiling restq v0.3.3
[INFO] [stderr]    Compiling inquerest v0.3.1 (/opt/rustwide/workdir)
[INFO] [stderr]     Finished `dev` profile [unoptimized + debuginfo] target(s) in 26.76s
[INFO] running `Command { std: "docker" "inspect" "ed62dd9cc4af4f4465e835468fc9225b92a6f982bcb676c01b3b11f48fb78bbe", kill_on_drop: false }`
[INFO] running `Command { std: "docker" "rm" "-f" "ed62dd9cc4af4f4465e835468fc9225b92a6f982bcb676c01b3b11f48fb78bbe", kill_on_drop: false }`
[INFO] [stdout] ed62dd9cc4af4f4465e835468fc9225b92a6f982bcb676c01b3b11f48fb78bbe
[INFO] running `Command { std: "docker" "create" "-v" "/var/lib/crater-agent-workspace/builds/worker-6-tc1/target:/opt/rustwide/target:rw,Z" "-v" "/var/lib/crater-agent-workspace/builds/worker-6-tc1/source:/opt/rustwide/workdir:ro,Z" "-v" "/var/lib/crater-agent-workspace/cargo-home:/opt/rustwide/cargo-home:ro,Z" "-v" "/var/lib/crater-agent-workspace/rustup-home:/opt/rustwide/rustup-home:ro,Z" "-e" "SOURCE_DIR=/opt/rustwide/workdir" "-e" "CARGO_TARGET_DIR=/opt/rustwide/target" "-e" "CARGO_INCREMENTAL=0" "-e" "RUST_BACKTRACE=full" "-e" "RUSTFLAGS=--cap-lints=forbid" "-e" "RUSTDOCFLAGS=--cap-lints=forbid" "-e" "CARGO_HOME=/opt/rustwide/cargo-home" "-e" "RUSTUP_HOME=/opt/rustwide/rustup-home" "-w" "/opt/rustwide/workdir" "-m" "1610612736" "--user" "0:0" "--network" "none" "ghcr.io/rust-lang/crates-build-env/linux@sha256:819108c5571ea2e421544af4d832f968d213c87fbe3707a016657f43d2f853bc" "/opt/rustwide/cargo-home/bin/cargo" "+nightly-2025-01-18" "test" "--frozen" "--no-run" "--message-format=json", kill_on_drop: false }`
[INFO] [stdout] 93c30014975b8e30d23d6671c7bfeff3a6babdf0a1bfd18fd2daa3c023c92513
[INFO] running `Command { std: "docker" "start" "-a" "93c30014975b8e30d23d6671c7bfeff3a6babdf0a1bfd18fd2daa3c023c92513", kill_on_drop: false }`
[INFO] [stderr]    Compiling inquerest v0.3.1 (/opt/rustwide/workdir)
[INFO] [stderr]     Finished `test` profile [unoptimized + debuginfo] target(s) in 1.95s
[INFO] running `Command { std: "docker" "inspect" "93c30014975b8e30d23d6671c7bfeff3a6babdf0a1bfd18fd2daa3c023c92513", kill_on_drop: false }`
[INFO] running `Command { std: "docker" "rm" "-f" "93c30014975b8e30d23d6671c7bfeff3a6babdf0a1bfd18fd2daa3c023c92513", kill_on_drop: false }`
[INFO] [stdout] 93c30014975b8e30d23d6671c7bfeff3a6babdf0a1bfd18fd2daa3c023c92513
[INFO] running `Command { std: "docker" "create" "-v" "/var/lib/crater-agent-workspace/builds/worker-6-tc1/target:/opt/rustwide/target:rw,Z" "-v" "/var/lib/crater-agent-workspace/builds/worker-6-tc1/source:/opt/rustwide/workdir:ro,Z" "-v" "/var/lib/crater-agent-workspace/cargo-home:/opt/rustwide/cargo-home:ro,Z" "-v" "/var/lib/crater-agent-workspace/rustup-home:/opt/rustwide/rustup-home:ro,Z" "-e" "SOURCE_DIR=/opt/rustwide/workdir" "-e" "CARGO_TARGET_DIR=/opt/rustwide/target" "-e" "CARGO_INCREMENTAL=0" "-e" "RUST_BACKTRACE=full" "-e" "RUSTFLAGS=--cap-lints=forbid" "-e" "RUSTDOCFLAGS=--cap-lints=forbid" "-e" "CARGO_HOME=/opt/rustwide/cargo-home" "-e" "RUSTUP_HOME=/opt/rustwide/rustup-home" "-w" "/opt/rustwide/workdir" "-m" "1610612736" "--user" "0:0" "--network" "none" "ghcr.io/rust-lang/crates-build-env/linux@sha256:819108c5571ea2e421544af4d832f968d213c87fbe3707a016657f43d2f853bc" "/opt/rustwide/cargo-home/bin/cargo" "+nightly-2025-01-18" "test" "--frozen", kill_on_drop: false }`
[INFO] [stdout] 31cb07e05d481f2feaf4c5b1392eb27886f641bdca415284bce873bb0232cf72
[INFO] running `Command { std: "docker" "start" "-a" "31cb07e05d481f2feaf4c5b1392eb27886f641bdca415284bce873bb0232cf72", kill_on_drop: false }`
[INFO] [stderr]     Finished `test` profile [unoptimized + debuginfo] target(s) in 0.08s
[INFO] [stderr]      Running unittests src/lib.rs (/opt/rustwide/target/debug/deps/inquerest-4251bf5b95adf643)
[INFO] [stdout] 
[INFO] [stdout] running 0 tests
[INFO] [stdout] 
[INFO] [stdout] test result: ok. 0 passed; 0 failed; 0 ignored; 0 measured; 0 filtered out; finished in 0.00s
[INFO] [stdout] 
[INFO] [stderr]      Running tests/test_conversion.rs (/opt/rustwide/target/debug/deps/test_conversion-2f4c37152d590f00)
[INFO] [stdout] 
[INFO] [stdout] running 1 test
[INFO] [stdout] test test1 ... FAILED
[INFO] [stdout] 
[INFO] [stdout] failures:
[INFO] [stdout] 
[INFO] [stdout] ---- test1 stdout ----
[INFO] [stdout] query: Ok(
[INFO] [stdout]     Select {
[INFO] [stdout]         from_table: FromTable {
[INFO] [stdout]             from: Table {
[INFO] [stdout]                 name: "person",
[INFO] [stdout]             },
[INFO] [stdout]             join: None,
[INFO] [stdout]         },
[INFO] [stdout]         filter: Some(
[INFO] [stdout]             BinaryOperation(
[INFO] [stdout]                 BinaryOperation {
[INFO] [stdout]                     left: BinaryOperation(
[INFO] [stdout]                         BinaryOperation {
[INFO] [stdout]                             left: Column(
[INFO] [stdout]                                 Column {
[INFO] [stdout]                                     name: "age",
[INFO] [stdout]                                 },
[INFO] [stdout]                             ),
[INFO] [stdout]                             operator: Lt,
[INFO] [stdout]                             right: Value(
[INFO] [stdout]                                 Number(
[INFO] [stdout]                                     42.0,
[INFO] [stdout]                                 ),
[INFO] [stdout]                             ),
[INFO] [stdout]                         },
[INFO] [stdout]                     ),
[INFO] [stdout]                     operator: And,
[INFO] [stdout]                     right: Nested(
[INFO] [stdout]                         BinaryOperation(
[INFO] [stdout]                             BinaryOperation {
[INFO] [stdout]                                 left: BinaryOperation(
[INFO] [stdout]                                     BinaryOperation {
[INFO] [stdout]                                         left: Column(
[INFO] [stdout]                                             Column {
[INFO] [stdout]                                                 name: "student",
[INFO] [stdout]                                             },
[INFO] [stdout]                                         ),
[INFO] [stdout]                                         operator: Eq,
[INFO] [stdout]                                         right: Value(
[INFO] [stdout]                                             Bool(
[INFO] [stdout]                                                 true,
[INFO] [stdout]                                             ),
[INFO] [stdout]                                         ),
[INFO] [stdout]                                     },
[INFO] [stdout]                                 ),
[INFO] [stdout]                                 operator: Or,
[INFO] [stdout]                                 right: BinaryOperation(
[INFO] [stdout]                                     BinaryOperation {
[INFO] [stdout]                                         left: Column(
[INFO] [stdout]                                             Column {
[INFO] [stdout]                                                 name: "gender",
[INFO] [stdout]                                             },
[INFO] [stdout]                                         ),
[INFO] [stdout]                                         operator: Eq,
[INFO] [stdout]                                         right: Value(
[INFO] [stdout]                                             String(
[INFO] [stdout]                                                 "M",
[INFO] [stdout]                                             ),
[INFO] [stdout]                                         ),
[INFO] [stdout]                                     },
[INFO] [stdout]                                 ),
[INFO] [stdout]                             },
[INFO] [stdout]                         ),
[INFO] [stdout]                     ),
[INFO] [stdout]                 },
[INFO] [stdout]             ),
[INFO] [stdout]         ),
[INFO] [stdout]         group_by: Some(
[INFO] [stdout]             [
[INFO] [stdout]                 Function(
[INFO] [stdout]                     Function {
[INFO] [stdout]                         name: "sum",
[INFO] [stdout]                         params: [
[INFO] [stdout]                             Column(
[INFO] [stdout]                                 Column {
[INFO] [stdout]                                     name: "age",
[INFO] [stdout]                                 },
[INFO] [stdout]                             ),
[INFO] [stdout]                         ],
[INFO] [stdout]                     },
[INFO] [stdout]                 ),
[INFO] [stdout]                 Column(
[INFO] [stdout]                     Column {
[INFO] [stdout]                         name: "grade",
[INFO] [stdout]                     },
[INFO] [stdout]                 ),
[INFO] [stdout]                 Column(
[INFO] [stdout]                     Column {
[INFO] [stdout]                         name: "gender",
[INFO] [stdout]                     },
[INFO] [stdout]                 ),
[INFO] [stdout]             ],
[INFO] [stdout]         ),
[INFO] [stdout]         having: Some(
[INFO] [stdout]             BinaryOperation(
[INFO] [stdout]                 BinaryOperation {
[INFO] [stdout]                     left: Function(
[INFO] [stdout]                         Function {
[INFO] [stdout]                             name: "min",
[INFO] [stdout]                             params: [
[INFO] [stdout]                                 Column(
[INFO] [stdout]                                     Column {
[INFO] [stdout]                                         name: "age",
[INFO] [stdout]                                     },
[INFO] [stdout]                                 ),
[INFO] [stdout]                             ],
[INFO] [stdout]                         },
[INFO] [stdout]                     ),
[INFO] [stdout]                     operator: Gt,
[INFO] [stdout]                     right: Value(
[INFO] [stdout]                         Number(
[INFO] [stdout]                             42.0,
[INFO] [stdout]                         ),
[INFO] [stdout]                     ),
[INFO] [stdout]                 },
[INFO] [stdout]             ),
[INFO] [stdout]         ),
[INFO] [stdout]         projection: None,
[INFO] [stdout]         order_by: Some(
[INFO] [stdout]             [
[INFO] [stdout]                 Order {
[INFO] [stdout]                     expr: Column(
[INFO] [stdout]                         Column {
[INFO] [stdout]                             name: "age",
[INFO] [stdout]                         },
[INFO] [stdout]                     ),
[INFO] [stdout]                     direction: Some(
[INFO] [stdout]                         Desc,
[INFO] [stdout]                     ),
[INFO] [stdout]                 },
[INFO] [stdout]                 Order {
[INFO] [stdout]                     expr: Column(
[INFO] [stdout]                         Column {
[INFO] [stdout]                             name: "height",
[INFO] [stdout]                         },
[INFO] [stdout]                     ),
[INFO] [stdout]                     direction: Some(
[INFO] [stdout]                         Asc,
[INFO] [stdout]                     ),
[INFO] [stdout]                 },
[INFO] [stdout]             ],
[INFO] [stdout]         ),
[INFO] [stdout]         range: Some(
[INFO] [stdout]             Page(
[INFO] [stdout]                 Page {
[INFO] [stdout]                     page: 20,
[INFO] [stdout]                     page_size: 100,
[INFO] [stdout]                 },
[INFO] [stdout]             ),
[INFO] [stdout]         ),
[INFO] [stdout]     },
[INFO] [stdout] )
[INFO] [stdout] 
[INFO] [stdout] thread 'test1' panicked at tests/test_conversion.rs:6:5:
[INFO] [stdout] assertion `left == right` failed
[INFO] [stdout]   left: "SELECT * FROM person WHERE age < 42 AND (student = true OR gender = 'M') GROUP BY sum(age), grade, gender HAVING min(age) > 42 ORDER BY age DESC, height ASC LIMIT 100 OFFSET 1900 ROWS"
[INFO] [stdout]  right: "SELECT * FROM person WHERE age < 42 AND (student = true OR gender = 'M') GROUP BY sum(age), grade, gender HAVING min(age) > 42 ORDER BY age DESC, height ASC LIMIT 100 OFFSET 1900"
[INFO] [stdout] stack backtrace:
[INFO] [stdout]    0:     0x5b7735003cfa - std::backtrace_rs::backtrace::libunwind::trace::hb059275cfc8d6126
[INFO] [stdout]                                at /rustc/6067b36314ab5eb2eb47cecc464545ba58e1ad24/library/std/src/../../backtrace/src/backtrace/libunwind.rs:116:5
[INFO] [stdout]    1:     0x5b7735003cfa - std::backtrace_rs::backtrace::trace_unsynchronized::h2da071e4327ce3ee
[INFO] [stdout]                                at /rustc/6067b36314ab5eb2eb47cecc464545ba58e1ad24/library/std/src/../../backtrace/src/backtrace/mod.rs:66:5
[INFO] [stdout]    2:     0x5b7735003cfa - std::sys::backtrace::_print_fmt::h842a1474e6f8d23f
[INFO] [stdout]                                at /rustc/6067b36314ab5eb2eb47cecc464545ba58e1ad24/library/std/src/sys/backtrace.rs:66:9
[INFO] [stdout]    3:     0x5b7735003cfa - <std::sys::backtrace::BacktraceLock::print::DisplayBacktrace as core::fmt::Display>::fmt::h71a62eb3b9696b12
[INFO] [stdout]                                at /rustc/6067b36314ab5eb2eb47cecc464545ba58e1ad24/library/std/src/sys/backtrace.rs:39:26
[INFO] [stdout]    4:     0x5b773502c763 - core::fmt::rt::Argument::fmt::hdb6b616786b41dc1
[INFO] [stdout]                                at /rustc/6067b36314ab5eb2eb47cecc464545ba58e1ad24/library/core/src/fmt/rt.rs:177:76
[INFO] [stdout]    5:     0x5b773502c763 - core::fmt::write::h2cc1698af7e2d686
[INFO] [stdout]                                at /rustc/6067b36314ab5eb2eb47cecc464545ba58e1ad24/library/core/src/fmt/mod.rs:1440:21
[INFO] [stdout]    6:     0x5b7735000853 - std::io::Write::write_fmt::hab1b4cd059a79022
[INFO] [stdout]                                at /rustc/6067b36314ab5eb2eb47cecc464545ba58e1ad24/library/std/src/io/mod.rs:1887:15
[INFO] [stdout]    7:     0x5b7735003b42 - std::sys::backtrace::BacktraceLock::print::h147fe35b4ea13b08
[INFO] [stdout]                                at /rustc/6067b36314ab5eb2eb47cecc464545ba58e1ad24/library/std/src/sys/backtrace.rs:42:9
[INFO] [stdout]    8:     0x5b773500511f - std::panicking::default_hook::{{closure}}::hbd44223dbdc0d208
[INFO] [stdout]                                at /rustc/6067b36314ab5eb2eb47cecc464545ba58e1ad24/library/std/src/panicking.rs:298:22
[INFO] [stdout]    9:     0x5b7735004f38 - std::panicking::default_hook::h20f81eb0576efcec
[INFO] [stdout]                                at /rustc/6067b36314ab5eb2eb47cecc464545ba58e1ad24/library/std/src/panicking.rs:322:9
[INFO] [stdout]   10:     0x5b7734fcdd53 - <alloc::boxed::Box<F,A> as core::ops::function::Fn<Args>>::call::hdb53814c496a4d34
[INFO] [stdout]                                at /rustc/6067b36314ab5eb2eb47cecc464545ba58e1ad24/library/alloc/src/boxed.rs:2027:9
[INFO] [stdout]   11:     0x5b7734fcdd53 - test::test_main::{{closure}}::hc0a4963c59427c24
[INFO] [stdout]                                at /rustc/6067b36314ab5eb2eb47cecc464545ba58e1ad24/library/test/src/lib.rs:134:21
[INFO] [stdout]   12:     0x5b7735005c13 - <alloc::boxed::Box<F,A> as core::ops::function::Fn<Args>>::call::h591b2225413a77e9
[INFO] [stdout]                                at /rustc/6067b36314ab5eb2eb47cecc464545ba58e1ad24/library/alloc/src/boxed.rs:2027:9
[INFO] [stdout]   13:     0x5b7735005c13 - std::panicking::rust_panic_with_hook::h625eea43051b2edc
[INFO] [stdout]                                at /rustc/6067b36314ab5eb2eb47cecc464545ba58e1ad24/library/std/src/panicking.rs:839:13
[INFO] [stdout]   14:     0x5b77350058ca - std::panicking::begin_panic_handler::{{closure}}::h4f9159cfbc3f6bd3
[INFO] [stdout]                                at /rustc/6067b36314ab5eb2eb47cecc464545ba58e1ad24/library/std/src/panicking.rs:704:13
[INFO] [stdout]   15:     0x5b77350041f9 - std::sys::backtrace::__rust_end_short_backtrace::h0390abce48353151
[INFO] [stdout]                                at /rustc/6067b36314ab5eb2eb47cecc464545ba58e1ad24/library/std/src/sys/backtrace.rs:168:18
[INFO] [stdout]   16:     0x5b773500555d - rust_begin_unwind
[INFO] [stdout]                                at /rustc/6067b36314ab5eb2eb47cecc464545ba58e1ad24/library/std/src/panicking.rs:695:5
[INFO] [stdout]   17:     0x5b773502ad90 - core::panicking::panic_fmt::h9e7c637e9e5f29c9
[INFO] [stdout]                                at /rustc/6067b36314ab5eb2eb47cecc464545ba58e1ad24/library/core/src/panicking.rs:75:14
[INFO] [stdout]   18:     0x5b773502b182 - core::panicking::assert_failed_inner::h538bec7c1374cd9c
[INFO] [stdout]   19:     0x5b7734f82be5 - core::panicking::assert_failed::h672d4a9804518feb
[INFO] [stdout]                                at /rustc/6067b36314ab5eb2eb47cecc464545ba58e1ad24/library/core/src/panicking.rs:364:5
[INFO] [stdout]   20:     0x5b7734f18521 - test_conversion::test1::had8a1709031596de
[INFO] [stdout]                                at /opt/rustwide/workdir/tests/test_conversion.rs:6:5
[INFO] [stdout]   21:     0x5b7734f18017 - test_conversion::test1::{{closure}}::h9e867e9af291bf30
[INFO] [stdout]                                at /opt/rustwide/workdir/tests/test_conversion.rs:2:11
[INFO] [stdout]   22:     0x5b7734f166b6 - core::ops::function::FnOnce::call_once::h14f15b110a22732c
[INFO] [stdout]                                at /rustc/6067b36314ab5eb2eb47cecc464545ba58e1ad24/library/core/src/ops/function.rs:250:5
[INFO] [stdout]   23:     0x5b7734fd34ab - core::ops::function::FnOnce::call_once::he27718dfdd183f43
[INFO] [stdout]                                at /rustc/6067b36314ab5eb2eb47cecc464545ba58e1ad24/library/core/src/ops/function.rs:250:5
[INFO] [stdout]   24:     0x5b7734fd34ab - test::__rust_begin_short_backtrace::h4e84902998457a5d
[INFO] [stdout]                                at /rustc/6067b36314ab5eb2eb47cecc464545ba58e1ad24/library/test/src/lib.rs:632:18
[INFO] [stdout]   25:     0x5b7734fd23e3 - test::run_test_in_process::{{closure}}::h7176fd18fc1feca0
[INFO] [stdout]                                at /rustc/6067b36314ab5eb2eb47cecc464545ba58e1ad24/library/test/src/lib.rs:655:60
[INFO] [stdout]   26:     0x5b7734fd23e3 - <core::panic::unwind_safe::AssertUnwindSafe<F> as core::ops::function::FnOnce<()>>::call_once::hf79cff2a624d8cf7
[INFO] [stdout]                                at /rustc/6067b36314ab5eb2eb47cecc464545ba58e1ad24/library/core/src/panic/unwind_safe.rs:272:9
[INFO] [stdout]   27:     0x5b7734fd23e3 - std::panicking::try::do_call::h3da0561d9ab99c25
[INFO] [stdout]                                at /rustc/6067b36314ab5eb2eb47cecc464545ba58e1ad24/library/std/src/panicking.rs:587:40
[INFO] [stdout]   28:     0x5b7734fd23e3 - std::panicking::try::h41c9fa508bc61df6
[INFO] [stdout]                                at /rustc/6067b36314ab5eb2eb47cecc464545ba58e1ad24/library/std/src/panicking.rs:550:19
[INFO] [stdout]   29:     0x5b7734fd23e3 - std::panic::catch_unwind::h6b3ff07bb5afad93
[INFO] [stdout]                                at /rustc/6067b36314ab5eb2eb47cecc464545ba58e1ad24/library/std/src/panic.rs:358:14
[INFO] [stdout]   30:     0x5b7734fd23e3 - test::run_test_in_process::hc7253dd11b39b9f4
[INFO] [stdout]                                at /rustc/6067b36314ab5eb2eb47cecc464545ba58e1ad24/library/test/src/lib.rs:655:27
[INFO] [stdout]   31:     0x5b7734fd23e3 - test::run_test::{{closure}}::hfb2007f8649c30bb
[INFO] [stdout]                                at /rustc/6067b36314ab5eb2eb47cecc464545ba58e1ad24/library/test/src/lib.rs:576:43
[INFO] [stdout]   32:     0x5b7734f954c5 - test::run_test::{{closure}}::h56a17aa7a282a9f4
[INFO] [stdout]                                at /rustc/6067b36314ab5eb2eb47cecc464545ba58e1ad24/library/test/src/lib.rs:606:41
[INFO] [stdout]   33:     0x5b7734f954c5 - std::sys::backtrace::__rust_begin_short_backtrace::hd2d2d2fb8e8c6aac
[INFO] [stdout]                                at /rustc/6067b36314ab5eb2eb47cecc464545ba58e1ad24/library/std/src/sys/backtrace.rs:152:18
[INFO] [stdout]   34:     0x5b7734f98daa - std::thread::Builder::spawn_unchecked_::{{closure}}::{{closure}}::h4faa3f9db6133423
[INFO] [stdout]                                at /rustc/6067b36314ab5eb2eb47cecc464545ba58e1ad24/library/std/src/thread/mod.rs:559:17
[INFO] [stdout]   35:     0x5b7734f98daa - <core::panic::unwind_safe::AssertUnwindSafe<F> as core::ops::function::FnOnce<()>>::call_once::hf2e855a36a4ea846
[INFO] [stdout]                                at /rustc/6067b36314ab5eb2eb47cecc464545ba58e1ad24/library/core/src/panic/unwind_safe.rs:272:9
[INFO] [stdout]   36:     0x5b7734f98daa - std::panicking::try::do_call::h2f73af3616c35465
[INFO] [stdout]                                at /rustc/6067b36314ab5eb2eb47cecc464545ba58e1ad24/library/std/src/panicking.rs:587:40
[INFO] [stdout]   37:     0x5b7734f98daa - std::panicking::try::hd1660ce9efadef5a
[INFO] [stdout]                                at /rustc/6067b36314ab5eb2eb47cecc464545ba58e1ad24/library/std/src/panicking.rs:550:19
[INFO] [stdout]   38:     0x5b7734f98daa - std::panic::catch_unwind::h5ee8d7823b8ca744
[INFO] [stdout]                                at /rustc/6067b36314ab5eb2eb47cecc464545ba58e1ad24/library/std/src/panic.rs:358:14
[INFO] [stdout]   39:     0x5b7734f98daa - std::thread::Builder::spawn_unchecked_::{{closure}}::h53c3a1894dce8407
[INFO] [stdout]                                at /rustc/6067b36314ab5eb2eb47cecc464545ba58e1ad24/library/std/src/thread/mod.rs:557:30
[INFO] [stdout]   40:     0x5b7734f98daa - core::ops::function::FnOnce::call_once{{vtable.shim}}::h048ce291ad4f62bf
[INFO] [stdout]                                at /rustc/6067b36314ab5eb2eb47cecc464545ba58e1ad24/library/core/src/ops/function.rs:250:5
[INFO] [stdout]   41:     0x5b7735009b4b - <alloc::boxed::Box<F,A> as core::ops::function::FnOnce<Args>>::call_once::ha52bedf99a3b4981
[INFO] [stdout]                                at /rustc/6067b36314ab5eb2eb47cecc464545ba58e1ad24/library/alloc/src/boxed.rs:2013:9
[INFO] [stdout]   42:     0x5b7735009b4b - <alloc::boxed::Box<F,A> as core::ops::function::FnOnce<Args>>::call_once::h567748934d80ccf8
[INFO] [stdout]                                at /rustc/6067b36314ab5eb2eb47cecc464545ba58e1ad24/library/alloc/src/boxed.rs:2013:9
[INFO] [stdout]   43:     0x5b7735009b4b - std::sys::pal::unix::thread::Thread::new::thread_start::h2d970728ae887adc
[INFO] [stdout]                                at /rustc/6067b36314ab5eb2eb47cecc464545ba58e1ad24/library/std/src/sys/pal/unix/thread.rs:106:17
[INFO] [stdout]   44:     0x7ddfa9d69ac3 - <unknown>
[INFO] [stdout]   45:     0x7ddfa9dfaa04 - clone
[INFO] [stdout]   46:                0x0 - <unknown>
[INFO] [stdout] 
[INFO] [stdout] 
[INFO] [stdout] failures:
[INFO] [stdout]     test1
[INFO] [stdout] 
[INFO] [stdout] test result: FAILED. 0 passed; 1 failed; 0 ignored; 0 measured; 0 filtered out; finished in 0.07s
[INFO] [stdout] 
[INFO] [stderr] error: test failed, to rerun pass `--test test_conversion`
[INFO] running `Command { std: "docker" "inspect" "31cb07e05d481f2feaf4c5b1392eb27886f641bdca415284bce873bb0232cf72", kill_on_drop: false }`
[INFO] running `Command { std: "docker" "rm" "-f" "31cb07e05d481f2feaf4c5b1392eb27886f641bdca415284bce873bb0232cf72", kill_on_drop: false }`
[INFO] [stdout] 31cb07e05d481f2feaf4c5b1392eb27886f641bdca415284bce873bb0232cf72
