[INFO] cloning repository https://github.com/iustin/photo-backlog-exporter
[INFO] running `Command { std: "git" "-c" "credential.helper=" "-c" "credential.helper=/workspace/cargo-home/bin/git-credential-null" "clone" "--bare" "https://github.com/iustin/photo-backlog-exporter" "/workspace/cache/git-repos/https%3A%2F%2Fgithub.com%2Fiustin%2Fphoto-backlog-exporter", kill_on_drop: false }`
[INFO] [stderr] Cloning into bare repository '/workspace/cache/git-repos/https%3A%2F%2Fgithub.com%2Fiustin%2Fphoto-backlog-exporter'...
[INFO] running `Command { std: "git" "rev-parse" "HEAD", kill_on_drop: false }`
[INFO] [stdout] 8b2814a6e8ba6bc92a88370954156f677e5a0389
[INFO] testing iustin/photo-backlog-exporter against nightly-2025-01-18+rustflags=-Zrandomize-layout for randomize-layout-2
[INFO] running `Command { std: "git" "clone" "/workspace/cache/git-repos/https%3A%2F%2Fgithub.com%2Fiustin%2Fphoto-backlog-exporter" "/workspace/builds/worker-5-tc2/source", kill_on_drop: false }`
[INFO] [stderr] Cloning into '/workspace/builds/worker-5-tc2/source'...
[INFO] [stderr] done.
[INFO] validating manifest of git repo https://github.com/iustin/photo-backlog-exporter on toolchain nightly-2025-01-18
[INFO] running `Command { std: CARGO_HOME="/workspace/cargo-home" RUSTUP_HOME="/workspace/rustup-home" "/workspace/cargo-home/bin/cargo" "+nightly-2025-01-18" "metadata" "--manifest-path" "Cargo.toml" "--no-deps", kill_on_drop: false }`
[INFO] removed /workspace/builds/worker-5-tc2/source/.cargo/config.toml
[INFO] started tweaking git repo https://github.com/iustin/photo-backlog-exporter
[INFO] finished tweaking git repo https://github.com/iustin/photo-backlog-exporter
[INFO] tweaked toml for git repo https://github.com/iustin/photo-backlog-exporter written to /workspace/builds/worker-5-tc2/source/Cargo.toml
[INFO] crate git repo https://github.com/iustin/photo-backlog-exporter already has a lockfile, it will not be regenerated
[INFO] running `Command { std: CARGO_HOME="/workspace/cargo-home" RUSTUP_HOME="/workspace/rustup-home" "/workspace/cargo-home/bin/cargo" "+nightly-2025-01-18" "fetch" "--manifest-path" "Cargo.toml", kill_on_drop: false }`
[INFO] [stderr]     Blocking waiting for file lock on package cache
[INFO] [stderr]     Blocking waiting for file lock on package cache
[INFO] running `Command { std: "docker" "create" "-v" "/var/lib/crater-agent-workspace/builds/worker-5-tc2/target:/opt/rustwide/target:rw,Z" "-v" "/var/lib/crater-agent-workspace/builds/worker-5-tc2/source:/opt/rustwide/workdir:ro,Z" "-v" "/var/lib/crater-agent-workspace/cargo-home:/opt/rustwide/cargo-home:ro,Z" "-v" "/var/lib/crater-agent-workspace/rustup-home:/opt/rustwide/rustup-home:ro,Z" "-e" "SOURCE_DIR=/opt/rustwide/workdir" "-e" "CARGO_TARGET_DIR=/opt/rustwide/target" "-e" "CARGO_HOME=/opt/rustwide/cargo-home" "-e" "RUSTUP_HOME=/opt/rustwide/rustup-home" "-w" "/opt/rustwide/workdir" "-m" "1610612736" "--user" "0:0" "--network" "none" "ghcr.io/rust-lang/crates-build-env/linux@sha256:819108c5571ea2e421544af4d832f968d213c87fbe3707a016657f43d2f853bc" "/opt/rustwide/cargo-home/bin/cargo" "+nightly-2025-01-18" "metadata" "--no-deps" "--format-version=1", kill_on_drop: false }`
[INFO] [stdout] 46a7b78f55cb835e0ac5a6d7ecd6cd83fe704db3e2ff15437ccef080999526c2
[INFO] running `Command { std: "docker" "start" "-a" "46a7b78f55cb835e0ac5a6d7ecd6cd83fe704db3e2ff15437ccef080999526c2", kill_on_drop: false }`
[INFO] running `Command { std: "docker" "inspect" "46a7b78f55cb835e0ac5a6d7ecd6cd83fe704db3e2ff15437ccef080999526c2", kill_on_drop: false }`
[INFO] running `Command { std: "docker" "rm" "-f" "46a7b78f55cb835e0ac5a6d7ecd6cd83fe704db3e2ff15437ccef080999526c2", kill_on_drop: false }`
[INFO] [stdout] 46a7b78f55cb835e0ac5a6d7ecd6cd83fe704db3e2ff15437ccef080999526c2
[INFO] running `Command { std: "docker" "create" "-v" "/var/lib/crater-agent-workspace/builds/worker-5-tc2/target:/opt/rustwide/target:rw,Z" "-v" "/var/lib/crater-agent-workspace/builds/worker-5-tc2/source:/opt/rustwide/workdir:ro,Z" "-v" "/var/lib/crater-agent-workspace/cargo-home:/opt/rustwide/cargo-home:ro,Z" "-v" "/var/lib/crater-agent-workspace/rustup-home:/opt/rustwide/rustup-home:ro,Z" "-e" "SOURCE_DIR=/opt/rustwide/workdir" "-e" "CARGO_TARGET_DIR=/opt/rustwide/target" "-e" "CARGO_INCREMENTAL=0" "-e" "RUST_BACKTRACE=full" "-e" "RUSTFLAGS=--cap-lints=forbid -Zrandomize-layout" "-e" "RUSTDOCFLAGS=--cap-lints=forbid" "-e" "CARGO_HOME=/opt/rustwide/cargo-home" "-e" "RUSTUP_HOME=/opt/rustwide/rustup-home" "-w" "/opt/rustwide/workdir" "-m" "1610612736" "--user" "0:0" "--network" "none" "ghcr.io/rust-lang/crates-build-env/linux@sha256:819108c5571ea2e421544af4d832f968d213c87fbe3707a016657f43d2f853bc" "/opt/rustwide/cargo-home/bin/cargo" "+nightly-2025-01-18" "build" "--frozen" "--message-format=json", kill_on_drop: false }`
[INFO] [stdout] afd17baaafcd725a95434343b69d47c05fd00acad55f0d0f49f13b3d869ae017
[INFO] running `Command { std: "docker" "start" "-a" "afd17baaafcd725a95434343b69d47c05fd00acad55f0d0f49f13b3d869ae017", kill_on_drop: false }`
[INFO] [stderr]    Compiling proc-macro2 v1.0.92
[INFO] [stderr]    Compiling unicode-ident v1.0.14
[INFO] [stderr]    Compiling libc v0.2.168
[INFO] [stderr]    Compiling itoa v1.0.14
[INFO] [stderr]    Compiling autocfg v1.4.0
[INFO] [stderr]    Compiling pin-project-lite v0.2.15
[INFO] [stderr]    Compiling parking_lot_core v0.9.10
[INFO] [stderr]    Compiling bytes v1.9.0
[INFO] [stderr]    Compiling scopeguard v1.2.0
[INFO] [stderr]    Compiling futures-core v0.3.31
[INFO] [stderr]    Compiling cfg-if v1.0.0
[INFO] [stderr]    Compiling smallvec v1.13.2
[INFO] [stderr]    Compiling futures-task v0.3.31
[INFO] [stderr]    Compiling pin-utils v0.1.0
[INFO] [stderr]    Compiling fnv v1.0.7
[INFO] [stderr]    Compiling serde v1.0.216
[INFO] [stderr]    Compiling log v0.4.22
[INFO] [stderr]    Compiling futures-util v0.3.31
[INFO] [stderr]    Compiling once_cell v1.20.2
[INFO] [stderr]    Compiling http v1.2.0
[INFO] [stderr]    Compiling httparse v1.9.5
[INFO] [stderr]    Compiling lock_api v0.4.12
[INFO] [stderr]    Compiling quote v1.0.37
[INFO] [stderr]    Compiling tracing-core v0.1.33
[INFO] [stderr]    Compiling syn v2.0.90
[INFO] [stderr]    Compiling rustversion v1.0.18
[INFO] [stderr]    Compiling tower-service v0.3.3
[INFO] [stderr]    Compiling syn v1.0.109
[INFO] [stderr]    Compiling tracing v0.1.41
[INFO] [stderr]    Compiling socket2 v0.5.8
[INFO] [stderr]    Compiling mio v1.0.3
[INFO] [stderr]    Compiling signal-hook-registry v1.4.2
[INFO] [stderr]    Compiling parking_lot v0.12.3
[INFO] [stderr]    Compiling http-body v1.0.1
[INFO] [stderr]    Compiling futures-channel v0.3.31
[INFO] [stderr]    Compiling utf8parse v0.2.2
[INFO] [stderr]    Compiling percent-encoding v2.3.1
[INFO] [stderr]    Compiling httpdate v1.0.3
[INFO] [stderr]    Compiling serde_json v1.0.133
[INFO] [stderr]    Compiling sync_wrapper v1.0.2
[INFO] [stderr]    Compiling tower-layer v0.3.3
[INFO] [stderr]    Compiling ryu v1.0.18
[INFO] [stderr]    Compiling form_urlencoded v1.2.1
[INFO] [stderr]    Compiling anstyle-parse v0.2.6
[INFO] [stderr]    Compiling mime v0.3.17
[INFO] [stderr]    Compiling memchr v2.7.4
[INFO] [stderr]    Compiling anstyle-query v1.1.2
[INFO] [stderr]    Compiling colorchoice v1.0.3
[INFO] [stderr]    Compiling prometheus-client v0.22.3
[INFO] [stderr]    Compiling http-body-util v0.1.2
[INFO] [stderr]    Compiling is_terminal_polyfill v1.70.1
[INFO] [stderr]    Compiling anstyle v1.0.10
[INFO] [stderr]    Compiling anstream v0.6.18
[INFO] [stderr]    Compiling env_filter v0.1.2
[INFO] [stderr]    Compiling matchit v0.7.3
[INFO] [stderr]    Compiling dtoa v1.0.9
[INFO] [stderr]    Compiling same-file v1.0.6
[INFO] [stderr]    Compiling humantime v2.1.0
[INFO] [stderr]    Compiling walkdir v2.5.0
[INFO] [stderr]    Compiling env_logger v0.11.5
[INFO] [stderr]    Compiling serde_urlencoded v0.7.1
[INFO] [stderr]    Compiling serde_path_to_error v0.1.16
[INFO] [stderr]    Compiling gumdrop_derive v0.8.1
[INFO] [stderr]    Compiling gumdrop v0.8.1
[INFO] [stderr]    Compiling tokio-macros v2.4.0
[INFO] [stderr]    Compiling async-trait v0.1.83
[INFO] [stderr]    Compiling prometheus-client-derive-encode v0.4.2
[INFO] [stderr]    Compiling axum-core v0.4.5
[INFO] [stderr]    Compiling tokio v1.42.0
[INFO] [stderr]    Compiling hyper v1.5.1
[INFO] [stderr]    Compiling tower v0.5.2
[INFO] [stderr]    Compiling hyper-util v0.1.10
[INFO] [stderr]    Compiling axum v0.7.9
[INFO] [stderr]    Compiling photo-backlog-exporter v0.1.0 (/opt/rustwide/workdir)
[INFO] [stderr]     Finished `dev` profile [unoptimized + debuginfo] target(s) in 51.47s
[INFO] running `Command { std: "docker" "inspect" "afd17baaafcd725a95434343b69d47c05fd00acad55f0d0f49f13b3d869ae017", kill_on_drop: false }`
[INFO] running `Command { std: "docker" "rm" "-f" "afd17baaafcd725a95434343b69d47c05fd00acad55f0d0f49f13b3d869ae017", kill_on_drop: false }`
[INFO] [stdout] afd17baaafcd725a95434343b69d47c05fd00acad55f0d0f49f13b3d869ae017
[INFO] running `Command { std: "docker" "create" "-v" "/var/lib/crater-agent-workspace/builds/worker-5-tc2/target:/opt/rustwide/target:rw,Z" "-v" "/var/lib/crater-agent-workspace/builds/worker-5-tc2/source:/opt/rustwide/workdir:ro,Z" "-v" "/var/lib/crater-agent-workspace/cargo-home:/opt/rustwide/cargo-home:ro,Z" "-v" "/var/lib/crater-agent-workspace/rustup-home:/opt/rustwide/rustup-home:ro,Z" "-e" "SOURCE_DIR=/opt/rustwide/workdir" "-e" "CARGO_TARGET_DIR=/opt/rustwide/target" "-e" "CARGO_INCREMENTAL=0" "-e" "RUST_BACKTRACE=full" "-e" "RUSTFLAGS=--cap-lints=forbid -Zrandomize-layout" "-e" "RUSTDOCFLAGS=--cap-lints=forbid" "-e" "CARGO_HOME=/opt/rustwide/cargo-home" "-e" "RUSTUP_HOME=/opt/rustwide/rustup-home" "-w" "/opt/rustwide/workdir" "-m" "1610612736" "--user" "0:0" "--network" "none" "ghcr.io/rust-lang/crates-build-env/linux@sha256:819108c5571ea2e421544af4d832f968d213c87fbe3707a016657f43d2f853bc" "/opt/rustwide/cargo-home/bin/cargo" "+nightly-2025-01-18" "test" "--frozen" "--no-run" "--message-format=json", kill_on_drop: false }`
[INFO] [stdout] ad5bf42af8a500ae275897e3eb06398648604149ee44271f768a8362959939da
[INFO] running `Command { std: "docker" "start" "-a" "ad5bf42af8a500ae275897e3eb06398648604149ee44271f768a8362959939da", kill_on_drop: false }`
[INFO] [stderr]    Compiling syn v2.0.90
[INFO] [stderr]    Compiling slab v0.4.9
[INFO] [stderr]    Compiling futures-sink v0.3.31
[INFO] [stderr]    Compiling futures-task v0.3.31
[INFO] [stderr]    Compiling futures-io v0.3.31
[INFO] [stderr]    Compiling stable_deref_trait v1.2.0
[INFO] [stderr]    Compiling num-traits v0.2.19
[INFO] [stderr]    Compiling writeable v0.5.5
[INFO] [stderr]    Compiling futures-channel v0.3.31
[INFO] [stderr]    Compiling regex-syntax v0.8.5
[INFO] [stderr]    Compiling litemap v0.7.4
[INFO] [stderr]    Compiling try-lock v0.2.5
[INFO] [stderr]    Compiling want v0.3.1
[INFO] [stderr]    Compiling icu_locid_transform_data v1.5.0
[INFO] [stderr]    Compiling semver v1.0.23
[INFO] [stderr]    Compiling byteorder v1.5.0
[INFO] [stderr]    Compiling icu_properties_data v1.5.0
[INFO] [stderr]    Compiling getrandom v0.2.15
[INFO] [stderr]    Compiling aho-corasick v1.1.3
[INFO] [stderr]    Compiling equivalent v1.0.1
[INFO] [stderr]    Compiling thiserror v1.0.69
[INFO] [stderr]    Compiling utf8_iter v1.0.4
[INFO] [stderr]    Compiling unicase v2.8.0
[INFO] [stderr]    Compiling hashbrown v0.15.2
[INFO] [stderr]    Compiling memchr v2.7.4
[INFO] [stderr]    Compiling utf16_iter v1.0.5
[INFO] [stderr]    Compiling icu_normalizer_data v1.5.0
[INFO] [stderr]    Compiling write16 v1.0.0
[INFO] [stderr]    Compiling mime_guess v2.0.5
[INFO] [stderr]    Compiling rustc_version v0.4.1
[INFO] [stderr]    Compiling num-integer v0.1.46
[INFO] [stderr]    Compiling rand_core v0.6.4
[INFO] [stderr]    Compiling indexmap v2.7.0
[INFO] [stderr]    Compiling powerfmt v0.2.0
[INFO] [stderr]    Compiling version_check v0.9.5
[INFO] [stderr]    Compiling winnow v0.6.20
[INFO] [stderr]    Compiling time-core v0.1.2
[INFO] [stderr]    Compiling num-conv v0.1.0
[INFO] [stderr]    Compiling toml_datetime v0.6.8
[INFO] [stderr]    Compiling cookie v0.18.1
[INFO] [stderr]    Compiling time-macros v0.2.19
[INFO] [stderr]    Compiling deranged v0.3.11
[INFO] [stderr]    Compiling num-bigint v0.4.6
[INFO] [stderr]    Compiling regex-automata v0.4.9
[INFO] [stderr]    Compiling toml_edit v0.22.22
[INFO] [stderr]    Compiling rstest_macros v0.22.0
[INFO] [stderr]    Compiling predicates-core v1.0.8
[INFO] [stderr]    Compiling anyhow v1.0.94
[INFO] [stderr]    Compiling doc-comment v0.3.3
[INFO] [stderr]    Compiling rustix v0.38.42
[INFO] [stderr]    Compiling num-rational v0.4.2
[INFO] [stderr]    Compiling time v0.3.37
[INFO] [stderr]    Compiling num-iter v0.1.45
[INFO] [stderr]    Compiling num-complex v0.4.6
[INFO] [stderr]    Compiling float-cmp v0.9.0
[INFO] [stderr]    Compiling http v0.2.12
[INFO] [stderr]    Compiling synstructure v0.13.1
[INFO] [stderr]    Compiling bitflags v2.6.0
[INFO] [stderr]    Compiling proc-macro-crate v3.2.0
[INFO] [stderr]    Compiling linux-raw-sys v0.4.14
[INFO] [stderr]    Compiling regex v1.11.1
[INFO] [stderr]    Compiling normalize-line-endings v0.3.0
[INFO] [stderr]    Compiling assert_cmd v2.0.16
[INFO] [stderr]    Compiling difflib v0.4.0
[INFO] [stderr]    Compiling diff v0.1.13
[INFO] [stderr]    Compiling lazy_static v1.5.0
[INFO] [stderr]    Compiling glob v0.3.1
[INFO] [stderr]    Compiling yansi v1.0.1
[INFO] [stderr]    Compiling relative-path v1.9.3
[INFO] [stderr]    Compiling termtree v0.4.1
[INFO] [stderr]    Compiling predicates-tree v1.0.11
[INFO] [stderr]    Compiling pretty_assertions v1.4.1
[INFO] [stderr]    Compiling predicates v3.1.2
[INFO] [stderr]    Compiling bstr v1.11.1
[INFO] [stderr]    Compiling futures-macro v0.3.31
[INFO] [stderr]    Compiling zerofrom-derive v0.1.5
[INFO] [stderr]    Compiling yoke-derive v0.7.5
[INFO] [stderr]    Compiling zerovec-derive v0.10.3
[INFO] [stderr]    Compiling futures-util v0.3.31
[INFO] [stderr]    Compiling displaydoc v0.2.5
[INFO] [stderr]    Compiling tokio-macros v2.4.0
[INFO] [stderr]    Compiling icu_provider_macros v1.5.0
[INFO] [stderr]    Compiling async-trait v0.1.83
[INFO] [stderr]    Compiling tokio v1.42.0
[INFO] [stderr]    Compiling zerofrom v0.1.5
[INFO] [stderr]    Compiling yoke v0.7.5
[INFO] [stderr]    Compiling zerocopy-derive v0.7.35
[INFO] [stderr]    Compiling thiserror-impl v1.0.69
[INFO] [stderr]    Compiling zerovec v0.10.4
[INFO] [stderr]    Compiling prometheus-client-derive-encode v0.4.2
[INFO] [stderr]    Compiling prometheus-client v0.22.3
[INFO] [stderr]    Compiling zerocopy v0.7.35
[INFO] [stderr]    Compiling reserve-port v2.0.1
[INFO] [stderr]    Compiling num v0.4.3
[INFO] [stderr]    Compiling wait-timeout v0.2.0
[INFO] [stderr]    Compiling tinystr v0.7.6
[INFO] [stderr]    Compiling icu_collections v1.5.0
[INFO] [stderr]    Compiling icu_locid v1.5.0
[INFO] [stderr]    Compiling ppv-lite86 v0.2.20
[INFO] [stderr]    Compiling fastrand v2.3.0
[INFO] [stderr]    Compiling auto-future v1.0.0
[INFO] [stderr]    Compiling futures-timer v3.0.3
[INFO] [stderr]    Compiling tempfile v3.14.0
[INFO] [stderr]    Compiling rand_chacha v0.3.1
[INFO] [stderr]    Compiling icu_provider v1.5.0
[INFO] [stderr]    Compiling speculoos v0.11.0
[INFO] [stderr]    Compiling icu_locid_transform v1.5.0
[INFO] [stderr]    Compiling rand v0.8.5
[INFO] [stderr]    Compiling http-body-util v0.1.2
[INFO] [stderr]    Compiling futures-executor v0.3.31
[INFO] [stderr]    Compiling futures v0.3.31
[INFO] [stderr]    Compiling axum-core v0.4.5
[INFO] [stderr]    Compiling testing_logger v0.1.1
[INFO] [stderr]    Compiling rust-multipart-rfc7578_2 v0.6.1
[INFO] [stderr]    Compiling icu_properties v1.5.1
[INFO] [stderr]    Compiling rstest v0.22.0
[INFO] [stderr]    Compiling hyper v1.5.1
[INFO] [stderr]    Compiling tower v0.5.2
[INFO] [stderr]    Compiling icu_normalizer v1.5.0
[INFO] [stderr]    Compiling idna_adapter v1.2.0
[INFO] [stderr]    Compiling idna v1.0.3
[INFO] [stderr]    Compiling url v2.5.4
[INFO] [stderr]    Compiling hyper-util v0.1.10
[INFO] [stderr]    Compiling axum v0.7.9
[INFO] [stderr]    Compiling photo-backlog-exporter v0.1.0 (/opt/rustwide/workdir)
[INFO] [stderr]    Compiling axum-test v15.7.4
[INFO] [stderr]     Finished `test` profile [unoptimized + debuginfo] target(s) in 2m 08s
[INFO] running `Command { std: "docker" "inspect" "ad5bf42af8a500ae275897e3eb06398648604149ee44271f768a8362959939da", kill_on_drop: false }`
[INFO] running `Command { std: "docker" "rm" "-f" "ad5bf42af8a500ae275897e3eb06398648604149ee44271f768a8362959939da", kill_on_drop: false }`
[INFO] [stdout] ad5bf42af8a500ae275897e3eb06398648604149ee44271f768a8362959939da
[INFO] running `Command { std: "docker" "create" "-v" "/var/lib/crater-agent-workspace/builds/worker-5-tc2/target:/opt/rustwide/target:rw,Z" "-v" "/var/lib/crater-agent-workspace/builds/worker-5-tc2/source:/opt/rustwide/workdir:ro,Z" "-v" "/var/lib/crater-agent-workspace/cargo-home:/opt/rustwide/cargo-home:ro,Z" "-v" "/var/lib/crater-agent-workspace/rustup-home:/opt/rustwide/rustup-home:ro,Z" "-e" "SOURCE_DIR=/opt/rustwide/workdir" "-e" "CARGO_TARGET_DIR=/opt/rustwide/target" "-e" "CARGO_INCREMENTAL=0" "-e" "RUST_BACKTRACE=full" "-e" "RUSTFLAGS=--cap-lints=forbid -Zrandomize-layout" "-e" "RUSTDOCFLAGS=--cap-lints=forbid" "-e" "CARGO_HOME=/opt/rustwide/cargo-home" "-e" "RUSTUP_HOME=/opt/rustwide/rustup-home" "-w" "/opt/rustwide/workdir" "-m" "1610612736" "--user" "0:0" "--network" "none" "ghcr.io/rust-lang/crates-build-env/linux@sha256:819108c5571ea2e421544af4d832f968d213c87fbe3707a016657f43d2f853bc" "/opt/rustwide/cargo-home/bin/cargo" "+nightly-2025-01-18" "test" "--frozen", kill_on_drop: false }`
[INFO] [stdout] 095645160d86a94507eb768338a2687f3ecb0af406807e75cb7ef49d45da9843
[INFO] running `Command { std: "docker" "start" "-a" "095645160d86a94507eb768338a2687f3ecb0af406807e75cb7ef49d45da9843", kill_on_drop: false }`
[INFO] [stderr]     Finished `test` profile [unoptimized + debuginfo] target(s) in 0.40s
[INFO] [stderr]      Running unittests src/lib.rs (/opt/rustwide/target/debug/deps/photo_backlog_exporter-f89cb078e3de2cea)
[INFO] [stdout] 
[INFO] [stdout] running 60 tests
[INFO] [stdout] test cli::tests::test_cli_error ... ok
[INFO] [stdout] test cli::tests::test_path_is_not_dir ... ok
[INFO] [stdout] test prometheus::tests::test_backlog_encoding::case_1_empty_dir ... ok
[INFO] [stdout] test daemon::tests::test_bind_conflict ... ok
[INFO] [stdout] test prometheus::tests::test_backlog_encoding::case_3_two_dirs_one_two ... ok
[INFO] [stdout] test daemon::tests::test_metrics ... ok
[INFO] [stdout] test tests::first_dir_fails ... ok
[INFO] [stdout] test cli::tests::test_args ... ok
[INFO] [stdout] test tests::ignored_extension_is_ignored ... ok
[INFO] [stdout] test tests::ignored_files_are_ignored ... ok
[INFO] [stdout] test tests::file_in_root_dir ... ok
[INFO] [stdout] test tests::empty_dir ... ok
[INFO] [stdout] test tests::empty_dir_is_empty ... ok
[INFO] [stdout] test tests::no_such_dir ... ok
[INFO] [stdout] test tests::no_extension_is_ignored ... ok
[INFO] [stdout] test prometheus::tests::test_backlog_encoding::case_2_one_dir_one_file ... ok
[INFO] [stdout] test tests::test_ownership::user_mode_1_FailMode__NoCheck::group_mode_3_FailMode__Bad ... ok
[INFO] [stdout] test prometheus::tests::test_backlog_encoding::case_4_three_dirs_one_zero_two ... ok
[INFO] [stdout] test tests::test_ownership::user_mode_2_FailMode__Good::group_mode_1_FailMode__NoCheck ... ok
[INFO] [stdout] test tests::one_dir_one_file ... ok
[INFO] [stdout] test tests::test_ownership::user_mode_1_FailMode__NoCheck::group_mode_2_FailMode__Good ... ok
[INFO] [stdout] test tests::test_ownership::user_mode_1_FailMode__NoCheck::group_mode_1_FailMode__NoCheck ... ok
[INFO] [stdout] test tests::test_ownership::user_mode_2_FailMode__Good::group_mode_2_FailMode__Good ... ok
[INFO] [stdout] test tests::test_ownership::user_mode_3_FailMode__Bad::group_mode_1_FailMode__NoCheck ... ok
[INFO] [stdout] test tests::test_ownership::user_mode_3_FailMode__Bad::group_mode_2_FailMode__Good ... ok
[INFO] [stdout] test tests::test_ownership::user_mode_2_FailMode__Good::group_mode_3_FailMode__Bad ... ok
[INFO] [stdout] test tests::test_ownership::user_mode_3_FailMode__Bad::group_mode_3_FailMode__Bad ... ok
[INFO] [stdout] test tests::one_dir_two_files ... ok
[INFO] [stdout] test tests::test_permissions::perm_1_0o664::what_1_TestWhat__Directory::check_fail_1_true ... ok
[INFO] [stdout] test tests::test_permissions::perm_1_0o664::what_1_TestWhat__Directory::check_fail_2_false ... ok
[INFO] [stdout] test tests::test_permissions::perm_1_0o664::what_2_TestWhat__RawFile::check_fail_1_true ... ok
[INFO] [stdout] test tests::test_permissions::perm_2_0o644::what_2_TestWhat__RawFile::check_fail_1_true ... ok
[INFO] [stdout] test tests::test_permissions::perm_1_0o664::what_2_TestWhat__RawFile::check_fail_2_false ... ok
[INFO] [stdout] test tests::test_permissions::perm_2_0o644::what_2_TestWhat__RawFile::check_fail_2_false ... ok
[INFO] [stdout] test tests::test_permissions::perm_3_0o660::what_1_TestWhat__Directory::check_fail_1_true ... ok
[INFO] [stdout] test tests::test_permissions::perm_2_0o644::what_1_TestWhat__Directory::check_fail_2_false ... ok
[INFO] [stdout] test tests::test_permissions::perm_2_0o644::what_3_TestWhat__EditableFile::check_fail_2_false ... ok
[INFO] [stdout] test tests::test_permissions::perm_1_0o664::what_3_TestWhat__EditableFile::check_fail_1_true ... ok
[INFO] [stdout] test tests::test_permissions::perm_2_0o644::what_3_TestWhat__EditableFile::check_fail_1_true ... ok
[INFO] [stdout] test tests::test_permissions::perm_1_0o664::what_3_TestWhat__EditableFile::check_fail_2_false ... ok
[INFO] [stdout] test tests::test_permissions::perm_3_0o660::what_3_TestWhat__EditableFile::check_fail_2_false ... ok
[INFO] [stdout] test tests::test_permissions::perm_3_0o660::what_2_TestWhat__RawFile::check_fail_2_false ... ok
[INFO] [stdout] test tests::test_permissions::perm_4_0o640::what_1_TestWhat__Directory::check_fail_1_true ... ok
[INFO] [stdout] test tests::test_permissions::perm_3_0o660::what_3_TestWhat__EditableFile::check_fail_1_true ... ok
[INFO] [stdout] test tests::test_permissions::perm_2_0o644::what_1_TestWhat__Directory::check_fail_1_true ... ok
[INFO] [stdout] test tests::test_permissions::perm_4_0o640::what_1_TestWhat__Directory::check_fail_2_false ... ok
[INFO] [stdout] test tests::test_permissions::perm_3_0o660::what_1_TestWhat__Directory::check_fail_2_false ... ok
[INFO] [stdout] test tests::test_permissions::perm_3_0o660::what_2_TestWhat__RawFile::check_fail_1_true ... ok
[INFO] [stdout] test tests::test_permissions::perm_4_0o640::what_3_TestWhat__EditableFile::check_fail_1_true ... ok
[INFO] [stdout] test tests::test_permissions::perm_5_0o600::what_2_TestWhat__RawFile::check_fail_2_false ... ok
[INFO] [stdout] test tests::test_permissions::perm_5_0o600::what_1_TestWhat__Directory::check_fail_2_false ... ok
[INFO] [stdout] test tests::test_permissions::perm_4_0o640::what_2_TestWhat__RawFile::check_fail_1_true ... ok
[INFO] [stdout] test tests::test_permissions::perm_5_0o600::what_2_TestWhat__RawFile::check_fail_1_true ... ok
[INFO] [stdout] test tests::test_permissions::perm_4_0o640::what_3_TestWhat__EditableFile::check_fail_2_false ... ok
[INFO] [stdout] test tests::test_permissions::perm_5_0o600::what_1_TestWhat__Directory::check_fail_1_true ... ok
[INFO] [stdout] test tests::test_permissions::perm_4_0o640::what_2_TestWhat__RawFile::check_fail_2_false ... ok
[INFO] [stdout] test tests::test_permissions::perm_5_0o600::what_3_TestWhat__EditableFile::check_fail_2_false ... ok
[INFO] [stdout] test tests::unknown_files ... ok
[INFO] [stdout] test tests::test_permissions::perm_5_0o600::what_3_TestWhat__EditableFile::check_fail_1_true ... ok
[INFO] [stdout] test tests::test_scan_errors ... FAILED
[INFO] [stdout] 
[INFO] [stdout] failures:
[INFO] [stdout] 
[INFO] [stdout] ---- tests::test_scan_errors stdout ----
[INFO] [stdout] 
[INFO] [stdout] thread 'tests::test_scan_errors' panicked at /opt/rustwide/cargo-home/registry/src/index.crates.io-1949cf8c6b5b557f/speculoos-0.11.0/src/lib.rs:344:9:
[INFO] [stdout] 
[INFO] [stdout] 	[31mexpected: hashmap to have length <0>
[INFO] [stdout] 	 but was: <1>[0m
[INFO] [stdout] 
[INFO] [stdout] 	[1mat location: src/lib.rs:414[0m
[INFO] [stdout] 
[INFO] [stdout] stack backtrace:
[INFO] [stdout]    0:     0x635ad47c8a3a - std::backtrace_rs::backtrace::libunwind::trace::hb059275cfc8d6126
[INFO] [stdout]                                at /rustc/6067b36314ab5eb2eb47cecc464545ba58e1ad24/library/std/src/../../backtrace/src/backtrace/libunwind.rs:116:5
[INFO] [stdout]    1:     0x635ad47c8a3a - std::backtrace_rs::backtrace::trace_unsynchronized::h2da071e4327ce3ee
[INFO] [stdout]                                at /rustc/6067b36314ab5eb2eb47cecc464545ba58e1ad24/library/std/src/../../backtrace/src/backtrace/mod.rs:66:5
[INFO] [stdout]    2:     0x635ad47c8a3a - std::sys::backtrace::_print_fmt::h842a1474e6f8d23f
[INFO] [stdout]                                at /rustc/6067b36314ab5eb2eb47cecc464545ba58e1ad24/library/std/src/sys/backtrace.rs:66:9
[INFO] [stdout]    3:     0x635ad47c8a3a - <std::sys::backtrace::BacktraceLock::print::DisplayBacktrace as core::fmt::Display>::fmt::h71a62eb3b9696b12
[INFO] [stdout]                                at /rustc/6067b36314ab5eb2eb47cecc464545ba58e1ad24/library/std/src/sys/backtrace.rs:39:26
[INFO] [stdout]    4:     0x635ad47f60c3 - core::fmt::rt::Argument::fmt::hdb6b616786b41dc1
[INFO] [stdout]                                at /rustc/6067b36314ab5eb2eb47cecc464545ba58e1ad24/library/core/src/fmt/rt.rs:177:76
[INFO] [stdout]    5:     0x635ad47f60c3 - core::fmt::write::h2cc1698af7e2d686
[INFO] [stdout]                                at /rustc/6067b36314ab5eb2eb47cecc464545ba58e1ad24/library/core/src/fmt/mod.rs:1440:21
[INFO] [stdout]    6:     0x635ad47c4463 - std::io::Write::write_fmt::hab1b4cd059a79022
[INFO] [stdout]                                at /rustc/6067b36314ab5eb2eb47cecc464545ba58e1ad24/library/std/src/io/mod.rs:1887:15
[INFO] [stdout]    7:     0x635ad47c8882 - std::sys::backtrace::BacktraceLock::print::h147fe35b4ea13b08
[INFO] [stdout]                                at /rustc/6067b36314ab5eb2eb47cecc464545ba58e1ad24/library/std/src/sys/backtrace.rs:42:9
[INFO] [stdout]    8:     0x635ad47c9e5f - std::panicking::default_hook::{{closure}}::hbd44223dbdc0d208
[INFO] [stdout]                                at /rustc/6067b36314ab5eb2eb47cecc464545ba58e1ad24/library/std/src/panicking.rs:298:22
[INFO] [stdout]    9:     0x635ad47c9c78 - std::panicking::default_hook::h20f81eb0576efcec
[INFO] [stdout]                                at /rustc/6067b36314ab5eb2eb47cecc464545ba58e1ad24/library/std/src/panicking.rs:322:9
[INFO] [stdout]   10:     0x635ad4412b63 - <alloc::boxed::Box<F,A> as core::ops::function::Fn<Args>>::call::hdb53814c496a4d34
[INFO] [stdout]                                at /rustc/6067b36314ab5eb2eb47cecc464545ba58e1ad24/library/alloc/src/boxed.rs:2027:9
[INFO] [stdout]   11:     0x635ad4412b63 - test::test_main::{{closure}}::hc0a4963c59427c24
[INFO] [stdout]                                at /rustc/6067b36314ab5eb2eb47cecc464545ba58e1ad24/library/test/src/lib.rs:134:21
[INFO] [stdout]   12:     0x635ad47ca953 - <alloc::boxed::Box<F,A> as core::ops::function::Fn<Args>>::call::h591b2225413a77e9
[INFO] [stdout]                                at /rustc/6067b36314ab5eb2eb47cecc464545ba58e1ad24/library/alloc/src/boxed.rs:2027:9
[INFO] [stdout]   13:     0x635ad47ca953 - std::panicking::rust_panic_with_hook::h625eea43051b2edc
[INFO] [stdout]                                at /rustc/6067b36314ab5eb2eb47cecc464545ba58e1ad24/library/std/src/panicking.rs:839:13
[INFO] [stdout]   14:     0x635ad47ca60a - std::panicking::begin_panic_handler::{{closure}}::h4f9159cfbc3f6bd3
[INFO] [stdout]                                at /rustc/6067b36314ab5eb2eb47cecc464545ba58e1ad24/library/std/src/panicking.rs:704:13
[INFO] [stdout]   15:     0x635ad47c8f39 - std::sys::backtrace::__rust_end_short_backtrace::h0390abce48353151
[INFO] [stdout]                                at /rustc/6067b36314ab5eb2eb47cecc464545ba58e1ad24/library/std/src/sys/backtrace.rs:168:18
[INFO] [stdout]   16:     0x635ad47ca29d - rust_begin_unwind
[INFO] [stdout]                                at /rustc/6067b36314ab5eb2eb47cecc464545ba58e1ad24/library/std/src/panicking.rs:695:5
[INFO] [stdout]   17:     0x635ad47f39b0 - core::panicking::panic_fmt::h9e7c637e9e5f29c9
[INFO] [stdout]                                at /rustc/6067b36314ab5eb2eb47cecc464545ba58e1ad24/library/core/src/panicking.rs:75:14
[INFO] [stdout]   18:     0x635ad436f986 - speculoos::AssertionFailure<T>::fail::haf7633b9c268d1b2
[INFO] [stdout]                                at /opt/rustwide/cargo-home/registry/src/index.crates.io-1949cf8c6b5b557f/speculoos-0.11.0/src/lib.rs:344:9
[INFO] [stdout]   19:     0x635ad4365c98 - <speculoos::Spec<std::collections::hash::map::HashMap<K,V>> as speculoos::hashmap::HashMapAssertions>::has_length::hd07a82ae240b8c2a
[INFO] [stdout]                                at /opt/rustwide/cargo-home/registry/src/index.crates.io-1949cf8c6b5b557f/speculoos-0.11.0/src/hashmap.rs:49:13
[INFO] [stdout]   20:     0x635ad43a815c - photo_backlog_exporter::tests::check_backlog::hce157271f467690f
[INFO] [stdout]                                at /opt/rustwide/workdir/src/lib.rs:414:9
[INFO] [stdout]   21:     0x635ad43b05cc - photo_backlog_exporter::tests::test_scan_errors::test_scan_errors::h178776c4c7ea5a4b
[INFO] [stdout]                                at /opt/rustwide/workdir/src/lib.rs:686:9
[INFO] [stdout]   22:     0x635ad43b00a8 - photo_backlog_exporter::tests::test_scan_errors::hddd4084910ab2eec
[INFO] [stdout]                                at /opt/rustwide/workdir/src/lib.rs:659:5
[INFO] [stdout]   23:     0x635ad43affc7 - photo_backlog_exporter::tests::test_scan_errors::{{closure}}::h48063b16be3edfa2
[INFO] [stdout]                                at /opt/rustwide/workdir/src/lib.rs:659:14
[INFO] [stdout]   24:     0x635ad43467c6 - core::ops::function::FnOnce::call_once::he094409b37e511bd
[INFO] [stdout]                                at /rustc/6067b36314ab5eb2eb47cecc464545ba58e1ad24/library/core/src/ops/function.rs:250:5
[INFO] [stdout]   25:     0x635ad44182bb - core::ops::function::FnOnce::call_once::he27718dfdd183f43
[INFO] [stdout]                                at /rustc/6067b36314ab5eb2eb47cecc464545ba58e1ad24/library/core/src/ops/function.rs:250:5
[INFO] [stdout]   26:     0x635ad44182bb - test::__rust_begin_short_backtrace::h4e84902998457a5d
[INFO] [stdout]                                at /rustc/6067b36314ab5eb2eb47cecc464545ba58e1ad24/library/test/src/lib.rs:632:18
[INFO] [stdout]   27:     0x635ad44171f3 - test::run_test_in_process::{{closure}}::h7176fd18fc1feca0
[INFO] [stdout]                                at /rustc/6067b36314ab5eb2eb47cecc464545ba58e1ad24/library/test/src/lib.rs:655:60
[INFO] [stdout]   28:     0x635ad44171f3 - <core::panic::unwind_safe::AssertUnwindSafe<F> as core::ops::function::FnOnce<()>>::call_once::hf79cff2a624d8cf7
[INFO] [stdout]                                at /rustc/6067b36314ab5eb2eb47cecc464545ba58e1ad24/library/core/src/panic/unwind_safe.rs:272:9
[INFO] [stdout]   29:     0x635ad44171f3 - std::panicking::try::do_call::h3da0561d9ab99c25
[INFO] [stdout]                                at /rustc/6067b36314ab5eb2eb47cecc464545ba58e1ad24/library/std/src/panicking.rs:587:40
[INFO] [stdout]   30:     0x635ad44171f3 - std::panicking::try::h41c9fa508bc61df6
[INFO] [stdout]                                at /rustc/6067b36314ab5eb2eb47cecc464545ba58e1ad24/library/std/src/panicking.rs:550:19
[INFO] [stdout]   31:     0x635ad44171f3 - std::panic::catch_unwind::h6b3ff07bb5afad93
[INFO] [stdout]                                at /rustc/6067b36314ab5eb2eb47cecc464545ba58e1ad24/library/std/src/panic.rs:358:14
[INFO] [stdout]   32:     0x635ad44171f3 - test::run_test_in_process::hc7253dd11b39b9f4
[INFO] [stdout]                                at /rustc/6067b36314ab5eb2eb47cecc464545ba58e1ad24/library/test/src/lib.rs:655:27
[INFO] [stdout]   33:     0x635ad44171f3 - test::run_test::{{closure}}::hfb2007f8649c30bb
[INFO] [stdout]                                at /rustc/6067b36314ab5eb2eb47cecc464545ba58e1ad24/library/test/src/lib.rs:576:43
[INFO] [stdout]   34:     0x635ad43da2d5 - test::run_test::{{closure}}::h56a17aa7a282a9f4
[INFO] [stdout]                                at /rustc/6067b36314ab5eb2eb47cecc464545ba58e1ad24/library/test/src/lib.rs:606:41
[INFO] [stdout]   35:     0x635ad43da2d5 - std::sys::backtrace::__rust_begin_short_backtrace::hd2d2d2fb8e8c6aac
[INFO] [stdout]                                at /rustc/6067b36314ab5eb2eb47cecc464545ba58e1ad24/library/std/src/sys/backtrace.rs:152:18
[INFO] [stdout]   36:     0x635ad43ddbba - std::thread::Builder::spawn_unchecked_::{{closure}}::{{closure}}::h4faa3f9db6133423
[INFO] [stdout]                                at /rustc/6067b36314ab5eb2eb47cecc464545ba58e1ad24/library/std/src/thread/mod.rs:559:17
[INFO] [stdout]   37:     0x635ad43ddbba - <core::panic::unwind_safe::AssertUnwindSafe<F> as core::ops::function::FnOnce<()>>::call_once::hf2e855a36a4ea846
[INFO] [stdout]                                at /rustc/6067b36314ab5eb2eb47cecc464545ba58e1ad24/library/core/src/panic/unwind_safe.rs:272:9
[INFO] [stdout]   38:     0x635ad43ddbba - std::panicking::try::do_call::h2f73af3616c35465
[INFO] [stdout]                                at /rustc/6067b36314ab5eb2eb47cecc464545ba58e1ad24/library/std/src/panicking.rs:587:40
[INFO] [stdout]   39:     0x635ad43ddbba - std::panicking::try::hd1660ce9efadef5a
[INFO] [stdout]                                at /rustc/6067b36314ab5eb2eb47cecc464545ba58e1ad24/library/std/src/panicking.rs:550:19
[INFO] [stdout]   40:     0x635ad43ddbba - std::panic::catch_unwind::h5ee8d7823b8ca744
[INFO] [stdout]                                at /rustc/6067b36314ab5eb2eb47cecc464545ba58e1ad24/library/std/src/panic.rs:358:14
[INFO] [stdout]   41:     0x635ad43ddbba - std::thread::Builder::spawn_unchecked_::{{closure}}::h53c3a1894dce8407
[INFO] [stdout]                                at /rustc/6067b36314ab5eb2eb47cecc464545ba58e1ad24/library/std/src/thread/mod.rs:557:30
[INFO] [stdout]   42:     0x635ad43ddbba - core::ops::function::FnOnce::call_once{{vtable.shim}}::h048ce291ad4f62bf
[INFO] [stdout]                                at /rustc/6067b36314ab5eb2eb47cecc464545ba58e1ad24/library/core/src/ops/function.rs:250:5
[INFO] [stdout]   43:     0x635ad47cfa1b - <alloc::boxed::Box<F,A> as core::ops::function::FnOnce<Args>>::call_once::ha52bedf99a3b4981
[INFO] [stdout]                                at /rustc/6067b36314ab5eb2eb47cecc464545ba58e1ad24/library/alloc/src/boxed.rs:2013:9
[INFO] [stdout]   44:     0x635ad47cfa1b - <alloc::boxed::Box<F,A> as core::ops::function::FnOnce<Args>>::call_once::h567748934d80ccf8
[INFO] [stdout]                                at /rustc/6067b36314ab5eb2eb47cecc464545ba58e1ad24/library/alloc/src/boxed.rs:2013:9
[INFO] [stdout]   45:     0x635ad47cfa1b - std::sys::pal::unix::thread::Thread::new::thread_start::h2d970728ae887adc
[INFO] [stdout]                                at /rustc/6067b36314ab5eb2eb47cecc464545ba58e1ad24/library/std/src/sys/pal/unix/thread.rs:106:17
[INFO] [stdout]   46:     0x72eab2c45ac3 - <unknown>
[INFO] [stdout]   47:     0x72eab2cd6a04 - clone
[INFO] [stdout]   48:                0x0 - <unknown>
[INFO] [stdout] 
[INFO] [stdout] 
[INFO] [stdout] failures:
[INFO] [stdout]     tests::test_scan_errors
[INFO] [stdout] 
[INFO] [stdout] test result: FAILED. 59 passed; 1 failed; 0 ignored; 0 measured; 0 filtered out; finished in 0.16s
[INFO] [stdout] 
[INFO] [stderr] error: test failed, to rerun pass `--lib`
[INFO] running `Command { std: "docker" "inspect" "095645160d86a94507eb768338a2687f3ecb0af406807e75cb7ef49d45da9843", kill_on_drop: false }`
[INFO] running `Command { std: "docker" "rm" "-f" "095645160d86a94507eb768338a2687f3ecb0af406807e75cb7ef49d45da9843", kill_on_drop: false }`
[INFO] [stdout] 095645160d86a94507eb768338a2687f3ecb0af406807e75cb7ef49d45da9843
