[INFO] cloning repository https://github.com/ingonyama-zk/moriartys_challenge
[INFO] running `Command { std: "git" "-c" "credential.helper=" "-c" "credential.helper=/workspace/cargo-home/bin/git-credential-null" "clone" "--bare" "https://github.com/ingonyama-zk/moriartys_challenge" "/workspace/cache/git-repos/https%3A%2F%2Fgithub.com%2Fingonyama-zk%2Fmoriartys_challenge", kill_on_drop: false }`
[INFO] [stderr] Cloning into bare repository '/workspace/cache/git-repos/https%3A%2F%2Fgithub.com%2Fingonyama-zk%2Fmoriartys_challenge'...
[INFO] running `Command { std: "git" "rev-parse" "HEAD", kill_on_drop: false }`
[INFO] [stdout] 50d6bbb03e51ea8e6fa93e2242e984d0f765a42f
[INFO] testing ingonyama-zk/moriartys_challenge against nightly-2025-01-18 for randomize-layout-2
[INFO] running `Command { std: "git" "clone" "/workspace/cache/git-repos/https%3A%2F%2Fgithub.com%2Fingonyama-zk%2Fmoriartys_challenge" "/workspace/builds/worker-1-tc1/source", kill_on_drop: false }`
[INFO] [stderr] Cloning into '/workspace/builds/worker-1-tc1/source'...
[INFO] [stderr] done.
[INFO] validating manifest of git repo https://github.com/ingonyama-zk/moriartys_challenge on toolchain nightly-2025-01-18
[INFO] running `Command { std: CARGO_HOME="/workspace/cargo-home" RUSTUP_HOME="/workspace/rustup-home" "/workspace/cargo-home/bin/cargo" "+nightly-2025-01-18" "metadata" "--manifest-path" "Cargo.toml" "--no-deps", kill_on_drop: false }`
[INFO] started tweaking git repo https://github.com/ingonyama-zk/moriartys_challenge
[INFO] finished tweaking git repo https://github.com/ingonyama-zk/moriartys_challenge
[INFO] tweaked toml for git repo https://github.com/ingonyama-zk/moriartys_challenge written to /workspace/builds/worker-1-tc1/source/Cargo.toml
[INFO] crate git repo https://github.com/ingonyama-zk/moriartys_challenge already has a lockfile, it will not be regenerated
[INFO] running `Command { std: CARGO_HOME="/workspace/cargo-home" RUSTUP_HOME="/workspace/rustup-home" "/workspace/cargo-home/bin/cargo" "+nightly-2025-01-18" "fetch" "--manifest-path" "Cargo.toml", kill_on_drop: false }`
[INFO] [stderr]     Updating crates.io index
[INFO] [stderr]     Blocking waiting for file lock on package cache
[INFO] [stderr]  Downloading crates ...
[INFO] [stderr]   Downloaded reborrow v0.5.4
[INFO] [stderr]   Downloaded concrete-csprng v0.3.0
[INFO] [stderr]   Downloaded dyn-stack v0.9.0
[INFO] [stderr]   Downloaded pulp v0.11.11
[INFO] [stderr]   Downloaded concrete-fft v0.2.1
[INFO] [stderr]   Downloaded tfhe v0.2.4
[INFO] running `Command { std: "docker" "create" "-v" "/var/lib/crater-agent-workspace/builds/worker-1-tc1/target:/opt/rustwide/target:rw,Z" "-v" "/var/lib/crater-agent-workspace/builds/worker-1-tc1/source:/opt/rustwide/workdir:ro,Z" "-v" "/var/lib/crater-agent-workspace/cargo-home:/opt/rustwide/cargo-home:ro,Z" "-v" "/var/lib/crater-agent-workspace/rustup-home:/opt/rustwide/rustup-home:ro,Z" "-e" "SOURCE_DIR=/opt/rustwide/workdir" "-e" "CARGO_TARGET_DIR=/opt/rustwide/target" "-e" "CARGO_HOME=/opt/rustwide/cargo-home" "-e" "RUSTUP_HOME=/opt/rustwide/rustup-home" "-w" "/opt/rustwide/workdir" "-m" "1610612736" "--user" "0:0" "--network" "none" "ghcr.io/rust-lang/crates-build-env/linux@sha256:819108c5571ea2e421544af4d832f968d213c87fbe3707a016657f43d2f853bc" "/opt/rustwide/cargo-home/bin/cargo" "+nightly-2025-01-18" "metadata" "--no-deps" "--format-version=1", kill_on_drop: false }`
[INFO] [stdout] 4a08e74b5714e5bbcca747474a62190bcf69e33d6cb5f9810af8235ee2a63442
[INFO] running `Command { std: "docker" "start" "-a" "4a08e74b5714e5bbcca747474a62190bcf69e33d6cb5f9810af8235ee2a63442", kill_on_drop: false }`
[INFO] running `Command { std: "docker" "inspect" "4a08e74b5714e5bbcca747474a62190bcf69e33d6cb5f9810af8235ee2a63442", kill_on_drop: false }`
[INFO] running `Command { std: "docker" "rm" "-f" "4a08e74b5714e5bbcca747474a62190bcf69e33d6cb5f9810af8235ee2a63442", kill_on_drop: false }`
[INFO] [stdout] 4a08e74b5714e5bbcca747474a62190bcf69e33d6cb5f9810af8235ee2a63442
[INFO] running `Command { std: "docker" "create" "-v" "/var/lib/crater-agent-workspace/builds/worker-1-tc1/target:/opt/rustwide/target:rw,Z" "-v" "/var/lib/crater-agent-workspace/builds/worker-1-tc1/source:/opt/rustwide/workdir:ro,Z" "-v" "/var/lib/crater-agent-workspace/cargo-home:/opt/rustwide/cargo-home:ro,Z" "-v" "/var/lib/crater-agent-workspace/rustup-home:/opt/rustwide/rustup-home:ro,Z" "-e" "SOURCE_DIR=/opt/rustwide/workdir" "-e" "CARGO_TARGET_DIR=/opt/rustwide/target" "-e" "CARGO_INCREMENTAL=0" "-e" "RUST_BACKTRACE=full" "-e" "RUSTFLAGS=--cap-lints=forbid" "-e" "RUSTDOCFLAGS=--cap-lints=forbid" "-e" "CARGO_HOME=/opt/rustwide/cargo-home" "-e" "RUSTUP_HOME=/opt/rustwide/rustup-home" "-w" "/opt/rustwide/workdir" "-m" "1610612736" "--user" "0:0" "--network" "none" "ghcr.io/rust-lang/crates-build-env/linux@sha256:819108c5571ea2e421544af4d832f968d213c87fbe3707a016657f43d2f853bc" "/opt/rustwide/cargo-home/bin/cargo" "+nightly-2025-01-18" "build" "--frozen" "--message-format=json", kill_on_drop: false }`
[INFO] [stdout] 43160843932b0afa42811be824615342d908cb9d7c601f8170eafb33a8161c22
[INFO] running `Command { std: "docker" "start" "-a" "43160843932b0afa42811be824615342d908cb9d7c601f8170eafb33a8161c22", kill_on_drop: false }`
[INFO] [stderr]    Compiling autocfg v1.1.0
[INFO] [stderr]    Compiling cfg-if v1.0.0
[INFO] [stderr]    Compiling version_check v0.9.4
[INFO] [stderr]    Compiling typenum v1.16.0
[INFO] [stderr]    Compiling libc v0.2.147
[INFO] [stderr]    Compiling proc-macro2 v1.0.64
[INFO] [stderr]    Compiling crossbeam-utils v0.8.16
[INFO] [stderr]    Compiling quote v1.0.29
[INFO] [stderr]    Compiling unicode-ident v1.0.10
[INFO] [stderr]    Compiling scopeguard v1.1.0
[INFO] [stderr]    Compiling serde v1.0.171
[INFO] [stderr]    Compiling rayon-core v1.11.0
[INFO] [stderr]    Compiling bytemuck v1.13.1
[INFO] [stderr]    Compiling cpufeatures v0.2.9
[INFO] [stderr]    Compiling either v1.8.1
[INFO] [stderr]    Compiling concrete-csprng v0.3.0
[INFO] [stderr]    Compiling paste v1.0.13
[INFO] [stderr]    Compiling reborrow v0.5.4
[INFO] [stderr]    Compiling tfhe v0.2.4
[INFO] [stderr]    Compiling ppv-lite86 v0.2.17
[INFO] [stderr]    Compiling once_cell v1.18.0
[INFO] [stderr]    Compiling hex v0.4.3
[INFO] [stderr]    Compiling itertools v0.10.5
[INFO] [stderr]    Compiling pulp v0.11.11
[INFO] [stderr]    Compiling dyn-stack v0.9.0
[INFO] [stderr]    Compiling memoffset v0.9.0
[INFO] [stderr]    Compiling crossbeam-epoch v0.9.15
[INFO] [stderr]    Compiling num-traits v0.2.15
[INFO] [stderr]    Compiling generic-array v0.14.7
[INFO] [stderr]    Compiling crossbeam-channel v0.5.8
[INFO] [stderr]    Compiling syn v2.0.25
[INFO] [stderr]    Compiling num_cpus v1.16.0
[INFO] [stderr]    Compiling getrandom v0.2.10
[INFO] [stderr]    Compiling rand_core v0.6.4
[INFO] [stderr]    Compiling crossbeam-deque v0.8.3
[INFO] [stderr]    Compiling rand_chacha v0.3.1
[INFO] [stderr]    Compiling rand v0.8.5
[INFO] [stderr]    Compiling rayon v1.7.0
[INFO] [stderr]    Compiling crypto-common v0.1.6
[INFO] [stderr]    Compiling inout v0.1.3
[INFO] [stderr]    Compiling block-buffer v0.10.4
[INFO] [stderr]    Compiling digest v0.10.7
[INFO] [stderr]    Compiling cipher v0.4.4
[INFO] [stderr]    Compiling sha2 v0.10.7
[INFO] [stderr]    Compiling aes v0.8.3
[INFO] [stderr]    Compiling serde_derive v1.0.171
[INFO] [stderr]    Compiling num-complex v0.4.3
[INFO] [stderr]    Compiling aligned-vec v0.5.0
[INFO] [stderr]    Compiling concrete-fft v0.2.1
[INFO] [stderr]    Compiling moriartys_challenge v0.1.0 (/opt/rustwide/workdir)
[INFO] [stdout] warning: unused imports: `polynomial_wrapping_add_mul_assign` and `polynomial_wrapping_mul`
[INFO] [stdout]  --> src/example.rs:2:5
[INFO] [stdout]   |
[INFO] [stdout] 2 |     polynomial_wrapping_add_mul_assign, polynomial_wrapping_add_multisum_assign, polynomial_wrapping_mul, 
[INFO] [stdout]   |     ^^^^^^^^^^^^^^^^^^^^^^^^^^^^^^^^^^                                           ^^^^^^^^^^^^^^^^^^^^^^^
[INFO] [stdout]   |
[INFO] [stdout]   = note: `#[warn(unused_imports)]` on by default
[INFO] [stdout] 
[INFO] [stdout] 
[INFO] [stdout] warning: unnecessary parentheses around assigned value
[INFO] [stdout]   --> src/example.rs:80:18
[INFO] [stdout]    |
[INFO] [stdout] 80 |     let db2:i64 =(delta/2);
[INFO] [stdout]    |                  ^       ^
[INFO] [stdout]    |
[INFO] [stdout]    = note: `#[warn(unused_parens)]` on by default
[INFO] [stdout] help: remove these parentheses
[INFO] [stdout]    |
[INFO] [stdout] 80 -     let db2:i64 =(delta/2);
[INFO] [stdout] 80 +     let db2:i64 =delta/2;
[INFO] [stdout]    |
[INFO] [stdout] 
[INFO] [stdout] 
[INFO] [stdout] warning: unused variable: `i`
[INFO] [stdout]   --> src/example.rs:89:9
[INFO] [stdout]    |
[INFO] [stdout] 89 |     for i in 0..=N*k-1 {
[INFO] [stdout]    |         ^ help: if this is intentional, prefix it with an underscore: `_i`
[INFO] [stdout]    |
[INFO] [stdout]    = note: `#[warn(unused_variables)]` on by default
[INFO] [stdout] 
[INFO] [stdout] 
[INFO] [stdout] warning: unused variable: `i`
[INFO] [stdout]   --> src/example.rs:96:9
[INFO] [stdout]    |
[INFO] [stdout] 96 |     for i in 0..= N-1{
[INFO] [stdout]    |         ^ help: if this is intentional, prefix it with an underscore: `_i`
[INFO] [stdout] 
[INFO] [stdout] 
[INFO] [stdout] warning: variable does not need to be mutable
[INFO] [stdout]   --> src/example.rs:81:9
[INFO] [stdout]    |
[INFO] [stdout] 81 |     let mut encoded_msg_vec:Vec<i64> = plaintext.iter().map(|&x| x*delta%modulus_q).collect(); 
[INFO] [stdout]    |         ----^^^^^^^^^^^^^^^
[INFO] [stdout]    |         |
[INFO] [stdout]    |         help: remove this `mut`
[INFO] [stdout]    |
[INFO] [stdout]    = note: `#[warn(unused_mut)]` on by default
[INFO] [stdout] 
[INFO] [stdout] 
[INFO] [stdout] warning: variable does not need to be mutable
[INFO] [stdout]   --> src/example.rs:82:9
[INFO] [stdout]    |
[INFO] [stdout] 82 |     let mut encoded_msg = Polynomial::from_container(convert_Vi64_to_Vu64(encoded_msg_vec.clone()));
[INFO] [stdout]    |         ----^^^^^^^^^^^
[INFO] [stdout]    |         |
[INFO] [stdout]    |         help: remove this `mut`
[INFO] [stdout] 
[INFO] [stdout] 
[INFO] [stdout] warning: variable does not need to be mutable
[INFO] [stdout]    --> src/example.rs:100:9
[INFO] [stdout]     |
[INFO] [stdout] 100 |     let mut error_poly =  Polynomial::from_container(convert_Vi64_to_Vu64(error_vec.clone()));
[INFO] [stdout]     |         ----^^^^^^^^^^
[INFO] [stdout]     |         |
[INFO] [stdout]     |         help: remove this `mut`
[INFO] [stdout] 
[INFO] [stdout] 
[INFO] [stdout] warning: variable does not need to be mutable
[INFO] [stdout]    --> src/example.rs:107:9
[INFO] [stdout]     |
[INFO] [stdout] 107 |     let mut temp_body = convert_Vu64_to_Vi64(Body.clone().into_container());
[INFO] [stdout]     |         ----^^^^^^^^^
[INFO] [stdout]     |         |
[INFO] [stdout]     |         help: remove this `mut`
[INFO] [stdout] 
[INFO] [stdout] 
[INFO] [stdout] warning: variable does not need to be mutable
[INFO] [stdout]    --> src/example.rs:113:9
[INFO] [stdout]     |
[INFO] [stdout] 113 |     let mut cipher_text_poly = PolynomialList::from_container(cipher_text.clone(), polynomial_size);
[INFO] [stdout]     |         ----^^^^^^^^^^^^^^^^
[INFO] [stdout]     |         |
[INFO] [stdout]     |         help: remove this `mut`
[INFO] [stdout] 
[INFO] [stdout] 
[INFO] [stdout] warning: variable does not need to be mutable
[INFO] [stdout]    --> src/example.rs:120:9
[INFO] [stdout]     |
[INFO] [stdout] 120 |     let mut cipher_text:Vec<u64> = cipher_text_poly.clone().into_container();
[INFO] [stdout]     |         ----^^^^^^^^^^^
[INFO] [stdout]     |         |
[INFO] [stdout]     |         help: remove this `mut`
[INFO] [stdout] 
[INFO] [stdout] 
[INFO] [stdout] warning: variable does not need to be mutable
[INFO] [stdout]    --> src/example.rs:121:9
[INFO] [stdout]     |
[INFO] [stdout] 121 |     let mut mask_poly_list= PolynomialList::from_container(cipher_text[0..=N*k-1].to_vec(),polynomial_size);
[INFO] [stdout]     |         ----^^^^^^^^^^^^^^
[INFO] [stdout]     |         |
[INFO] [stdout]     |         help: remove this `mut`
[INFO] [stdout] 
[INFO] [stdout] 
[INFO] [stdout] warning: unused variable: `delta`
[INFO] [stdout]   --> src/main.rs:10:7
[INFO] [stdout]    |
[INFO] [stdout] 10 |   let delta:i64 = (modulus_q.clone() as i64)/(modulus_p.clone() as i64);
[INFO] [stdout]    |       ^^^^^ help: if this is intentional, prefix it with an underscore: `_delta`
[INFO] [stdout] 
[INFO] [stdout] 
[INFO] [stdout] warning: variable `N` should have a snake case name
[INFO] [stdout]   --> src/main.rs:14:7
[INFO] [stdout]    |
[INFO] [stdout] 14 |   let N:usize = 16; 
[INFO] [stdout]    |       ^ help: convert the identifier to snake case: `n`
[INFO] [stdout]    |
[INFO] [stdout]    = note: `#[warn(non_snake_case)]` on by default
[INFO] [stdout] 
[INFO] [stdout] 
[INFO] [stdout] warning: function `convert_Vi64_to_Vu64` should have a snake case name
[INFO] [stdout]  --> src/example.rs:9:8
[INFO] [stdout]   |
[INFO] [stdout] 9 | pub fn convert_Vi64_to_Vu64(input_vec: Vec<i64>)-> Vec<u64> {
[INFO] [stdout]   |        ^^^^^^^^^^^^^^^^^^^^ help: convert the identifier to snake case (notice the capitalization): `convert_vi64_to_vu64`
[INFO] [stdout] 
[INFO] [stdout] 
[INFO] [stdout] warning: function `convert_Vu64_to_Vi64` should have a snake case name
[INFO] [stdout]   --> src/example.rs:12:8
[INFO] [stdout]    |
[INFO] [stdout] 12 | pub fn convert_Vu64_to_Vi64(input_vec: Vec<u64>)-> Vec<i64> {
[INFO] [stdout]    |        ^^^^^^^^^^^^^^^^^^^^ help: convert the identifier to snake case (notice the capitalization): `convert_vu64_to_vi64`
[INFO] [stdout] 
[INFO] [stdout] 
[INFO] [stdout] warning: variable `N` should have a snake case name
[INFO] [stdout]   --> src/example.rs:56:77
[INFO] [stdout]    |
[INFO] [stdout] 56 | pub fn encrypt_tfhe_test(plaintext:Vec<i64>, modulus_p:i64, modulus_q: i64, N:usize, k:usize) -> (PolynomialList<Vec<u64>>,PolynomialList...
[INFO] [stdout]    |                                                                             ^ help: convert the identifier to snake case: `n`
[INFO] [stdout] 
[INFO] [stdout] 
[INFO] [stdout] warning: variable `Body` should have a snake case name
[INFO] [stdout]    --> src/example.rs:102:13
[INFO] [stdout]     |
[INFO] [stdout] 102 |     let mut Body = Polynomial::new(0u64,polynomial_size);
[INFO] [stdout]     |             ^^^^ help: convert the identifier to snake case: `body`
[INFO] [stdout] 
[INFO] [stdout] 
[INFO] [stdout] warning: variable `N` should have a snake case name
[INFO] [stdout]    --> src/example.rs:118:140
[INFO] [stdout]     |
[INFO] [stdout] 118 | ...Vec<u64>>, modulus_p:i64, modulus_q: i64, N:usize, k:usize) -> Vec<i64>{
[INFO] [stdout]     |                                              ^ help: convert the identifier to snake case: `n`
[INFO] [stdout] 
[INFO] [stdout] 
[INFO] [stdout] warning: variable `N` should have a snake case name
[INFO] [stdout]    --> src/example.rs:134:30
[INFO] [stdout]     |
[INFO] [stdout] 134 | pub fn toy_binary_randomness(N: usize,k:usize) -> Vec<u64>{
[INFO] [stdout]     |                              ^ help: convert the identifier to snake case: `n`
[INFO] [stdout] 
[INFO] [stdout] 
[INFO] [stderr]     Finished `dev` profile [unoptimized + debuginfo] target(s) in 38.97s
[INFO] running `Command { std: "docker" "inspect" "43160843932b0afa42811be824615342d908cb9d7c601f8170eafb33a8161c22", kill_on_drop: false }`
[INFO] running `Command { std: "docker" "rm" "-f" "43160843932b0afa42811be824615342d908cb9d7c601f8170eafb33a8161c22", kill_on_drop: false }`
[INFO] [stdout] 43160843932b0afa42811be824615342d908cb9d7c601f8170eafb33a8161c22
[INFO] running `Command { std: "docker" "create" "-v" "/var/lib/crater-agent-workspace/builds/worker-1-tc1/target:/opt/rustwide/target:rw,Z" "-v" "/var/lib/crater-agent-workspace/builds/worker-1-tc1/source:/opt/rustwide/workdir:ro,Z" "-v" "/var/lib/crater-agent-workspace/cargo-home:/opt/rustwide/cargo-home:ro,Z" "-v" "/var/lib/crater-agent-workspace/rustup-home:/opt/rustwide/rustup-home:ro,Z" "-e" "SOURCE_DIR=/opt/rustwide/workdir" "-e" "CARGO_TARGET_DIR=/opt/rustwide/target" "-e" "CARGO_INCREMENTAL=0" "-e" "RUST_BACKTRACE=full" "-e" "RUSTFLAGS=--cap-lints=forbid" "-e" "RUSTDOCFLAGS=--cap-lints=forbid" "-e" "CARGO_HOME=/opt/rustwide/cargo-home" "-e" "RUSTUP_HOME=/opt/rustwide/rustup-home" "-w" "/opt/rustwide/workdir" "-m" "1610612736" "--user" "0:0" "--network" "none" "ghcr.io/rust-lang/crates-build-env/linux@sha256:819108c5571ea2e421544af4d832f968d213c87fbe3707a016657f43d2f853bc" "/opt/rustwide/cargo-home/bin/cargo" "+nightly-2025-01-18" "test" "--frozen" "--no-run" "--message-format=json", kill_on_drop: false }`
[INFO] [stdout] e4e4b19f0028e59414355fcb96342f1cfd5dd6df83d8ab02f6ac091517246b1e
[INFO] running `Command { std: "docker" "start" "-a" "e4e4b19f0028e59414355fcb96342f1cfd5dd6df83d8ab02f6ac091517246b1e", kill_on_drop: false }`
[INFO] [stderr]    Compiling moriartys_challenge v0.1.0 (/opt/rustwide/workdir)
[INFO] [stdout] warning: unused imports: `polynomial_wrapping_add_mul_assign` and `polynomial_wrapping_mul`
[INFO] [stdout]  --> src/example.rs:2:5
[INFO] [stdout]   |
[INFO] [stdout] 2 |     polynomial_wrapping_add_mul_assign, polynomial_wrapping_add_multisum_assign, polynomial_wrapping_mul, 
[INFO] [stdout]   |     ^^^^^^^^^^^^^^^^^^^^^^^^^^^^^^^^^^                                           ^^^^^^^^^^^^^^^^^^^^^^^
[INFO] [stdout]   |
[INFO] [stdout]   = note: `#[warn(unused_imports)]` on by default
[INFO] [stdout] 
[INFO] [stdout] 
[INFO] [stdout] warning: unnecessary parentheses around assigned value
[INFO] [stdout]   --> src/example.rs:80:18
[INFO] [stdout]    |
[INFO] [stdout] 80 |     let db2:i64 =(delta/2);
[INFO] [stdout]    |                  ^       ^
[INFO] [stdout]    |
[INFO] [stdout]    = note: `#[warn(unused_parens)]` on by default
[INFO] [stdout] help: remove these parentheses
[INFO] [stdout]    |
[INFO] [stdout] 80 -     let db2:i64 =(delta/2);
[INFO] [stdout] 80 +     let db2:i64 =delta/2;
[INFO] [stdout]    |
[INFO] [stdout] 
[INFO] [stdout] 
[INFO] [stdout] warning: unused variable: `i`
[INFO] [stdout]   --> src/example.rs:89:9
[INFO] [stdout]    |
[INFO] [stdout] 89 |     for i in 0..=N*k-1 {
[INFO] [stdout]    |         ^ help: if this is intentional, prefix it with an underscore: `_i`
[INFO] [stdout]    |
[INFO] [stdout]    = note: `#[warn(unused_variables)]` on by default
[INFO] [stdout] 
[INFO] [stdout] 
[INFO] [stdout] warning: unused variable: `i`
[INFO] [stdout]   --> src/example.rs:96:9
[INFO] [stdout]    |
[INFO] [stdout] 96 |     for i in 0..= N-1{
[INFO] [stdout]    |         ^ help: if this is intentional, prefix it with an underscore: `_i`
[INFO] [stdout] 
[INFO] [stdout] 
[INFO] [stdout] warning: variable does not need to be mutable
[INFO] [stdout]   --> src/example.rs:81:9
[INFO] [stdout]    |
[INFO] [stdout] 81 |     let mut encoded_msg_vec:Vec<i64> = plaintext.iter().map(|&x| x*delta%modulus_q).collect(); 
[INFO] [stdout]    |         ----^^^^^^^^^^^^^^^
[INFO] [stdout]    |         |
[INFO] [stdout]    |         help: remove this `mut`
[INFO] [stdout]    |
[INFO] [stdout]    = note: `#[warn(unused_mut)]` on by default
[INFO] [stdout] 
[INFO] [stdout] 
[INFO] [stdout] warning: variable does not need to be mutable
[INFO] [stdout]   --> src/example.rs:82:9
[INFO] [stdout]    |
[INFO] [stdout] 82 |     let mut encoded_msg = Polynomial::from_container(convert_Vi64_to_Vu64(encoded_msg_vec.clone()));
[INFO] [stdout]    |         ----^^^^^^^^^^^
[INFO] [stdout]    |         |
[INFO] [stdout]    |         help: remove this `mut`
[INFO] [stdout] 
[INFO] [stdout] 
[INFO] [stdout] warning: variable does not need to be mutable
[INFO] [stdout]    --> src/example.rs:100:9
[INFO] [stdout]     |
[INFO] [stdout] 100 |     let mut error_poly =  Polynomial::from_container(convert_Vi64_to_Vu64(error_vec.clone()));
[INFO] [stdout]     |         ----^^^^^^^^^^
[INFO] [stdout]     |         |
[INFO] [stdout]     |         help: remove this `mut`
[INFO] [stdout] 
[INFO] [stdout] 
[INFO] [stdout] warning: variable does not need to be mutable
[INFO] [stdout]    --> src/example.rs:107:9
[INFO] [stdout]     |
[INFO] [stdout] 107 |     let mut temp_body = convert_Vu64_to_Vi64(Body.clone().into_container());
[INFO] [stdout]     |         ----^^^^^^^^^
[INFO] [stdout]     |         |
[INFO] [stdout]     |         help: remove this `mut`
[INFO] [stdout] 
[INFO] [stdout] 
[INFO] [stdout] warning: variable does not need to be mutable
[INFO] [stdout]    --> src/example.rs:113:9
[INFO] [stdout]     |
[INFO] [stdout] 113 |     let mut cipher_text_poly = PolynomialList::from_container(cipher_text.clone(), polynomial_size);
[INFO] [stdout]     |         ----^^^^^^^^^^^^^^^^
[INFO] [stdout]     |         |
[INFO] [stdout]     |         help: remove this `mut`
[INFO] [stdout] 
[INFO] [stdout] 
[INFO] [stdout] warning: variable does not need to be mutable
[INFO] [stdout]    --> src/example.rs:120:9
[INFO] [stdout]     |
[INFO] [stdout] 120 |     let mut cipher_text:Vec<u64> = cipher_text_poly.clone().into_container();
[INFO] [stdout]     |         ----^^^^^^^^^^^
[INFO] [stdout]     |         |
[INFO] [stdout]     |         help: remove this `mut`
[INFO] [stdout] 
[INFO] [stdout] 
[INFO] [stdout] warning: variable does not need to be mutable
[INFO] [stdout]    --> src/example.rs:121:9
[INFO] [stdout]     |
[INFO] [stdout] 121 |     let mut mask_poly_list= PolynomialList::from_container(cipher_text[0..=N*k-1].to_vec(),polynomial_size);
[INFO] [stdout]     |         ----^^^^^^^^^^^^^^
[INFO] [stdout]     |         |
[INFO] [stdout]     |         help: remove this `mut`
[INFO] [stdout] 
[INFO] [stdout] 
[INFO] [stdout] warning: unused variable: `i`
[INFO] [stdout]    --> src/example.rs:169:9
[INFO] [stdout]     |
[INFO] [stdout] 169 |     for i in 0..=N-1{
[INFO] [stdout]     |         ^ help: if this is intentional, prefix it with an underscore: `_i`
[INFO] [stdout] 
[INFO] [stdout] 
[INFO] [stdout] warning: unused variable: `delta`
[INFO] [stdout]   --> src/main.rs:10:7
[INFO] [stdout]    |
[INFO] [stdout] 10 |   let delta:i64 = (modulus_q.clone() as i64)/(modulus_p.clone() as i64);
[INFO] [stdout]    |       ^^^^^ help: if this is intentional, prefix it with an underscore: `_delta`
[INFO] [stdout] 
[INFO] [stdout] 
[INFO] [stdout] warning: variable `N` should have a snake case name
[INFO] [stdout]   --> src/main.rs:14:7
[INFO] [stdout]    |
[INFO] [stdout] 14 |   let N:usize = 16; 
[INFO] [stdout]    |       ^ help: convert the identifier to snake case: `n`
[INFO] [stdout]    |
[INFO] [stdout]    = note: `#[warn(non_snake_case)]` on by default
[INFO] [stdout] 
[INFO] [stdout] 
[INFO] [stdout] warning: function `convert_Vi64_to_Vu64` should have a snake case name
[INFO] [stdout]  --> src/example.rs:9:8
[INFO] [stdout]   |
[INFO] [stdout] 9 | pub fn convert_Vi64_to_Vu64(input_vec: Vec<i64>)-> Vec<u64> {
[INFO] [stdout]   |        ^^^^^^^^^^^^^^^^^^^^ help: convert the identifier to snake case (notice the capitalization): `convert_vi64_to_vu64`
[INFO] [stdout] 
[INFO] [stdout] 
[INFO] [stdout] warning: function `convert_Vu64_to_Vi64` should have a snake case name
[INFO] [stdout]   --> src/example.rs:12:8
[INFO] [stdout]    |
[INFO] [stdout] 12 | pub fn convert_Vu64_to_Vi64(input_vec: Vec<u64>)-> Vec<i64> {
[INFO] [stdout]    |        ^^^^^^^^^^^^^^^^^^^^ help: convert the identifier to snake case (notice the capitalization): `convert_vu64_to_vi64`
[INFO] [stdout] 
[INFO] [stdout] 
[INFO] [stdout] warning: variable `N` should have a snake case name
[INFO] [stdout]   --> src/example.rs:56:77
[INFO] [stdout]    |
[INFO] [stdout] 56 | pub fn encrypt_tfhe_test(plaintext:Vec<i64>, modulus_p:i64, modulus_q: i64, N:usize, k:usize) -> (PolynomialList<Vec<u64>>,PolynomialList...
[INFO] [stdout]    |                                                                             ^ help: convert the identifier to snake case: `n`
[INFO] [stdout] 
[INFO] [stdout] 
[INFO] [stdout] warning: variable `Body` should have a snake case name
[INFO] [stdout]    --> src/example.rs:102:13
[INFO] [stdout]     |
[INFO] [stdout] 102 |     let mut Body = Polynomial::new(0u64,polynomial_size);
[INFO] [stdout]     |             ^^^^ help: convert the identifier to snake case: `body`
[INFO] [stdout] 
[INFO] [stdout] 
[INFO] [stdout] warning: variable `N` should have a snake case name
[INFO] [stdout]    --> src/example.rs:118:140
[INFO] [stdout]     |
[INFO] [stdout] 118 | ...Vec<u64>>, modulus_p:i64, modulus_q: i64, N:usize, k:usize) -> Vec<i64>{
[INFO] [stdout]     |                                              ^ help: convert the identifier to snake case: `n`
[INFO] [stdout] 
[INFO] [stdout] 
[INFO] [stdout] warning: variable `N` should have a snake case name
[INFO] [stdout]    --> src/example.rs:134:30
[INFO] [stdout]     |
[INFO] [stdout] 134 | pub fn toy_binary_randomness(N: usize,k:usize) -> Vec<u64>{
[INFO] [stdout]     |                              ^ help: convert the identifier to snake case: `n`
[INFO] [stdout] 
[INFO] [stdout] 
[INFO] [stdout] warning: variable `N` should have a snake case name
[INFO] [stdout]    --> src/example.rs:162:9
[INFO] [stdout]     |
[INFO] [stdout] 162 |     let N = 4; 
[INFO] [stdout]     |         ^ help: convert the identifier to snake case: `n`
[INFO] [stdout] 
[INFO] [stdout] 
[INFO] [stderr]     Finished `test` profile [unoptimized + debuginfo] target(s) in 0.87s
[INFO] running `Command { std: "docker" "inspect" "e4e4b19f0028e59414355fcb96342f1cfd5dd6df83d8ab02f6ac091517246b1e", kill_on_drop: false }`
[INFO] running `Command { std: "docker" "rm" "-f" "e4e4b19f0028e59414355fcb96342f1cfd5dd6df83d8ab02f6ac091517246b1e", kill_on_drop: false }`
[INFO] [stdout] e4e4b19f0028e59414355fcb96342f1cfd5dd6df83d8ab02f6ac091517246b1e
[INFO] running `Command { std: "docker" "create" "-v" "/var/lib/crater-agent-workspace/builds/worker-1-tc1/target:/opt/rustwide/target:rw,Z" "-v" "/var/lib/crater-agent-workspace/builds/worker-1-tc1/source:/opt/rustwide/workdir:ro,Z" "-v" "/var/lib/crater-agent-workspace/cargo-home:/opt/rustwide/cargo-home:ro,Z" "-v" "/var/lib/crater-agent-workspace/rustup-home:/opt/rustwide/rustup-home:ro,Z" "-e" "SOURCE_DIR=/opt/rustwide/workdir" "-e" "CARGO_TARGET_DIR=/opt/rustwide/target" "-e" "CARGO_INCREMENTAL=0" "-e" "RUST_BACKTRACE=full" "-e" "RUSTFLAGS=--cap-lints=forbid" "-e" "RUSTDOCFLAGS=--cap-lints=forbid" "-e" "CARGO_HOME=/opt/rustwide/cargo-home" "-e" "RUSTUP_HOME=/opt/rustwide/rustup-home" "-w" "/opt/rustwide/workdir" "-m" "1610612736" "--user" "0:0" "--network" "none" "ghcr.io/rust-lang/crates-build-env/linux@sha256:819108c5571ea2e421544af4d832f968d213c87fbe3707a016657f43d2f853bc" "/opt/rustwide/cargo-home/bin/cargo" "+nightly-2025-01-18" "test" "--frozen", kill_on_drop: false }`
[INFO] [stdout] 69046849b74edc9cd425385975c6c208c7c95079d06a14b08f11d38170b971ad
[INFO] running `Command { std: "docker" "start" "-a" "69046849b74edc9cd425385975c6c208c7c95079d06a14b08f11d38170b971ad", kill_on_drop: false }`
[INFO] [stderr] warning: unused imports: `polynomial_wrapping_add_mul_assign` and `polynomial_wrapping_mul`
[INFO] [stderr]  --> src/example.rs:2:5
[INFO] [stderr]   |
[INFO] [stderr] 2 |     polynomial_wrapping_add_mul_assign, polynomial_wrapping_add_multisum_assign, polynomial_wrapping_mul, 
[INFO] [stderr]   |     ^^^^^^^^^^^^^^^^^^^^^^^^^^^^^^^^^^                                           ^^^^^^^^^^^^^^^^^^^^^^^
[INFO] [stderr]   |
[INFO] [stderr]   = note: `#[warn(unused_imports)]` on by default
[INFO] [stderr] 
[INFO] [stderr] warning: unnecessary parentheses around assigned value
[INFO] [stderr]   --> src/example.rs:80:18
[INFO] [stderr]    |
[INFO] [stderr] 80 |     let db2:i64 =(delta/2);
[INFO] [stderr]    |                  ^       ^
[INFO] [stderr]    |
[INFO] [stderr]    = note: `#[warn(unused_parens)]` on by default
[INFO] [stderr] help: remove these parentheses
[INFO] [stderr]    |
[INFO] [stderr] 80 -     let db2:i64 =(delta/2);
[INFO] [stderr] 80 +     let db2:i64 =delta/2;
[INFO] [stderr]    |
[INFO] [stderr] 
[INFO] [stderr] warning: unused variable: `i`
[INFO] [stderr]   --> src/example.rs:89:9
[INFO] [stderr]    |
[INFO] [stderr] 89 |     for i in 0..=N*k-1 {
[INFO] [stderr]    |         ^ help: if this is intentional, prefix it with an underscore: `_i`
[INFO] [stderr]    |
[INFO] [stderr]    = note: `#[warn(unused_variables)]` on by default
[INFO] [stderr] 
[INFO] [stderr] warning: unused variable: `i`
[INFO] [stderr]   --> src/example.rs:96:9
[INFO] [stderr]    |
[INFO] [stderr] 96 |     for i in 0..= N-1{
[INFO] [stderr]    |         ^ help: if this is intentional, prefix it with an underscore: `_i`
[INFO] [stderr] 
[INFO] [stderr] warning: variable does not need to be mutable
[INFO] [stderr]   --> src/example.rs:81:9
[INFO] [stderr]    |
[INFO] [stderr] 81 |     let mut encoded_msg_vec:Vec<i64> = plaintext.iter().map(|&x| x*delta%modulus_q).collect(); 
[INFO] [stderr]    |         ----^^^^^^^^^^^^^^^
[INFO] [stderr]    |         |
[INFO] [stderr]    |         help: remove this `mut`
[INFO] [stderr]    |
[INFO] [stderr]    = note: `#[warn(unused_mut)]` on by default
[INFO] [stderr] 
[INFO] [stderr] warning: variable does not need to be mutable
[INFO] [stderr]   --> src/example.rs:82:9
[INFO] [stderr]    |
[INFO] [stderr] 82 |     let mut encoded_msg = Polynomial::from_container(convert_Vi64_to_Vu64(encoded_msg_vec.clone()));
[INFO] [stderr]    |         ----^^^^^^^^^^^
[INFO] [stderr]    |         |
[INFO] [stderr]    |         help: remove this `mut`
[INFO] [stderr] 
[INFO] [stderr] warning: variable does not need to be mutable
[INFO] [stderr]    --> src/example.rs:100:9
[INFO] [stderr]     |
[INFO] [stderr] 100 |     let mut error_poly =  Polynomial::from_container(convert_Vi64_to_Vu64(error_vec.clone()));
[INFO] [stderr]     |         ----^^^^^^^^^^
[INFO] [stderr]     |         |
[INFO] [stderr]     |         help: remove this `mut`
[INFO] [stderr] 
[INFO] [stderr] warning: variable does not need to be mutable
[INFO] [stderr]    --> src/example.rs:107:9
[INFO] [stderr]     |
[INFO] [stderr] 107 |     let mut temp_body = convert_Vu64_to_Vi64(Body.clone().into_container());
[INFO] [stderr]     |         ----^^^^^^^^^
[INFO] [stderr]     |         |
[INFO] [stderr]     |         help: remove this `mut`
[INFO] [stderr] 
[INFO] [stderr] warning: variable does not need to be mutable
[INFO] [stderr]    --> src/example.rs:113:9
[INFO] [stderr]     |
[INFO] [stderr] 113 |     let mut cipher_text_poly = PolynomialList::from_container(cipher_text.clone(), polynomial_size);
[INFO] [stderr]     |         ----^^^^^^^^^^^^^^^^
[INFO] [stderr]     |         |
[INFO] [stderr]     |         help: remove this `mut`
[INFO] [stderr] 
[INFO] [stderr] warning: variable does not need to be mutable
[INFO] [stderr]    --> src/example.rs:120:9
[INFO] [stderr]     |
[INFO] [stderr] 120 |     let mut cipher_text:Vec<u64> = cipher_text_poly.clone().into_container();
[INFO] [stderr]     |         ----^^^^^^^^^^^
[INFO] [stderr]     |         |
[INFO] [stderr]     |         help: remove this `mut`
[INFO] [stderr] 
[INFO] [stderr] warning: variable does not need to be mutable
[INFO] [stderr]    --> src/example.rs:121:9
[INFO] [stderr]     |
[INFO] [stderr] 121 |     let mut mask_poly_list= PolynomialList::from_container(cipher_text[0..=N*k-1].to_vec(),polynomial_size);
[INFO] [stderr]     |         ----^^^^^^^^^^^^^^
[INFO] [stderr]     |         |
[INFO] [stderr]     |         help: remove this `mut`
[INFO] [stderr] 
[INFO] [stderr] warning: unused variable: `i`
[INFO] [stderr]    --> src/example.rs:169:9
[INFO] [stderr]     |
[INFO] [stderr] 169 |     for i in 0..=N-1{
[INFO] [stderr]     |         ^ help: if this is intentional, prefix it with an underscore: `_i`
[INFO] [stderr] 
[INFO] [stderr] warning: unused variable: `delta`
[INFO] [stderr]   --> src/main.rs:10:7
[INFO] [stderr]    |
[INFO] [stderr] 10 |   let delta:i64 = (modulus_q.clone() as i64)/(modulus_p.clone() as i64);
[INFO] [stderr]    |       ^^^^^ help: if this is intentional, prefix it with an underscore: `_delta`
[INFO] [stderr] 
[INFO] [stderr] warning: variable `N` should have a snake case name
[INFO] [stderr]   --> src/main.rs:14:7
[INFO] [stderr]    |
[INFO] [stderr] 14 |   let N:usize = 16; 
[INFO] [stderr]    |       ^ help: convert the identifier to snake case: `n`
[INFO] [stderr]    |
[INFO] [stderr]    = note: `#[warn(non_snake_case)]` on by default
[INFO] [stderr] 
[INFO] [stderr] warning: function `convert_Vi64_to_Vu64` should have a snake case name
[INFO] [stderr]  --> src/example.rs:9:8
[INFO] [stderr]   |
[INFO] [stderr] 9 | pub fn convert_Vi64_to_Vu64(input_vec: Vec<i64>)-> Vec<u64> {
[INFO] [stderr]   |        ^^^^^^^^^^^^^^^^^^^^ help: convert the identifier to snake case (notice the capitalization): `convert_vi64_to_vu64`
[INFO] [stderr] 
[INFO] [stderr] warning: function `convert_Vu64_to_Vi64` should have a snake case name
[INFO] [stderr]   --> src/example.rs:12:8
[INFO] [stderr]    |
[INFO] [stderr] 12 | pub fn convert_Vu64_to_Vi64(input_vec: Vec<u64>)-> Vec<i64> {
[INFO] [stderr]    |        ^^^^^^^^^^^^^^^^^^^^ help: convert the identifier to snake case (notice the capitalization): `convert_vu64_to_vi64`
[INFO] [stderr] 
[INFO] [stderr] warning: variable `N` should have a snake case name
[INFO] [stderr]   --> src/example.rs:56:77
[INFO] [stderr]    |
[INFO] [stderr] 56 | pub fn encrypt_tfhe_test(plaintext:Vec<i64>, modulus_p:i64, modulus_q: i64, N:usize, k:usize) -> (PolynomialList<Vec<u64>>,PolynomialList...
[INFO] [stderr]    |                                                                             ^ help: convert the identifier to snake case: `n`
[INFO] [stderr] 
[INFO] [stderr] warning: variable `Body` should have a snake case name
[INFO] [stderr]    --> src/example.rs:102:13
[INFO] [stderr]     |
[INFO] [stderr] 102 |     let mut Body = Polynomial::new(0u64,polynomial_size);
[INFO] [stderr]     |             ^^^^ help: convert the identifier to snake case: `body`
[INFO] [stderr] 
[INFO] [stderr] warning: variable `N` should have a snake case name
[INFO] [stderr]    --> src/example.rs:118:140
[INFO] [stderr]     |
[INFO] [stderr] 118 | ...Vec<u64>>, modulus_p:i64, modulus_q: i64, N:usize, k:usize) -> Vec<i64>{
[INFO] [stderr]     |                                              ^ help: convert the identifier to snake case: `n`
[INFO] [stderr] 
[INFO] [stderr] warning: variable `N` should have a snake case name
[INFO] [stderr]    --> src/example.rs:134:30
[INFO] [stderr]     |
[INFO] [stderr] 134 | pub fn toy_binary_randomness(N: usize,k:usize) -> Vec<u64>{
[INFO] [stderr]     |                              ^ help: convert the identifier to snake case: `n`
[INFO] [stderr] 
[INFO] [stderr] warning: variable `N` should have a snake case name
[INFO] [stderr]    --> src/example.rs:162:9
[INFO] [stderr]     |
[INFO] [stderr] 162 |     let N = 4; 
[INFO] [stderr]     |         ^ help: convert the identifier to snake case: `n`
[INFO] [stderr] 
[INFO] [stderr] warning: `moriartys_challenge` (bin "moriartys_challenge" test) generated 21 warnings (run `cargo fix --bin "moriartys_challenge" --tests` to apply 9 suggestions)
[INFO] [stderr]     Finished `test` profile [unoptimized + debuginfo] target(s) in 0.10s
[INFO] [stderr]      Running unittests src/main.rs (/opt/rustwide/target/debug/deps/moriartys_challenge-2c99b9568927f292)
[INFO] [stdout] 
[INFO] [stdout] running 1 test
[INFO] [stdout] test example::test ... FAILED
[INFO] [stdout] 
[INFO] [stdout] failures:
[INFO] [stdout] 
[INFO] [stdout] ---- example::test stdout ----
[INFO] [stdout] 
[INFO] [stdout] thread 'example::test' panicked at /opt/rustwide/cargo-home/registry/src/index.crates.io-1949cf8c6b5b557f/tfhe-0.2.4/src/core_crypto/seeders.rs:122:12:
[INFO] [stdout] Unable to instantiate a seeder, make sure to enable a seeder feature like seeder_unix for example on unix platforms.
[INFO] [stdout] stack backtrace:
[INFO] [stdout]    0:     0x564bb704e66a - std::backtrace_rs::backtrace::libunwind::trace::hb059275cfc8d6126
[INFO] [stdout]                                at /rustc/6067b36314ab5eb2eb47cecc464545ba58e1ad24/library/std/src/../../backtrace/src/backtrace/libunwind.rs:116:5
[INFO] [stdout]    1:     0x564bb704e66a - std::backtrace_rs::backtrace::trace_unsynchronized::h2da071e4327ce3ee
[INFO] [stdout]                                at /rustc/6067b36314ab5eb2eb47cecc464545ba58e1ad24/library/std/src/../../backtrace/src/backtrace/mod.rs:66:5
[INFO] [stdout]    2:     0x564bb704e66a - std::sys::backtrace::_print_fmt::h842a1474e6f8d23f
[INFO] [stdout]                                at /rustc/6067b36314ab5eb2eb47cecc464545ba58e1ad24/library/std/src/sys/backtrace.rs:66:9
[INFO] [stdout]    3:     0x564bb704e66a - <std::sys::backtrace::BacktraceLock::print::DisplayBacktrace as core::fmt::Display>::fmt::h71a62eb3b9696b12
[INFO] [stdout]                                at /rustc/6067b36314ab5eb2eb47cecc464545ba58e1ad24/library/std/src/sys/backtrace.rs:39:26
[INFO] [stdout]    4:     0x564bb7076853 - core::fmt::rt::Argument::fmt::hdb6b616786b41dc1
[INFO] [stdout]                                at /rustc/6067b36314ab5eb2eb47cecc464545ba58e1ad24/library/core/src/fmt/rt.rs:177:76
[INFO] [stdout]    5:     0x564bb7076853 - core::fmt::write::h2cc1698af7e2d686
[INFO] [stdout]                                at /rustc/6067b36314ab5eb2eb47cecc464545ba58e1ad24/library/core/src/fmt/mod.rs:1440:21
[INFO] [stdout]    6:     0x564bb704b1c3 - std::io::Write::write_fmt::hab1b4cd059a79022
[INFO] [stdout]                                at /rustc/6067b36314ab5eb2eb47cecc464545ba58e1ad24/library/std/src/io/mod.rs:1887:15
[INFO] [stdout]    7:     0x564bb704e4b2 - std::sys::backtrace::BacktraceLock::print::h147fe35b4ea13b08
[INFO] [stdout]                                at /rustc/6067b36314ab5eb2eb47cecc464545ba58e1ad24/library/std/src/sys/backtrace.rs:42:9
[INFO] [stdout]    8:     0x564bb704fa8f - std::panicking::default_hook::{{closure}}::hbd44223dbdc0d208
[INFO] [stdout]                                at /rustc/6067b36314ab5eb2eb47cecc464545ba58e1ad24/library/std/src/panicking.rs:298:22
[INFO] [stdout]    9:     0x564bb704f8a8 - std::panicking::default_hook::h20f81eb0576efcec
[INFO] [stdout]                                at /rustc/6067b36314ab5eb2eb47cecc464545ba58e1ad24/library/std/src/panicking.rs:322:9
[INFO] [stdout]   10:     0x564bb6fcb823 - <alloc::boxed::Box<F,A> as core::ops::function::Fn<Args>>::call::hdb53814c496a4d34
[INFO] [stdout]                                at /rustc/6067b36314ab5eb2eb47cecc464545ba58e1ad24/library/alloc/src/boxed.rs:2027:9
[INFO] [stdout]   11:     0x564bb6fcb823 - test::test_main::{{closure}}::hc0a4963c59427c24
[INFO] [stdout]                                at /rustc/6067b36314ab5eb2eb47cecc464545ba58e1ad24/library/test/src/lib.rs:134:21
[INFO] [stdout]   12:     0x564bb7050583 - <alloc::boxed::Box<F,A> as core::ops::function::Fn<Args>>::call::h591b2225413a77e9
[INFO] [stdout]                                at /rustc/6067b36314ab5eb2eb47cecc464545ba58e1ad24/library/alloc/src/boxed.rs:2027:9
[INFO] [stdout]   13:     0x564bb7050583 - std::panicking::rust_panic_with_hook::h625eea43051b2edc
[INFO] [stdout]                                at /rustc/6067b36314ab5eb2eb47cecc464545ba58e1ad24/library/std/src/panicking.rs:839:13
[INFO] [stdout]   14:     0x564bb705023a - std::panicking::begin_panic_handler::{{closure}}::h4f9159cfbc3f6bd3
[INFO] [stdout]                                at /rustc/6067b36314ab5eb2eb47cecc464545ba58e1ad24/library/std/src/panicking.rs:704:13
[INFO] [stdout]   15:     0x564bb704eb69 - std::sys::backtrace::__rust_end_short_backtrace::h0390abce48353151
[INFO] [stdout]                                at /rustc/6067b36314ab5eb2eb47cecc464545ba58e1ad24/library/std/src/sys/backtrace.rs:168:18
[INFO] [stdout]   16:     0x564bb704fecd - rust_begin_unwind
[INFO] [stdout]                                at /rustc/6067b36314ab5eb2eb47cecc464545ba58e1ad24/library/std/src/panicking.rs:695:5
[INFO] [stdout]   17:     0x564bb7074cf0 - core::panicking::panic_fmt::h9e7c637e9e5f29c9
[INFO] [stdout]                                at /rustc/6067b36314ab5eb2eb47cecc464545ba58e1ad24/library/core/src/panicking.rs:75:14
[INFO] [stdout]   18:     0x564bb7074ccb - core::panicking::panic_display::hd8e666a41baebd7d
[INFO] [stdout]                                at /rustc/6067b36314ab5eb2eb47cecc464545ba58e1ad24/library/core/src/panicking.rs:261:5
[INFO] [stdout]   19:     0x564bb7074ccb - core::option::expect_failed::he3b89fed4e21ec1e
[INFO] [stdout]                                at /rustc/6067b36314ab5eb2eb47cecc464545ba58e1ad24/library/core/src/option.rs:2024:5
[INFO] [stdout]   20:     0x564bb700f667 - core::option::Option<T>::expect::h49c2bb5fde7db18d
[INFO] [stdout]                                at /rustc/6067b36314ab5eb2eb47cecc464545ba58e1ad24/library/core/src/option.rs:933:21
[INFO] [stdout]   21:     0x564bb700fb51 - tfhe::core_crypto::seeders::new_seeder::hc17a8adfce8cb60d
[INFO] [stdout]                                at /opt/rustwide/cargo-home/registry/src/index.crates.io-1949cf8c6b5b557f/tfhe-0.2.4/src/core_crypto/seeders.rs:122:5
[INFO] [stdout]   22:     0x564bb6f857db - moriartys_challenge::example::encrypt_tfhe_test::h36498b4585308242
[INFO] [stdout]                                at /opt/rustwide/workdir/src/example.rs:62:22
[INFO] [stdout]   23:     0x564bb6f8794e - moriartys_challenge::example::test::he50e400e55033829
[INFO] [stdout]                                at /opt/rustwide/workdir/src/example.rs:173:45
[INFO] [stdout]   24:     0x564bb6f87797 - moriartys_challenge::example::test::{{closure}}::h2992ce6d5389e858
[INFO] [stdout]                                at /opt/rustwide/workdir/src/example.rs:156:14
[INFO] [stdout]   25:     0x564bb6f8f4e6 - core::ops::function::FnOnce::call_once::h5fd38e46c07720af
[INFO] [stdout]                                at /rustc/6067b36314ab5eb2eb47cecc464545ba58e1ad24/library/core/src/ops/function.rs:250:5
[INFO] [stdout]   26:     0x564bb6fd0f7b - core::ops::function::FnOnce::call_once::he27718dfdd183f43
[INFO] [stdout]                                at /rustc/6067b36314ab5eb2eb47cecc464545ba58e1ad24/library/core/src/ops/function.rs:250:5
[INFO] [stdout]   27:     0x564bb6fd0f7b - test::__rust_begin_short_backtrace::h4e84902998457a5d
[INFO] [stdout]                                at /rustc/6067b36314ab5eb2eb47cecc464545ba58e1ad24/library/test/src/lib.rs:632:18
[INFO] [stdout]   28:     0x564bb6fcfeb3 - test::run_test_in_process::{{closure}}::h7176fd18fc1feca0
[INFO] [stdout]                                at /rustc/6067b36314ab5eb2eb47cecc464545ba58e1ad24/library/test/src/lib.rs:655:60
[INFO] [stdout]   29:     0x564bb6fcfeb3 - <core::panic::unwind_safe::AssertUnwindSafe<F> as core::ops::function::FnOnce<()>>::call_once::hf79cff2a624d8cf7
[INFO] [stdout]                                at /rustc/6067b36314ab5eb2eb47cecc464545ba58e1ad24/library/core/src/panic/unwind_safe.rs:272:9
[INFO] [stdout]   30:     0x564bb6fcfeb3 - std::panicking::try::do_call::h3da0561d9ab99c25
[INFO] [stdout]                                at /rustc/6067b36314ab5eb2eb47cecc464545ba58e1ad24/library/std/src/panicking.rs:587:40
[INFO] [stdout]   31:     0x564bb6fcfeb3 - std::panicking::try::h41c9fa508bc61df6
[INFO] [stdout]                                at /rustc/6067b36314ab5eb2eb47cecc464545ba58e1ad24/library/std/src/panicking.rs:550:19
[INFO] [stdout]   32:     0x564bb6fcfeb3 - std::panic::catch_unwind::h6b3ff07bb5afad93
[INFO] [stdout]                                at /rustc/6067b36314ab5eb2eb47cecc464545ba58e1ad24/library/std/src/panic.rs:358:14
[INFO] [stdout]   33:     0x564bb6fcfeb3 - test::run_test_in_process::hc7253dd11b39b9f4
[INFO] [stdout]                                at /rustc/6067b36314ab5eb2eb47cecc464545ba58e1ad24/library/test/src/lib.rs:655:27
[INFO] [stdout]   34:     0x564bb6fcfeb3 - test::run_test::{{closure}}::hfb2007f8649c30bb
[INFO] [stdout]                                at /rustc/6067b36314ab5eb2eb47cecc464545ba58e1ad24/library/test/src/lib.rs:576:43
[INFO] [stdout]   35:     0x564bb6f92f95 - test::run_test::{{closure}}::h56a17aa7a282a9f4
[INFO] [stdout]                                at /rustc/6067b36314ab5eb2eb47cecc464545ba58e1ad24/library/test/src/lib.rs:606:41
[INFO] [stdout]   36:     0x564bb6f92f95 - std::sys::backtrace::__rust_begin_short_backtrace::hd2d2d2fb8e8c6aac
[INFO] [stdout]                                at /rustc/6067b36314ab5eb2eb47cecc464545ba58e1ad24/library/std/src/sys/backtrace.rs:152:18
[INFO] [stdout]   37:     0x564bb6f9687a - std::thread::Builder::spawn_unchecked_::{{closure}}::{{closure}}::h4faa3f9db6133423
[INFO] [stdout]                                at /rustc/6067b36314ab5eb2eb47cecc464545ba58e1ad24/library/std/src/thread/mod.rs:559:17
[INFO] [stdout]   38:     0x564bb6f9687a - <core::panic::unwind_safe::AssertUnwindSafe<F> as core::ops::function::FnOnce<()>>::call_once::hf2e855a36a4ea846
[INFO] [stdout]                                at /rustc/6067b36314ab5eb2eb47cecc464545ba58e1ad24/library/core/src/panic/unwind_safe.rs:272:9
[INFO] [stdout]   39:     0x564bb6f9687a - std::panicking::try::do_call::h2f73af3616c35465
[INFO] [stdout]                                at /rustc/6067b36314ab5eb2eb47cecc464545ba58e1ad24/library/std/src/panicking.rs:587:40
[INFO] [stdout]   40:     0x564bb6f9687a - std::panicking::try::hd1660ce9efadef5a
[INFO] [stdout]                                at /rustc/6067b36314ab5eb2eb47cecc464545ba58e1ad24/library/std/src/panicking.rs:550:19
[INFO] [stdout]   41:     0x564bb6f9687a - std::panic::catch_unwind::h5ee8d7823b8ca744
[INFO] [stdout]                                at /rustc/6067b36314ab5eb2eb47cecc464545ba58e1ad24/library/std/src/panic.rs:358:14
[INFO] [stdout]   42:     0x564bb6f9687a - std::thread::Builder::spawn_unchecked_::{{closure}}::h53c3a1894dce8407
[INFO] [stdout]                                at /rustc/6067b36314ab5eb2eb47cecc464545ba58e1ad24/library/std/src/thread/mod.rs:557:30
[INFO] [stdout]   43:     0x564bb6f9687a - core::ops::function::FnOnce::call_once{{vtable.shim}}::h048ce291ad4f62bf
[INFO] [stdout]                                at /rustc/6067b36314ab5eb2eb47cecc464545ba58e1ad24/library/core/src/ops/function.rs:250:5
[INFO] [stdout]   44:     0x564bb70544bb - <alloc::boxed::Box<F,A> as core::ops::function::FnOnce<Args>>::call_once::ha52bedf99a3b4981
[INFO] [stdout]                                at /rustc/6067b36314ab5eb2eb47cecc464545ba58e1ad24/library/alloc/src/boxed.rs:2013:9
[INFO] [stdout]   45:     0x564bb70544bb - <alloc::boxed::Box<F,A> as core::ops::function::FnOnce<Args>>::call_once::h567748934d80ccf8
[INFO] [stdout]                                at /rustc/6067b36314ab5eb2eb47cecc464545ba58e1ad24/library/alloc/src/boxed.rs:2013:9
[INFO] [stdout]   46:     0x564bb70544bb - std::sys::pal::unix::thread::Thread::new::thread_start::h2d970728ae887adc
[INFO] [stdout]                                at /rustc/6067b36314ab5eb2eb47cecc464545ba58e1ad24/library/std/src/sys/pal/unix/thread.rs:106:17
[INFO] [stdout]   47:     0x7c85f987dac3 - <unknown>
[INFO] [stdout]   48:     0x7c85f990ea04 - clone
[INFO] [stdout]   49:                0x0 - <unknown>
[INFO] [stdout] 
[INFO] [stdout] 
[INFO] [stdout] failures:
[INFO] [stdout]     example::test
[INFO] [stdout] 
[INFO] [stdout] test result: FAILED. 0 passed; 1 failed; 0 ignored; 0 measured; 0 filtered out; finished in 0.10s
[INFO] [stdout] 
[INFO] [stderr] error: test failed, to rerun pass `--bin moriartys_challenge`
[INFO] running `Command { std: "docker" "inspect" "69046849b74edc9cd425385975c6c208c7c95079d06a14b08f11d38170b971ad", kill_on_drop: false }`
[INFO] running `Command { std: "docker" "rm" "-f" "69046849b74edc9cd425385975c6c208c7c95079d06a14b08f11d38170b971ad", kill_on_drop: false }`
[INFO] [stdout] 69046849b74edc9cd425385975c6c208c7c95079d06a14b08f11d38170b971ad
