[INFO] cloning repository https://github.com/ingakv/stack-interpreter
[INFO] running `Command { std: "git" "-c" "credential.helper=" "-c" "credential.helper=/workspace/cargo-home/bin/git-credential-null" "clone" "--bare" "https://github.com/ingakv/stack-interpreter" "/workspace/cache/git-repos/https%3A%2F%2Fgithub.com%2Fingakv%2Fstack-interpreter", kill_on_drop: false }`
[INFO] [stderr] Cloning into bare repository '/workspace/cache/git-repos/https%3A%2F%2Fgithub.com%2Fingakv%2Fstack-interpreter'...
[INFO] running `Command { std: "git" "rev-parse" "HEAD", kill_on_drop: false }`
[INFO] [stdout] 97a7802f301d5618f12e54a9bfbad00a98b6a555
[INFO] testing ingakv/stack-interpreter against nightly-2025-01-18 for randomize-layout-2
[INFO] running `Command { std: "git" "clone" "/workspace/cache/git-repos/https%3A%2F%2Fgithub.com%2Fingakv%2Fstack-interpreter" "/workspace/builds/worker-1-tc1/source", kill_on_drop: false }`
[INFO] [stderr] Cloning into '/workspace/builds/worker-1-tc1/source'...
[INFO] [stderr] done.
[INFO] validating manifest of git repo https://github.com/ingakv/stack-interpreter on toolchain nightly-2025-01-18
[INFO] running `Command { std: CARGO_HOME="/workspace/cargo-home" RUSTUP_HOME="/workspace/rustup-home" "/workspace/cargo-home/bin/cargo" "+nightly-2025-01-18" "metadata" "--manifest-path" "Cargo.toml" "--no-deps", kill_on_drop: false }`
[INFO] started tweaking git repo https://github.com/ingakv/stack-interpreter
[INFO] finished tweaking git repo https://github.com/ingakv/stack-interpreter
[INFO] tweaked toml for git repo https://github.com/ingakv/stack-interpreter written to /workspace/builds/worker-1-tc1/source/Cargo.toml
[INFO] crate git repo https://github.com/ingakv/stack-interpreter already has a lockfile, it will not be regenerated
[INFO] running `Command { std: CARGO_HOME="/workspace/cargo-home" RUSTUP_HOME="/workspace/rustup-home" "/workspace/cargo-home/bin/cargo" "+nightly-2025-01-18" "fetch" "--manifest-path" "Cargo.toml", kill_on_drop: false }`
[INFO] [stderr]     Blocking waiting for file lock on package cache
[INFO] [stderr]     Blocking waiting for file lock on package cache
[INFO] running `Command { std: "docker" "create" "-v" "/var/lib/crater-agent-workspace/builds/worker-1-tc1/target:/opt/rustwide/target:rw,Z" "-v" "/var/lib/crater-agent-workspace/builds/worker-1-tc1/source:/opt/rustwide/workdir:ro,Z" "-v" "/var/lib/crater-agent-workspace/cargo-home:/opt/rustwide/cargo-home:ro,Z" "-v" "/var/lib/crater-agent-workspace/rustup-home:/opt/rustwide/rustup-home:ro,Z" "-e" "SOURCE_DIR=/opt/rustwide/workdir" "-e" "CARGO_TARGET_DIR=/opt/rustwide/target" "-e" "CARGO_HOME=/opt/rustwide/cargo-home" "-e" "RUSTUP_HOME=/opt/rustwide/rustup-home" "-w" "/opt/rustwide/workdir" "-m" "1610612736" "--user" "0:0" "--network" "none" "ghcr.io/rust-lang/crates-build-env/linux@sha256:819108c5571ea2e421544af4d832f968d213c87fbe3707a016657f43d2f853bc" "/opt/rustwide/cargo-home/bin/cargo" "+nightly-2025-01-18" "metadata" "--no-deps" "--format-version=1", kill_on_drop: false }`
[INFO] [stdout] fb39f5568006a19ae6037c1bb88a8a7f14a5d13e58bd015798fd71892febee59
[INFO] running `Command { std: "docker" "start" "-a" "fb39f5568006a19ae6037c1bb88a8a7f14a5d13e58bd015798fd71892febee59", kill_on_drop: false }`
[INFO] running `Command { std: "docker" "inspect" "fb39f5568006a19ae6037c1bb88a8a7f14a5d13e58bd015798fd71892febee59", kill_on_drop: false }`
[INFO] running `Command { std: "docker" "rm" "-f" "fb39f5568006a19ae6037c1bb88a8a7f14a5d13e58bd015798fd71892febee59", kill_on_drop: false }`
[INFO] [stdout] fb39f5568006a19ae6037c1bb88a8a7f14a5d13e58bd015798fd71892febee59
[INFO] running `Command { std: "docker" "create" "-v" "/var/lib/crater-agent-workspace/builds/worker-1-tc1/target:/opt/rustwide/target:rw,Z" "-v" "/var/lib/crater-agent-workspace/builds/worker-1-tc1/source:/opt/rustwide/workdir:ro,Z" "-v" "/var/lib/crater-agent-workspace/cargo-home:/opt/rustwide/cargo-home:ro,Z" "-v" "/var/lib/crater-agent-workspace/rustup-home:/opt/rustwide/rustup-home:ro,Z" "-e" "SOURCE_DIR=/opt/rustwide/workdir" "-e" "CARGO_TARGET_DIR=/opt/rustwide/target" "-e" "CARGO_INCREMENTAL=0" "-e" "RUST_BACKTRACE=full" "-e" "RUSTFLAGS=--cap-lints=forbid" "-e" "RUSTDOCFLAGS=--cap-lints=forbid" "-e" "CARGO_HOME=/opt/rustwide/cargo-home" "-e" "RUSTUP_HOME=/opt/rustwide/rustup-home" "-w" "/opt/rustwide/workdir" "-m" "1610612736" "--user" "0:0" "--network" "none" "ghcr.io/rust-lang/crates-build-env/linux@sha256:819108c5571ea2e421544af4d832f968d213c87fbe3707a016657f43d2f853bc" "/opt/rustwide/cargo-home/bin/cargo" "+nightly-2025-01-18" "build" "--frozen" "--message-format=json", kill_on_drop: false }`
[INFO] [stdout] 698e82fd6bf2d32fec167ee5c1b084195588f752b732165909deefa694802023
[INFO] running `Command { std: "docker" "start" "-a" "698e82fd6bf2d32fec167ee5c1b084195588f752b732165909deefa694802023", kill_on_drop: false }`
[INFO] [stderr]    Compiling bprog v0.1.0 (/opt/rustwide/workdir)
[INFO] [stdout] warning: function `normal` is never used
[INFO] [stdout]   --> src/mylib.rs:14:8
[INFO] [stdout]    |
[INFO] [stdout] 14 | pub fn normal() {
[INFO] [stdout]    |        ^^^^^^
[INFO] [stdout]    |
[INFO] [stdout]    = note: `#[warn(dead_code)]` on by default
[INFO] [stdout] 
[INFO] [stdout] 
[INFO] [stdout] warning: function `repl` is never used
[INFO] [stdout]   --> src/mylib.rs:58:8
[INFO] [stdout]    |
[INFO] [stdout] 58 | pub fn repl() {
[INFO] [stdout]    |        ^^^^
[INFO] [stdout] 
[INFO] [stdout] 
[INFO] [stdout] warning: variants `ProgramFinishedWithMultipleValues`, `NumberConversionError`, `IncompleteString`, `IncompleteList`, and `IncompleteQuotation` are never constructed
[INFO] [stdout]   --> src/error_handling.rs:14:5
[INFO] [stdout]    |
[INFO] [stdout] 4  | pub(crate) enum Error {
[INFO] [stdout]    |                 ----- variants in this enum
[INFO] [stdout] ...
[INFO] [stdout] 14 |     ProgramFinishedWithMultipleValues,
[INFO] [stdout]    |     ^^^^^^^^^^^^^^^^^^^^^^^^^^^^^^^^^
[INFO] [stdout] 15 |     NumberConversionError,
[INFO] [stdout]    |     ^^^^^^^^^^^^^^^^^^^^^
[INFO] [stdout] 16 |     IncompleteString,
[INFO] [stdout]    |     ^^^^^^^^^^^^^^^^
[INFO] [stdout] 17 |     IncompleteList,
[INFO] [stdout]    |     ^^^^^^^^^^^^^^
[INFO] [stdout] 18 |     IncompleteQuotation,
[INFO] [stdout]    |     ^^^^^^^^^^^^^^^^^^^
[INFO] [stdout] 
[INFO] [stdout] 
[INFO] [stdout] warning: variants `NumberConversionError`, `IncompleteString`, `IncompleteList`, and `IncompleteQuotation` are never constructed
[INFO] [stdout]   --> src/error_handling.rs:15:5
[INFO] [stdout]    |
[INFO] [stdout] 4  | pub(crate) enum Error {
[INFO] [stdout]    |                 ----- variants in this enum
[INFO] [stdout] ...
[INFO] [stdout] 15 |     NumberConversionError,
[INFO] [stdout]    |     ^^^^^^^^^^^^^^^^^^^^^
[INFO] [stdout] 16 |     IncompleteString,
[INFO] [stdout]    |     ^^^^^^^^^^^^^^^^
[INFO] [stdout] 17 |     IncompleteList,
[INFO] [stdout]    |     ^^^^^^^^^^^^^^
[INFO] [stdout] 18 |     IncompleteQuotation,
[INFO] [stdout]    |     ^^^^^^^^^^^^^^^^^^^
[INFO] [stdout]    |
[INFO] [stdout]    = note: `#[warn(dead_code)]` on by default
[INFO] [stdout] 
[INFO] [stdout] 
[INFO] [stdout] warning: method `stack_to_string` is never used
[INFO] [stdout]    --> src/structs.rs:251:12
[INFO] [stdout]     |
[INFO] [stdout] 158 | impl Stack<Type>{
[INFO] [stdout]     | ---------------- method in this implementation
[INFO] [stdout] ...
[INFO] [stdout] 251 |     pub fn stack_to_string(&self) -> String {
[INFO] [stdout]     |            ^^^^^^^^^^^^^^^
[INFO] [stdout] 
[INFO] [stdout] 
[INFO] [stderr]     Finished `dev` profile [unoptimized + debuginfo] target(s) in 1.02s
[INFO] running `Command { std: "docker" "inspect" "698e82fd6bf2d32fec167ee5c1b084195588f752b732165909deefa694802023", kill_on_drop: false }`
[INFO] running `Command { std: "docker" "rm" "-f" "698e82fd6bf2d32fec167ee5c1b084195588f752b732165909deefa694802023", kill_on_drop: false }`
[INFO] [stdout] 698e82fd6bf2d32fec167ee5c1b084195588f752b732165909deefa694802023
[INFO] running `Command { std: "docker" "create" "-v" "/var/lib/crater-agent-workspace/builds/worker-1-tc1/target:/opt/rustwide/target:rw,Z" "-v" "/var/lib/crater-agent-workspace/builds/worker-1-tc1/source:/opt/rustwide/workdir:ro,Z" "-v" "/var/lib/crater-agent-workspace/cargo-home:/opt/rustwide/cargo-home:ro,Z" "-v" "/var/lib/crater-agent-workspace/rustup-home:/opt/rustwide/rustup-home:ro,Z" "-e" "SOURCE_DIR=/opt/rustwide/workdir" "-e" "CARGO_TARGET_DIR=/opt/rustwide/target" "-e" "CARGO_INCREMENTAL=0" "-e" "RUST_BACKTRACE=full" "-e" "RUSTFLAGS=--cap-lints=forbid" "-e" "RUSTDOCFLAGS=--cap-lints=forbid" "-e" "CARGO_HOME=/opt/rustwide/cargo-home" "-e" "RUSTUP_HOME=/opt/rustwide/rustup-home" "-w" "/opt/rustwide/workdir" "-m" "1610612736" "--user" "0:0" "--network" "none" "ghcr.io/rust-lang/crates-build-env/linux@sha256:819108c5571ea2e421544af4d832f968d213c87fbe3707a016657f43d2f853bc" "/opt/rustwide/cargo-home/bin/cargo" "+nightly-2025-01-18" "test" "--frozen" "--no-run" "--message-format=json", kill_on_drop: false }`
[INFO] [stdout] fd854e5032fdd457d4c6812329aeb27bc53e33062e91e63bdb3322dbb469b9dc
[INFO] running `Command { std: "docker" "start" "-a" "fd854e5032fdd457d4c6812329aeb27bc53e33062e91e63bdb3322dbb469b9dc", kill_on_drop: false }`
[INFO] [stdout] warning: function `normal` is never used
[INFO] [stdout]   --> src/mylib.rs:14:8
[INFO] [stdout]    |
[INFO] [stdout] 14 | pub fn normal() {
[INFO] [stdout]    |        ^^^^^^
[INFO] [stdout]    |
[INFO] [stdout]    = note: `#[warn(dead_code)]` on by default
[INFO] [stdout] 
[INFO] [stdout] 
[INFO] [stdout] warning: function `repl` is never used
[INFO] [stdout]   --> src/mylib.rs:58:8
[INFO] [stdout]    |
[INFO] [stdout] 58 | pub fn repl() {
[INFO] [stdout]    |        ^^^^
[INFO] [stdout] 
[INFO] [stdout] 
[INFO] [stdout] warning: variants `ProgramFinishedWithMultipleValues`, `NumberConversionError`, `IncompleteString`, `IncompleteList`, and `IncompleteQuotation` are never constructed
[INFO] [stdout]   --> src/error_handling.rs:14:5
[INFO] [stdout]    |
[INFO] [stdout] 4  | pub(crate) enum Error {
[INFO] [stdout]    |                 ----- variants in this enum
[INFO] [stdout] ...
[INFO] [stdout] 14 |     ProgramFinishedWithMultipleValues,
[INFO] [stdout]    |     ^^^^^^^^^^^^^^^^^^^^^^^^^^^^^^^^^
[INFO] [stdout] 15 |     NumberConversionError,
[INFO] [stdout]    |     ^^^^^^^^^^^^^^^^^^^^^
[INFO] [stdout] 16 |     IncompleteString,
[INFO] [stdout]    |     ^^^^^^^^^^^^^^^^
[INFO] [stdout] 17 |     IncompleteList,
[INFO] [stdout]    |     ^^^^^^^^^^^^^^
[INFO] [stdout] 18 |     IncompleteQuotation,
[INFO] [stdout]    |     ^^^^^^^^^^^^^^^^^^^
[INFO] [stdout] 
[INFO] [stdout] 
[INFO] [stderr]    Compiling bprog v0.1.0 (/opt/rustwide/workdir)
[INFO] [stdout] warning: variants `NumberConversionError`, `IncompleteString`, `IncompleteList`, and `IncompleteQuotation` are never constructed
[INFO] [stdout]   --> src/error_handling.rs:15:5
[INFO] [stdout]    |
[INFO] [stdout] 4  | pub(crate) enum Error {
[INFO] [stdout]    |                 ----- variants in this enum
[INFO] [stdout] ...
[INFO] [stdout] 15 |     NumberConversionError,
[INFO] [stdout]    |     ^^^^^^^^^^^^^^^^^^^^^
[INFO] [stdout] 16 |     IncompleteString,
[INFO] [stdout]    |     ^^^^^^^^^^^^^^^^
[INFO] [stdout] 17 |     IncompleteList,
[INFO] [stdout]    |     ^^^^^^^^^^^^^^
[INFO] [stdout] 18 |     IncompleteQuotation,
[INFO] [stdout]    |     ^^^^^^^^^^^^^^^^^^^
[INFO] [stdout]    |
[INFO] [stdout]    = note: `#[warn(dead_code)]` on by default
[INFO] [stdout] 
[INFO] [stdout] 
[INFO] [stdout] warning: method `stack_to_string` is never used
[INFO] [stdout]    --> src/structs.rs:251:12
[INFO] [stdout]     |
[INFO] [stdout] 158 | impl Stack<Type>{
[INFO] [stdout]     | ---------------- method in this implementation
[INFO] [stdout] ...
[INFO] [stdout] 251 |     pub fn stack_to_string(&self) -> String {
[INFO] [stdout]     |            ^^^^^^^^^^^^^^^
[INFO] [stdout] 
[INFO] [stdout] 
[INFO] [stdout] warning: variants `NumberConversionError`, `IncompleteString`, `IncompleteList`, and `IncompleteQuotation` are never constructed
[INFO] [stdout]   --> src/error_handling.rs:15:5
[INFO] [stdout]    |
[INFO] [stdout] 4  | pub(crate) enum Error {
[INFO] [stdout]    |                 ----- variants in this enum
[INFO] [stdout] ...
[INFO] [stdout] 15 |     NumberConversionError,
[INFO] [stdout]    |     ^^^^^^^^^^^^^^^^^^^^^
[INFO] [stdout] 16 |     IncompleteString,
[INFO] [stdout]    |     ^^^^^^^^^^^^^^^^
[INFO] [stdout] 17 |     IncompleteList,
[INFO] [stdout]    |     ^^^^^^^^^^^^^^
[INFO] [stdout] 18 |     IncompleteQuotation,
[INFO] [stdout]    |     ^^^^^^^^^^^^^^^^^^^
[INFO] [stdout]    |
[INFO] [stdout]    = note: `#[warn(dead_code)]` on by default
[INFO] [stdout] 
[INFO] [stdout] 
[INFO] [stdout] warning: method `stack_to_string` is never used
[INFO] [stdout]    --> src/structs.rs:251:12
[INFO] [stdout]     |
[INFO] [stdout] 158 | impl Stack<Type>{
[INFO] [stdout]     | ---------------- method in this implementation
[INFO] [stdout] ...
[INFO] [stdout] 251 |     pub fn stack_to_string(&self) -> String {
[INFO] [stdout]     |            ^^^^^^^^^^^^^^^
[INFO] [stdout] 
[INFO] [stdout] 
[INFO] [stdout] warning: function `normal` is never used
[INFO] [stdout]   --> src/mylib.rs:14:8
[INFO] [stdout]    |
[INFO] [stdout] 14 | pub fn normal() {
[INFO] [stdout]    |        ^^^^^^
[INFO] [stdout]    |
[INFO] [stdout]    = note: `#[warn(dead_code)]` on by default
[INFO] [stdout] 
[INFO] [stdout] 
[INFO] [stdout] warning: function `repl` is never used
[INFO] [stdout]   --> src/mylib.rs:58:8
[INFO] [stdout]    |
[INFO] [stdout] 58 | pub fn repl() {
[INFO] [stdout]    |        ^^^^
[INFO] [stdout] 
[INFO] [stdout] 
[INFO] [stdout] warning: variants `ProgramFinishedWithMultipleValues`, `NumberConversionError`, `IncompleteString`, `IncompleteList`, and `IncompleteQuotation` are never constructed
[INFO] [stdout]   --> src/error_handling.rs:14:5
[INFO] [stdout]    |
[INFO] [stdout] 4  | pub(crate) enum Error {
[INFO] [stdout]    |                 ----- variants in this enum
[INFO] [stdout] ...
[INFO] [stdout] 14 |     ProgramFinishedWithMultipleValues,
[INFO] [stdout]    |     ^^^^^^^^^^^^^^^^^^^^^^^^^^^^^^^^^
[INFO] [stdout] 15 |     NumberConversionError,
[INFO] [stdout]    |     ^^^^^^^^^^^^^^^^^^^^^
[INFO] [stdout] 16 |     IncompleteString,
[INFO] [stdout]    |     ^^^^^^^^^^^^^^^^
[INFO] [stdout] 17 |     IncompleteList,
[INFO] [stdout]    |     ^^^^^^^^^^^^^^
[INFO] [stdout] 18 |     IncompleteQuotation,
[INFO] [stdout]    |     ^^^^^^^^^^^^^^^^^^^
[INFO] [stdout] 
[INFO] [stdout] 
[INFO] [stderr]     Finished `test` profile [unoptimized + debuginfo] target(s) in 1.08s
[INFO] running `Command { std: "docker" "inspect" "fd854e5032fdd457d4c6812329aeb27bc53e33062e91e63bdb3322dbb469b9dc", kill_on_drop: false }`
[INFO] running `Command { std: "docker" "rm" "-f" "fd854e5032fdd457d4c6812329aeb27bc53e33062e91e63bdb3322dbb469b9dc", kill_on_drop: false }`
[INFO] [stdout] fd854e5032fdd457d4c6812329aeb27bc53e33062e91e63bdb3322dbb469b9dc
[INFO] running `Command { std: "docker" "create" "-v" "/var/lib/crater-agent-workspace/builds/worker-1-tc1/target:/opt/rustwide/target:rw,Z" "-v" "/var/lib/crater-agent-workspace/builds/worker-1-tc1/source:/opt/rustwide/workdir:ro,Z" "-v" "/var/lib/crater-agent-workspace/cargo-home:/opt/rustwide/cargo-home:ro,Z" "-v" "/var/lib/crater-agent-workspace/rustup-home:/opt/rustwide/rustup-home:ro,Z" "-e" "SOURCE_DIR=/opt/rustwide/workdir" "-e" "CARGO_TARGET_DIR=/opt/rustwide/target" "-e" "CARGO_INCREMENTAL=0" "-e" "RUST_BACKTRACE=full" "-e" "RUSTFLAGS=--cap-lints=forbid" "-e" "RUSTDOCFLAGS=--cap-lints=forbid" "-e" "CARGO_HOME=/opt/rustwide/cargo-home" "-e" "RUSTUP_HOME=/opt/rustwide/rustup-home" "-w" "/opt/rustwide/workdir" "-m" "1610612736" "--user" "0:0" "--network" "none" "ghcr.io/rust-lang/crates-build-env/linux@sha256:819108c5571ea2e421544af4d832f968d213c87fbe3707a016657f43d2f853bc" "/opt/rustwide/cargo-home/bin/cargo" "+nightly-2025-01-18" "test" "--frozen", kill_on_drop: false }`
[INFO] [stdout] 8f86e9f16220d6821abca167b2124b4c18e4fc932856becc64f25ac881e599c3
[INFO] running `Command { std: "docker" "start" "-a" "8f86e9f16220d6821abca167b2124b4c18e4fc932856becc64f25ac881e599c3", kill_on_drop: false }`
[INFO] [stderr] warning: function `normal` is never used
[INFO] [stderr]   --> src/mylib.rs:14:8
[INFO] [stderr]    |
[INFO] [stderr] 14 | pub fn normal() {
[INFO] [stderr]    |        ^^^^^^
[INFO] [stderr]    |
[INFO] [stderr]    = note: `#[warn(dead_code)]` on by default
[INFO] [stderr] 
[INFO] [stderr] warning: function `repl` is never used
[INFO] [stderr]   --> src/mylib.rs:58:8
[INFO] [stderr]    |
[INFO] [stderr] 58 | pub fn repl() {
[INFO] [stderr]    |        ^^^^
[INFO] [stderr] 
[INFO] [stderr] warning: variants `ProgramFinishedWithMultipleValues`, `NumberConversionError`, `IncompleteString`, `IncompleteList`, and `IncompleteQuotation` are never constructed
[INFO] [stderr]   --> src/error_handling.rs:14:5
[INFO] [stderr]    |
[INFO] [stderr] 4  | pub(crate) enum Error {
[INFO] [stderr]    |                 ----- variants in this enum
[INFO] [stderr] ...
[INFO] [stderr] 14 |     ProgramFinishedWithMultipleValues,
[INFO] [stderr]    |     ^^^^^^^^^^^^^^^^^^^^^^^^^^^^^^^^^
[INFO] [stderr] 15 |     NumberConversionError,
[INFO] [stderr]    |     ^^^^^^^^^^^^^^^^^^^^^
[INFO] [stderr] 16 |     IncompleteString,
[INFO] [stderr]    |     ^^^^^^^^^^^^^^^^
[INFO] [stderr] 17 |     IncompleteList,
[INFO] [stderr]    |     ^^^^^^^^^^^^^^
[INFO] [stderr] 18 |     IncompleteQuotation,
[INFO] [stderr]    |     ^^^^^^^^^^^^^^^^^^^
[INFO] [stderr] 
[INFO] [stderr] warning: `bprog` (lib) generated 3 warnings
[INFO] [stdout] 
[INFO] [stderr] warning: variants `NumberConversionError`, `IncompleteString`, `IncompleteList`, and `IncompleteQuotation` are never constructed
[INFO] [stdout] running 0 tests
[INFO] [stderr]   --> src/error_handling.rs:15:5
[INFO] [stdout] 
[INFO] [stderr]    |
[INFO] [stdout] test result: ok. 0 passed; 0 failed; 0 ignored; 0 measured; 0 filtered out; finished in 0.00s
[INFO] [stderr] 4  | pub(crate) enum Error {
[INFO] [stdout] 
[INFO] [stderr]    |                 ----- variants in this enum
[INFO] [stdout] 
[INFO] [stderr] ...
[INFO] [stdout] running 0 tests
[INFO] [stderr] 15 |     NumberConversionError,
[INFO] [stdout] 
[INFO] [stderr]    |     ^^^^^^^^^^^^^^^^^^^^^
[INFO] [stdout] test result: ok. 0 passed; 0 failed; 0 ignored; 0 measured; 0 filtered out; finished in 0.00s
[INFO] [stderr] 16 |     IncompleteString,
[INFO] [stdout] 
[INFO] [stderr]    |     ^^^^^^^^^^^^^^^^
[INFO] [stderr] 17 |     IncompleteList,
[INFO] [stderr]    |     ^^^^^^^^^^^^^^
[INFO] [stderr] 18 |     IncompleteQuotation,
[INFO] [stderr]    |     ^^^^^^^^^^^^^^^^^^^
[INFO] [stderr]    |
[INFO] [stderr]    = note: `#[warn(dead_code)]` on by default
[INFO] [stderr] 
[INFO] [stderr] warning: method `stack_to_string` is never used
[INFO] [stderr]    --> src/structs.rs:251:12
[INFO] [stderr]     |
[INFO] [stderr] 158 | impl Stack<Type>{
[INFO] [stderr]     | ---------------- method in this implementation
[INFO] [stderr] ...
[INFO] [stderr] 251 |     pub fn stack_to_string(&self) -> String {
[INFO] [stderr]     |            ^^^^^^^^^^^^^^^
[INFO] [stderr] 
[INFO] [stderr] warning: `bprog` (bin "bprog") generated 2 warnings
[INFO] [stderr] warning: `bprog` (bin "bprog" test) generated 2 warnings (2 duplicates)
[INFO] [stderr] warning: `bprog` (lib test) generated 3 warnings (3 duplicates)
[INFO] [stderr]     Finished `test` profile [unoptimized + debuginfo] target(s) in 0.01s
[INFO] [stderr]      Running unittests src/lib.rs (/opt/rustwide/target/debug/deps/bprog-51ca7c10c26418af)
[INFO] [stderr]      Running unittests src/main.rs (/opt/rustwide/target/debug/deps/bprog-da53ca6c94d20a0f)
[INFO] [stderr]      Running tests/tests.rs (/opt/rustwide/target/debug/deps/tests-b55d454e90ae2f73)
[INFO] [stdout] 
[INFO] [stdout] running 104 tests
[INFO] [stdout] test test_assignments::test_variable_assignment_swap ... ok
[INFO] [stdout] test test_comparison::test_boolean_equality_operation ... ok
[INFO] [stdout] test test_bool_operations::test_and_operation ... ok
[INFO] [stdout] test test_arithmetic_with_type_coercion::test_float_division_with_float ... FAILED
[INFO] [stdout] test test_arithmetic_with_type_coercion::test_addition_with_float ... FAILED
[INFO] [stdout] test test_arithmetic_with_type_coercion::test_division_with_float ... FAILED
[INFO] [stdout] test test_arithmetic_with_type_coercion::test_multiplication_with_float ... FAILED
[INFO] [stdout] test test_comparison::test_less_than_operation ... FAILED
[INFO] [stdout] test test_comparison::test_nested_list_equality_operation ... FAILED
[INFO] [stdout] test test_comparison::test_string_equality_operation ... FAILED
[INFO] [stdout] test test_comparison::test_greater_than_operation_with_float ... FAILED
[INFO] [stdout] test test_comparison::test_nested_equality_operation ... ok
[INFO] [stdout] test test_comparison::test_list_equality_operation ... FAILED
[INFO] [stdout] test test_bool_operations::test_not_operation_true ... FAILED
[INFO] [stdout] test test_functions::test_inc_function ... FAILED
[INFO] [stdout] test test_assignments::test_variable_assignment_list ... FAILED
[INFO] [stdout] test test_bool_operations::test_not_operation_false ... FAILED
[INFO] [stdout] test test_functions::test_to_list_function ... FAILED
[INFO] [stdout] test test_comparison::test_empty_list_equality_operation ... FAILED
[INFO] [stdout] test test_comparison::test_equality_operation ... FAILED
[INFO] [stdout] test test_comparison::test_equality_operation_with_float ... FAILED
[INFO] [stdout] test test_comparison::test_greater_than_operation ... FAILED
[INFO] [stdout] test test_assignments::test_variable_name ... FAILED
[INFO] [stdout] test test_if_without_quotation::test_if_condition_condensed ... FAILED
[INFO] [stdout] test test_comparison::test_float_greater_than_operation ... FAILED
[INFO] [stdout] test test_assignments::test_variable_assignment ... FAILED
[INFO] [stdout] test test_if_without_quotation::test_if_true_block_condensed ... FAILED
[INFO] [stdout] test test_if_without_quotation::test_if_false_condensed ... FAILED
[INFO] [stdout] test test_length::test_block_length ... FAILED
[INFO] [stdout] test test_assignments::test_variable_update ... FAILED
[INFO] [stdout] test test_if_without_quotation::test_if_nested_condensed ... FAILED
[INFO] [stdout] test test_if_without_quotation::test_if_true_condensed ... FAILED
[INFO] [stdout] test test_functions::test_odd_function ... FAILED
[INFO] [stdout] test test_functions::test_odd_function_true_case ... FAILED
[INFO] [stdout] test test_bool_operations::test_or_operation ... FAILED
[INFO] [stdout] test test_list_quotations::test_each_parse_integer ... FAILED
[INFO] [stdout] test test_length::test_hello_world_length ... FAILED
[INFO] [stdout] test test_list_quotations::test_each_add ... FAILED
[INFO] [stdout] test test_list_quotations::test_each_parse_integer_3_times ... FAILED
[INFO] [stdout] test test_list_quotations::test_foldl_add_short ... FAILED
[INFO] [stdout] test test_list_quotations::test_foldl_div ... FAILED
[INFO] [stdout] test test_length::test_hello_length ... FAILED
[INFO] [stdout] test test_lists::test_list_append ... FAILED
[INFO] [stdout] test test_list_quotations::test_foldl_div_short ... FAILED
[INFO] [stdout] test test_list_quotations::test_foldl_sum ... FAILED
[INFO] [stdout] test test_lists::test_list_append_empty ... FAILED
[INFO] [stdout] test test_lists::test_list_cons ... FAILED
[INFO] [stdout] test test_lists::test_list_creation ... FAILED
[INFO] [stdout] test test_lists::test_list_cons_append ... FAILED
[INFO] [stdout] test test_list_quotations::test_map_multiply ... FAILED
[INFO] [stdout] test test_length::test_list_length ... FAILED
[INFO] [stdout] test test_list_quotations::test_map_add ... FAILED
[INFO] [stdout] test test_lists::test_list_empty_false ... FAILED
[INFO] [stdout] test test_lists::test_list_tail ... FAILED
[INFO] [stdout] test test_literals::test_literal_bool_false ... ok
[INFO] [stdout] test test_literals::test_literal_bool_true ... ok
[INFO] [stdout] test test_literals::test_literal_float ... ok
[INFO] [stdout] test test_literals::test_literal_block ... ok
[INFO] [stdout] test test_literals::test_literal_int ... ok
[INFO] [stdout] test test_lists::test_list_length ... FAILED
[INFO] [stdout] test test_lists::test_mixed_list_creation ... FAILED
[INFO] [stdout] test test_lists::test_list_nested_cons ... FAILED
[INFO] [stdout] test test_literals::test_literal_float_zero ... ok
[INFO] [stdout] test test_lists::test_list_head ... FAILED
[INFO] [stdout] test test_literals::test_literal_long_int ... ok
[INFO] [stdout] test test_lists::test_list_empty_true ... FAILED
[INFO] [stdout] test test_literals::test_literal_list_of_different_types ... FAILED
[INFO] [stdout] test test_literals::test_literal_nested_list ... FAILED
[INFO] [stdout] test test_literals::test_literal_string ... ok
[INFO] [stdout] test test_literals::test_literal_list_of_blocks ... FAILED
[INFO] [stdout] test test_quotations::test_exec_block_with_two_values ... FAILED
[INFO] [stdout] test test_quotations::test_exec_block_with_value ... FAILED
[INFO] [stdout] test test_literals::test_literal_negative_int ... ok
[INFO] [stdout] test test_literals::test_literal_negative_float ... ok
[INFO] [stdout] test test_quotations::test_exec_block ... FAILED
[INFO] [stdout] test test_simple_arithmetic::test_addition ... FAILED
[INFO] [stdout] test test_simple_arithmetic::test_division ... FAILED
[INFO] [stdout] test test_simple_arithmetic::test_float_division ... FAILED
[INFO] [stdout] test test_stack_operations::test_dup_swap_pop ... FAILED
[INFO] [stdout] test test_simple_arithmetic::test_multiplication ... FAILED
[INFO] [stdout] test test_stack_operations::test_swap_dup_div ... FAILED
[INFO] [stdout] test test_stack_operations::test_swap_pop ... FAILED
[INFO] [stdout] test test_string_parsing::test_parse_float ... ok
[INFO] [stdout] test test_string_parsing::test_parse_integer ... ok
[INFO] [stdout] test test_times::test_times_block ... FAILED
[INFO] [stdout] test test_times::test_times_block_addition ... FAILED
[INFO] [stdout] test test_string_parsing::test_words ... FAILED
[INFO] [stdout] test test_times::test_times_condensed_addition ... FAILED
[INFO] [stdout] test test_times::test_times_condensed_with_list ... ok
[INFO] [stdout] test test_functions::test_gen1to_num_function has been running for over 60 seconds
[INFO] [stdout] test test_functions::test_mul10_and_inc_functions has been running for over 60 seconds
[INFO] [stdout] test test_functions::test_odd_to_list_gen1to_num_functions_combined has been running for over 60 seconds
[INFO] [stdout] test test_if::test_if_condition has been running for over 60 seconds
[INFO] [stdout] test test_if::test_if_false has been running for over 60 seconds
[INFO] [stdout] test test_if::test_if_nested has been running for over 60 seconds
[INFO] [stdout] test test_if::test_if_true has been running for over 60 seconds
[INFO] [stdout] test test_if::test_if_true_block has been running for over 60 seconds
[INFO] [stdout] test test_list_quotations::test_map_conditional has been running for over 60 seconds
[INFO] [stdout] test test_loop::test_loop_condensed_with_conditional has been running for over 60 seconds
[INFO] [stdout] test test_loop::test_loop_with_conditional has been running for over 60 seconds
[INFO] [stdout] test test_loop::test_loop_with_conditional_length has been running for over 60 seconds
[INFO] [stdout] test test_quotations::test_exec_nested_block has been running for over 60 seconds
[INFO] [stdout] test test_quotations::test_exec_nested_block_with_add has been running for over 60 seconds
[INFO] [stdout] test test_times::test_times_block_with_list has been running for over 60 seconds
[INFO] [stderr] 
[INFO] [stderr] thread 'test_quotations::test_exec_nested_block_with_add' has overflowed its stack
[INFO] [stderr] fatal runtime error: stack overflow
[INFO] [stderr] error: test failed, to rerun pass `--test tests`
[INFO] [stderr] 
[INFO] [stderr] Caused by:
[INFO] [stderr]   process didn't exit successfully: `/opt/rustwide/target/debug/deps/tests-b55d454e90ae2f73` (signal: 6, SIGABRT: process abort signal)
[INFO] running `Command { std: "docker" "inspect" "8f86e9f16220d6821abca167b2124b4c18e4fc932856becc64f25ac881e599c3", kill_on_drop: false }`
[INFO] running `Command { std: "docker" "rm" "-f" "8f86e9f16220d6821abca167b2124b4c18e4fc932856becc64f25ac881e599c3", kill_on_drop: false }`
[INFO] [stdout] 8f86e9f16220d6821abca167b2124b4c18e4fc932856becc64f25ac881e599c3
