[INFO] cloning repository https://github.com/imoken1122/trie
[INFO] running `Command { std: "git" "-c" "credential.helper=" "-c" "credential.helper=/workspace/cargo-home/bin/git-credential-null" "clone" "--bare" "https://github.com/imoken1122/trie" "/workspace/cache/git-repos/https%3A%2F%2Fgithub.com%2Fimoken1122%2Ftrie", kill_on_drop: false }`
[INFO] [stderr] Cloning into bare repository '/workspace/cache/git-repos/https%3A%2F%2Fgithub.com%2Fimoken1122%2Ftrie'...
[INFO] running `Command { std: "git" "rev-parse" "HEAD", kill_on_drop: false }`
[INFO] [stdout] b55455aa718c73f5d902bd6869e5f4065d392cbd
[INFO] testing imoken1122/trie against nightly-2025-01-18+rustflags=-Zrandomize-layout for randomize-layout-2
[INFO] running `Command { std: "git" "clone" "/workspace/cache/git-repos/https%3A%2F%2Fgithub.com%2Fimoken1122%2Ftrie" "/workspace/builds/worker-2-tc2/source", kill_on_drop: false }`
[INFO] [stderr] Cloning into '/workspace/builds/worker-2-tc2/source'...
[INFO] [stderr] done.
[INFO] validating manifest of git repo https://github.com/imoken1122/trie on toolchain nightly-2025-01-18
[INFO] running `Command { std: CARGO_HOME="/workspace/cargo-home" RUSTUP_HOME="/workspace/rustup-home" "/workspace/cargo-home/bin/cargo" "+nightly-2025-01-18" "metadata" "--manifest-path" "Cargo.toml" "--no-deps", kill_on_drop: false }`
[INFO] started tweaking git repo https://github.com/imoken1122/trie
[INFO] finished tweaking git repo https://github.com/imoken1122/trie
[INFO] tweaked toml for git repo https://github.com/imoken1122/trie written to /workspace/builds/worker-2-tc2/source/Cargo.toml
[INFO] crate git repo https://github.com/imoken1122/trie already has a lockfile, it will not be regenerated
[INFO] running `Command { std: CARGO_HOME="/workspace/cargo-home" RUSTUP_HOME="/workspace/rustup-home" "/workspace/cargo-home/bin/cargo" "+nightly-2025-01-18" "fetch" "--manifest-path" "Cargo.toml", kill_on_drop: false }`
[INFO] running `Command { std: "docker" "create" "-v" "/var/lib/crater-agent-workspace/builds/worker-2-tc2/target:/opt/rustwide/target:rw,Z" "-v" "/var/lib/crater-agent-workspace/builds/worker-2-tc2/source:/opt/rustwide/workdir:ro,Z" "-v" "/var/lib/crater-agent-workspace/cargo-home:/opt/rustwide/cargo-home:ro,Z" "-v" "/var/lib/crater-agent-workspace/rustup-home:/opt/rustwide/rustup-home:ro,Z" "-e" "SOURCE_DIR=/opt/rustwide/workdir" "-e" "CARGO_TARGET_DIR=/opt/rustwide/target" "-e" "CARGO_HOME=/opt/rustwide/cargo-home" "-e" "RUSTUP_HOME=/opt/rustwide/rustup-home" "-w" "/opt/rustwide/workdir" "-m" "1610612736" "--user" "0:0" "--network" "none" "ghcr.io/rust-lang/crates-build-env/linux@sha256:819108c5571ea2e421544af4d832f968d213c87fbe3707a016657f43d2f853bc" "/opt/rustwide/cargo-home/bin/cargo" "+nightly-2025-01-18" "metadata" "--no-deps" "--format-version=1", kill_on_drop: false }`
[INFO] [stdout] 978a16f28cecdcf90c55fd9db4bbb97972940a13c5332ba5d2e84913430ebf8e
[INFO] running `Command { std: "docker" "start" "-a" "978a16f28cecdcf90c55fd9db4bbb97972940a13c5332ba5d2e84913430ebf8e", kill_on_drop: false }`
[INFO] running `Command { std: "docker" "inspect" "978a16f28cecdcf90c55fd9db4bbb97972940a13c5332ba5d2e84913430ebf8e", kill_on_drop: false }`
[INFO] running `Command { std: "docker" "rm" "-f" "978a16f28cecdcf90c55fd9db4bbb97972940a13c5332ba5d2e84913430ebf8e", kill_on_drop: false }`
[INFO] [stdout] 978a16f28cecdcf90c55fd9db4bbb97972940a13c5332ba5d2e84913430ebf8e
[INFO] running `Command { std: "docker" "create" "-v" "/var/lib/crater-agent-workspace/builds/worker-2-tc2/target:/opt/rustwide/target:rw,Z" "-v" "/var/lib/crater-agent-workspace/builds/worker-2-tc2/source:/opt/rustwide/workdir:ro,Z" "-v" "/var/lib/crater-agent-workspace/cargo-home:/opt/rustwide/cargo-home:ro,Z" "-v" "/var/lib/crater-agent-workspace/rustup-home:/opt/rustwide/rustup-home:ro,Z" "-e" "SOURCE_DIR=/opt/rustwide/workdir" "-e" "CARGO_TARGET_DIR=/opt/rustwide/target" "-e" "CARGO_INCREMENTAL=0" "-e" "RUST_BACKTRACE=full" "-e" "RUSTFLAGS=--cap-lints=forbid -Zrandomize-layout" "-e" "RUSTDOCFLAGS=--cap-lints=forbid" "-e" "CARGO_HOME=/opt/rustwide/cargo-home" "-e" "RUSTUP_HOME=/opt/rustwide/rustup-home" "-w" "/opt/rustwide/workdir" "-m" "1610612736" "--user" "0:0" "--network" "none" "ghcr.io/rust-lang/crates-build-env/linux@sha256:819108c5571ea2e421544af4d832f968d213c87fbe3707a016657f43d2f853bc" "/opt/rustwide/cargo-home/bin/cargo" "+nightly-2025-01-18" "build" "--frozen" "--message-format=json", kill_on_drop: false }`
[INFO] [stdout] a133867ab5ca2946890ebefaa7fc2ff3b09539d7301c293d6f54b5b79a6fad21
[INFO] running `Command { std: "docker" "start" "-a" "a133867ab5ca2946890ebefaa7fc2ff3b09539d7301c293d6f54b5b79a6fad21", kill_on_drop: false }`
[INFO] [stderr]    Compiling trie v0.1.0 (/opt/rustwide/workdir)
[INFO] [stdout] warning: unused import: `super::*`
[INFO] [stdout]    --> src/array_trie.rs:105:9
[INFO] [stdout]     |
[INFO] [stdout] 105 |     use super::*;
[INFO] [stdout]     |         ^^^^^^^^
[INFO] [stdout]     |
[INFO] [stdout]     = note: `#[warn(unused_imports)]` on by default
[INFO] [stdout] 
[INFO] [stdout] 
[INFO] [stdout] warning: unused import: `std::io::Error as Error`
[INFO] [stdout]  --> src/triple_array.rs:1:5
[INFO] [stdout]   |
[INFO] [stdout] 1 | use std::io::Error as Error;
[INFO] [stdout]   |     ^^^^^^^^^^^^^^^^^^^^^^^
[INFO] [stdout] 
[INFO] [stdout] 
[INFO] [stdout] warning: type `next_elm_t` should have an upper camel case name
[INFO] [stdout]  --> src/triple_array.rs:5:6
[INFO] [stdout]   |
[INFO] [stdout] 5 | type next_elm_t = i64;
[INFO] [stdout]   |      ^^^^^^^^^^ help: convert the identifier to upper camel case: `NextElmT`
[INFO] [stdout]   |
[INFO] [stdout]   = note: `#[warn(non_camel_case_types)]` on by default
[INFO] [stdout] 
[INFO] [stdout] 
[INFO] [stdout] warning: type `offset_elm_t` should have an upper camel case name
[INFO] [stdout]  --> src/triple_array.rs:6:6
[INFO] [stdout]   |
[INFO] [stdout] 6 | type offset_elm_t = i64;
[INFO] [stdout]   |      ^^^^^^^^^^^^ help: convert the identifier to upper camel case: `OffsetElmT`
[INFO] [stdout] 
[INFO] [stdout] 
[INFO] [stdout] warning: type `offset_t` should have an upper camel case name
[INFO] [stdout]  --> src/triple_array.rs:7:6
[INFO] [stdout]   |
[INFO] [stdout] 7 | type offset_t = Option<offset_elm_t>;
[INFO] [stdout]   |      ^^^^^^^^ help: convert the identifier to upper camel case: `OffsetT`
[INFO] [stdout] 
[INFO] [stdout] 
[INFO] [stdout] warning: type `next_t` should have an upper camel case name
[INFO] [stdout]  --> src/triple_array.rs:8:6
[INFO] [stdout]   |
[INFO] [stdout] 8 | type next_t= Option<next_elm_t>;
[INFO] [stdout]   |      ^^^^^^ help: convert the identifier to upper camel case: `NextT`
[INFO] [stdout] 
[INFO] [stdout] 
[INFO] [stdout] warning: type `check_t` should have an upper camel case name
[INFO] [stdout]  --> src/triple_array.rs:9:6
[INFO] [stdout]   |
[INFO] [stdout] 9 | type check_t= Option<idx_t>;
[INFO] [stdout]   |      ^^^^^^^ help: convert the identifier to upper camel case: `CheckT`
[INFO] [stdout] 
[INFO] [stdout] 
[INFO] [stdout] warning: unused import: `super::*`
[INFO] [stdout]    --> src/triple_array.rs:164:9
[INFO] [stdout]     |
[INFO] [stdout] 164 |     use super::*;
[INFO] [stdout]     |         ^^^^^^^^
[INFO] [stdout] 
[INFO] [stdout] 
[INFO] [stdout] warning: unused import: `array_trie::Trie`
[INFO] [stdout]  --> src/main.rs:3:5
[INFO] [stdout]   |
[INFO] [stdout] 3 | use array_trie::Trie;
[INFO] [stdout]   |     ^^^^^^^^^^^^^^^^
[INFO] [stdout] 
[INFO] [stdout] 
[INFO] [stdout] warning: type `idx_t` should have an upper camel case name
[INFO] [stdout]  --> src/main.rs:5:10
[INFO] [stdout]   |
[INFO] [stdout] 5 | pub type idx_t= usize;
[INFO] [stdout]   |          ^^^^^ help: convert the identifier to upper camel case: `IdxT`
[INFO] [stdout] 
[INFO] [stdout] 
[INFO] [stdout] warning: unused variable: `i`
[INFO] [stdout]   --> src/array_trie.rs:88:14
[INFO] [stdout]    |
[INFO] [stdout] 88 |         for (i,c)  in word.chars().enumerate(){
[INFO] [stdout]    |              ^ help: if this is intentional, prefix it with an underscore: `_i`
[INFO] [stdout]    |
[INFO] [stdout]    = note: `#[warn(unused_variables)]` on by default
[INFO] [stdout] 
[INFO] [stdout] 
[INFO] [stdout] warning: associated function `new` is never used
[INFO] [stdout]   --> src/array_trie.rs:25:12
[INFO] [stdout]    |
[INFO] [stdout] 24 | impl TrieNode {
[INFO] [stdout]    | ------------- associated function in this implementation
[INFO] [stdout] 25 |     pub fn new(item:Option<String>) -> TrieNode{
[INFO] [stdout]    |            ^^^
[INFO] [stdout]    |
[INFO] [stdout]    = note: `#[warn(dead_code)]` on by default
[INFO] [stdout] 
[INFO] [stdout] 
[INFO] [stdout] warning: associated items `new`, `add_node`, `insert`, and `contain` are never used
[INFO] [stdout]   --> src/array_trie.rs:44:12
[INFO] [stdout]    |
[INFO] [stdout] 43 | impl Trie{
[INFO] [stdout]    | --------- associated items in this implementation
[INFO] [stdout] 44 |     pub fn new() -> Trie{
[INFO] [stdout]    |            ^^^
[INFO] [stdout] ...
[INFO] [stdout] 51 |     fn add_node(&mut self, node : TrieNode) -> Option<usize>{
[INFO] [stdout]    |        ^^^^^^^^
[INFO] [stdout] ...
[INFO] [stdout] 56 |     pub fn insert(&mut self,word : String) {
[INFO] [stdout]    |            ^^^^^^
[INFO] [stdout] ...
[INFO] [stdout] 86 |     pub fn contain(&self, word : String) -> bool {
[INFO] [stdout]    |            ^^^^^^^
[INFO] [stdout] 
[INFO] [stdout] 
[INFO] [stdout] warning: multiple associated items are never used
[INFO] [stdout]    --> src/triple_array.rs:22:12
[INFO] [stdout]     |
[INFO] [stdout] 21  | impl DoubleArray {
[INFO] [stdout]     | ---------------- associated items in this implementation
[INFO] [stdout] 22  |     pub fn new(trie:Trie, ) -> DoubleArray{
[INFO] [stdout]     |            ^^^
[INFO] [stdout] ...
[INFO] [stdout] 39  |     pub fn build(&mut self){
[INFO] [stdout]     |            ^^^^^
[INFO] [stdout] ...
[INFO] [stdout] 62  |     fn get_left_idx_next(&self,array:&Vec<Option<next_elm_t>>, ) ->idx_t{
[INFO] [stdout]     |        ^^^^^^^^^^^^^^^^^
[INFO] [stdout] ...
[INFO] [stdout] 70  |     fn get_left_node_idx(&self,array:&Vec<Option<idx_t>>, ) ->idx_t{
[INFO] [stdout]     |        ^^^^^^^^^^^^^^^^^
[INFO] [stdout] ...
[INFO] [stdout] 80  |     fn check_next(&self, offset : offset_elm_t,node_idx : usize) -> bool{
[INFO] [stdout]     |        ^^^^^^^^^^
[INFO] [stdout] ...
[INFO] [stdout] 99  |     fn get_offset(&mut self, node_idx : usize) -> offset_elm_t{
[INFO] [stdout]     |        ^^^^^^^^^^
[INFO] [stdout] ...
[INFO] [stdout] 125 |     fn update_arrays(&mut self, offset : offset_elm_t, parent_idx: usize) {
[INFO] [stdout]     |        ^^^^^^^^^^^^^
[INFO] [stdout] ...
[INFO] [stdout] 142 |     fn verify_next(&self, ans : &[i64]) -> bool{
[INFO] [stdout]     |        ^^^^^^^^^^^
[INFO] [stdout] 
[INFO] [stdout] 
[INFO] [stderr]     Finished `dev` profile [unoptimized + debuginfo] target(s) in 0.25s
[INFO] running `Command { std: "docker" "inspect" "a133867ab5ca2946890ebefaa7fc2ff3b09539d7301c293d6f54b5b79a6fad21", kill_on_drop: false }`
[INFO] running `Command { std: "docker" "rm" "-f" "a133867ab5ca2946890ebefaa7fc2ff3b09539d7301c293d6f54b5b79a6fad21", kill_on_drop: false }`
[INFO] [stdout] a133867ab5ca2946890ebefaa7fc2ff3b09539d7301c293d6f54b5b79a6fad21
[INFO] running `Command { std: "docker" "create" "-v" "/var/lib/crater-agent-workspace/builds/worker-2-tc2/target:/opt/rustwide/target:rw,Z" "-v" "/var/lib/crater-agent-workspace/builds/worker-2-tc2/source:/opt/rustwide/workdir:ro,Z" "-v" "/var/lib/crater-agent-workspace/cargo-home:/opt/rustwide/cargo-home:ro,Z" "-v" "/var/lib/crater-agent-workspace/rustup-home:/opt/rustwide/rustup-home:ro,Z" "-e" "SOURCE_DIR=/opt/rustwide/workdir" "-e" "CARGO_TARGET_DIR=/opt/rustwide/target" "-e" "CARGO_INCREMENTAL=0" "-e" "RUST_BACKTRACE=full" "-e" "RUSTFLAGS=--cap-lints=forbid -Zrandomize-layout" "-e" "RUSTDOCFLAGS=--cap-lints=forbid" "-e" "CARGO_HOME=/opt/rustwide/cargo-home" "-e" "RUSTUP_HOME=/opt/rustwide/rustup-home" "-w" "/opt/rustwide/workdir" "-m" "1610612736" "--user" "0:0" "--network" "none" "ghcr.io/rust-lang/crates-build-env/linux@sha256:819108c5571ea2e421544af4d832f968d213c87fbe3707a016657f43d2f853bc" "/opt/rustwide/cargo-home/bin/cargo" "+nightly-2025-01-18" "test" "--frozen" "--no-run" "--message-format=json", kill_on_drop: false }`
[INFO] [stdout] 6ed195eb34e54db86f4234da58e79fd4b3baa6bf3c1e36295d891e99d5c0f60a
[INFO] running `Command { std: "docker" "start" "-a" "6ed195eb34e54db86f4234da58e79fd4b3baa6bf3c1e36295d891e99d5c0f60a", kill_on_drop: false }`
[INFO] [stderr]    Compiling trie v0.1.0 (/opt/rustwide/workdir)
[INFO] [stdout] warning: unused import: `std::io::Error as Error`
[INFO] [stdout]  --> src/triple_array.rs:1:5
[INFO] [stdout]   |
[INFO] [stdout] 1 | use std::io::Error as Error;
[INFO] [stdout]   |     ^^^^^^^^^^^^^^^^^^^^^^^
[INFO] [stdout]   |
[INFO] [stdout]   = note: `#[warn(unused_imports)]` on by default
[INFO] [stdout] 
[INFO] [stdout] 
[INFO] [stdout] warning: type `next_elm_t` should have an upper camel case name
[INFO] [stdout]  --> src/triple_array.rs:5:6
[INFO] [stdout]   |
[INFO] [stdout] 5 | type next_elm_t = i64;
[INFO] [stdout]   |      ^^^^^^^^^^ help: convert the identifier to upper camel case: `NextElmT`
[INFO] [stdout]   |
[INFO] [stdout]   = note: `#[warn(non_camel_case_types)]` on by default
[INFO] [stdout] 
[INFO] [stdout] 
[INFO] [stdout] warning: type `offset_elm_t` should have an upper camel case name
[INFO] [stdout]  --> src/triple_array.rs:6:6
[INFO] [stdout]   |
[INFO] [stdout] 6 | type offset_elm_t = i64;
[INFO] [stdout]   |      ^^^^^^^^^^^^ help: convert the identifier to upper camel case: `OffsetElmT`
[INFO] [stdout] 
[INFO] [stdout] 
[INFO] [stdout] warning: type `offset_t` should have an upper camel case name
[INFO] [stdout]  --> src/triple_array.rs:7:6
[INFO] [stdout]   |
[INFO] [stdout] 7 | type offset_t = Option<offset_elm_t>;
[INFO] [stdout]   |      ^^^^^^^^ help: convert the identifier to upper camel case: `OffsetT`
[INFO] [stdout] 
[INFO] [stdout] 
[INFO] [stdout] warning: type `next_t` should have an upper camel case name
[INFO] [stdout]  --> src/triple_array.rs:8:6
[INFO] [stdout]   |
[INFO] [stdout] 8 | type next_t= Option<next_elm_t>;
[INFO] [stdout]   |      ^^^^^^ help: convert the identifier to upper camel case: `NextT`
[INFO] [stdout] 
[INFO] [stdout] 
[INFO] [stdout] warning: type `check_t` should have an upper camel case name
[INFO] [stdout]  --> src/triple_array.rs:9:6
[INFO] [stdout]   |
[INFO] [stdout] 9 | type check_t= Option<idx_t>;
[INFO] [stdout]   |      ^^^^^^^ help: convert the identifier to upper camel case: `CheckT`
[INFO] [stdout] 
[INFO] [stdout] 
[INFO] [stdout] warning: unused import: `array_trie::Trie`
[INFO] [stdout]  --> src/main.rs:3:5
[INFO] [stdout]   |
[INFO] [stdout] 3 | use array_trie::Trie;
[INFO] [stdout]   |     ^^^^^^^^^^^^^^^^
[INFO] [stdout] 
[INFO] [stdout] 
[INFO] [stdout] warning: type `idx_t` should have an upper camel case name
[INFO] [stdout]  --> src/main.rs:5:10
[INFO] [stdout]   |
[INFO] [stdout] 5 | pub type idx_t= usize;
[INFO] [stdout]   |          ^^^^^ help: convert the identifier to upper camel case: `IdxT`
[INFO] [stdout] 
[INFO] [stdout] 
[INFO] [stdout] warning: unused variable: `i`
[INFO] [stdout]   --> src/array_trie.rs:88:14
[INFO] [stdout]    |
[INFO] [stdout] 88 |         for (i,c)  in word.chars().enumerate(){
[INFO] [stdout]    |              ^ help: if this is intentional, prefix it with an underscore: `_i`
[INFO] [stdout]    |
[INFO] [stdout]    = note: `#[warn(unused_variables)]` on by default
[INFO] [stdout] 
[INFO] [stdout] 
[INFO] [stderr]     Finished `test` profile [unoptimized + debuginfo] target(s) in 0.51s
[INFO] running `Command { std: "docker" "inspect" "6ed195eb34e54db86f4234da58e79fd4b3baa6bf3c1e36295d891e99d5c0f60a", kill_on_drop: false }`
[INFO] running `Command { std: "docker" "rm" "-f" "6ed195eb34e54db86f4234da58e79fd4b3baa6bf3c1e36295d891e99d5c0f60a", kill_on_drop: false }`
[INFO] [stdout] 6ed195eb34e54db86f4234da58e79fd4b3baa6bf3c1e36295d891e99d5c0f60a
[INFO] running `Command { std: "docker" "create" "-v" "/var/lib/crater-agent-workspace/builds/worker-2-tc2/target:/opt/rustwide/target:rw,Z" "-v" "/var/lib/crater-agent-workspace/builds/worker-2-tc2/source:/opt/rustwide/workdir:ro,Z" "-v" "/var/lib/crater-agent-workspace/cargo-home:/opt/rustwide/cargo-home:ro,Z" "-v" "/var/lib/crater-agent-workspace/rustup-home:/opt/rustwide/rustup-home:ro,Z" "-e" "SOURCE_DIR=/opt/rustwide/workdir" "-e" "CARGO_TARGET_DIR=/opt/rustwide/target" "-e" "CARGO_INCREMENTAL=0" "-e" "RUST_BACKTRACE=full" "-e" "RUSTFLAGS=--cap-lints=forbid -Zrandomize-layout" "-e" "RUSTDOCFLAGS=--cap-lints=forbid" "-e" "CARGO_HOME=/opt/rustwide/cargo-home" "-e" "RUSTUP_HOME=/opt/rustwide/rustup-home" "-w" "/opt/rustwide/workdir" "-m" "1610612736" "--user" "0:0" "--network" "none" "ghcr.io/rust-lang/crates-build-env/linux@sha256:819108c5571ea2e421544af4d832f968d213c87fbe3707a016657f43d2f853bc" "/opt/rustwide/cargo-home/bin/cargo" "+nightly-2025-01-18" "test" "--frozen", kill_on_drop: false }`
[INFO] [stdout] 7d91ed05563dbaed0f101f6658307df8decca20332a05c5ff5cbd7c527c5e82b
[INFO] running `Command { std: "docker" "start" "-a" "7d91ed05563dbaed0f101f6658307df8decca20332a05c5ff5cbd7c527c5e82b", kill_on_drop: false }`
[INFO] [stderr] warning: unused import: `std::io::Error as Error`
[INFO] [stderr]  --> src/triple_array.rs:1:5
[INFO] [stderr]   |
[INFO] [stderr] 1 | use std::io::Error as Error;
[INFO] [stderr]   |     ^^^^^^^^^^^^^^^^^^^^^^^
[INFO] [stderr]   |
[INFO] [stderr]   = note: `#[warn(unused_imports)]` on by default
[INFO] [stderr] 
[INFO] [stderr] warning: type `next_elm_t` should have an upper camel case name
[INFO] [stderr]  --> src/triple_array.rs:5:6
[INFO] [stderr]   |
[INFO] [stderr] 5 | type next_elm_t = i64;
[INFO] [stderr]   |      ^^^^^^^^^^ help: convert the identifier to upper camel case: `NextElmT`
[INFO] [stderr]   |
[INFO] [stderr]   = note: `#[warn(non_camel_case_types)]` on by default
[INFO] [stderr] 
[INFO] [stderr] warning: type `offset_elm_t` should have an upper camel case name
[INFO] [stderr]  --> src/triple_array.rs:6:6
[INFO] [stderr]   |
[INFO] [stderr] 6 | type offset_elm_t = i64;
[INFO] [stderr]   |      ^^^^^^^^^^^^ help: convert the identifier to upper camel case: `OffsetElmT`
[INFO] [stderr] 
[INFO] [stderr] warning: type `offset_t` should have an upper camel case name
[INFO] [stderr]  --> src/triple_array.rs:7:6
[INFO] [stderr]   |
[INFO] [stderr] 7 | type offset_t = Option<offset_elm_t>;
[INFO] [stderr]   |      ^^^^^^^^ help: convert the identifier to upper camel case: `OffsetT`
[INFO] [stderr] 
[INFO] [stderr] warning: type `next_t` should have an upper camel case name
[INFO] [stderr]  --> src/triple_array.rs:8:6
[INFO] [stderr]   |
[INFO] [stderr] 8 | type next_t= Option<next_elm_t>;
[INFO] [stderr]   |      ^^^^^^ help: convert the identifier to upper camel case: `NextT`
[INFO] [stderr] 
[INFO] [stderr] warning: type `check_t` should have an upper camel case name
[INFO] [stderr]  --> src/triple_array.rs:9:6
[INFO] [stderr]   |
[INFO] [stderr] 9 | type check_t= Option<idx_t>;
[INFO] [stderr]   |      ^^^^^^^ help: convert the identifier to upper camel case: `CheckT`
[INFO] [stderr] 
[INFO] [stderr] warning: unused import: `array_trie::Trie`
[INFO] [stderr]  --> src/main.rs:3:5
[INFO] [stderr]   |
[INFO] [stderr] 3 | use array_trie::Trie;
[INFO] [stderr]   |     ^^^^^^^^^^^^^^^^
[INFO] [stderr] 
[INFO] [stderr] warning: type `idx_t` should have an upper camel case name
[INFO] [stderr]  --> src/main.rs:5:10
[INFO] [stderr]   |
[INFO] [stderr] 5 | pub type idx_t= usize;
[INFO] [stderr]   |          ^^^^^ help: convert the identifier to upper camel case: `IdxT`
[INFO] [stderr] 
[INFO] [stderr] warning: unused variable: `i`
[INFO] [stderr]   --> src/array_trie.rs:88:14
[INFO] [stderr]    |
[INFO] [stderr] 88 |         for (i,c)  in word.chars().enumerate(){
[INFO] [stderr]    |              ^ help: if this is intentional, prefix it with an underscore: `_i`
[INFO] [stderr]    |
[INFO] [stderr]    = note: `#[warn(unused_variables)]` on by default
[INFO] [stderr] 
[INFO] [stderr] warning: `trie` (bin "trie" test) generated 9 warnings (run `cargo fix --bin "trie" --tests` to apply 2 suggestions)
[INFO] [stderr]     Finished `test` profile [unoptimized + debuginfo] target(s) in 0.01s
[INFO] [stderr]      Running unittests src/main.rs (/opt/rustwide/target/debug/deps/trie-da435e57c67708d7)
[INFO] [stdout] 
[INFO] [stdout] running 3 tests
[INFO] [stdout] test array_trie::test::test_insert ... ok
[INFO] [stdout] test array_trie::test::test_contain ... ok
[INFO] [stdout] test triple_array::test::test_build ... FAILED
[INFO] [stdout] 
[INFO] [stdout] failures:
[INFO] [stdout] 
[INFO] [stdout] ---- triple_array::test::test_build stdout ----
[INFO] [stdout] [Some(0), Some(-1), Some(0), None, None, Some(4), None]
[INFO] [stdout] 
[INFO] [stdout] thread 'triple_array::test::test_build' panicked at src/triple_array.rs:199:9:
[INFO] [stdout] assertion `left == right` failed
[INFO] [stdout]   left: false
[INFO] [stdout]  right: true
[INFO] [stdout] stack backtrace:
[INFO] [stdout]    0:     0x63ef5bcaf6da - std::backtrace_rs::backtrace::libunwind::trace::hb059275cfc8d6126
[INFO] [stdout]                                at /rustc/6067b36314ab5eb2eb47cecc464545ba58e1ad24/library/std/src/../../backtrace/src/backtrace/libunwind.rs:116:5
[INFO] [stdout]    1:     0x63ef5bcaf6da - std::backtrace_rs::backtrace::trace_unsynchronized::h2da071e4327ce3ee
[INFO] [stdout]                                at /rustc/6067b36314ab5eb2eb47cecc464545ba58e1ad24/library/std/src/../../backtrace/src/backtrace/mod.rs:66:5
[INFO] [stdout]    2:     0x63ef5bcaf6da - std::sys::backtrace::_print_fmt::h842a1474e6f8d23f
[INFO] [stdout]                                at /rustc/6067b36314ab5eb2eb47cecc464545ba58e1ad24/library/std/src/sys/backtrace.rs:66:9
[INFO] [stdout]    3:     0x63ef5bcaf6da - <std::sys::backtrace::BacktraceLock::print::DisplayBacktrace as core::fmt::Display>::fmt::h71a62eb3b9696b12
[INFO] [stdout]                                at /rustc/6067b36314ab5eb2eb47cecc464545ba58e1ad24/library/std/src/sys/backtrace.rs:39:26
[INFO] [stdout]    4:     0x63ef5bcd6e03 - core::fmt::rt::Argument::fmt::hdb6b616786b41dc1
[INFO] [stdout]                                at /rustc/6067b36314ab5eb2eb47cecc464545ba58e1ad24/library/core/src/fmt/rt.rs:177:76
[INFO] [stdout]    5:     0x63ef5bcd6e03 - core::fmt::write::h2cc1698af7e2d686
[INFO] [stdout]                                at /rustc/6067b36314ab5eb2eb47cecc464545ba58e1ad24/library/core/src/fmt/mod.rs:1440:21
[INFO] [stdout]    6:     0x63ef5bcac233 - std::io::Write::write_fmt::hab1b4cd059a79022
[INFO] [stdout]                                at /rustc/6067b36314ab5eb2eb47cecc464545ba58e1ad24/library/std/src/io/mod.rs:1887:15
[INFO] [stdout]    7:     0x63ef5bcaf522 - std::sys::backtrace::BacktraceLock::print::h147fe35b4ea13b08
[INFO] [stdout]                                at /rustc/6067b36314ab5eb2eb47cecc464545ba58e1ad24/library/std/src/sys/backtrace.rs:42:9
[INFO] [stdout]    8:     0x63ef5bcb0aff - std::panicking::default_hook::{{closure}}::hbd44223dbdc0d208
[INFO] [stdout]                                at /rustc/6067b36314ab5eb2eb47cecc464545ba58e1ad24/library/std/src/panicking.rs:298:22
[INFO] [stdout]    9:     0x63ef5bcb0918 - std::panicking::default_hook::h20f81eb0576efcec
[INFO] [stdout]                                at /rustc/6067b36314ab5eb2eb47cecc464545ba58e1ad24/library/std/src/panicking.rs:322:9
[INFO] [stdout]   10:     0x63ef5bc79733 - <alloc::boxed::Box<F,A> as core::ops::function::Fn<Args>>::call::hdb53814c496a4d34
[INFO] [stdout]                                at /rustc/6067b36314ab5eb2eb47cecc464545ba58e1ad24/library/alloc/src/boxed.rs:2027:9
[INFO] [stdout]   11:     0x63ef5bc79733 - test::test_main::{{closure}}::hc0a4963c59427c24
[INFO] [stdout]                                at /rustc/6067b36314ab5eb2eb47cecc464545ba58e1ad24/library/test/src/lib.rs:134:21
[INFO] [stdout]   12:     0x63ef5bcb15f3 - <alloc::boxed::Box<F,A> as core::ops::function::Fn<Args>>::call::h591b2225413a77e9
[INFO] [stdout]                                at /rustc/6067b36314ab5eb2eb47cecc464545ba58e1ad24/library/alloc/src/boxed.rs:2027:9
[INFO] [stdout]   13:     0x63ef5bcb15f3 - std::panicking::rust_panic_with_hook::h625eea43051b2edc
[INFO] [stdout]                                at /rustc/6067b36314ab5eb2eb47cecc464545ba58e1ad24/library/std/src/panicking.rs:839:13
[INFO] [stdout]   14:     0x63ef5bcb12aa - std::panicking::begin_panic_handler::{{closure}}::h4f9159cfbc3f6bd3
[INFO] [stdout]                                at /rustc/6067b36314ab5eb2eb47cecc464545ba58e1ad24/library/std/src/panicking.rs:704:13
[INFO] [stdout]   15:     0x63ef5bcafbd9 - std::sys::backtrace::__rust_end_short_backtrace::h0390abce48353151
[INFO] [stdout]                                at /rustc/6067b36314ab5eb2eb47cecc464545ba58e1ad24/library/std/src/sys/backtrace.rs:168:18
[INFO] [stdout]   16:     0x63ef5bcb0f3d - rust_begin_unwind
[INFO] [stdout]                                at /rustc/6067b36314ab5eb2eb47cecc464545ba58e1ad24/library/std/src/panicking.rs:695:5
[INFO] [stdout]   17:     0x63ef5bcd5810 - core::panicking::panic_fmt::h9e7c637e9e5f29c9
[INFO] [stdout]                                at /rustc/6067b36314ab5eb2eb47cecc464545ba58e1ad24/library/core/src/panicking.rs:75:14
[INFO] [stdout]   18:     0x63ef5bcd5bd2 - core::panicking::assert_failed_inner::h538bec7c1374cd9c
[INFO] [stdout]   19:     0x63ef5bc34d42 - core::panicking::assert_failed::h8e1372b43068573a
[INFO] [stdout]                                at /rustc/6067b36314ab5eb2eb47cecc464545ba58e1ad24/library/core/src/panicking.rs:364:5
[INFO] [stdout]   20:     0x63ef5bc381fd - trie::triple_array::test::test_build::h5040f80d2bb3adf0
[INFO] [stdout]                                at /opt/rustwide/workdir/src/triple_array.rs:199:9
[INFO] [stdout]   21:     0x63ef5bc37c07 - trie::triple_array::test::test_build::{{closure}}::hf18ddc24cb796105
[INFO] [stdout]                                at /opt/rustwide/workdir/src/triple_array.rs:166:20
[INFO] [stdout]   22:     0x63ef5bc33086 - core::ops::function::FnOnce::call_once::hf728c685efa65fd8
[INFO] [stdout]                                at /rustc/6067b36314ab5eb2eb47cecc464545ba58e1ad24/library/core/src/ops/function.rs:250:5
[INFO] [stdout]   23:     0x63ef5bc7ee8b - core::ops::function::FnOnce::call_once::he27718dfdd183f43
[INFO] [stdout]                                at /rustc/6067b36314ab5eb2eb47cecc464545ba58e1ad24/library/core/src/ops/function.rs:250:5
[INFO] [stdout]   24:     0x63ef5bc7ee8b - test::__rust_begin_short_backtrace::h4e84902998457a5d
[INFO] [stdout]                                at /rustc/6067b36314ab5eb2eb47cecc464545ba58e1ad24/library/test/src/lib.rs:632:18
[INFO] [stdout]   25:     0x63ef5bc7ddc3 - test::run_test_in_process::{{closure}}::h7176fd18fc1feca0
[INFO] [stdout]                                at /rustc/6067b36314ab5eb2eb47cecc464545ba58e1ad24/library/test/src/lib.rs:655:60
[INFO] [stdout]   26:     0x63ef5bc7ddc3 - <core::panic::unwind_safe::AssertUnwindSafe<F> as core::ops::function::FnOnce<()>>::call_once::hf79cff2a624d8cf7
[INFO] [stdout]                                at /rustc/6067b36314ab5eb2eb47cecc464545ba58e1ad24/library/core/src/panic/unwind_safe.rs:272:9
[INFO] [stdout]   27:     0x63ef5bc7ddc3 - std::panicking::try::do_call::h3da0561d9ab99c25
[INFO] [stdout]                                at /rustc/6067b36314ab5eb2eb47cecc464545ba58e1ad24/library/std/src/panicking.rs:587:40
[INFO] [stdout]   28:     0x63ef5bc7ddc3 - std::panicking::try::h41c9fa508bc61df6
[INFO] [stdout]                                at /rustc/6067b36314ab5eb2eb47cecc464545ba58e1ad24/library/std/src/panicking.rs:550:19
[INFO] [stdout]   29:     0x63ef5bc7ddc3 - std::panic::catch_unwind::h6b3ff07bb5afad93
[INFO] [stdout]                                at /rustc/6067b36314ab5eb2eb47cecc464545ba58e1ad24/library/std/src/panic.rs:358:14
[INFO] [stdout]   30:     0x63ef5bc7ddc3 - test::run_test_in_process::hc7253dd11b39b9f4
[INFO] [stdout]                                at /rustc/6067b36314ab5eb2eb47cecc464545ba58e1ad24/library/test/src/lib.rs:655:27
[INFO] [stdout]   31:     0x63ef5bc7ddc3 - test::run_test::{{closure}}::hfb2007f8649c30bb
[INFO] [stdout]                                at /rustc/6067b36314ab5eb2eb47cecc464545ba58e1ad24/library/test/src/lib.rs:576:43
[INFO] [stdout]   32:     0x63ef5bc40ea5 - test::run_test::{{closure}}::h56a17aa7a282a9f4
[INFO] [stdout]                                at /rustc/6067b36314ab5eb2eb47cecc464545ba58e1ad24/library/test/src/lib.rs:606:41
[INFO] [stdout]   33:     0x63ef5bc40ea5 - std::sys::backtrace::__rust_begin_short_backtrace::hd2d2d2fb8e8c6aac
[INFO] [stdout]                                at /rustc/6067b36314ab5eb2eb47cecc464545ba58e1ad24/library/std/src/sys/backtrace.rs:152:18
[INFO] [stdout]   34:     0x63ef5bc4478a - std::thread::Builder::spawn_unchecked_::{{closure}}::{{closure}}::h4faa3f9db6133423
[INFO] [stdout]                                at /rustc/6067b36314ab5eb2eb47cecc464545ba58e1ad24/library/std/src/thread/mod.rs:559:17
[INFO] [stdout]   35:     0x63ef5bc4478a - <core::panic::unwind_safe::AssertUnwindSafe<F> as core::ops::function::FnOnce<()>>::call_once::hf2e855a36a4ea846
[INFO] [stdout]                                at /rustc/6067b36314ab5eb2eb47cecc464545ba58e1ad24/library/core/src/panic/unwind_safe.rs:272:9
[INFO] [stdout]   36:     0x63ef5bc4478a - std::panicking::try::do_call::h2f73af3616c35465
[INFO] [stdout]                                at /rustc/6067b36314ab5eb2eb47cecc464545ba58e1ad24/library/std/src/panicking.rs:587:40
[INFO] [stdout]   37:     0x63ef5bc4478a - std::panicking::try::hd1660ce9efadef5a
[INFO] [stdout]                                at /rustc/6067b36314ab5eb2eb47cecc464545ba58e1ad24/library/std/src/panicking.rs:550:19
[INFO] [stdout]   38:     0x63ef5bc4478a - std::panic::catch_unwind::h5ee8d7823b8ca744
[INFO] [stdout]                                at /rustc/6067b36314ab5eb2eb47cecc464545ba58e1ad24/library/std/src/panic.rs:358:14
[INFO] [stdout]   39:     0x63ef5bc4478a - std::thread::Builder::spawn_unchecked_::{{closure}}::h53c3a1894dce8407
[INFO] [stdout]                                at /rustc/6067b36314ab5eb2eb47cecc464545ba58e1ad24/library/std/src/thread/mod.rs:557:30
[INFO] [stdout]   40:     0x63ef5bc4478a - core::ops::function::FnOnce::call_once{{vtable.shim}}::h048ce291ad4f62bf
[INFO] [stdout]                                at /rustc/6067b36314ab5eb2eb47cecc464545ba58e1ad24/library/core/src/ops/function.rs:250:5
[INFO] [stdout]   41:     0x63ef5bcb552b - <alloc::boxed::Box<F,A> as core::ops::function::FnOnce<Args>>::call_once::ha52bedf99a3b4981
[INFO] [stdout]                                at /rustc/6067b36314ab5eb2eb47cecc464545ba58e1ad24/library/alloc/src/boxed.rs:2013:9
[INFO] [stdout]   42:     0x63ef5bcb552b - <alloc::boxed::Box<F,A> as core::ops::function::FnOnce<Args>>::call_once::h567748934d80ccf8
[INFO] [stdout]                                at /rustc/6067b36314ab5eb2eb47cecc464545ba58e1ad24/library/alloc/src/boxed.rs:2013:9
[INFO] [stdout]   43:     0x63ef5bcb552b - std::sys::pal::unix::thread::Thread::new::thread_start::h2d970728ae887adc
[INFO] [stdout]                                at /rustc/6067b36314ab5eb2eb47cecc464545ba58e1ad24/library/std/src/sys/pal/unix/thread.rs:106:17
[INFO] [stdout]   44:     0x7a8e0a5a0ac3 - <unknown>
[INFO] [stdout]   45:     0x7a8e0a631a04 - clone
[INFO] [stdout]   46:                0x0 - <unknown>
[INFO] [stdout] 
[INFO] [stdout] 
[INFO] [stdout] failures:
[INFO] [stdout]     triple_array::test::test_build
[INFO] [stdout] 
[INFO] [stdout] test result: FAILED. 2 passed; 1 failed; 0 ignored; 0 measured; 0 filtered out; finished in 0.02s
[INFO] [stdout] 
[INFO] [stderr] error: test failed, to rerun pass `--bin trie`
[INFO] running `Command { std: "docker" "inspect" "7d91ed05563dbaed0f101f6658307df8decca20332a05c5ff5cbd7c527c5e82b", kill_on_drop: false }`
[INFO] running `Command { std: "docker" "rm" "-f" "7d91ed05563dbaed0f101f6658307df8decca20332a05c5ff5cbd7c527c5e82b", kill_on_drop: false }`
[INFO] [stdout] 7d91ed05563dbaed0f101f6658307df8decca20332a05c5ff5cbd7c527c5e82b
