[INFO] cloning repository https://github.com/imbrem/refcomp
[INFO] running `Command { std: "git" "-c" "credential.helper=" "-c" "credential.helper=/workspace/cargo-home/bin/git-credential-null" "clone" "--bare" "https://github.com/imbrem/refcomp" "/workspace/cache/git-repos/https%3A%2F%2Fgithub.com%2Fimbrem%2Frefcomp", kill_on_drop: false }`
[INFO] [stderr] Cloning into bare repository '/workspace/cache/git-repos/https%3A%2F%2Fgithub.com%2Fimbrem%2Frefcomp'...
[INFO] running `Command { std: "git" "rev-parse" "HEAD", kill_on_drop: false }`
[INFO] [stdout] 78115b8c4e7b719610fad9d7aa439b484d831899
[INFO] testing imbrem/refcomp against nightly-2025-01-18 for randomize-layout-2
[INFO] running `Command { std: "git" "clone" "/workspace/cache/git-repos/https%3A%2F%2Fgithub.com%2Fimbrem%2Frefcomp" "/workspace/builds/worker-7-tc1/source", kill_on_drop: false }`
[INFO] [stderr] Cloning into '/workspace/builds/worker-7-tc1/source'...
[INFO] [stderr] done.
[INFO] validating manifest of git repo https://github.com/imbrem/refcomp on toolchain nightly-2025-01-18
[INFO] running `Command { std: CARGO_HOME="/workspace/cargo-home" RUSTUP_HOME="/workspace/rustup-home" "/workspace/cargo-home/bin/cargo" "+nightly-2025-01-18" "metadata" "--manifest-path" "Cargo.toml" "--no-deps", kill_on_drop: false }`
[INFO] started tweaking git repo https://github.com/imbrem/refcomp
[INFO] finished tweaking git repo https://github.com/imbrem/refcomp
[INFO] tweaked toml for git repo https://github.com/imbrem/refcomp written to /workspace/builds/worker-7-tc1/source/Cargo.toml
[INFO] crate git repo https://github.com/imbrem/refcomp already has a lockfile, it will not be regenerated
[INFO] running `Command { std: CARGO_HOME="/workspace/cargo-home" RUSTUP_HOME="/workspace/rustup-home" "/workspace/cargo-home/bin/cargo" "+nightly-2025-01-18" "fetch" "--manifest-path" "Cargo.toml", kill_on_drop: false }`
[INFO] [stderr]     Updating git repository `https://github.com/TheDan64/inkwell`
[INFO] [stderr]     Updating crates.io index
[INFO] [stderr]  Downloading crates ...
[INFO] [stderr]   Downloaded sha-1 v0.7.0
[INFO] [stderr]   Downloaded syn v0.15.26
[INFO] [stderr]   Downloaded by_address v1.0.4
[INFO] [stderr]   Downloaded maplit v1.0.1
[INFO] [stderr]   Downloaded pest_meta v2.1.0
[INFO] [stderr]   Downloaded cc v1.0.28
[INFO] [stderr]   Downloaded pest v2.1.0
[INFO] [stderr]   Downloaded llvm-sys v70.1.0
[INFO] [stderr]   Downloaded ucd-trie v0.1.1
[INFO] [stderr]   Downloaded proc-macro2 v0.4.25
[INFO] [stderr]   Downloaded pest_generator v2.1.0
[INFO] [stderr]   Downloaded enum-methods v0.0.8
[INFO] [stderr]   Downloaded libc v0.2.47
[INFO] running `Command { std: "docker" "create" "-v" "/var/lib/crater-agent-workspace/builds/worker-7-tc1/target:/opt/rustwide/target:rw,Z" "-v" "/var/lib/crater-agent-workspace/builds/worker-7-tc1/source:/opt/rustwide/workdir:ro,Z" "-v" "/var/lib/crater-agent-workspace/cargo-home:/opt/rustwide/cargo-home:ro,Z" "-v" "/var/lib/crater-agent-workspace/rustup-home:/opt/rustwide/rustup-home:ro,Z" "-e" "SOURCE_DIR=/opt/rustwide/workdir" "-e" "CARGO_TARGET_DIR=/opt/rustwide/target" "-e" "CARGO_HOME=/opt/rustwide/cargo-home" "-e" "RUSTUP_HOME=/opt/rustwide/rustup-home" "-w" "/opt/rustwide/workdir" "-m" "1610612736" "--user" "0:0" "--network" "none" "ghcr.io/rust-lang/crates-build-env/linux@sha256:819108c5571ea2e421544af4d832f968d213c87fbe3707a016657f43d2f853bc" "/opt/rustwide/cargo-home/bin/cargo" "+nightly-2025-01-18" "metadata" "--no-deps" "--format-version=1", kill_on_drop: false }`
[INFO] [stdout] 87a239bcd104966ff0f188be4e871e2730045c29853073ab4084f8750d9503ba
[INFO] running `Command { std: "docker" "start" "-a" "87a239bcd104966ff0f188be4e871e2730045c29853073ab4084f8750d9503ba", kill_on_drop: false }`
[INFO] running `Command { std: "docker" "inspect" "87a239bcd104966ff0f188be4e871e2730045c29853073ab4084f8750d9503ba", kill_on_drop: false }`
[INFO] running `Command { std: "docker" "rm" "-f" "87a239bcd104966ff0f188be4e871e2730045c29853073ab4084f8750d9503ba", kill_on_drop: false }`
[INFO] [stdout] 87a239bcd104966ff0f188be4e871e2730045c29853073ab4084f8750d9503ba
[INFO] running `Command { std: "docker" "create" "-v" "/var/lib/crater-agent-workspace/builds/worker-7-tc1/target:/opt/rustwide/target:rw,Z" "-v" "/var/lib/crater-agent-workspace/builds/worker-7-tc1/source:/opt/rustwide/workdir:ro,Z" "-v" "/var/lib/crater-agent-workspace/cargo-home:/opt/rustwide/cargo-home:ro,Z" "-v" "/var/lib/crater-agent-workspace/rustup-home:/opt/rustwide/rustup-home:ro,Z" "-e" "SOURCE_DIR=/opt/rustwide/workdir" "-e" "CARGO_TARGET_DIR=/opt/rustwide/target" "-e" "CARGO_INCREMENTAL=0" "-e" "RUST_BACKTRACE=full" "-e" "RUSTFLAGS=--cap-lints=forbid" "-e" "RUSTDOCFLAGS=--cap-lints=forbid" "-e" "CARGO_HOME=/opt/rustwide/cargo-home" "-e" "RUSTUP_HOME=/opt/rustwide/rustup-home" "-w" "/opt/rustwide/workdir" "-m" "1610612736" "--user" "0:0" "--network" "none" "ghcr.io/rust-lang/crates-build-env/linux@sha256:819108c5571ea2e421544af4d832f968d213c87fbe3707a016657f43d2f853bc" "/opt/rustwide/cargo-home/bin/cargo" "+nightly-2025-01-18" "build" "--frozen" "--message-format=json", kill_on_drop: false }`
[INFO] [stdout] 0afeb19a5e66a2574621abeedec5ccd941ebe3289538654b3cd4144dc7233e6e
[INFO] running `Command { std: "docker" "start" "-a" "0afeb19a5e66a2574621abeedec5ccd941ebe3289538654b3cd4144dc7233e6e", kill_on_drop: false }`
[INFO] [stderr]    Compiling version_check v0.1.5
[INFO] [stderr]    Compiling libc v0.2.47
[INFO] [stderr]    Compiling cfg-if v0.1.6
[INFO] [stderr]    Compiling proc-macro2 v0.4.25
[INFO] [stderr]    Compiling ucd-util v0.1.3
[INFO] [stderr]    Compiling lazy_static v1.2.0
[INFO] [stderr]    Compiling regex v1.1.0
[INFO] [stderr]    Compiling utf8-ranges v1.0.2
[INFO] [stderr]    Compiling cc v1.0.28
[INFO] [stderr]    Compiling ucd-trie v0.1.1
[INFO] [stderr]    Compiling maplit v1.0.1
[INFO] [stderr]    Compiling inkwell v0.1.0 (https://github.com/TheDan64/inkwell?branch=llvm7-0#ae238f05)
[INFO] [stderr]    Compiling either v1.5.0
[INFO] [stderr]    Compiling by_address v1.0.4
[INFO] [stderr]    Compiling syn v0.11.11
[INFO] [stderr]    Compiling thread_local v0.3.6
[INFO] [stderr]    Compiling regex-syntax v0.6.4
[INFO] [stderr]    Compiling pest v2.1.0
[INFO] [stderr]    Compiling memchr v2.1.2
[INFO] [stderr]    Compiling quote v0.6.10
[INFO] [stderr]    Compiling syn v0.15.26
[INFO] [stderr]    Compiling aho-corasick v0.6.9
[INFO] [stderr]    Compiling enum-methods v0.0.8
[INFO] [stderr]    Compiling pest_meta v2.1.0
[INFO] [stderr]    Compiling pest_generator v2.1.0
[INFO] [stderr]    Compiling llvm-sys v70.1.0
[INFO] [stderr]    Compiling inkwell_internal_macros v0.1.0 (https://github.com/TheDan64/inkwell?branch=llvm7-0#ae238f05)
[INFO] [stderr]    Compiling pest_derive v2.1.0
[INFO] [stderr]    Compiling refcomp v0.1.0 (/opt/rustwide/workdir)
[INFO] [stdout] warning: unused closure that must be used
[INFO] [stdout]    --> src/ast/table.rs:100:9
[INFO] [stdout]     |
[INFO] [stdout] 100 | /         scope.visit_dependencies(|v : Rc<Variable>| {
[INFO] [stdout] 101 | |             if v.get_level().unwrap_or_else(|| {
[INFO] [stdout] 102 | |                 panic!("Variable \"{}\" has no level.\nVariable dump:\n{:?}", v.get_name(), v)
[INFO] [stdout] 103 | |             }) < self.get_level().unwrap_or_else(|| {
[INFO] [stdout] ...   |
[INFO] [stdout] 115 | |         });
[INFO] [stdout]     | |__________^
[INFO] [stdout]     |
[INFO] [stdout]     = note: closures are lazy and do nothing unless called
[INFO] [stdout]     = note: `#[warn(unused_must_use)]` on by default
[INFO] [stdout] 
[INFO] [stdout] 
[INFO] [stderr]     Finished `dev` profile [unoptimized + debuginfo] target(s) in 16.67s
[INFO] running `Command { std: "docker" "inspect" "0afeb19a5e66a2574621abeedec5ccd941ebe3289538654b3cd4144dc7233e6e", kill_on_drop: false }`
[INFO] running `Command { std: "docker" "rm" "-f" "0afeb19a5e66a2574621abeedec5ccd941ebe3289538654b3cd4144dc7233e6e", kill_on_drop: false }`
[INFO] [stdout] 0afeb19a5e66a2574621abeedec5ccd941ebe3289538654b3cd4144dc7233e6e
[INFO] running `Command { std: "docker" "create" "-v" "/var/lib/crater-agent-workspace/builds/worker-7-tc1/target:/opt/rustwide/target:rw,Z" "-v" "/var/lib/crater-agent-workspace/builds/worker-7-tc1/source:/opt/rustwide/workdir:ro,Z" "-v" "/var/lib/crater-agent-workspace/cargo-home:/opt/rustwide/cargo-home:ro,Z" "-v" "/var/lib/crater-agent-workspace/rustup-home:/opt/rustwide/rustup-home:ro,Z" "-e" "SOURCE_DIR=/opt/rustwide/workdir" "-e" "CARGO_TARGET_DIR=/opt/rustwide/target" "-e" "CARGO_INCREMENTAL=0" "-e" "RUST_BACKTRACE=full" "-e" "RUSTFLAGS=--cap-lints=forbid" "-e" "RUSTDOCFLAGS=--cap-lints=forbid" "-e" "CARGO_HOME=/opt/rustwide/cargo-home" "-e" "RUSTUP_HOME=/opt/rustwide/rustup-home" "-w" "/opt/rustwide/workdir" "-m" "1610612736" "--user" "0:0" "--network" "none" "ghcr.io/rust-lang/crates-build-env/linux@sha256:819108c5571ea2e421544af4d832f968d213c87fbe3707a016657f43d2f853bc" "/opt/rustwide/cargo-home/bin/cargo" "+nightly-2025-01-18" "test" "--frozen" "--no-run" "--message-format=json", kill_on_drop: false }`
[INFO] [stdout] bab69863a61439ce9e5a29ec2f06fdcac79bd4ce7a33e07ea16a8109ad3e1605
[INFO] running `Command { std: "docker" "start" "-a" "bab69863a61439ce9e5a29ec2f06fdcac79bd4ce7a33e07ea16a8109ad3e1605", kill_on_drop: false }`
[INFO] [stderr]    Compiling refcomp v0.1.0 (/opt/rustwide/workdir)
[INFO] [stdout] warning: unused closure that must be used
[INFO] [stdout]    --> src/ast/table.rs:100:9
[INFO] [stdout]     |
[INFO] [stdout] 100 | /         scope.visit_dependencies(|v : Rc<Variable>| {
[INFO] [stdout] 101 | |             if v.get_level().unwrap_or_else(|| {
[INFO] [stdout] 102 | |                 panic!("Variable \"{}\" has no level.\nVariable dump:\n{:?}", v.get_name(), v)
[INFO] [stdout] 103 | |             }) < self.get_level().unwrap_or_else(|| {
[INFO] [stdout] ...   |
[INFO] [stdout] 115 | |         });
[INFO] [stdout]     | |__________^
[INFO] [stdout]     |
[INFO] [stdout]     = note: closures are lazy and do nothing unless called
[INFO] [stdout]     = note: `#[warn(unused_must_use)]` on by default
[INFO] [stdout] 
[INFO] [stdout] 
[INFO] [stderr]     Finished `test` profile [unoptimized + debuginfo] target(s) in 3.61s
[INFO] running `Command { std: "docker" "inspect" "bab69863a61439ce9e5a29ec2f06fdcac79bd4ce7a33e07ea16a8109ad3e1605", kill_on_drop: false }`
[INFO] running `Command { std: "docker" "rm" "-f" "bab69863a61439ce9e5a29ec2f06fdcac79bd4ce7a33e07ea16a8109ad3e1605", kill_on_drop: false }`
[INFO] [stdout] bab69863a61439ce9e5a29ec2f06fdcac79bd4ce7a33e07ea16a8109ad3e1605
[INFO] running `Command { std: "docker" "create" "-v" "/var/lib/crater-agent-workspace/builds/worker-7-tc1/target:/opt/rustwide/target:rw,Z" "-v" "/var/lib/crater-agent-workspace/builds/worker-7-tc1/source:/opt/rustwide/workdir:ro,Z" "-v" "/var/lib/crater-agent-workspace/cargo-home:/opt/rustwide/cargo-home:ro,Z" "-v" "/var/lib/crater-agent-workspace/rustup-home:/opt/rustwide/rustup-home:ro,Z" "-e" "SOURCE_DIR=/opt/rustwide/workdir" "-e" "CARGO_TARGET_DIR=/opt/rustwide/target" "-e" "CARGO_INCREMENTAL=0" "-e" "RUST_BACKTRACE=full" "-e" "RUSTFLAGS=--cap-lints=forbid" "-e" "RUSTDOCFLAGS=--cap-lints=forbid" "-e" "CARGO_HOME=/opt/rustwide/cargo-home" "-e" "RUSTUP_HOME=/opt/rustwide/rustup-home" "-w" "/opt/rustwide/workdir" "-m" "1610612736" "--user" "0:0" "--network" "none" "ghcr.io/rust-lang/crates-build-env/linux@sha256:819108c5571ea2e421544af4d832f968d213c87fbe3707a016657f43d2f853bc" "/opt/rustwide/cargo-home/bin/cargo" "+nightly-2025-01-18" "test" "--frozen", kill_on_drop: false }`
[INFO] [stdout] 24bc74a20d7507aa758fac96e252d3c58754b254dbd1d481829a0f4ff0fffa88
[INFO] running `Command { std: "docker" "start" "-a" "24bc74a20d7507aa758fac96e252d3c58754b254dbd1d481829a0f4ff0fffa88", kill_on_drop: false }`
[INFO] [stderr] warning: unused closure that must be used
[INFO] [stderr]    --> src/ast/table.rs:100:9
[INFO] [stderr]     |
[INFO] [stderr] 100 | /         scope.visit_dependencies(|v : Rc<Variable>| {
[INFO] [stderr] 101 | |             if v.get_level().unwrap_or_else(|| {
[INFO] [stderr] 102 | |                 panic!("Variable \"{}\" has no level.\nVariable dump:\n{:?}", v.get_name(), v)
[INFO] [stderr] 103 | |             }) < self.get_level().unwrap_or_else(|| {
[INFO] [stderr] ...   |
[INFO] [stderr] 115 | |         });
[INFO] [stderr]     | |__________^
[INFO] [stderr]     |
[INFO] [stderr]     = note: closures are lazy and do nothing unless called
[INFO] [stderr]     = note: `#[warn(unused_must_use)]` on by default
[INFO] [stderr] 
[INFO] [stderr] warning: `refcomp` (bin "refcomp" test) generated 1 warning
[INFO] [stderr]     Finished `test` profile [unoptimized + debuginfo] target(s) in 0.05s
[INFO] [stderr]      Running unittests src/main.rs (/opt/rustwide/target/debug/deps/refcomp-a06df66286fba54c)
[INFO] [stdout] 
[INFO] [stdout] running 18 tests
[INFO] [stdout] test ast::declaration::test::variable_declarations_parse_properly ... ok
[INFO] [stdout] test ast::expression::test::integer_expressions_are_parsed_correctly ... ok
[INFO] [stdout] test ast::expression::test::boolean_expressions_parse_correctly ... ok
[INFO] [stdout] test ast::expression::test::integer_expressions_are_folded_correctly ... ok
[INFO] [stdout] test ast::expression::test::variables_parse_correctly ... ok
[INFO] [stdout] test ast::declaration::test::procedure_and_function_declarations_parse_properly ... ok
[INFO] [stdout] test parser::test::boolean_expressions_parse_correctly ... ok
[INFO] [stdout] test parser::test::multiple_statements_parse_correctly ... ok
[INFO] [stdout] test parser::test::print_statements_parse_correctly ... ok
[INFO] [stdout] test ast::expression::test::negation_expressions_parse_correctly ... ok
[INFO] [stdout] test ast::expression::test::double_negations_are_folded_correctly ... ok
[INFO] [stdout] test ast::expression::test::function_calls_parse_correctly ... ok
[INFO] [stdout] test ast::test::simple_bare_scope_is_parsed_properly ... ok
[INFO] [stdout] test parser::test::arithmetic_expressions_parse_correctly ... ok
[INFO] [stdout] test parser::test::simple_function_calls_parse_correctly ... ok
[INFO] [stdout] test parser::test::texts_parse_correctly ... ok
[INFO] [stdout] test ast::expression::test::logical_negation_expressions_parse_correctly ... FAILED
[INFO] [stdout] test ast::expression::test::double_logical_negations_are_folded_correctly ... FAILED
[INFO] [stdout] 
[INFO] [stdout] failures:
[INFO] [stdout] 
[INFO] [stdout] ---- ast::expression::test::logical_negation_expressions_parse_correctly stdout ----
[INFO] [stdout] Failed to dereference variable "not"!
[INFO] [stdout] 
[INFO] [stdout] thread 'ast::expression::test::logical_negation_expressions_parse_correctly' panicked at src/ast/expression.rs:688:11:
[INFO] [stdout] called `Result::unwrap()` on an `Err` value: "Could not dereference variable"
[INFO] [stdout] stack backtrace:
[INFO] [stdout]    0:     0x57b17f454aea - std::backtrace_rs::backtrace::libunwind::trace::hb059275cfc8d6126
[INFO] [stdout]                                at /rustc/6067b36314ab5eb2eb47cecc464545ba58e1ad24/library/std/src/../../backtrace/src/backtrace/libunwind.rs:116:5
[INFO] [stdout]    1:     0x57b17f454aea - std::backtrace_rs::backtrace::trace_unsynchronized::h2da071e4327ce3ee
[INFO] [stdout]                                at /rustc/6067b36314ab5eb2eb47cecc464545ba58e1ad24/library/std/src/../../backtrace/src/backtrace/mod.rs:66:5
[INFO] [stdout]    2:     0x57b17f454aea - std::sys::backtrace::_print_fmt::h842a1474e6f8d23f
[INFO] [stdout]                                at /rustc/6067b36314ab5eb2eb47cecc464545ba58e1ad24/library/std/src/sys/backtrace.rs:66:9
[INFO] [stdout]    3:     0x57b17f454aea - <std::sys::backtrace::BacktraceLock::print::DisplayBacktrace as core::fmt::Display>::fmt::h71a62eb3b9696b12
[INFO] [stdout]                                at /rustc/6067b36314ab5eb2eb47cecc464545ba58e1ad24/library/std/src/sys/backtrace.rs:39:26
[INFO] [stdout]    4:     0x57b17f47c323 - core::fmt::rt::Argument::fmt::hdb6b616786b41dc1
[INFO] [stdout]                                at /rustc/6067b36314ab5eb2eb47cecc464545ba58e1ad24/library/core/src/fmt/rt.rs:177:76
[INFO] [stdout]    5:     0x57b17f47c323 - core::fmt::write::h2cc1698af7e2d686
[INFO] [stdout]                                at /rustc/6067b36314ab5eb2eb47cecc464545ba58e1ad24/library/core/src/fmt/mod.rs:1440:21
[INFO] [stdout]    6:     0x57b17f451643 - std::io::Write::write_fmt::hab1b4cd059a79022
[INFO] [stdout]                                at /rustc/6067b36314ab5eb2eb47cecc464545ba58e1ad24/library/std/src/io/mod.rs:1887:15
[INFO] [stdout]    7:     0x57b17f454932 - std::sys::backtrace::BacktraceLock::print::h147fe35b4ea13b08
[INFO] [stdout]                                at /rustc/6067b36314ab5eb2eb47cecc464545ba58e1ad24/library/std/src/sys/backtrace.rs:42:9
[INFO] [stdout]    8:     0x57b17f455f0f - std::panicking::default_hook::{{closure}}::hbd44223dbdc0d208
[INFO] [stdout]                                at /rustc/6067b36314ab5eb2eb47cecc464545ba58e1ad24/library/std/src/panicking.rs:298:22
[INFO] [stdout]    9:     0x57b17f455d28 - std::panicking::default_hook::h20f81eb0576efcec
[INFO] [stdout]                                at /rustc/6067b36314ab5eb2eb47cecc464545ba58e1ad24/library/std/src/panicking.rs:322:9
[INFO] [stdout]   10:     0x57b17ee73b63 - <alloc::boxed::Box<F,A> as core::ops::function::Fn<Args>>::call::hdb53814c496a4d34
[INFO] [stdout]                                at /rustc/6067b36314ab5eb2eb47cecc464545ba58e1ad24/library/alloc/src/boxed.rs:2027:9
[INFO] [stdout]   11:     0x57b17ee73b63 - test::test_main::{{closure}}::hc0a4963c59427c24
[INFO] [stdout]                                at /rustc/6067b36314ab5eb2eb47cecc464545ba58e1ad24/library/test/src/lib.rs:134:21
[INFO] [stdout]   12:     0x57b17f456a03 - <alloc::boxed::Box<F,A> as core::ops::function::Fn<Args>>::call::h591b2225413a77e9
[INFO] [stdout]                                at /rustc/6067b36314ab5eb2eb47cecc464545ba58e1ad24/library/alloc/src/boxed.rs:2027:9
[INFO] [stdout]   13:     0x57b17f456a03 - std::panicking::rust_panic_with_hook::h625eea43051b2edc
[INFO] [stdout]                                at /rustc/6067b36314ab5eb2eb47cecc464545ba58e1ad24/library/std/src/panicking.rs:839:13
[INFO] [stdout]   14:     0x57b17f4566ba - std::panicking::begin_panic_handler::{{closure}}::h4f9159cfbc3f6bd3
[INFO] [stdout]                                at /rustc/6067b36314ab5eb2eb47cecc464545ba58e1ad24/library/std/src/panicking.rs:704:13
[INFO] [stdout]   15:     0x57b17f454fe9 - std::sys::backtrace::__rust_end_short_backtrace::h0390abce48353151
[INFO] [stdout]                                at /rustc/6067b36314ab5eb2eb47cecc464545ba58e1ad24/library/std/src/sys/backtrace.rs:168:18
[INFO] [stdout]   16:     0x57b17f45634d - rust_begin_unwind
[INFO] [stdout]                                at /rustc/6067b36314ab5eb2eb47cecc464545ba58e1ad24/library/std/src/panicking.rs:695:5
[INFO] [stdout]   17:     0x57b17f47ace0 - core::panicking::panic_fmt::h9e7c637e9e5f29c9
[INFO] [stdout]                                at /rustc/6067b36314ab5eb2eb47cecc464545ba58e1ad24/library/core/src/panicking.rs:75:14
[INFO] [stdout]   18:     0x57b17f47b156 - core::result::unwrap_failed::h7979f09313fe1849
[INFO] [stdout]                                at /rustc/6067b36314ab5eb2eb47cecc464545ba58e1ad24/library/core/src/result.rs:1704:5
[INFO] [stdout]   19:     0x57b17ee2ce7f - core::result::Result<T,E>::unwrap::h4a8e5cdc63a215cc
[INFO] [stdout]                                at /rustc/6067b36314ab5eb2eb47cecc464545ba58e1ad24/library/core/src/result.rs:1109:23
[INFO] [stdout]   20:     0x57b17ee2ce7f - refcomp::ast::expression::test::logical_negation_expressions_parse_correctly::hceb269e2964fc5f4
[INFO] [stdout]                                at /opt/rustwide/workdir/src/ast/expression.rs:685:22
[INFO] [stdout]   21:     0x57b17ee2cb17 - refcomp::ast::expression::test::logical_negation_expressions_parse_correctly::{{closure}}::h3e1e451ed7f7afec
[INFO] [stdout]                                at /opt/rustwide/workdir/src/ast/expression.rs:681:54
[INFO] [stdout]   22:     0x57b17ee1b8e6 - core::ops::function::FnOnce::call_once::h1412a38b8ef9a802
[INFO] [stdout]                                at /rustc/6067b36314ab5eb2eb47cecc464545ba58e1ad24/library/core/src/ops/function.rs:250:5
[INFO] [stdout]   23:     0x57b17ee792bb - core::ops::function::FnOnce::call_once::he27718dfdd183f43
[INFO] [stdout]                                at /rustc/6067b36314ab5eb2eb47cecc464545ba58e1ad24/library/core/src/ops/function.rs:250:5
[INFO] [stdout]   24:     0x57b17ee792bb - test::__rust_begin_short_backtrace::h4e84902998457a5d
[INFO] [stdout]                                at /rustc/6067b36314ab5eb2eb47cecc464545ba58e1ad24/library/test/src/lib.rs:632:18
[INFO] [stdout]   25:     0x57b17ee781f3 - test::run_test_in_process::{{closure}}::h7176fd18fc1feca0
[INFO] [stdout]                                at /rustc/6067b36314ab5eb2eb47cecc464545ba58e1ad24/library/test/src/lib.rs:655:60
[INFO] [stdout]   26:     0x57b17ee781f3 - <core::panic::unwind_safe::AssertUnwindSafe<F> as core::ops::function::FnOnce<()>>::call_once::hf79cff2a624d8cf7
[INFO] [stdout]                                at /rustc/6067b36314ab5eb2eb47cecc464545ba58e1ad24/library/core/src/panic/unwind_safe.rs:272:9
[INFO] [stdout]   27:     0x57b17ee781f3 - std::panicking::try::do_call::h3da0561d9ab99c25
[INFO] [stdout]                                at /rustc/6067b36314ab5eb2eb47cecc464545ba58e1ad24/library/std/src/panicking.rs:587:40
[INFO] [stdout]   28:     0x57b17ee781f3 - std::panicking::try::h41c9fa508bc61df6
[INFO] [stdout]                                at /rustc/6067b36314ab5eb2eb47cecc464545ba58e1ad24/library/std/src/panicking.rs:550:19
[INFO] [stdout]   29:     0x57b17ee781f3 - std::panic::catch_unwind::h6b3ff07bb5afad93
[INFO] [stdout]                                at /rustc/6067b36314ab5eb2eb47cecc464545ba58e1ad24/library/std/src/panic.rs:358:14
[INFO] [stdout]   30:     0x57b17ee781f3 - test::run_test_in_process::hc7253dd11b39b9f4
[INFO] [stdout]                                at /rustc/6067b36314ab5eb2eb47cecc464545ba58e1ad24/library/test/src/lib.rs:655:27
[INFO] [stdout]   31:     0x57b17ee781f3 - test::run_test::{{closure}}::hfb2007f8649c30bb
[INFO] [stdout]                                at /rustc/6067b36314ab5eb2eb47cecc464545ba58e1ad24/library/test/src/lib.rs:576:43
[INFO] [stdout]   32:     0x57b17ee3b2d5 - test::run_test::{{closure}}::h56a17aa7a282a9f4
[INFO] [stdout]                                at /rustc/6067b36314ab5eb2eb47cecc464545ba58e1ad24/library/test/src/lib.rs:606:41
[INFO] [stdout]   33:     0x57b17ee3b2d5 - std::sys::backtrace::__rust_begin_short_backtrace::hd2d2d2fb8e8c6aac
[INFO] [stdout]                                at /rustc/6067b36314ab5eb2eb47cecc464545ba58e1ad24/library/std/src/sys/backtrace.rs:152:18
[INFO] [stdout]   34:     0x57b17ee3ebba - std::thread::Builder::spawn_unchecked_::{{closure}}::{{closure}}::h4faa3f9db6133423
[INFO] [stdout]                                at /rustc/6067b36314ab5eb2eb47cecc464545ba58e1ad24/library/std/src/thread/mod.rs:559:17
[INFO] [stdout]   35:     0x57b17ee3ebba - <core::panic::unwind_safe::AssertUnwindSafe<F> as core::ops::function::FnOnce<()>>::call_once::hf2e855a36a4ea846
[INFO] [stdout]                                at /rustc/6067b36314ab5eb2eb47cecc464545ba58e1ad24/library/core/src/panic/unwind_safe.rs:272:9
[INFO] [stdout]   36:     0x57b17ee3ebba - std::panicking::try::do_call::h2f73af3616c35465
[INFO] [stdout]                                at /rustc/6067b36314ab5eb2eb47cecc464545ba58e1ad24/library/std/src/panicking.rs:587:40
[INFO] [stdout]   37:     0x57b17ee3ebba - std::panicking::try::hd1660ce9efadef5a
[INFO] [stdout]                                at /rustc/6067b36314ab5eb2eb47cecc464545ba58e1ad24/library/std/src/panicking.rs:550:19
[INFO] [stdout]   38:     0x57b17ee3ebba - std::panic::catch_unwind::h5ee8d7823b8ca744
[INFO] [stdout]                                at /rustc/6067b36314ab5eb2eb47cecc464545ba58e1ad24/library/std/src/panic.rs:358:14
[INFO] [stdout]   39:     0x57b17ee3ebba - std::thread::Builder::spawn_unchecked_::{{closure}}::h53c3a1894dce8407
[INFO] [stdout]                                at /rustc/6067b36314ab5eb2eb47cecc464545ba58e1ad24/library/std/src/thread/mod.rs:557:30
[INFO] [stdout]   40:     0x57b17ee3ebba - core::ops::function::FnOnce::call_once{{vtable.shim}}::h048ce291ad4f62bf
[INFO] [stderr] error: test failed, to rerun pass `--bin refcomp`
[INFO] [stdout]                                at /rustc/6067b36314ab5eb2eb47cecc464545ba58e1ad24/library/core/src/ops/function.rs:250:5
[INFO] [stdout]   41:     0x57b17f45a93b - <alloc::boxed::Box<F,A> as core::ops::function::FnOnce<Args>>::call_once::ha52bedf99a3b4981
[INFO] [stdout]                                at /rustc/6067b36314ab5eb2eb47cecc464545ba58e1ad24/library/alloc/src/boxed.rs:2013:9
[INFO] [stdout]   42:     0x57b17f45a93b - <alloc::boxed::Box<F,A> as core::ops::function::FnOnce<Args>>::call_once::h567748934d80ccf8
[INFO] [stdout]                                at /rustc/6067b36314ab5eb2eb47cecc464545ba58e1ad24/library/alloc/src/boxed.rs:2013:9
[INFO] [stdout]   43:     0x57b17f45a93b - std::sys::pal::unix::thread::Thread::new::thread_start::h2d970728ae887adc
[INFO] [stdout]                                at /rustc/6067b36314ab5eb2eb47cecc464545ba58e1ad24/library/std/src/sys/pal/unix/thread.rs:106:17
[INFO] [stdout]   44:     0x728914d11ac3 - <unknown>
[INFO] [stdout]   45:     0x728914da2a04 - clone
[INFO] [stdout]   46:                0x0 - <unknown>
[INFO] [stdout] 
[INFO] [stdout] ---- ast::expression::test::double_logical_negations_are_folded_correctly stdout ----
[INFO] [stdout] Failed to dereference variable "not"!
[INFO] [stdout] 
[INFO] [stdout] thread 'ast::expression::test::double_logical_negations_are_folded_correctly' panicked at src/ast/expression.rs:705:11:
[INFO] [stdout] called `Result::unwrap()` on an `Err` value: "Could not dereference variable"
[INFO] [stdout] stack backtrace:
[INFO] [stdout]    0:     0x57b17f454aea - std::backtrace_rs::backtrace::libunwind::trace::hb059275cfc8d6126
[INFO] [stdout]                                at /rustc/6067b36314ab5eb2eb47cecc464545ba58e1ad24/library/std/src/../../backtrace/src/backtrace/libunwind.rs:116:5
[INFO] [stdout]    1:     0x57b17f454aea - std::backtrace_rs::backtrace::trace_unsynchronized::h2da071e4327ce3ee
[INFO] [stdout]                                at /rustc/6067b36314ab5eb2eb47cecc464545ba58e1ad24/library/std/src/../../backtrace/src/backtrace/mod.rs:66:5
[INFO] [stdout]    2:     0x57b17f454aea - std::sys::backtrace::_print_fmt::h842a1474e6f8d23f
[INFO] [stdout]                                at /rustc/6067b36314ab5eb2eb47cecc464545ba58e1ad24/library/std/src/sys/backtrace.rs:66:9
[INFO] [stdout]    3:     0x57b17f454aea - <std::sys::backtrace::BacktraceLock::print::DisplayBacktrace as core::fmt::Display>::fmt::h71a62eb3b9696b12
[INFO] [stdout]                                at /rustc/6067b36314ab5eb2eb47cecc464545ba58e1ad24/library/std/src/sys/backtrace.rs:39:26
[INFO] [stdout]    4:     0x57b17f47c323 - core::fmt::rt::Argument::fmt::hdb6b616786b41dc1
[INFO] [stdout]                                at /rustc/6067b36314ab5eb2eb47cecc464545ba58e1ad24/library/core/src/fmt/rt.rs:177:76
[INFO] [stdout]    5:     0x57b17f47c323 - core::fmt::write::h2cc1698af7e2d686
[INFO] [stdout]                                at /rustc/6067b36314ab5eb2eb47cecc464545ba58e1ad24/library/core/src/fmt/mod.rs:1440:21
[INFO] [stdout]    6:     0x57b17f451643 - std::io::Write::write_fmt::hab1b4cd059a79022
[INFO] [stdout]                                at /rustc/6067b36314ab5eb2eb47cecc464545ba58e1ad24/library/std/src/io/mod.rs:1887:15
[INFO] [stdout]    7:     0x57b17f454932 - std::sys::backtrace::BacktraceLock::print::h147fe35b4ea13b08
[INFO] [stdout]                                at /rustc/6067b36314ab5eb2eb47cecc464545ba58e1ad24/library/std/src/sys/backtrace.rs:42:9
[INFO] [stdout]    8:     0x57b17f455f0f - std::panicking::default_hook::{{closure}}::hbd44223dbdc0d208
[INFO] [stdout]                                at /rustc/6067b36314ab5eb2eb47cecc464545ba58e1ad24/library/std/src/panicking.rs:298:22
[INFO] [stdout]    9:     0x57b17f455d28 - std::panicking::default_hook::h20f81eb0576efcec
[INFO] [stdout]                                at /rustc/6067b36314ab5eb2eb47cecc464545ba58e1ad24/library/std/src/panicking.rs:322:9
[INFO] [stdout]   10:     0x57b17ee73b63 - <alloc::boxed::Box<F,A> as core::ops::function::Fn<Args>>::call::hdb53814c496a4d34
[INFO] [stdout]                                at /rustc/6067b36314ab5eb2eb47cecc464545ba58e1ad24/library/alloc/src/boxed.rs:2027:9
[INFO] [stdout]   11:     0x57b17ee73b63 - test::test_main::{{closure}}::hc0a4963c59427c24
[INFO] [stdout]                                at /rustc/6067b36314ab5eb2eb47cecc464545ba58e1ad24/library/test/src/lib.rs:134:21
[INFO] [stdout]   12:     0x57b17f456a03 - <alloc::boxed::Box<F,A> as core::ops::function::Fn<Args>>::call::h591b2225413a77e9
[INFO] [stdout]                                at /rustc/6067b36314ab5eb2eb47cecc464545ba58e1ad24/library/alloc/src/boxed.rs:2027:9
[INFO] [stdout]   13:     0x57b17f456a03 - std::panicking::rust_panic_with_hook::h625eea43051b2edc
[INFO] [stdout]                                at /rustc/6067b36314ab5eb2eb47cecc464545ba58e1ad24/library/std/src/panicking.rs:839:13
[INFO] [stdout]   14:     0x57b17f4566ba - std::panicking::begin_panic_handler::{{closure}}::h4f9159cfbc3f6bd3
[INFO] [stdout]                                at /rustc/6067b36314ab5eb2eb47cecc464545ba58e1ad24/library/std/src/panicking.rs:704:13
[INFO] [stdout]   15:     0x57b17f454fe9 - std::sys::backtrace::__rust_end_short_backtrace::h0390abce48353151
[INFO] [stdout]                                at /rustc/6067b36314ab5eb2eb47cecc464545ba58e1ad24/library/std/src/sys/backtrace.rs:168:18
[INFO] [stdout]   16:     0x57b17f45634d - rust_begin_unwind
[INFO] [stdout]                                at /rustc/6067b36314ab5eb2eb47cecc464545ba58e1ad24/library/std/src/panicking.rs:695:5
[INFO] [stdout]   17:     0x57b17f47ace0 - core::panicking::panic_fmt::h9e7c637e9e5f29c9
[INFO] [stdout]                                at /rustc/6067b36314ab5eb2eb47cecc464545ba58e1ad24/library/core/src/panicking.rs:75:14
[INFO] [stdout]   18:     0x57b17f47b156 - core::result::unwrap_failed::h7979f09313fe1849
[INFO] [stdout]                                at /rustc/6067b36314ab5eb2eb47cecc464545ba58e1ad24/library/core/src/result.rs:1704:5
[INFO] [stdout]   19:     0x57b17ee2d5af - core::result::Result<T,E>::unwrap::h4a8e5cdc63a215cc
[INFO] [stdout]                                at /rustc/6067b36314ab5eb2eb47cecc464545ba58e1ad24/library/core/src/result.rs:1109:23
[INFO] [stdout]   20:     0x57b17ee2d5af - refcomp::ast::expression::test::double_logical_negations_are_folded_correctly::hb896e5c836d0d1ec
[INFO] [stdout]                                at /opt/rustwide/workdir/src/ast/expression.rs:702:22
[INFO] [stdout]   21:     0x57b17ee2d247 - refcomp::ast::expression::test::double_logical_negations_are_folded_correctly::{{closure}}::h21b597ed1671e6ab
[INFO] [stdout]                                at /opt/rustwide/workdir/src/ast/expression.rs:697:55
[INFO] [stdout]   22:     0x57b17ee1bcc6 - core::ops::function::FnOnce::call_once::hab2923d6ecaf9248
[INFO] [stdout]                                at /rustc/6067b36314ab5eb2eb47cecc464545ba58e1ad24/library/core/src/ops/function.rs:250:5
[INFO] [stdout]   23:     0x57b17ee792bb - core::ops::function::FnOnce::call_once::he27718dfdd183f43
[INFO] [stdout]                                at /rustc/6067b36314ab5eb2eb47cecc464545ba58e1ad24/library/core/src/ops/function.rs:250:5
[INFO] [stdout]   24:     0x57b17ee792bb - test::__rust_begin_short_backtrace::h4e84902998457a5d
[INFO] [stdout]                                at /rustc/6067b36314ab5eb2eb47cecc464545ba58e1ad24/library/test/src/lib.rs:632:18
[INFO] [stdout]   25:     0x57b17ee781f3 - test::run_test_in_process::{{closure}}::h7176fd18fc1feca0
[INFO] [stdout]                                at /rustc/6067b36314ab5eb2eb47cecc464545ba58e1ad24/library/test/src/lib.rs:655:60
[INFO] [stdout]   26:     0x57b17ee781f3 - <core::panic::unwind_safe::AssertUnwindSafe<F> as core::ops::function::FnOnce<()>>::call_once::hf79cff2a624d8cf7
[INFO] [stdout]                                at /rustc/6067b36314ab5eb2eb47cecc464545ba58e1ad24/library/core/src/panic/unwind_safe.rs:272:9
[INFO] [stdout]   27:     0x57b17ee781f3 - std::panicking::try::do_call::h3da0561d9ab99c25
[INFO] [stdout]                                at /rustc/6067b36314ab5eb2eb47cecc464545ba58e1ad24/library/std/src/panicking.rs:587:40
[INFO] [stdout]   28:     0x57b17ee781f3 - std::panicking::try::h41c9fa508bc61df6
[INFO] [stdout]                                at /rustc/6067b36314ab5eb2eb47cecc464545ba58e1ad24/library/std/src/panicking.rs:550:19
[INFO] [stdout]   29:     0x57b17ee781f3 - std::panic::catch_unwind::h6b3ff07bb5afad93
[INFO] [stdout]                                at /rustc/6067b36314ab5eb2eb47cecc464545ba58e1ad24/library/std/src/panic.rs:358:14
[INFO] [stdout]   30:     0x57b17ee781f3 - test::run_test_in_process::hc7253dd11b39b9f4
[INFO] [stdout]                                at /rustc/6067b36314ab5eb2eb47cecc464545ba58e1ad24/library/test/src/lib.rs:655:27
[INFO] [stdout]   31:     0x57b17ee781f3 - test::run_test::{{closure}}::hfb2007f8649c30bb
[INFO] [stdout]                                at /rustc/6067b36314ab5eb2eb47cecc464545ba58e1ad24/library/test/src/lib.rs:576:43
[INFO] [stdout]   32:     0x57b17ee3b2d5 - test::run_test::{{closure}}::h56a17aa7a282a9f4
[INFO] [stdout]                                at /rustc/6067b36314ab5eb2eb47cecc464545ba58e1ad24/library/test/src/lib.rs:606:41
[INFO] [stdout]   33:     0x57b17ee3b2d5 - std::sys::backtrace::__rust_begin_short_backtrace::hd2d2d2fb8e8c6aac
[INFO] [stdout]                                at /rustc/6067b36314ab5eb2eb47cecc464545ba58e1ad24/library/std/src/sys/backtrace.rs:152:18
[INFO] [stdout]   34:     0x57b17ee3ebba - std::thread::Builder::spawn_unchecked_::{{closure}}::{{closure}}::h4faa3f9db6133423
[INFO] [stdout]                                at /rustc/6067b36314ab5eb2eb47cecc464545ba58e1ad24/library/std/src/thread/mod.rs:559:17
[INFO] [stdout]   35:     0x57b17ee3ebba - <core::panic::unwind_safe::AssertUnwindSafe<F> as core::ops::function::FnOnce<()>>::call_once::hf2e855a36a4ea846
[INFO] [stdout]                                at /rustc/6067b36314ab5eb2eb47cecc464545ba58e1ad24/library/core/src/panic/unwind_safe.rs:272:9
[INFO] [stdout]   36:     0x57b17ee3ebba - std::panicking::try::do_call::h2f73af3616c35465
[INFO] [stdout]                                at /rustc/6067b36314ab5eb2eb47cecc464545ba58e1ad24/library/std/src/panicking.rs:587:40
[INFO] [stdout]   37:     0x57b17ee3ebba - std::panicking::try::hd1660ce9efadef5a
[INFO] [stdout]                                at /rustc/6067b36314ab5eb2eb47cecc464545ba58e1ad24/library/std/src/panicking.rs:550:19
[INFO] [stdout]   38:     0x57b17ee3ebba - std::panic::catch_unwind::h5ee8d7823b8ca744
[INFO] [stdout]                                at /rustc/6067b36314ab5eb2eb47cecc464545ba58e1ad24/library/std/src/panic.rs:358:14
[INFO] [stdout]   39:     0x57b17ee3ebba - std::thread::Builder::spawn_unchecked_::{{closure}}::h53c3a1894dce8407
[INFO] [stdout]                                at /rustc/6067b36314ab5eb2eb47cecc464545ba58e1ad24/library/std/src/thread/mod.rs:557:30
[INFO] [stdout]   40:     0x57b17ee3ebba - core::ops::function::FnOnce::call_once{{vtable.shim}}::h048ce291ad4f62bf
[INFO] [stdout]                                at /rustc/6067b36314ab5eb2eb47cecc464545ba58e1ad24/library/core/src/ops/function.rs:250:5
[INFO] [stdout]   41:     0x57b17f45a93b - <alloc::boxed::Box<F,A> as core::ops::function::FnOnce<Args>>::call_once::ha52bedf99a3b4981
[INFO] [stdout]                                at /rustc/6067b36314ab5eb2eb47cecc464545ba58e1ad24/library/alloc/src/boxed.rs:2013:9
[INFO] [stdout]   42:     0x57b17f45a93b - <alloc::boxed::Box<F,A> as core::ops::function::FnOnce<Args>>::call_once::h567748934d80ccf8
[INFO] [stdout]                                at /rustc/6067b36314ab5eb2eb47cecc464545ba58e1ad24/library/alloc/src/boxed.rs:2013:9
[INFO] [stdout]   43:     0x57b17f45a93b - std::sys::pal::unix::thread::Thread::new::thread_start::h2d970728ae887adc
[INFO] [stdout]                                at /rustc/6067b36314ab5eb2eb47cecc464545ba58e1ad24/library/std/src/sys/pal/unix/thread.rs:106:17
[INFO] [stdout]   44:     0x728914d11ac3 - <unknown>
[INFO] [stdout]   45:     0x728914da2a04 - clone
[INFO] [stdout]   46:                0x0 - <unknown>
[INFO] [stdout] 
[INFO] [stdout] 
[INFO] [stdout] failures:
[INFO] [stdout]     ast::expression::test::double_logical_negations_are_folded_correctly
[INFO] [stdout]     ast::expression::test::logical_negation_expressions_parse_correctly
[INFO] [stdout] 
[INFO] [stdout] test result: FAILED. 16 passed; 2 failed; 0 ignored; 0 measured; 0 filtered out; finished in 0.06s
[INFO] [stdout] 
[INFO] running `Command { std: "docker" "inspect" "24bc74a20d7507aa758fac96e252d3c58754b254dbd1d481829a0f4ff0fffa88", kill_on_drop: false }`
[INFO] running `Command { std: "docker" "rm" "-f" "24bc74a20d7507aa758fac96e252d3c58754b254dbd1d481829a0f4ff0fffa88", kill_on_drop: false }`
[INFO] [stdout] 24bc74a20d7507aa758fac96e252d3c58754b254dbd1d481829a0f4ff0fffa88
