[INFO] cloning repository https://github.com/iamseki/studies
[INFO] running `Command { std: "git" "-c" "credential.helper=" "-c" "credential.helper=/workspace/cargo-home/bin/git-credential-null" "clone" "--bare" "https://github.com/iamseki/studies" "/workspace/cache/git-repos/https%3A%2F%2Fgithub.com%2Fiamseki%2Fstudies", kill_on_drop: false }`
[INFO] [stderr] Cloning into bare repository '/workspace/cache/git-repos/https%3A%2F%2Fgithub.com%2Fiamseki%2Fstudies'...
[INFO] running `Command { std: "git" "rev-parse" "HEAD", kill_on_drop: false }`
[INFO] [stdout] 38993ceb5aafe466ad78c10ad94bc498622607ab
[INFO] testing iamseki/studies against nightly-2025-01-18 for randomize-layout-2
[INFO] running `Command { std: "git" "clone" "/workspace/cache/git-repos/https%3A%2F%2Fgithub.com%2Fiamseki%2Fstudies" "/workspace/builds/worker-2-tc1/source", kill_on_drop: false }`
[INFO] [stderr] Cloning into '/workspace/builds/worker-2-tc1/source'...
[INFO] [stderr] done.
[INFO] validating manifest of git repo https://github.com/iamseki/studies on toolchain nightly-2025-01-18
[INFO] running `Command { std: CARGO_HOME="/workspace/cargo-home" RUSTUP_HOME="/workspace/rustup-home" "/workspace/cargo-home/bin/cargo" "+nightly-2025-01-18" "metadata" "--manifest-path" "Cargo.toml" "--no-deps", kill_on_drop: false }`
[INFO] removed /workspace/builds/worker-2-tc1/source/.cargo/config.toml
[INFO] started tweaking git repo https://github.com/iamseki/studies
[INFO] finished tweaking git repo https://github.com/iamseki/studies
[INFO] tweaked toml for git repo https://github.com/iamseki/studies written to /workspace/builds/worker-2-tc1/source/Cargo.toml
[INFO] crate git repo https://github.com/iamseki/studies already has a lockfile, it will not be regenerated
[INFO] running `Command { std: CARGO_HOME="/workspace/cargo-home" RUSTUP_HOME="/workspace/rustup-home" "/workspace/cargo-home/bin/cargo" "+nightly-2025-01-18" "fetch" "--manifest-path" "Cargo.toml", kill_on_drop: false }`
[INFO] [stderr]     Blocking waiting for file lock on package cache
[INFO] running `Command { std: "docker" "create" "-v" "/var/lib/crater-agent-workspace/builds/worker-2-tc1/target:/opt/rustwide/target:rw,Z" "-v" "/var/lib/crater-agent-workspace/builds/worker-2-tc1/source:/opt/rustwide/workdir:ro,Z" "-v" "/var/lib/crater-agent-workspace/cargo-home:/opt/rustwide/cargo-home:ro,Z" "-v" "/var/lib/crater-agent-workspace/rustup-home:/opt/rustwide/rustup-home:ro,Z" "-e" "SOURCE_DIR=/opt/rustwide/workdir" "-e" "CARGO_TARGET_DIR=/opt/rustwide/target" "-e" "CARGO_HOME=/opt/rustwide/cargo-home" "-e" "RUSTUP_HOME=/opt/rustwide/rustup-home" "-w" "/opt/rustwide/workdir" "-m" "1610612736" "--user" "0:0" "--network" "none" "ghcr.io/rust-lang/crates-build-env/linux@sha256:819108c5571ea2e421544af4d832f968d213c87fbe3707a016657f43d2f853bc" "/opt/rustwide/cargo-home/bin/cargo" "+nightly-2025-01-18" "metadata" "--no-deps" "--format-version=1", kill_on_drop: false }`
[INFO] [stdout] bdfaa8b82c8602ac16e2c745df5639a31616b643567cd226dea27c291f6a4477
[INFO] running `Command { std: "docker" "start" "-a" "bdfaa8b82c8602ac16e2c745df5639a31616b643567cd226dea27c291f6a4477", kill_on_drop: false }`
[INFO] running `Command { std: "docker" "inspect" "bdfaa8b82c8602ac16e2c745df5639a31616b643567cd226dea27c291f6a4477", kill_on_drop: false }`
[INFO] running `Command { std: "docker" "rm" "-f" "bdfaa8b82c8602ac16e2c745df5639a31616b643567cd226dea27c291f6a4477", kill_on_drop: false }`
[INFO] [stdout] bdfaa8b82c8602ac16e2c745df5639a31616b643567cd226dea27c291f6a4477
[INFO] running `Command { std: "docker" "create" "-v" "/var/lib/crater-agent-workspace/builds/worker-2-tc1/target:/opt/rustwide/target:rw,Z" "-v" "/var/lib/crater-agent-workspace/builds/worker-2-tc1/source:/opt/rustwide/workdir:ro,Z" "-v" "/var/lib/crater-agent-workspace/cargo-home:/opt/rustwide/cargo-home:ro,Z" "-v" "/var/lib/crater-agent-workspace/rustup-home:/opt/rustwide/rustup-home:ro,Z" "-e" "SOURCE_DIR=/opt/rustwide/workdir" "-e" "CARGO_TARGET_DIR=/opt/rustwide/target" "-e" "CARGO_INCREMENTAL=0" "-e" "RUST_BACKTRACE=full" "-e" "RUSTFLAGS=--cap-lints=forbid" "-e" "RUSTDOCFLAGS=--cap-lints=forbid" "-e" "CARGO_HOME=/opt/rustwide/cargo-home" "-e" "RUSTUP_HOME=/opt/rustwide/rustup-home" "-w" "/opt/rustwide/workdir" "-m" "1610612736" "--user" "0:0" "--network" "none" "ghcr.io/rust-lang/crates-build-env/linux@sha256:819108c5571ea2e421544af4d832f968d213c87fbe3707a016657f43d2f853bc" "/opt/rustwide/cargo-home/bin/cargo" "+nightly-2025-01-18" "build" "--frozen" "--message-format=json", kill_on_drop: false }`
[INFO] [stdout] 0ea81a64f92254927318bb3b3371d894a2b4f74132cd47c019739ed1b7e16c3c
[INFO] running `Command { std: "docker" "start" "-a" "0ea81a64f92254927318bb3b3371d894a2b4f74132cd47c019739ed1b7e16c3c", kill_on_drop: false }`
[INFO] [stderr]    Compiling _rust_math v0.1.0 (/opt/rustwide/workdir/libs/rust/math)
[INFO] [stderr]    Compiling _rust_generics v0.1.0 (/opt/rustwide/workdir/apps/rust/generics)
[INFO] [stderr]    Compiling _rust_concurrency v0.1.0 (/opt/rustwide/workdir/apps/rust/concurrency)
[INFO] [stderr]    Compiling _rust_lib v0.1.0 (/opt/rustwide/workdir/apps/rust/lib)
[INFO] [stderr]    Compiling _rust_minigrep v0.1.0 (/opt/rustwide/workdir/apps/rust/minigrep)
[INFO] [stderr]    Compiling _rust_smart_pointers v0.1.0 (/opt/rustwide/workdir/apps/rust/smart_pointers)
[INFO] [stderr]    Compiling _rust_web_server v0.1.0 (/opt/rustwide/workdir/apps/rust/web_server)
[INFO] [stderr]    Compiling _rust_iterators_n_closures v0.1.0 (/opt/rustwide/workdir/apps/rust/iterators_n_closures)
[INFO] [stderr]    Compiling _rust_structs v0.1.0 (/opt/rustwide/workdir/apps/rust/structs)
[INFO] [stderr]    Compiling _rust_ds v0.1.0 (/opt/rustwide/workdir/apps/rust/ds)
[INFO] [stderr]    Compiling _rust_enums v0.1.0 (/opt/rustwide/workdir/apps/rust/enums)
[INFO] [stderr]    Compiling _rust_oop v0.1.0 (/opt/rustwide/workdir/apps/rust/oop)
[INFO] [stderr]    Compiling _rust_ownership_mistakes v0.1.0 (/opt/rustwide/workdir/apps/rust/ownership_mistakes)
[INFO] [stderr]    Compiling _rust_slice v0.1.0 (/opt/rustwide/workdir/apps/rust/slice)
[INFO] [stderr]    Compiling _rust_patterns_matching v0.1.0 (/opt/rustwide/workdir/apps/rust/patterns_matching)
[INFO] [stderr]    Compiling _rust_errors v0.1.0 (/opt/rustwide/workdir/apps/rust/errors)
[INFO] [stdout] warning: struct `Rectangle` is never constructed
[INFO] [stdout]  --> libs/rust/math/src/lib.rs:5:8
[INFO] [stdout]   |
[INFO] [stdout] 5 | struct Rectangle {
[INFO] [stdout]   |        ^^^^^^^^^
[INFO] [stdout]   |
[INFO] [stdout]   = note: `#[warn(dead_code)]` on by default
[INFO] [stdout] 
[INFO] [stdout] 
[INFO] [stdout] warning: method `can_hold` is never used
[INFO] [stdout]   --> libs/rust/math/src/lib.rs:11:8
[INFO] [stdout]    |
[INFO] [stdout] 10 | impl Rectangle {
[INFO] [stdout]    | -------------- method in this implementation
[INFO] [stdout] 11 |     fn can_hold(&self, other: &Rectangle) -> bool {
[INFO] [stdout]    |        ^^^^^^^^
[INFO] [stdout] 
[INFO] [stdout] 
[INFO] [stdout] warning: function `internal_adder` is never used
[INFO] [stdout]   --> libs/rust/math/src/lib.rs:34:4
[INFO] [stdout]    |
[INFO] [stdout] 34 | fn internal_adder(a: i32, b: i32) -> i32 {
[INFO] [stdout]    |    ^^^^^^^^^^^^^^
[INFO] [stdout] 
[INFO] [stdout] 
[INFO] [stdout] warning: field `value` is never read
[INFO] [stdout]   --> libs/rust/math/src/lib.rs:39:5
[INFO] [stdout]    |
[INFO] [stdout] 38 | pub struct Guess {
[INFO] [stdout]    |            ----- field in this struct
[INFO] [stdout] 39 |     value: i32,
[INFO] [stdout]    |     ^^^^^
[INFO] [stdout] 
[INFO] [stdout] 
[INFO] [stdout] warning: field `seasonal_fruit` is never read
[INFO] [stdout]  --> apps/rust/lib/src/restaurant.rs:3:3
[INFO] [stdout]   |
[INFO] [stdout] 1 | pub struct Breakefast {
[INFO] [stdout]   |            ---------- field in this struct
[INFO] [stdout] 2 |   pub toast: String,
[INFO] [stdout] 3 |   seasonal_fruit: String
[INFO] [stdout]   |   ^^^^^^^^^^^^^^
[INFO] [stdout]   |
[INFO] [stdout]   = note: `#[warn(dead_code)]` on by default
[INFO] [stdout] 
[INFO] [stdout] 
[INFO] [stdout] warning: unnecessary trailing semicolon
[INFO] [stdout]   --> apps/rust/patterns_matching/src/main.rs:90:6
[INFO] [stdout]    |
[INFO] [stdout] 90 |     };
[INFO] [stdout]    |      ^ help: remove this semicolon
[INFO] [stdout]    |
[INFO] [stdout]    = note: `#[warn(redundant_semicolons)]` on by default
[INFO] [stdout] 
[INFO] [stdout] 
[INFO] [stdout] warning: field `0` is never read
[INFO] [stdout]   --> apps/rust/ds/src/main.rs:61:13
[INFO] [stdout]    |
[INFO] [stdout] 61 |         Int(i32),
[INFO] [stdout]    |         --- ^^^
[INFO] [stdout]    |         |
[INFO] [stdout]    |         field in this variant
[INFO] [stdout]    |
[INFO] [stdout]    = note: `SpreadsheetCell` has a derived impl for the trait `Debug`, but this is intentionally ignored during dead code analysis
[INFO] [stdout]    = note: `#[warn(dead_code)]` on by default
[INFO] [stdout] help: consider changing the field to be of unit type to suppress this warning while preserving the field numbering, or remove the field
[INFO] [stdout]    |
[INFO] [stdout] 61 |         Int(()),
[INFO] [stdout]    |             ~~
[INFO] [stdout] 
[INFO] [stdout] 
[INFO] [stdout] warning: field `0` is never read
[INFO] [stdout]   --> apps/rust/ds/src/main.rs:62:15
[INFO] [stdout]    |
[INFO] [stdout] 62 |         Float(f64),
[INFO] [stdout]    |         ----- ^^^
[INFO] [stdout]    |         |
[INFO] [stdout]    |         field in this variant
[INFO] [stdout]    |
[INFO] [stdout]    = note: `SpreadsheetCell` has a derived impl for the trait `Debug`, but this is intentionally ignored during dead code analysis
[INFO] [stdout] help: consider changing the field to be of unit type to suppress this warning while preserving the field numbering, or remove the field
[INFO] [stdout]    |
[INFO] [stdout] 62 |         Float(()),
[INFO] [stdout]    |               ~~
[INFO] [stdout] 
[INFO] [stdout] 
[INFO] [stdout] warning: field `0` is never read
[INFO] [stdout]   --> apps/rust/ds/src/main.rs:63:14
[INFO] [stdout]    |
[INFO] [stdout] 63 |         Text(String)
[INFO] [stdout]    |         ---- ^^^^^^
[INFO] [stdout]    |         |
[INFO] [stdout]    |         field in this variant
[INFO] [stdout]    |
[INFO] [stdout]    = note: `SpreadsheetCell` has a derived impl for the trait `Debug`, but this is intentionally ignored during dead code analysis
[INFO] [stdout] help: consider changing the field to be of unit type to suppress this warning while preserving the field numbering, or remove the field
[INFO] [stdout]    |
[INFO] [stdout] 63 |         Text(())
[INFO] [stdout]    |              ~~
[INFO] [stdout] 
[INFO] [stdout] 
[INFO] [stdout] warning: value assigned to `x` is never read
[INFO] [stdout]   --> apps/rust/iterators_n_closures/src/t_shirt_company.rs:29:13
[INFO] [stdout]    |
[INFO] [stdout] 29 |             x += 1;
[INFO] [stdout]    |             ^
[INFO] [stdout]    |
[INFO] [stdout]    = help: maybe it is overwritten before being read?
[INFO] [stdout]    = note: `#[warn(unused_assignments)]` on by default
[INFO] [stdout] 
[INFO] [stdout] 
[INFO] [stdout] warning: unused variable: `x`
[INFO] [stdout]   --> apps/rust/iterators_n_closures/src/t_shirt_company.rs:28:36
[INFO] [stdout]    |
[INFO] [stdout] 28 |         let add_one_closure = |mut x| {
[INFO] [stdout]    |                                    ^ help: if this is intentional, prefix it with an underscore: `_x`
[INFO] [stdout]    |
[INFO] [stdout]    = note: `#[warn(unused_variables)]` on by default
[INFO] [stdout] 
[INFO] [stdout] 
[INFO] [stdout] warning: variable does not need to be mutable
[INFO] [stdout]   --> apps/rust/iterators_n_closures/src/t_shirt_company.rs:25:13
[INFO] [stdout]    |
[INFO] [stdout] 25 |         let mut num_red = 0;
[INFO] [stdout]    |             ----^^^^^^^
[INFO] [stdout]    |             |
[INFO] [stdout]    |             help: remove this `mut`
[INFO] [stdout]    |
[INFO] [stdout]    = note: `#[warn(unused_mut)]` on by default
[INFO] [stdout] 
[INFO] [stdout] 
[INFO] [stdout] warning: variable does not need to be mutable
[INFO] [stdout]   --> apps/rust/iterators_n_closures/src/t_shirt_company.rs:26:13
[INFO] [stdout]    |
[INFO] [stdout] 26 |         let mut num_blue = 0;
[INFO] [stdout]    |             ----^^^^^^^^
[INFO] [stdout]    |             |
[INFO] [stdout]    |             help: remove this `mut`
[INFO] [stdout] 
[INFO] [stdout] 
[INFO] [stdout] warning: struct `Shoe` is never constructed
[INFO] [stdout]  --> apps/rust/iterators_n_closures/src/shoes_company.rs:2:8
[INFO] [stdout]   |
[INFO] [stdout] 2 | struct Shoe {
[INFO] [stdout]   |        ^^^^
[INFO] [stdout]   |
[INFO] [stdout]   = note: `#[warn(dead_code)]` on by default
[INFO] [stdout] 
[INFO] [stdout] 
[INFO] [stdout] warning: function `shoes_in_size` is never used
[INFO] [stdout]  --> apps/rust/iterators_n_closures/src/shoes_company.rs:7:4
[INFO] [stdout]   |
[INFO] [stdout] 7 | fn shoes_in_size(shoes: Vec<Shoe>, shoe_size: u32) -> Vec<Shoe> {
[INFO] [stdout]   |    ^^^^^^^^^^^^^
[INFO] [stdout] 
[INFO] [stdout] 
[INFO] [stderr]    Compiling _rust_testing v0.1.0 (/opt/rustwide/workdir/apps/rust/testing)
[INFO] [stdout] warning: variant `Rgb` is never constructed
[INFO] [stdout]   --> apps/rust/patterns_matching/src/main.rs:81:9
[INFO] [stdout]    |
[INFO] [stdout] 80 |     enum Color {
[INFO] [stdout]    |          ----- variant in this enum
[INFO] [stdout] 81 |         Rgb(i32, i32, i32),
[INFO] [stdout]    |         ^^^
[INFO] [stdout]    |
[INFO] [stdout]    = note: `#[warn(dead_code)]` on by default
[INFO] [stdout] 
[INFO] [stdout] 
[INFO] [stdout] warning: variants `Quit`, `Move`, and `Write` are never constructed
[INFO] [stdout]   --> apps/rust/patterns_matching/src/main.rs:86:9
[INFO] [stdout]    |
[INFO] [stdout] 85 |     enum Message {
[INFO] [stdout]    |          ------- variants in this enum
[INFO] [stdout] 86 |         Quit,
[INFO] [stdout]    |         ^^^^
[INFO] [stdout] 87 |         Move { x: i32, y: i32 },
[INFO] [stdout]    |         ^^^^
[INFO] [stdout] 88 |         Write(String),
[INFO] [stdout]    |         ^^^^^
[INFO] [stdout] 
[INFO] [stdout] 
[INFO] [stdout] warning: fields `y` and `z` are never read
[INFO] [stdout]    --> apps/rust/patterns_matching/src/main.rs:136:9
[INFO] [stdout]     |
[INFO] [stdout] 134 |     struct Point {
[INFO] [stdout]     |            ----- fields in this struct
[INFO] [stdout] 135 |         x: i32,
[INFO] [stdout] 136 |         y: i32,
[INFO] [stdout]     |         ^
[INFO] [stdout] 137 |         z: i32,
[INFO] [stdout]     |         ^
[INFO] [stdout] 
[INFO] [stdout] 
[INFO] [stdout] warning: fields `0`, `1`, `2`, and `3` are never read
[INFO] [stdout]  --> apps/rust/enums/src/main.rs:7:8
[INFO] [stdout]   |
[INFO] [stdout] 7 |     V4(u8, u8, u8, u8),
[INFO] [stdout]   |     -- ^^  ^^  ^^  ^^
[INFO] [stdout]   |     |
[INFO] [stdout]   |     fields in this variant
[INFO] [stdout]   |
[INFO] [stdout]   = note: `IpAddr` has a derived impl for the trait `Debug`, but this is intentionally ignored during dead code analysis
[INFO] [stdout]   = note: `#[warn(dead_code)]` on by default
[INFO] [stdout] help: consider changing the fields to be of unit type to suppress this warning while preserving the field numbering, or remove the fields
[INFO] [stdout]   |
[INFO] [stdout] 7 |     V4((), (), (), ()),
[INFO] [stdout]   |        ~~  ~~  ~~  ~~
[INFO] [stdout] 
[INFO] [stdout] 
[INFO] [stdout] warning: field `0` is never read
[INFO] [stdout]  --> apps/rust/enums/src/main.rs:8:8
[INFO] [stdout]   |
[INFO] [stdout] 8 |     V6(String),
[INFO] [stdout]   |     -- ^^^^^^
[INFO] [stdout]   |     |
[INFO] [stdout]   |     field in this variant
[INFO] [stdout]   |
[INFO] [stdout]   = note: `IpAddr` has a derived impl for the trait `Debug`, but this is intentionally ignored during dead code analysis
[INFO] [stdout] help: consider changing the field to be of unit type to suppress this warning while preserving the field numbering, or remove the field
[INFO] [stdout]   |
[INFO] [stdout] 8 |     V6(()),
[INFO] [stdout]   |        ~~
[INFO] [stdout] 
[INFO] [stdout] 
[INFO] [stdout] warning: field `0` is never read
[INFO] [stdout]   --> apps/rust/enums/src/main.rs:14:11
[INFO] [stdout]    |
[INFO] [stdout] 14 |     Write(String),
[INFO] [stdout]    |     ----- ^^^^^^
[INFO] [stdout]    |     |
[INFO] [stdout]    |     field in this variant
[INFO] [stdout]    |
[INFO] [stdout] help: consider changing the field to be of unit type to suppress this warning while preserving the field numbering, or remove the field
[INFO] [stdout]    |
[INFO] [stdout] 14 |     Write(()),
[INFO] [stdout]    |           ~~
[INFO] [stdout] 
[INFO] [stdout] 
[INFO] [stdout] warning: variants `Quit`, `Move`, and `ChangeColor` are never constructed
[INFO] [stdout]   --> apps/rust/enums/src/main.rs:12:5
[INFO] [stdout]    |
[INFO] [stdout] 11 | enum Message {
[INFO] [stdout]    |      ------- variants in this enum
[INFO] [stdout] 12 |     Quit,
[INFO] [stdout]    |     ^^^^
[INFO] [stdout] 13 |     Move { x: i32, y: i32},
[INFO] [stdout]    |     ^^^^
[INFO] [stdout] 14 |     Write(String),
[INFO] [stdout] 15 |     ChangeColor(i32, i32, i32)
[INFO] [stdout]    |     ^^^^^^^^^^^
[INFO] [stdout] 
[INFO] [stdout] 
[INFO] [stdout] warning: field `0` is never read
[INFO] [stdout]   --> apps/rust/smart_pointers/src/reference_cycle.rs:10:10
[INFO] [stdout]    |
[INFO] [stdout] 10 |     Cons(i32, RefCell<Rc<List>>),
[INFO] [stdout]    |     ---- ^^^
[INFO] [stdout]    |     |
[INFO] [stdout]    |     field in this variant
[INFO] [stdout]    |
[INFO] [stdout]    = note: `List` has a derived impl for the trait `Debug`, but this is intentionally ignored during dead code analysis
[INFO] [stdout]    = note: `#[warn(dead_code)]` on by default
[INFO] [stdout] help: consider changing the field to be of unit type to suppress this warning while preserving the field numbering, or remove the field
[INFO] [stdout]    |
[INFO] [stdout] 10 |     Cons((), RefCell<Rc<List>>),
[INFO] [stdout]    |          ~~
[INFO] [stdout] 
[INFO] [stdout] 
[INFO] [stdout] warning: fields `value` and `children` are never read
[INFO] [stdout]   --> apps/rust/smart_pointers/src/reference_cycle.rs:48:5
[INFO] [stdout]    |
[INFO] [stdout] 47 | struct Node {
[INFO] [stdout]    |        ---- fields in this struct
[INFO] [stdout] 48 |     value: i32,
[INFO] [stdout]    |     ^^^^^
[INFO] [stdout] 49 |     parent: RefCell<Weak<Node>>,
[INFO] [stdout] 50 |     children: RefCell<Vec<Rc<Node>>>,
[INFO] [stdout]    |     ^^^^^^^^
[INFO] [stdout]    |
[INFO] [stdout]    = note: `Node` has a derived impl for the trait `Debug`, but this is intentionally ignored during dead code analysis
[INFO] [stdout] 
[INFO] [stdout] 
[INFO] [stdout] warning: fields `x` and `y` are never read
[INFO] [stdout]   --> apps/rust/generics/src/main.rs:66:9
[INFO] [stdout]    |
[INFO] [stdout] 65 |     struct Point<T, U> {
[INFO] [stdout]    |            ----- fields in this struct
[INFO] [stdout] 66 |         x: T,
[INFO] [stdout]    |         ^
[INFO] [stdout] 67 |         y: U,
[INFO] [stdout]    |         ^
[INFO] [stdout]    |
[INFO] [stdout]    = note: `Point` has a derived impl for the trait `Debug`, but this is intentionally ignored during dead code analysis
[INFO] [stdout]    = note: `#[warn(dead_code)]` on by default
[INFO] [stdout] 
[INFO] [stdout] 
[INFO] [stdout] warning: unused import: `core::prelude::v1`
[INFO] [stdout]  --> apps/rust/iterators_n_closures/src/main.rs:1:5
[INFO] [stdout]   |
[INFO] [stdout] 1 | use core::prelude::v1;
[INFO] [stdout]   |     ^^^^^^^^^^^^^^^^^
[INFO] [stdout]   |
[INFO] [stdout]   = note: `#[warn(unused_imports)]` on by default
[INFO] [stdout] 
[INFO] [stdout] 
[INFO] [stdout] warning: unused variable: `b`
[INFO] [stdout]   --> apps/rust/smart_pointers/src/main.rs:44:9
[INFO] [stdout]    |
[INFO] [stdout] 44 |     let b = Cons(3, Rc::clone(&a));
[INFO] [stdout]    |         ^ help: if this is intentional, prefix it with an underscore: `_b`
[INFO] [stdout]    |
[INFO] [stdout]    = note: `#[warn(unused_variables)]` on by default
[INFO] [stdout] 
[INFO] [stdout] 
[INFO] [stdout] warning: unused variable: `c`
[INFO] [stdout]   --> apps/rust/smart_pointers/src/main.rs:47:13
[INFO] [stdout]    |
[INFO] [stdout] 47 |         let c = Cons(4, Rc::clone(&a));
[INFO] [stdout]    |             ^ help: if this is intentional, prefix it with an underscore: `_c`
[INFO] [stdout] 
[INFO] [stdout] 
[INFO] [stderr]     Finished `dev` profile [unoptimized + debuginfo] target(s) in 1.11s
[INFO] running `Command { std: "docker" "inspect" "0ea81a64f92254927318bb3b3371d894a2b4f74132cd47c019739ed1b7e16c3c", kill_on_drop: false }`
[INFO] running `Command { std: "docker" "rm" "-f" "0ea81a64f92254927318bb3b3371d894a2b4f74132cd47c019739ed1b7e16c3c", kill_on_drop: false }`
[INFO] [stdout] 0ea81a64f92254927318bb3b3371d894a2b4f74132cd47c019739ed1b7e16c3c
[INFO] running `Command { std: "docker" "create" "-v" "/var/lib/crater-agent-workspace/builds/worker-2-tc1/target:/opt/rustwide/target:rw,Z" "-v" "/var/lib/crater-agent-workspace/builds/worker-2-tc1/source:/opt/rustwide/workdir:ro,Z" "-v" "/var/lib/crater-agent-workspace/cargo-home:/opt/rustwide/cargo-home:ro,Z" "-v" "/var/lib/crater-agent-workspace/rustup-home:/opt/rustwide/rustup-home:ro,Z" "-e" "SOURCE_DIR=/opt/rustwide/workdir" "-e" "CARGO_TARGET_DIR=/opt/rustwide/target" "-e" "CARGO_INCREMENTAL=0" "-e" "RUST_BACKTRACE=full" "-e" "RUSTFLAGS=--cap-lints=forbid" "-e" "RUSTDOCFLAGS=--cap-lints=forbid" "-e" "CARGO_HOME=/opt/rustwide/cargo-home" "-e" "RUSTUP_HOME=/opt/rustwide/rustup-home" "-w" "/opt/rustwide/workdir" "-m" "1610612736" "--user" "0:0" "--network" "none" "ghcr.io/rust-lang/crates-build-env/linux@sha256:819108c5571ea2e421544af4d832f968d213c87fbe3707a016657f43d2f853bc" "/opt/rustwide/cargo-home/bin/cargo" "+nightly-2025-01-18" "test" "--frozen" "--no-run" "--message-format=json", kill_on_drop: false }`
[INFO] [stdout] 4f055ba6f209f96844db7f9ba06e6cc169de3d58884b515db4a734539a217adc
[INFO] running `Command { std: "docker" "start" "-a" "4f055ba6f209f96844db7f9ba06e6cc169de3d58884b515db4a734539a217adc", kill_on_drop: false }`
[INFO] [stdout] warning: struct `Rectangle` is never constructed
[INFO] [stdout]  --> libs/rust/math/src/lib.rs:5:8
[INFO] [stdout]   |
[INFO] [stdout] 5 | struct Rectangle {
[INFO] [stdout]   |        ^^^^^^^^^
[INFO] [stdout]   |
[INFO] [stdout]   = note: `#[warn(dead_code)]` on by default
[INFO] [stdout] 
[INFO] [stdout] 
[INFO] [stdout] warning: method `can_hold` is never used
[INFO] [stdout]   --> libs/rust/math/src/lib.rs:11:8
[INFO] [stdout]    |
[INFO] [stdout] 10 | impl Rectangle {
[INFO] [stdout]    | -------------- method in this implementation
[INFO] [stdout] 11 |     fn can_hold(&self, other: &Rectangle) -> bool {
[INFO] [stdout]    |        ^^^^^^^^
[INFO] [stdout] 
[INFO] [stdout] 
[INFO] [stdout] warning: function `internal_adder` is never used
[INFO] [stdout]   --> libs/rust/math/src/lib.rs:34:4
[INFO] [stdout]    |
[INFO] [stdout] 34 | fn internal_adder(a: i32, b: i32) -> i32 {
[INFO] [stdout]    |    ^^^^^^^^^^^^^^
[INFO] [stdout] 
[INFO] [stdout] 
[INFO] [stderr]    Compiling _rust_testing v0.1.0 (/opt/rustwide/workdir/apps/rust/testing)
[INFO] [stderr]    Compiling _rust_concurrency v0.1.0 (/opt/rustwide/workdir/apps/rust/concurrency)
[INFO] [stderr]    Compiling _rust_patterns_matching v0.1.0 (/opt/rustwide/workdir/apps/rust/patterns_matching)
[INFO] [stderr]    Compiling _rust_web_server v0.1.0 (/opt/rustwide/workdir/apps/rust/web_server)
[INFO] [stderr]    Compiling _rust_ownership_mistakes v0.1.0 (/opt/rustwide/workdir/apps/rust/ownership_mistakes)
[INFO] [stderr]    Compiling _rust_oop v0.1.0 (/opt/rustwide/workdir/apps/rust/oop)
[INFO] [stderr]    Compiling _rust_enums v0.1.0 (/opt/rustwide/workdir/apps/rust/enums)
[INFO] [stderr]    Compiling _rust_smart_pointers v0.1.0 (/opt/rustwide/workdir/apps/rust/smart_pointers)
[INFO] [stderr]    Compiling _rust_generics v0.1.0 (/opt/rustwide/workdir/apps/rust/generics)
[INFO] [stdout] warning: field `value` is never read
[INFO] [stdout]   --> libs/rust/math/src/lib.rs:39:5
[INFO] [stdout]    |
[INFO] [stdout] 38 | pub struct Guess {
[INFO] [stdout]    |            ----- field in this struct
[INFO] [stdout] 39 |     value: i32,
[INFO] [stdout]    |     ^^^^^
[INFO] [stdout] 
[INFO] [stdout] 
[INFO] [stdout] warning: field `seasonal_fruit` is never read
[INFO] [stdout]  --> apps/rust/lib/src/restaurant.rs:3:3
[INFO] [stdout]   |
[INFO] [stdout] 1 | pub struct Breakefast {
[INFO] [stdout]   |            ---------- field in this struct
[INFO] [stdout] 2 |   pub toast: String,
[INFO] [stdout] 3 |   seasonal_fruit: String
[INFO] [stdout]   |   ^^^^^^^^^^^^^^
[INFO] [stdout]   |
[INFO] [stdout]   = note: `#[warn(dead_code)]` on by default
[INFO] [stdout] 
[INFO] [stdout] 
[INFO] [stdout] warning: field `0` is never read
[INFO] [stdout]   --> apps/rust/smart_pointers/src/reference_cycle.rs:10:10
[INFO] [stdout]    |
[INFO] [stdout] 10 |     Cons(i32, RefCell<Rc<List>>),
[INFO] [stdout]    |     ---- ^^^
[INFO] [stdout]    |     |
[INFO] [stdout]    |     field in this variant
[INFO] [stdout]    |
[INFO] [stdout]    = note: `List` has a derived impl for the trait `Debug`, but this is intentionally ignored during dead code analysis
[INFO] [stdout]    = note: `#[warn(dead_code)]` on by default
[INFO] [stdout] help: consider changing the field to be of unit type to suppress this warning while preserving the field numbering, or remove the field
[INFO] [stdout]    |
[INFO] [stdout] 10 |     Cons((), RefCell<Rc<List>>),
[INFO] [stdout]    |          ~~
[INFO] [stdout] 
[INFO] [stdout] 
[INFO] [stdout] warning: fields `value` and `children` are never read
[INFO] [stdout]   --> apps/rust/smart_pointers/src/reference_cycle.rs:48:5
[INFO] [stdout]    |
[INFO] [stdout] 47 | struct Node {
[INFO] [stdout]    |        ---- fields in this struct
[INFO] [stdout] 48 |     value: i32,
[INFO] [stdout]    |     ^^^^^
[INFO] [stdout] 49 |     parent: RefCell<Weak<Node>>,
[INFO] [stdout] 50 |     children: RefCell<Vec<Rc<Node>>>,
[INFO] [stdout]    |     ^^^^^^^^
[INFO] [stdout]    |
[INFO] [stdout]    = note: `Node` has a derived impl for the trait `Debug`, but this is intentionally ignored during dead code analysis
[INFO] [stdout] 
[INFO] [stdout] 
[INFO] [stdout] warning: value assigned to `x` is never read
[INFO] [stdout]   --> apps/rust/iterators_n_closures/src/t_shirt_company.rs:29:13
[INFO] [stdout]    |
[INFO] [stdout] 29 |             x += 1;
[INFO] [stdout]    |             ^
[INFO] [stdout]    |
[INFO] [stdout]    = help: maybe it is overwritten before being read?
[INFO] [stdout]    = note: `#[warn(unused_assignments)]` on by default
[INFO] [stdout] 
[INFO] [stdout] 
[INFO] [stdout] warning: unused variable: `x`
[INFO] [stdout]   --> apps/rust/iterators_n_closures/src/t_shirt_company.rs:28:36
[INFO] [stdout]    |
[INFO] [stdout] 28 |         let add_one_closure = |mut x| {
[INFO] [stdout]    |                                    ^ help: if this is intentional, prefix it with an underscore: `_x`
[INFO] [stdout]    |
[INFO] [stdout]    = note: `#[warn(unused_variables)]` on by default
[INFO] [stdout] 
[INFO] [stdout] 
[INFO] [stdout] warning: variable does not need to be mutable
[INFO] [stdout]   --> apps/rust/iterators_n_closures/src/t_shirt_company.rs:25:13
[INFO] [stdout]    |
[INFO] [stdout] 25 |         let mut num_red = 0;
[INFO] [stdout]    |             ----^^^^^^^
[INFO] [stdout]    |             |
[INFO] [stdout]    |             help: remove this `mut`
[INFO] [stdout]    |
[INFO] [stdout]    = note: `#[warn(unused_mut)]` on by default
[INFO] [stdout] 
[INFO] [stdout] 
[INFO] [stdout] warning: variable does not need to be mutable
[INFO] [stdout]   --> apps/rust/iterators_n_closures/src/t_shirt_company.rs:26:13
[INFO] [stdout]    |
[INFO] [stdout] 26 |         let mut num_blue = 0;
[INFO] [stdout]    |             ----^^^^^^^^
[INFO] [stdout]    |             |
[INFO] [stdout]    |             help: remove this `mut`
[INFO] [stdout] 
[INFO] [stdout] 
[INFO] [stdout] warning: struct `Shoe` is never constructed
[INFO] [stdout]  --> apps/rust/iterators_n_closures/src/shoes_company.rs:2:8
[INFO] [stdout]   |
[INFO] [stdout] 2 | struct Shoe {
[INFO] [stdout]   |        ^^^^
[INFO] [stdout]   |
[INFO] [stdout]   = note: `#[warn(dead_code)]` on by default
[INFO] [stdout] 
[INFO] [stdout] 
[INFO] [stdout] warning: function `shoes_in_size` is never used
[INFO] [stdout]  --> apps/rust/iterators_n_closures/src/shoes_company.rs:7:4
[INFO] [stdout]   |
[INFO] [stdout] 7 | fn shoes_in_size(shoes: Vec<Shoe>, shoe_size: u32) -> Vec<Shoe> {
[INFO] [stdout]   |    ^^^^^^^^^^^^^
[INFO] [stdout] 
[INFO] [stdout] 
[INFO] [stderr]    Compiling _rust_lib v0.1.0 (/opt/rustwide/workdir/apps/rust/lib)
[INFO] [stderr]    Compiling _rust_iterators_n_closures v0.1.0 (/opt/rustwide/workdir/apps/rust/iterators_n_closures)
[INFO] [stderr]    Compiling _rust_minigrep v0.1.0 (/opt/rustwide/workdir/apps/rust/minigrep)
[INFO] [stdout] warning: unused variable: `b`
[INFO] [stdout]   --> apps/rust/smart_pointers/src/main.rs:44:9
[INFO] [stdout]    |
[INFO] [stdout] 44 |     let b = Cons(3, Rc::clone(&a));
[INFO] [stdout]    |         ^ help: if this is intentional, prefix it with an underscore: `_b`
[INFO] [stdout]    |
[INFO] [stdout]    = note: `#[warn(unused_variables)]` on by default
[INFO] [stdout] 
[INFO] [stdout] 
[INFO] [stdout] warning: unused variable: `c`
[INFO] [stdout]   --> apps/rust/smart_pointers/src/main.rs:47:13
[INFO] [stdout]    |
[INFO] [stdout] 47 |         let c = Cons(4, Rc::clone(&a));
[INFO] [stdout]    |             ^ help: if this is intentional, prefix it with an underscore: `_c`
[INFO] [stdout] 
[INFO] [stdout] 
[INFO] [stdout] warning: unnecessary trailing semicolon
[INFO] [stdout]   --> apps/rust/patterns_matching/src/main.rs:90:6
[INFO] [stdout]    |
[INFO] [stdout] 90 |     };
[INFO] [stdout]    |      ^ help: remove this semicolon
[INFO] [stdout]    |
[INFO] [stdout]    = note: `#[warn(redundant_semicolons)]` on by default
[INFO] [stdout] 
[INFO] [stdout] 
[INFO] [stdout] warning: unused import: `core::prelude::v1`
[INFO] [stdout]  --> apps/rust/iterators_n_closures/src/main.rs:1:5
[INFO] [stdout]   |
[INFO] [stdout] 1 | use core::prelude::v1;
[INFO] [stdout]   |     ^^^^^^^^^^^^^^^^^
[INFO] [stdout]   |
[INFO] [stdout]   = note: `#[warn(unused_imports)]` on by default
[INFO] [stdout] 
[INFO] [stdout] 
[INFO] [stdout] warning: variant `Rgb` is never constructed
[INFO] [stdout]   --> apps/rust/patterns_matching/src/main.rs:81:9
[INFO] [stdout]    |
[INFO] [stdout] 80 |     enum Color {
[INFO] [stdout]    |          ----- variant in this enum
[INFO] [stdout] 81 |         Rgb(i32, i32, i32),
[INFO] [stdout]    |         ^^^
[INFO] [stdout]    |
[INFO] [stdout]    = note: `#[warn(dead_code)]` on by default
[INFO] [stdout] 
[INFO] [stdout] 
[INFO] [stdout] warning: variants `Quit`, `Move`, and `Write` are never constructed
[INFO] [stdout]   --> apps/rust/patterns_matching/src/main.rs:86:9
[INFO] [stdout]    |
[INFO] [stdout] 85 |     enum Message {
[INFO] [stdout]    |          ------- variants in this enum
[INFO] [stdout] 86 |         Quit,
[INFO] [stdout]    |         ^^^^
[INFO] [stdout] 87 |         Move { x: i32, y: i32 },
[INFO] [stdout]    |         ^^^^
[INFO] [stdout] 88 |         Write(String),
[INFO] [stdout]    |         ^^^^^
[INFO] [stdout] 
[INFO] [stdout] 
[INFO] [stdout] warning: fields `y` and `z` are never read
[INFO] [stdout]    --> apps/rust/patterns_matching/src/main.rs:136:9
[INFO] [stdout]     |
[INFO] [stdout] 134 |     struct Point {
[INFO] [stdout]     |            ----- fields in this struct
[INFO] [stdout] 135 |         x: i32,
[INFO] [stdout] 136 |         y: i32,
[INFO] [stdout]     |         ^
[INFO] [stdout] 137 |         z: i32,
[INFO] [stdout]     |         ^
[INFO] [stdout] 
[INFO] [stdout] 
[INFO] [stdout] warning: fields `0`, `1`, `2`, and `3` are never read
[INFO] [stdout]  --> apps/rust/enums/src/main.rs:7:8
[INFO] [stdout]   |
[INFO] [stdout] 7 |     V4(u8, u8, u8, u8),
[INFO] [stdout]   |     -- ^^  ^^  ^^  ^^
[INFO] [stdout]   |     |
[INFO] [stdout]   |     fields in this variant
[INFO] [stdout]   |
[INFO] [stdout]   = note: `IpAddr` has a derived impl for the trait `Debug`, but this is intentionally ignored during dead code analysis
[INFO] [stdout]   = note: `#[warn(dead_code)]` on by default
[INFO] [stdout] help: consider changing the fields to be of unit type to suppress this warning while preserving the field numbering, or remove the fields
[INFO] [stdout]   |
[INFO] [stdout] 7 |     V4((), (), (), ()),
[INFO] [stdout]   |        ~~  ~~  ~~  ~~
[INFO] [stdout] 
[INFO] [stdout] 
[INFO] [stdout] warning: field `0` is never read
[INFO] [stdout]  --> apps/rust/enums/src/main.rs:8:8
[INFO] [stdout]   |
[INFO] [stdout] 8 |     V6(String),
[INFO] [stdout]   |     -- ^^^^^^
[INFO] [stdout]   |     |
[INFO] [stdout]   |     field in this variant
[INFO] [stdout]   |
[INFO] [stdout]   = note: `IpAddr` has a derived impl for the trait `Debug`, but this is intentionally ignored during dead code analysis
[INFO] [stdout] help: consider changing the field to be of unit type to suppress this warning while preserving the field numbering, or remove the field
[INFO] [stdout]   |
[INFO] [stdout] 8 |     V6(()),
[INFO] [stdout]   |        ~~
[INFO] [stdout] 
[INFO] [stdout] 
[INFO] [stdout] warning: field `0` is never read
[INFO] [stdout]   --> apps/rust/enums/src/main.rs:14:11
[INFO] [stdout]    |
[INFO] [stdout] 14 |     Write(String),
[INFO] [stdout]    |     ----- ^^^^^^
[INFO] [stdout]    |     |
[INFO] [stdout]    |     field in this variant
[INFO] [stdout]    |
[INFO] [stdout] help: consider changing the field to be of unit type to suppress this warning while preserving the field numbering, or remove the field
[INFO] [stdout]    |
[INFO] [stdout] 14 |     Write(()),
[INFO] [stdout]    |           ~~
[INFO] [stdout] 
[INFO] [stdout] 
[INFO] [stdout] warning: variants `Quit`, `Move`, and `ChangeColor` are never constructed
[INFO] [stdout]   --> apps/rust/enums/src/main.rs:12:5
[INFO] [stdout]    |
[INFO] [stdout] 11 | enum Message {
[INFO] [stdout]    |      ------- variants in this enum
[INFO] [stdout] 12 |     Quit,
[INFO] [stdout]    |     ^^^^
[INFO] [stdout] 13 |     Move { x: i32, y: i32},
[INFO] [stdout]    |     ^^^^
[INFO] [stdout] 14 |     Write(String),
[INFO] [stdout] 15 |     ChangeColor(i32, i32, i32)
[INFO] [stdout]    |     ^^^^^^^^^^^
[INFO] [stdout] 
[INFO] [stdout] 
[INFO] [stderr]    Compiling _rust_ds v0.1.0 (/opt/rustwide/workdir/apps/rust/ds)
[INFO] [stderr]    Compiling _rust_errors v0.1.0 (/opt/rustwide/workdir/apps/rust/errors)
[INFO] [stderr]    Compiling _rust_slice v0.1.0 (/opt/rustwide/workdir/apps/rust/slice)
[INFO] [stderr]    Compiling _rust_math v0.1.0 (/opt/rustwide/workdir/libs/rust/math)
[INFO] [stderr]    Compiling _rust_structs v0.1.0 (/opt/rustwide/workdir/apps/rust/structs)
[INFO] [stdout] warning: field `value` is never read
[INFO] [stdout]   --> libs/rust/math/src/lib.rs:39:5
[INFO] [stdout]    |
[INFO] [stdout] 38 | pub struct Guess {
[INFO] [stdout]    |            ----- field in this struct
[INFO] [stdout] 39 |     value: i32,
[INFO] [stdout]    |     ^^^^^
[INFO] [stdout]    |
[INFO] [stdout]    = note: `#[warn(dead_code)]` on by default
[INFO] [stdout] 
[INFO] [stdout] 
[INFO] [stdout] warning: field `0` is never read
[INFO] [stdout]   --> apps/rust/smart_pointers/src/reference_cycle.rs:10:10
[INFO] [stdout]    |
[INFO] [stdout] 10 |     Cons(i32, RefCell<Rc<List>>),
[INFO] [stdout]    |     ---- ^^^
[INFO] [stdout]    |     |
[INFO] [stdout]    |     field in this variant
[INFO] [stdout]    |
[INFO] [stdout]    = note: `List` has a derived impl for the trait `Debug`, but this is intentionally ignored during dead code analysis
[INFO] [stdout]    = note: `#[warn(dead_code)]` on by default
[INFO] [stdout] help: consider changing the field to be of unit type to suppress this warning while preserving the field numbering, or remove the field
[INFO] [stdout]    |
[INFO] [stdout] 10 |     Cons((), RefCell<Rc<List>>),
[INFO] [stdout]    |          ~~
[INFO] [stdout] 
[INFO] [stdout] 
[INFO] [stdout] warning: fields `value` and `children` are never read
[INFO] [stdout]   --> apps/rust/smart_pointers/src/reference_cycle.rs:48:5
[INFO] [stdout]    |
[INFO] [stdout] 47 | struct Node {
[INFO] [stdout]    |        ---- fields in this struct
[INFO] [stdout] 48 |     value: i32,
[INFO] [stdout]    |     ^^^^^
[INFO] [stdout] 49 |     parent: RefCell<Weak<Node>>,
[INFO] [stdout] 50 |     children: RefCell<Vec<Rc<Node>>>,
[INFO] [stdout]    |     ^^^^^^^^
[INFO] [stdout]    |
[INFO] [stdout]    = note: `Node` has a derived impl for the trait `Debug`, but this is intentionally ignored during dead code analysis
[INFO] [stdout] 
[INFO] [stdout] 
[INFO] [stdout] warning: value assigned to `x` is never read
[INFO] [stdout]   --> apps/rust/iterators_n_closures/src/t_shirt_company.rs:29:13
[INFO] [stdout]    |
[INFO] [stdout] 29 |             x += 1;
[INFO] [stdout]    |             ^
[INFO] [stdout]    |
[INFO] [stdout]    = help: maybe it is overwritten before being read?
[INFO] [stdout]    = note: `#[warn(unused_assignments)]` on by default
[INFO] [stdout] 
[INFO] [stdout] 
[INFO] [stdout] warning: unused variable: `x`
[INFO] [stdout]   --> apps/rust/iterators_n_closures/src/t_shirt_company.rs:28:36
[INFO] [stdout]    |
[INFO] [stdout] 28 |         let add_one_closure = |mut x| {
[INFO] [stdout]    |                                    ^ help: if this is intentional, prefix it with an underscore: `_x`
[INFO] [stdout]    |
[INFO] [stdout]    = note: `#[warn(unused_variables)]` on by default
[INFO] [stdout] 
[INFO] [stdout] 
[INFO] [stdout] warning: variable does not need to be mutable
[INFO] [stdout]   --> apps/rust/iterators_n_closures/src/t_shirt_company.rs:25:13
[INFO] [stdout]    |
[INFO] [stdout] 25 |         let mut num_red = 0;
[INFO] [stdout]    |             ----^^^^^^^
[INFO] [stdout]    |             |
[INFO] [stdout]    |             help: remove this `mut`
[INFO] [stdout]    |
[INFO] [stdout]    = note: `#[warn(unused_mut)]` on by default
[INFO] [stdout] 
[INFO] [stdout] 
[INFO] [stdout] warning: variable does not need to be mutable
[INFO] [stdout]   --> apps/rust/iterators_n_closures/src/t_shirt_company.rs:26:13
[INFO] [stdout]    |
[INFO] [stdout] 26 |         let mut num_blue = 0;
[INFO] [stdout]    |             ----^^^^^^^^
[INFO] [stdout]    |             |
[INFO] [stdout]    |             help: remove this `mut`
[INFO] [stdout] 
[INFO] [stdout] 
[INFO] [stdout] warning: field `seasonal_fruit` is never read
[INFO] [stdout]  --> apps/rust/lib/src/restaurant.rs:3:3
[INFO] [stdout]   |
[INFO] [stdout] 1 | pub struct Breakefast {
[INFO] [stdout]   |            ---------- field in this struct
[INFO] [stdout] 2 |   pub toast: String,
[INFO] [stdout] 3 |   seasonal_fruit: String
[INFO] [stdout]   |   ^^^^^^^^^^^^^^
[INFO] [stdout]   |
[INFO] [stdout]   = note: `#[warn(dead_code)]` on by default
[INFO] [stdout] 
[INFO] [stdout] 
[INFO] [stderr]     Finished `test` profile [unoptimized + debuginfo] target(s) in 1.94s
[INFO] running `Command { std: "docker" "inspect" "4f055ba6f209f96844db7f9ba06e6cc169de3d58884b515db4a734539a217adc", kill_on_drop: false }`
[INFO] running `Command { std: "docker" "rm" "-f" "4f055ba6f209f96844db7f9ba06e6cc169de3d58884b515db4a734539a217adc", kill_on_drop: false }`
[INFO] [stdout] 4f055ba6f209f96844db7f9ba06e6cc169de3d58884b515db4a734539a217adc
[INFO] running `Command { std: "docker" "create" "-v" "/var/lib/crater-agent-workspace/builds/worker-2-tc1/target:/opt/rustwide/target:rw,Z" "-v" "/var/lib/crater-agent-workspace/builds/worker-2-tc1/source:/opt/rustwide/workdir:ro,Z" "-v" "/var/lib/crater-agent-workspace/cargo-home:/opt/rustwide/cargo-home:ro,Z" "-v" "/var/lib/crater-agent-workspace/rustup-home:/opt/rustwide/rustup-home:ro,Z" "-e" "SOURCE_DIR=/opt/rustwide/workdir" "-e" "CARGO_TARGET_DIR=/opt/rustwide/target" "-e" "CARGO_INCREMENTAL=0" "-e" "RUST_BACKTRACE=full" "-e" "RUSTFLAGS=--cap-lints=forbid" "-e" "RUSTDOCFLAGS=--cap-lints=forbid" "-e" "CARGO_HOME=/opt/rustwide/cargo-home" "-e" "RUSTUP_HOME=/opt/rustwide/rustup-home" "-w" "/opt/rustwide/workdir" "-m" "1610612736" "--user" "0:0" "--network" "none" "ghcr.io/rust-lang/crates-build-env/linux@sha256:819108c5571ea2e421544af4d832f968d213c87fbe3707a016657f43d2f853bc" "/opt/rustwide/cargo-home/bin/cargo" "+nightly-2025-01-18" "test" "--frozen", kill_on_drop: false }`
[INFO] [stdout] b1fc112510b27987466b3ef6636aa441e896296d6c0c37fe538786a8c92014f1
[INFO] running `Command { std: "docker" "start" "-a" "b1fc112510b27987466b3ef6636aa441e896296d6c0c37fe538786a8c92014f1", kill_on_drop: false }`
[INFO] [stderr] warning: struct `Rectangle` is never constructed
[INFO] [stderr]  --> libs/rust/math/src/lib.rs:5:8
[INFO] [stderr]   |
[INFO] [stderr] 5 | struct Rectangle {
[INFO] [stderr]   |        ^^^^^^^^^
[INFO] [stderr]   |
[INFO] [stderr]   = note: `#[warn(dead_code)]` on by default
[INFO] [stderr] 
[INFO] [stderr] warning: method `can_hold` is never used
[INFO] [stderr]   --> libs/rust/math/src/lib.rs:11:8
[INFO] [stderr]    |
[INFO] [stderr] 10 | impl Rectangle {
[INFO] [stderr]    | -------------- method in this implementation
[INFO] [stderr] 11 |     fn can_hold(&self, other: &Rectangle) -> bool {
[INFO] [stderr]    |        ^^^^^^^^
[INFO] [stderr] 
[INFO] [stderr] warning: function `internal_adder` is never used
[INFO] [stderr]   --> libs/rust/math/src/lib.rs:34:4
[INFO] [stderr]    |
[INFO] [stderr] 34 | fn internal_adder(a: i32, b: i32) -> i32 {
[INFO] [stderr]    |    ^^^^^^^^^^^^^^
[INFO] [stderr] 
[INFO] [stderr] warning: field `value` is never read
[INFO] [stderr]   --> libs/rust/math/src/lib.rs:39:5
[INFO] [stderr]    |
[INFO] [stderr] 38 | pub struct Guess {
[INFO] [stderr]    |            ----- field in this struct
[INFO] [stderr] 39 |     value: i32,
[INFO] [stderr]    |     ^^^^^
[INFO] [stderr] 
[INFO] [stderr] warning: `_rust_math` (lib) generated 4 warnings
[INFO] [stderr] warning: field `seasonal_fruit` is never read
[INFO] [stderr]  --> apps/rust/lib/src/restaurant.rs:3:3
[INFO] [stderr]   |
[INFO] [stderr] 1 | pub struct Breakefast {
[INFO] [stderr]   |            ---------- field in this struct
[INFO] [stderr] 2 |   pub toast: String,
[INFO] [stderr] 3 |   seasonal_fruit: String
[INFO] [stderr]   |   ^^^^^^^^^^^^^^
[INFO] [stderr]   |
[INFO] [stderr]   = note: `#[warn(dead_code)]` on by default
[INFO] [stderr] 
[INFO] [stderr] warning: `_rust_lib` (lib) generated 1 warning
[INFO] [stderr] warning: value assigned to `x` is never read
[INFO] [stderr]   --> apps/rust/iterators_n_closures/src/t_shirt_company.rs:29:13
[INFO] [stderr]    |
[INFO] [stderr] 29 |             x += 1;
[INFO] [stderr]    |             ^
[INFO] [stderr]    |
[INFO] [stderr]    = help: maybe it is overwritten before being read?
[INFO] [stderr]    = note: `#[warn(unused_assignments)]` on by default
[INFO] [stderr] 
[INFO] [stderr] warning: unused variable: `x`
[INFO] [stderr]   --> apps/rust/iterators_n_closures/src/t_shirt_company.rs:28:36
[INFO] [stderr]    |
[INFO] [stderr] 28 |         let add_one_closure = |mut x| {
[INFO] [stderr]    |                                    ^ help: if this is intentional, prefix it with an underscore: `_x`
[INFO] [stderr]    |
[INFO] [stderr]    = note: `#[warn(unused_variables)]` on by default
[INFO] [stderr] 
[INFO] [stderr] warning: variable does not need to be mutable
[INFO] [stderr]   --> apps/rust/iterators_n_closures/src/t_shirt_company.rs:25:13
[INFO] [stderr]    |
[INFO] [stderr] 25 |         let mut num_red = 0;
[INFO] [stderr]    |             ----^^^^^^^
[INFO] [stderr]    |             |
[INFO] [stderr]    |             help: remove this `mut`
[INFO] [stderr]    |
[INFO] [stderr]    = note: `#[warn(unused_mut)]` on by default
[INFO] [stderr] 
[INFO] [stderr] warning: variable does not need to be mutable
[INFO] [stderr]   --> apps/rust/iterators_n_closures/src/t_shirt_company.rs:26:13
[INFO] [stderr]    |
[INFO] [stderr] 26 |         let mut num_blue = 0;
[INFO] [stderr]    |             ----^^^^^^^^
[INFO] [stderr]    |             |
[INFO] [stderr]    |             help: remove this `mut`
[INFO] [stderr] 
[INFO] [stderr] warning: struct `Shoe` is never constructed
[INFO] [stderr]  --> apps/rust/iterators_n_closures/src/shoes_company.rs:2:8
[INFO] [stderr]   |
[INFO] [stderr] 2 | struct Shoe {
[INFO] [stderr]   |        ^^^^
[INFO] [stderr]   |
[INFO] [stderr]   = note: `#[warn(dead_code)]` on by default
[INFO] [stderr] 
[INFO] [stderr] warning: function `shoes_in_size` is never used
[INFO] [stderr]  --> apps/rust/iterators_n_closures/src/shoes_company.rs:7:4
[INFO] [stderr]   |
[INFO] [stderr] 7 | fn shoes_in_size(shoes: Vec<Shoe>, shoe_size: u32) -> Vec<Shoe> {
[INFO] [stderr]   |    ^^^^^^^^^^^^^
[INFO] [stderr] 
[INFO] [stderr] warning: `_rust_iterators_n_closures` (lib) generated 6 warnings (run `cargo fix --lib -p _rust_iterators_n_closures` to apply 2 suggestions)
[INFO] [stderr] warning: field `0` is never read
[INFO] [stderr]   --> apps/rust/smart_pointers/src/reference_cycle.rs:10:10
[INFO] [stderr]    |
[INFO] [stderr] 10 |     Cons(i32, RefCell<Rc<List>>),
[INFO] [stderr]    |     ---- ^^^
[INFO] [stderr]    |     |
[INFO] [stderr]    |     field in this variant
[INFO] [stderr]    |
[INFO] [stderr]    = note: `List` has a derived impl for the trait `Debug`, but this is intentionally ignored during dead code analysis
[INFO] [stderr]    = note: `#[warn(dead_code)]` on by default
[INFO] [stderr] help: consider changing the field to be of unit type to suppress this warning while preserving the field numbering, or remove the field
[INFO] [stderr]    |
[INFO] [stderr] 10 |     Cons((), RefCell<Rc<List>>),
[INFO] [stderr]    |          ~~
[INFO] [stderr] 
[INFO] [stderr] warning: fields `value` and `children` are never read
[INFO] [stderr]   --> apps/rust/smart_pointers/src/reference_cycle.rs:48:5
[INFO] [stderr]    |
[INFO] [stderr] 47 | struct Node {
[INFO] [stderr]    |        ---- fields in this struct
[INFO] [stderr] 48 |     value: i32,
[INFO] [stderr]    |     ^^^^^
[INFO] [stderr] 49 |     parent: RefCell<Weak<Node>>,
[INFO] [stderr] 50 |     children: RefCell<Vec<Rc<Node>>>,
[INFO] [stderr]    |     ^^^^^^^^
[INFO] [stderr]    |
[INFO] [stderr]    = note: `Node` has a derived impl for the trait `Debug`, but this is intentionally ignored during dead code analysis
[INFO] [stderr] 
[INFO] [stderr] warning: `_rust_smart_pointers` (lib) generated 2 warnings
[INFO] [stderr] warning: unused variable: `b`
[INFO] [stderr]   --> apps/rust/smart_pointers/src/main.rs:44:9
[INFO] [stderr]    |
[INFO] [stderr] 44 |     let b = Cons(3, Rc::clone(&a));
[INFO] [stderr]    |         ^ help: if this is intentional, prefix it with an underscore: `_b`
[INFO] [stderr]    |
[INFO] [stderr]    = note: `#[warn(unused_variables)]` on by default
[INFO] [stderr] 
[INFO] [stderr] warning: unused variable: `c`
[INFO] [stderr]   --> apps/rust/smart_pointers/src/main.rs:47:13
[INFO] [stderr]    |
[INFO] [stderr] 47 |         let c = Cons(4, Rc::clone(&a));
[INFO] [stderr]    |             ^ help: if this is intentional, prefix it with an underscore: `_c`
[INFO] [stderr] 
[INFO] [stderr] warning: `_rust_smart_pointers` (bin "_rust_smart_pointers" test) generated 2 warnings
[INFO] [stderr] warning: unused import: `core::prelude::v1`
[INFO] [stderr]  --> apps/rust/iterators_n_closures/src/main.rs:1:5
[INFO] [stderr]   |
[INFO] [stderr] 1 | use core::prelude::v1;
[INFO] [stderr]   |     ^^^^^^^^^^^^^^^^^
[INFO] [stderr]   |
[INFO] [stderr]   = note: `#[warn(unused_imports)]` on by default
[INFO] [stderr] 
[INFO] [stderr] warning: `_rust_iterators_n_closures` (bin "_rust_iterators_n_closures" test) generated 1 warning (run `cargo fix --bin "_rust_iterators_n_closures" --tests` to apply 1 suggestion)
[INFO] [stderr] warning: `_rust_iterators_n_closures` (lib test) generated 4 warnings (4 duplicates)
[INFO] [stderr] warning: `_rust_lib` (lib test) generated 1 warning (1 duplicate)
[INFO] [stderr] warning: unnecessary trailing semicolon
[INFO] [stderr]   --> apps/rust/patterns_matching/src/main.rs:90:6
[INFO] [stderr]    |
[INFO] [stderr] 90 |     };
[INFO] [stderr]    |      ^ help: remove this semicolon
[INFO] [stderr]    |
[INFO] [stderr]    = note: `#[warn(redundant_semicolons)]` on by default
[INFO] [stderr] 
[INFO] [stderr] warning: variant `Rgb` is never constructed
[INFO] [stderr]   --> apps/rust/patterns_matching/src/main.rs:81:9
[INFO] [stderr]    |
[INFO] [stderr] 80 |     enum Color {
[INFO] [stderr]    |          ----- variant in this enum
[INFO] [stderr] 81 |         Rgb(i32, i32, i32),
[INFO] [stderr]    |         ^^^
[INFO] [stderr]    |
[INFO] [stderr]    = note: `#[warn(dead_code)]` on by default
[INFO] [stderr] 
[INFO] [stderr] warning: variants `Quit`, `Move`, and `Write` are never constructed
[INFO] [stderr]   --> apps/rust/patterns_matching/src/main.rs:86:9
[INFO] [stderr]    |
[INFO] [stderr] 85 |     enum Message {
[INFO] [stderr]    |          ------- variants in this enum
[INFO] [stderr] 86 |         Quit,
[INFO] [stderr]    |         ^^^^
[INFO] [stderr] 87 |         Move { x: i32, y: i32 },
[INFO] [stderr]    |         ^^^^
[INFO] [stderr] 88 |         Write(String),
[INFO] [stderr]    |         ^^^^^
[INFO] [stderr] 
[INFO] [stderr] warning: fields `y` and `z` are never read
[INFO] [stderr]    --> apps/rust/patterns_matching/src/main.rs:136:9
[INFO] [stderr]     |
[INFO] [stderr] 134 |     struct Point {
[INFO] [stderr]     |            ----- fields in this struct
[INFO] [stderr] 135 |         x: i32,
[INFO] [stderr] 136 |         y: i32,
[INFO] [stderr]     |         ^
[INFO] [stderr] 137 |         z: i32,
[INFO] [stderr]     |         ^
[INFO] [stderr] 
[INFO] [stderr] warning: `_rust_patterns_matching` (bin "_rust_patterns_matching" test) generated 4 warnings
[INFO] [stderr] warning: fields `0`, `1`, `2`, and `3` are never read
[INFO] [stderr]  --> apps/rust/enums/src/main.rs:7:8
[INFO] [stderr]   |
[INFO] [stderr] 7 |     V4(u8, u8, u8, u8),
[INFO] [stderr]   |     -- ^^  ^^  ^^  ^^
[INFO] [stderr]   |     |
[INFO] [stderr]   |     fields in this variant
[INFO] [stderr]   |
[INFO] [stderr]   = note: `IpAddr` has a derived impl for the trait `Debug`, but this is intentionally ignored during dead code analysis
[INFO] [stderr]   = note: `#[warn(dead_code)]` on by default
[INFO] [stderr] help: consider changing the fields to be of unit type to suppress this warning while preserving the field numbering, or remove the fields
[INFO] [stderr]   |
[INFO] [stderr] 7 |     V4((), (), (), ()),
[INFO] [stderr]   |        ~~  ~~  ~~  ~~
[INFO] [stderr] 
[INFO] [stderr] warning: field `0` is never read
[INFO] [stderr]  --> apps/rust/enums/src/main.rs:8:8
[INFO] [stderr]   |
[INFO] [stderr] 8 |     V6(String),
[INFO] [stderr]   |     -- ^^^^^^
[INFO] [stderr]   |     |
[INFO] [stderr]   |     field in this variant
[INFO] [stderr]   |
[INFO] [stderr]   = note: `IpAddr` has a derived impl for the trait `Debug`, but this is intentionally ignored during dead code analysis
[INFO] [stderr] help: consider changing the field to be of unit type to suppress this warning while preserving the field numbering, or remove the field
[INFO] [stderr]   |
[INFO] [stderr] 8 |     V6(()),
[INFO] [stderr]   |        ~~
[INFO] [stderr] 
[INFO] [stderr] warning: field `0` is never read
[INFO] [stderr]   --> apps/rust/enums/src/main.rs:14:11
[INFO] [stderr]    |
[INFO] [stderr] 14 |     Write(String),
[INFO] [stderr]    |     ----- ^^^^^^
[INFO] [stderr]    |     |
[INFO] [stderr]    |     field in this variant
[INFO] [stderr]    |
[INFO] [stderr] help: consider changing the field to be of unit type to suppress this warning while preserving the field numbering, or remove the field
[INFO] [stderr]    |
[INFO] [stderr] 14 |     Write(()),
[INFO] [stderr]    |           ~~
[INFO] [stderr] 
[INFO] [stderr] warning: variants `Quit`, `Move`, and `ChangeColor` are never constructed
[INFO] [stderr]   --> apps/rust/enums/src/main.rs:12:5
[INFO] [stderr]    |
[INFO] [stderr] 11 | enum Message {
[INFO] [stderr]    |      ------- variants in this enum
[INFO] [stderr] 12 |     Quit,
[INFO] [stderr]    |     ^^^^
[INFO] [stderr] 13 |     Move { x: i32, y: i32},
[INFO] [stderr]    |     ^^^^
[INFO] [stderr] 14 |     Write(String),
[INFO] [stderr] 15 |     ChangeColor(i32, i32, i32)
[INFO] [stderr]    |     ^^^^^^^^^^^
[INFO] [stderr] 
[INFO] [stderr] warning: `_rust_enums` (bin "_rust_enums" test) generated 4 warnings
[INFO] [stderr] warning: field `value` is never read
[INFO] [stderr]   --> libs/rust/math/src/lib.rs:39:5
[INFO] [stderr]    |
[INFO] [stderr] 38 | pub struct Guess {
[INFO] [stderr]    |            ----- field in this struct
[INFO] [stderr] 39 |     value: i32,
[INFO] [stderr]    |     ^^^^^
[INFO] [stderr]    |
[INFO] [stderr]    = note: `#[warn(dead_code)]` on by default
[INFO] [stderr] 
[INFO] [stderr] warning: `_rust_smart_pointers` (lib test) generated 2 warnings (2 duplicates)
[INFO] [stderr] warning: `_rust_math` (lib test) generated 1 warning
[INFO] [stderr]     Finished `test` profile [unoptimized + debuginfo] target(s) in 0.02s
[INFO] [stderr]      Running unittests src/lib.rs (/opt/rustwide/target/debug/deps/_rust_concurrency-7b55b35d95a3b33a)
[INFO] [stdout] 
[INFO] [stdout] running 0 tests
[INFO] [stdout] 
[INFO] [stdout] test result: ok. 0 passed; 0 failed; 0 ignored; 0 measured; 0 filtered out; finished in 0.00s
[INFO] [stdout] 
[INFO] [stderr]      Running unittests src/main.rs (/opt/rustwide/target/debug/deps/_rust_concurrency-9faa6f6550289abe)
[INFO] [stdout] 
[INFO] [stdout] running 0 tests
[INFO] [stdout] 
[INFO] [stdout] test result: ok. 0 passed; 0 failed; 0 ignored; 0 measured; 0 filtered out; finished in 0.00s
[INFO] [stdout] 
[INFO] [stderr]      Running unittests src/main.rs (/opt/rustwide/target/debug/deps/_rust_ds-8f51196842fb4c36)
[INFO] [stdout] 
[INFO] [stdout] running 0 tests
[INFO] [stdout] 
[INFO] [stdout] test result: ok. 0 passed; 0 failed; 0 ignored; 0 measured; 0 filtered out; finished in 0.00s
[INFO] [stdout] 
[INFO] [stderr]      Running unittests src/main.rs (/opt/rustwide/target/debug/deps/_rust_enums-0a3915ef1d887f90)
[INFO] [stdout] 
[INFO] [stdout] running 0 tests
[INFO] [stdout] 
[INFO] [stderr]      Running unittests src/main.rs (/opt/rustwide/target/debug/deps/_rust_errors-adb359ad2e3c3ddf)
[INFO] [stdout] test result: ok. 0 passed; 0 failed; 0 ignored; 0 measured; 0 filtered out; finished in 0.00s
[INFO] [stdout] 
[INFO] [stdout] 
[INFO] [stdout] running 0 tests
[INFO] [stdout] 
[INFO] [stdout] test result: ok. 0 passed; 0 failed; 0 ignored; 0 measured; 0 filtered out; finished in 0.00s
[INFO] [stdout] 
[INFO] [stderr]      Running unittests src/lib.rs (/opt/rustwide/target/debug/deps/_rust_generics-feb3452398e20764)
[INFO] [stdout] 
[INFO] [stdout] running 0 tests
[INFO] [stdout] 
[INFO] [stdout] test result: ok. 0 passed; 0 failed; 0 ignored; 0 measured; 0 filtered out; finished in 0.00s
[INFO] [stdout] 
[INFO] [stderr]      Running unittests src/main.rs (/opt/rustwide/target/debug/deps/_rust_generics-f57f345304254a5e)
[INFO] [stderr]      Running unittests src/lib.rs (/opt/rustwide/target/debug/deps/_rust_iterators_n_closures-67f31da59d1f3dab)
[INFO] [stdout] 
[INFO] [stdout] running 0 tests
[INFO] [stdout] 
[INFO] [stdout] test result: ok. 0 passed; 0 failed; 0 ignored; 0 measured; 0 filtered out; finished in 0.00s
[INFO] [stdout] 
[INFO] [stdout] 
[INFO] [stdout] running 3 tests
[INFO] [stdout] test shoes_company::tests::filters_by_size ... ok
[INFO] [stdout] test t_shirt_company::tests::should_giveaway_user_prefered ... ok
[INFO] [stdout] test t_shirt_company::tests::should_giveaway_more_stocked ... ok
[INFO] [stdout] 
[INFO] [stdout] test result: ok. 3 passed; 0 failed; 0 ignored; 0 measured; 0 filtered out; finished in 0.00s
[INFO] [stdout] 
[INFO] [stderr]      Running unittests src/main.rs (/opt/rustwide/target/debug/deps/_rust_iterators_n_closures-8c94e0dc34a246f1)
[INFO] [stdout] 
[INFO] [stdout] running 0 tests
[INFO] [stdout] 
[INFO] [stdout] test result: ok. 0 passed; 0 failed; 0 ignored; 0 measured; 0 filtered out; finished in 0.00s
[INFO] [stdout] 
[INFO] [stderr]      Running unittests src/lib.rs (/opt/rustwide/target/debug/deps/_rust_lib-5017e976a8dc6f2e)
[INFO] [stdout] 
[INFO] [stdout] running 0 tests
[INFO] [stdout] 
[INFO] [stdout] test result: ok. 0 passed; 0 failed; 0 ignored; 0 measured; 0 filtered out; finished in 0.00s
[INFO] [stdout] 
[INFO] [stderr]      Running unittests src/main.rs (/opt/rustwide/target/debug/deps/_rust_lib-f49dad15e0d8e390)
[INFO] [stdout] 
[INFO] [stdout] running 0 tests
[INFO] [stdout] 
[INFO] [stdout] test result: ok. 0 passed; 0 failed; 0 ignored; 0 measured; 0 filtered out; finished in 0.00s
[INFO] [stdout] 
[INFO] [stderr]      Running unittests src/lib.rs (/opt/rustwide/target/debug/deps/_rust_math-423571f9bd35ab8d)
[INFO] [stdout] 
[INFO] [stdout] running 6 tests
[INFO] [stdout] test tests::greeting_contains_name ... ignored
[INFO] [stdout] test tests::it_adds_two ... ok
[INFO] [stdout] test tests::smaller_cannot_hold_larger ... ok
[INFO] [stdout] test tests::should_call_internal_adder ... ok
[INFO] [stdout] test tests::larger_can_hold_smaller ... ok
[INFO] [stdout] test tests::greater_than_100 - should panic ... ok
[INFO] [stdout] 
[INFO] [stdout] test result: ok. 5 passed; 0 failed; 1 ignored; 0 measured; 0 filtered out; finished in 0.02s
[INFO] [stdout] 
[INFO] [stderr]      Running unittests src/lib.rs (/opt/rustwide/target/debug/deps/_rust_minigrep-b55818751b1de609)
[INFO] [stdout] 
[INFO] [stdout] running 2 tests
[INFO] [stdout] test tests::case_sensitive ... ok
[INFO] [stdout] test tests::case_insensitive ... FAILED
[INFO] [stdout] 
[INFO] [stdout] failures:
[INFO] [stdout] 
[INFO] [stdout] ---- tests::case_insensitive stdout ----
[INFO] [stdout] 
[INFO] [stdout] thread 'tests::case_insensitive' panicked at apps/rust/minigrep/src/lib.rs:83:9:
[INFO] [stdout] assertion `left == right` failed
[INFO] [stdout]   left: ["Rust:", "Trust me."]
[INFO] [stdout]  right: ["Trust me."]
[INFO] [stdout] stack backtrace:
[INFO] [stdout]    0:     0x60539f81e7ea - std::backtrace_rs::backtrace::libunwind::trace::hb059275cfc8d6126
[INFO] [stdout]                                at /rustc/6067b36314ab5eb2eb47cecc464545ba58e1ad24/library/std/src/../../backtrace/src/backtrace/libunwind.rs:116:5
[INFO] [stdout]    1:     0x60539f81e7ea - std::backtrace_rs::backtrace::trace_unsynchronized::h2da071e4327ce3ee
[INFO] [stdout]                                at /rustc/6067b36314ab5eb2eb47cecc464545ba58e1ad24/library/std/src/../../backtrace/src/backtrace/mod.rs:66:5
[INFO] [stdout]    2:     0x60539f81e7ea - std::sys::backtrace::_print_fmt::h842a1474e6f8d23f
[INFO] [stdout]                                at /rustc/6067b36314ab5eb2eb47cecc464545ba58e1ad24/library/std/src/sys/backtrace.rs:66:9
[INFO] [stdout]    3:     0x60539f81e7ea - <std::sys::backtrace::BacktraceLock::print::DisplayBacktrace as core::fmt::Display>::fmt::h71a62eb3b9696b12
[INFO] [stdout]                                at /rustc/6067b36314ab5eb2eb47cecc464545ba58e1ad24/library/std/src/sys/backtrace.rs:39:26
[INFO] [stdout]    4:     0x60539f846ad3 - core::fmt::rt::Argument::fmt::hdb6b616786b41dc1
[INFO] [stdout]                                at /rustc/6067b36314ab5eb2eb47cecc464545ba58e1ad24/library/core/src/fmt/rt.rs:177:76
[INFO] [stdout]    5:     0x60539f846ad3 - core::fmt::write::h2cc1698af7e2d686
[INFO] [stdout]                                at /rustc/6067b36314ab5eb2eb47cecc464545ba58e1ad24/library/core/src/fmt/mod.rs:1440:21
[INFO] [stdout]    6:     0x60539f81b343 - std::io::Write::write_fmt::hab1b4cd059a79022
[INFO] [stdout]                                at /rustc/6067b36314ab5eb2eb47cecc464545ba58e1ad24/library/std/src/io/mod.rs:1887:15
[INFO] [stdout]    7:     0x60539f81e632 - std::sys::backtrace::BacktraceLock::print::h147fe35b4ea13b08
[INFO] [stdout]                                at /rustc/6067b36314ab5eb2eb47cecc464545ba58e1ad24/library/std/src/sys/backtrace.rs:42:9
[INFO] [stdout]    8:     0x60539f81fc0f - std::panicking::default_hook::{{closure}}::hbd44223dbdc0d208
[INFO] [stdout]                                at /rustc/6067b36314ab5eb2eb47cecc464545ba58e1ad24/library/std/src/panicking.rs:298:22
[INFO] [stdout]    9:     0x60539f81fa28 - std::panicking::default_hook::h20f81eb0576efcec
[INFO] [stdout]                                at /rustc/6067b36314ab5eb2eb47cecc464545ba58e1ad24/library/std/src/panicking.rs:322:9
[INFO] [stdout]   10:     0x60539f7e8843 - <alloc::boxed::Box<F,A> as core::ops::function::Fn<Args>>::call::hdb53814c496a4d34
[INFO] [stdout]                                at /rustc/6067b36314ab5eb2eb47cecc464545ba58e1ad24/library/alloc/src/boxed.rs:2027:9
[INFO] [stdout]   11:     0x60539f7e8843 - test::test_main::{{closure}}::hc0a4963c59427c24
[INFO] [stdout]                                at /rustc/6067b36314ab5eb2eb47cecc464545ba58e1ad24/library/test/src/lib.rs:134:21
[INFO] [stdout]   12:     0x60539f820703 - <alloc::boxed::Box<F,A> as core::ops::function::Fn<Args>>::call::h591b2225413a77e9
[INFO] [stdout]                                at /rustc/6067b36314ab5eb2eb47cecc464545ba58e1ad24/library/alloc/src/boxed.rs:2027:9
[INFO] [stdout]   13:     0x60539f820703 - std::panicking::rust_panic_with_hook::h625eea43051b2edc
[INFO] [stdout]                                at /rustc/6067b36314ab5eb2eb47cecc464545ba58e1ad24/library/std/src/panicking.rs:839:13
[INFO] [stdout]   14:     0x60539f8203ba - std::panicking::begin_panic_handler::{{closure}}::h4f9159cfbc3f6bd3
[INFO] [stdout]                                at /rustc/6067b36314ab5eb2eb47cecc464545ba58e1ad24/library/std/src/panicking.rs:704:13
[INFO] [stdout]   15:     0x60539f81ece9 - std::sys::backtrace::__rust_end_short_backtrace::h0390abce48353151
[INFO] [stdout]                                at /rustc/6067b36314ab5eb2eb47cecc464545ba58e1ad24/library/std/src/sys/backtrace.rs:168:18
[INFO] [stdout]   16:     0x60539f82004d - rust_begin_unwind
[INFO] [stdout]                                at /rustc/6067b36314ab5eb2eb47cecc464545ba58e1ad24/library/std/src/panicking.rs:695:5
[INFO] [stdout]   17:     0x60539f8454e0 - core::panicking::panic_fmt::h9e7c637e9e5f29c9
[INFO] [stdout]                                at /rustc/6067b36314ab5eb2eb47cecc464545ba58e1ad24/library/core/src/panicking.rs:75:14
[INFO] [stdout]   18:     0x60539f8458a2 - core::panicking::assert_failed_inner::h538bec7c1374cd9c
[INFO] [stdout]   19:     0x60539f7a79a0 - core::panicking::assert_failed::h6a81669b4ce32cba
[INFO] [stdout]                                at /rustc/6067b36314ab5eb2eb47cecc464545ba58e1ad24/library/core/src/panicking.rs:364:5
[INFO] [stdout]   20:     0x60539f7ae744 - _rust_minigrep::tests::case_insensitive::hfcc5bc20d94709e3
[INFO] [stdout]                                at /opt/rustwide/workdir/apps/rust/minigrep/src/lib.rs:83:9
[INFO] [stdout]   21:     0x60539f7ae5b7 - _rust_minigrep::tests::case_insensitive::{{closure}}::h941008a645253713
[INFO] [stdout]                                at /opt/rustwide/workdir/apps/rust/minigrep/src/lib.rs:75:26
[INFO] [stdout]   22:     0x60539f7ac756 - core::ops::function::FnOnce::call_once::hc87b47380ebc6f2e
[INFO] [stdout]                                at /rustc/6067b36314ab5eb2eb47cecc464545ba58e1ad24/library/core/src/ops/function.rs:250:5
[INFO] [stdout]   23:     0x60539f7edf9b - core::ops::function::FnOnce::call_once::he27718dfdd183f43
[INFO] [stdout]                                at /rustc/6067b36314ab5eb2eb47cecc464545ba58e1ad24/library/core/src/ops/function.rs:250:5
[INFO] [stdout]   24:     0x60539f7edf9b - test::__rust_begin_short_backtrace::h4e84902998457a5d
[INFO] [stdout]                                at /rustc/6067b36314ab5eb2eb47cecc464545ba58e1ad24/library/test/src/lib.rs:632:18
[INFO] [stdout]   25:     0x60539f7eced3 - test::run_test_in_process::{{closure}}::h7176fd18fc1feca0
[INFO] [stdout]                                at /rustc/6067b36314ab5eb2eb47cecc464545ba58e1ad24/library/test/src/lib.rs:655:60
[INFO] [stdout]   26:     0x60539f7eced3 - <core::panic::unwind_safe::AssertUnwindSafe<F> as core::ops::function::FnOnce<()>>::call_once::hf79cff2a624d8cf7
[INFO] [stdout]                                at /rustc/6067b36314ab5eb2eb47cecc464545ba58e1ad24/library/core/src/panic/unwind_safe.rs:272:9
[INFO] [stdout]   27:     0x60539f7eced3 - std::panicking::try::do_call::h3da0561d9ab99c25
[INFO] [stdout]                                at /rustc/6067b36314ab5eb2eb47cecc464545ba58e1ad24/library/std/src/panicking.rs:587:40
[INFO] [stdout]   28:     0x60539f7eced3 - std::panicking::try::h41c9fa508bc61df6
[INFO] [stdout]                                at /rustc/6067b36314ab5eb2eb47cecc464545ba58e1ad24/library/std/src/panicking.rs:550:19
[INFO] [stdout]   29:     0x60539f7eced3 - std::panic::catch_unwind::h6b3ff07bb5afad93
[INFO] [stdout]                                at /rustc/6067b36314ab5eb2eb47cecc464545ba58e1ad24/library/std/src/panic.rs:358:14
[INFO] [stdout]   30:     0x60539f7eced3 - test::run_test_in_process::hc7253dd11b39b9f4
[INFO] [stdout]                                at /rustc/6067b36314ab5eb2eb47cecc464545ba58e1ad24/library/test/src/lib.rs:655:27
[INFO] [stdout]   31:     0x60539f7eced3 - test::run_test::{{closure}}::hfb2007f8649c30bb
[INFO] [stdout]                                at /rustc/6067b36314ab5eb2eb47cecc464545ba58e1ad24/library/test/src/lib.rs:576:43
[INFO] [stdout]   32:     0x60539f7affb5 - test::run_test::{{closure}}::h56a17aa7a282a9f4
[INFO] [stdout]                                at /rustc/6067b36314ab5eb2eb47cecc464545ba58e1ad24/library/test/src/lib.rs:606:41
[INFO] [stdout]   33:     0x60539f7affb5 - std::sys::backtrace::__rust_begin_short_backtrace::hd2d2d2fb8e8c6aac
[INFO] [stdout]                                at /rustc/6067b36314ab5eb2eb47cecc464545ba58e1ad24/library/std/src/sys/backtrace.rs:152:18
[INFO] [stdout]   34:     0x60539f7b389a - std::thread::Builder::spawn_unchecked_::{{closure}}::{{closure}}::h4faa3f9db6133423
[INFO] [stdout]                                at /rustc/6067b36314ab5eb2eb47cecc464545ba58e1ad24/library/std/src/thread/mod.rs:559:17
[INFO] [stdout]   35:     0x60539f7b389a - <core::panic::unwind_safe::AssertUnwindSafe<F> as core::ops::function::FnOnce<()>>::call_once::hf2e855a36a4ea846
[INFO] [stdout]                                at /rustc/6067b36314ab5eb2eb47cecc464545ba58e1ad24/library/core/src/panic/unwind_safe.rs:272:9
[INFO] [stdout]   36:     0x60539f7b389a - std::panicking::try::do_call::h2f73af3616c35465
[INFO] [stdout]                                at /rustc/6067b36314ab5eb2eb47cecc464545ba58e1ad24/library/std/src/panicking.rs:587:40
[INFO] [stdout]   37:     0x60539f7b389a - std::panicking::try::hd1660ce9efadef5a
[INFO] [stdout]                                at /rustc/6067b36314ab5eb2eb47cecc464545ba58e1ad24/library/std/src/panicking.rs:550:19
[INFO] [stdout]   38:     0x60539f7b389a - std::panic::catch_unwind::h5ee8d7823b8ca744
[INFO] [stdout]                                at /rustc/6067b36314ab5eb2eb47cecc464545ba58e1ad24/library/std/src/panic.rs:358:14
[INFO] [stdout]   39:     0x60539f7b389a - std::thread::Builder::spawn_unchecked_::{{closure}}::h53c3a1894dce8407
[INFO] [stdout]                                at /rustc/6067b36314ab5eb2eb47cecc464545ba58e1ad24/library/std/src/thread/mod.rs:557:30
[INFO] [stdout]   40:     0x60539f7b389a - core::ops::function::FnOnce::call_once{{vtable.shim}}::h048ce291ad4f62bf
[INFO] [stdout]                                at /rustc/6067b36314ab5eb2eb47cecc464545ba58e1ad24/library/core/src/ops/function.rs:250:5
[INFO] [stdout]   41:     0x60539f82463b - <alloc::boxed::Box<F,A> as core::ops::function::FnOnce<Args>>::call_once::ha52bedf99a3b4981
[INFO] [stdout]                                at /rustc/6067b36314ab5eb2eb47cecc464545ba58e1ad24/library/alloc/src/boxed.rs:2013:9
[INFO] [stdout]   42:     0x60539f82463b - <alloc::boxed::Box<F,A> as core::ops::function::FnOnce<Args>>::call_once::h567748934d80ccf8
[INFO] [stdout]                                at /rustc/6067b36314ab5eb2eb47cecc464545ba58e1ad24/library/alloc/src/boxed.rs:2013:9
[INFO] [stdout]   43:     0x60539f82463b - std::sys::pal::unix::thread::Thread::new::thread_start::h2d970728ae887adc
[INFO] [stdout]                                at /rustc/6067b36314ab5eb2eb47cecc464545ba58e1ad24/library/std/src/sys/pal/unix/thread.rs:106:17
[INFO] [stdout]   44:     0x75ab1c29bac3 - <unknown>
[INFO] [stdout]   45:     0x75ab1c32ca04 - clone
[INFO] [stdout]   46:                0x0 - <unknown>
[INFO] [stdout] 
[INFO] [stdout] 
[INFO] [stdout] failures:
[INFO] [stdout]     tests::case_insensitive
[INFO] [stdout] 
[INFO] [stdout] test result: FAILED. 1 passed; 1 failed; 0 ignored; 0 measured; 0 filtered out; finished in 0.02s
[INFO] [stdout] 
[INFO] [stderr] error: test failed, to rerun pass `-p _rust_minigrep --lib`
[INFO] running `Command { std: "docker" "inspect" "b1fc112510b27987466b3ef6636aa441e896296d6c0c37fe538786a8c92014f1", kill_on_drop: false }`
[INFO] running `Command { std: "docker" "rm" "-f" "b1fc112510b27987466b3ef6636aa441e896296d6c0c37fe538786a8c92014f1", kill_on_drop: false }`
[INFO] [stdout] b1fc112510b27987466b3ef6636aa441e896296d6c0c37fe538786a8c92014f1
