[INFO] cloning repository https://github.com/iamorozov/advent2024-Rust
[INFO] running `Command { std: "git" "-c" "credential.helper=" "-c" "credential.helper=/workspace/cargo-home/bin/git-credential-null" "clone" "--bare" "https://github.com/iamorozov/advent2024-Rust" "/workspace/cache/git-repos/https%3A%2F%2Fgithub.com%2Fiamorozov%2Fadvent2024-Rust", kill_on_drop: false }`
[INFO] [stderr] Cloning into bare repository '/workspace/cache/git-repos/https%3A%2F%2Fgithub.com%2Fiamorozov%2Fadvent2024-Rust'...
[INFO] running `Command { std: "git" "rev-parse" "HEAD", kill_on_drop: false }`
[INFO] [stdout] 92fa0f6bdb0c724f0f8e7f371080498d3b29283f
[INFO] testing iamorozov/advent2024-Rust against nightly-2025-01-18+rustflags=-Zrandomize-layout for randomize-layout-2
[INFO] running `Command { std: "git" "clone" "/workspace/cache/git-repos/https%3A%2F%2Fgithub.com%2Fiamorozov%2Fadvent2024-Rust" "/workspace/builds/worker-6-tc2/source", kill_on_drop: false }`
[INFO] [stderr] Cloning into '/workspace/builds/worker-6-tc2/source'...
[INFO] [stderr] done.
[INFO] validating manifest of git repo https://github.com/iamorozov/advent2024-Rust on toolchain nightly-2025-01-18
[INFO] running `Command { std: CARGO_HOME="/workspace/cargo-home" RUSTUP_HOME="/workspace/rustup-home" "/workspace/cargo-home/bin/cargo" "+nightly-2025-01-18" "metadata" "--manifest-path" "Cargo.toml" "--no-deps", kill_on_drop: false }`
[INFO] removed /workspace/builds/worker-6-tc2/source/.cargo/config.toml
[INFO] started tweaking git repo https://github.com/iamorozov/advent2024-Rust
[INFO] finished tweaking git repo https://github.com/iamorozov/advent2024-Rust
[INFO] tweaked toml for git repo https://github.com/iamorozov/advent2024-Rust written to /workspace/builds/worker-6-tc2/source/Cargo.toml
[INFO] crate git repo https://github.com/iamorozov/advent2024-Rust already has a lockfile, it will not be regenerated
[INFO] running `Command { std: CARGO_HOME="/workspace/cargo-home" RUSTUP_HOME="/workspace/rustup-home" "/workspace/cargo-home/bin/cargo" "+nightly-2025-01-18" "fetch" "--manifest-path" "Cargo.toml", kill_on_drop: false }`
[INFO] running `Command { std: "docker" "create" "-v" "/var/lib/crater-agent-workspace/builds/worker-6-tc2/target:/opt/rustwide/target:rw,Z" "-v" "/var/lib/crater-agent-workspace/builds/worker-6-tc2/source:/opt/rustwide/workdir:ro,Z" "-v" "/var/lib/crater-agent-workspace/cargo-home:/opt/rustwide/cargo-home:ro,Z" "-v" "/var/lib/crater-agent-workspace/rustup-home:/opt/rustwide/rustup-home:ro,Z" "-e" "SOURCE_DIR=/opt/rustwide/workdir" "-e" "CARGO_TARGET_DIR=/opt/rustwide/target" "-e" "CARGO_HOME=/opt/rustwide/cargo-home" "-e" "RUSTUP_HOME=/opt/rustwide/rustup-home" "-w" "/opt/rustwide/workdir" "-m" "1610612736" "--user" "0:0" "--network" "none" "ghcr.io/rust-lang/crates-build-env/linux@sha256:819108c5571ea2e421544af4d832f968d213c87fbe3707a016657f43d2f853bc" "/opt/rustwide/cargo-home/bin/cargo" "+nightly-2025-01-18" "metadata" "--no-deps" "--format-version=1", kill_on_drop: false }`
[INFO] [stdout] ac3313917394c25100bfaf63cf92a68c360554695eb56e9ac172e550723ce787
[INFO] running `Command { std: "docker" "start" "-a" "ac3313917394c25100bfaf63cf92a68c360554695eb56e9ac172e550723ce787", kill_on_drop: false }`
[INFO] running `Command { std: "docker" "inspect" "ac3313917394c25100bfaf63cf92a68c360554695eb56e9ac172e550723ce787", kill_on_drop: false }`
[INFO] running `Command { std: "docker" "rm" "-f" "ac3313917394c25100bfaf63cf92a68c360554695eb56e9ac172e550723ce787", kill_on_drop: false }`
[INFO] [stdout] ac3313917394c25100bfaf63cf92a68c360554695eb56e9ac172e550723ce787
[INFO] running `Command { std: "docker" "create" "-v" "/var/lib/crater-agent-workspace/builds/worker-6-tc2/target:/opt/rustwide/target:rw,Z" "-v" "/var/lib/crater-agent-workspace/builds/worker-6-tc2/source:/opt/rustwide/workdir:ro,Z" "-v" "/var/lib/crater-agent-workspace/cargo-home:/opt/rustwide/cargo-home:ro,Z" "-v" "/var/lib/crater-agent-workspace/rustup-home:/opt/rustwide/rustup-home:ro,Z" "-e" "SOURCE_DIR=/opt/rustwide/workdir" "-e" "CARGO_TARGET_DIR=/opt/rustwide/target" "-e" "CARGO_INCREMENTAL=0" "-e" "RUST_BACKTRACE=full" "-e" "RUSTFLAGS=--cap-lints=forbid -Zrandomize-layout" "-e" "RUSTDOCFLAGS=--cap-lints=forbid" "-e" "CARGO_HOME=/opt/rustwide/cargo-home" "-e" "RUSTUP_HOME=/opt/rustwide/rustup-home" "-w" "/opt/rustwide/workdir" "-m" "1610612736" "--user" "0:0" "--network" "none" "ghcr.io/rust-lang/crates-build-env/linux@sha256:819108c5571ea2e421544af4d832f968d213c87fbe3707a016657f43d2f853bc" "/opt/rustwide/cargo-home/bin/cargo" "+nightly-2025-01-18" "build" "--frozen" "--message-format=json", kill_on_drop: false }`
[INFO] [stdout] 74dc5bbcc519b372593850e9d070cf8aea5f0ccb670fe9023562aa7f1e7d8cdf
[INFO] running `Command { std: "docker" "start" "-a" "74dc5bbcc519b372593850e9d070cf8aea5f0ccb670fe9023562aa7f1e7d8cdf", kill_on_drop: false }`
[INFO] [stderr]    Compiling proc-macro2 v1.0.70
[INFO] [stderr]    Compiling libc v0.2.167
[INFO] [stderr]    Compiling version_check v0.9.5
[INFO] [stderr]    Compiling syn v1.0.109
[INFO] [stderr]    Compiling memchr v2.6.4
[INFO] [stderr]    Compiling once_cell v1.19.0
[INFO] [stderr]    Compiling unicode-segmentation v1.12.0
[INFO] [stderr]    Compiling regex-syntax v0.8.5
[INFO] [stderr]    Compiling unicode-xid v0.2.6
[INFO] [stderr]    Compiling strsim v0.10.0
[INFO] [stderr]    Compiling regex-syntax v0.6.29
[INFO] [stderr]    Compiling ahash v0.7.8
[INFO] [stderr]    Compiling convert_case v0.6.0
[INFO] [stderr]    Compiling unicode-width v0.1.12
[INFO] [stderr]    Compiling either v1.13.0
[INFO] [stderr]    Compiling tinyjson v2.5.1
[INFO] [stderr]    Compiling quote v1.0.33
[INFO] [stderr]    Compiling aho-corasick v1.1.3
[INFO] [stderr]    Compiling const_format_proc_macros v0.2.31
[INFO] [stderr]    Compiling syn v2.0.39
[INFO] [stderr]    Compiling getrandom v0.2.15
[INFO] [stderr]    Compiling itertools v0.13.0
[INFO] [stderr]    Compiling hashbrown v0.12.3
[INFO] [stderr]    Compiling const_format v0.2.31
[INFO] [stderr]    Compiling pico-args v0.5.0
[INFO] [stderr]    Compiling regex-automata v0.4.9
[INFO] [stderr]    Compiling lru v0.7.8
[INFO] [stderr]    Compiling sscanf_macro v0.4.2
[INFO] [stderr]    Compiling memoize-inner v0.4.3
[INFO] [stderr]    Compiling regex v1.11.1
[INFO] [stderr]    Compiling memoize v0.4.2
[INFO] [stderr]    Compiling sscanf v0.4.2
[INFO] [stderr]    Compiling advent_of_code v0.11.0 (/opt/rustwide/workdir)
[INFO] [stdout] warning: unused import: `std::cmp::min`
[INFO] [stdout]  --> src/bin/15.rs:1:5
[INFO] [stdout]   |
[INFO] [stdout] 1 | use std::cmp::min;
[INFO] [stdout]   |     ^^^^^^^^^^^^^
[INFO] [stdout]   |
[INFO] [stdout]   = note: `#[warn(unused_imports)]` on by default
[INFO] [stdout] 
[INFO] [stdout] 
[INFO] [stdout] warning: unused import: `itertools::Itertools`
[INFO] [stdout]  --> src/bin/20.rs:7:5
[INFO] [stdout]   |
[INFO] [stdout] 7 | use itertools::Itertools;
[INFO] [stdout]   |     ^^^^^^^^^^^^^^^^^^^^
[INFO] [stdout]   |
[INFO] [stdout]   = note: `#[warn(unused_imports)]` on by default
[INFO] [stdout] 
[INFO] [stdout] 
[INFO] [stdout] warning: variable does not need to be mutable
[INFO] [stdout]   --> src/bin/20.rs:10:9
[INFO] [stdout]    |
[INFO] [stdout] 10 |     let mut maze = get_char_matrix(input);
[INFO] [stdout]    |         ----^^^^
[INFO] [stdout]    |         |
[INFO] [stdout]    |         help: remove this `mut`
[INFO] [stdout]    |
[INFO] [stdout]    = note: `#[warn(unused_mut)]` on by default
[INFO] [stdout] 
[INFO] [stdout] 
[INFO] [stdout] warning: variable does not need to be mutable
[INFO] [stdout]   --> src/bin/20.rs:87:9
[INFO] [stdout]    |
[INFO] [stdout] 87 |     let mut maze = get_char_matrix(input);
[INFO] [stdout]    |         ----^^^^
[INFO] [stdout]    |         |
[INFO] [stdout]    |         help: remove this `mut`
[INFO] [stdout] 
[INFO] [stdout] 
[INFO] [stdout] warning: unused variable: `dir`
[INFO] [stdout]    --> src/bin/16.rs:187:19
[INFO] [stdout]     |
[INFO] [stdout] 187 |     .min_by_key(|(dir, (v, _))| *v)
[INFO] [stdout]     |                   ^^^ help: if this is intentional, prefix it with an underscore: `_dir`
[INFO] [stdout]     |
[INFO] [stdout]     = note: `#[warn(unused_variables)]` on by default
[INFO] [stdout] 
[INFO] [stdout] 
[INFO] [stdout] warning: unused variable: `input`
[INFO] [stdout]   --> src/bin/25.rs:42:17
[INFO] [stdout]    |
[INFO] [stdout] 42 | pub fn part_two(input: &str) -> Option<u32> {
[INFO] [stdout]    |                 ^^^^^ help: if this is intentional, prefix it with an underscore: `_input`
[INFO] [stdout]    |
[INFO] [stdout]    = note: `#[warn(unused_variables)]` on by default
[INFO] [stdout] 
[INFO] [stdout] 
[INFO] [stdout] warning: variable does not need to be mutable
[INFO] [stdout]    --> src/bin/16.rs:115:25
[INFO] [stdout]     |
[INFO] [stdout] 115 | fn shortest_paths_tiles(mut map: Vec<Vec<char>>) -> usize {
[INFO] [stdout]     |                         ----^^^
[INFO] [stdout]     |                         |
[INFO] [stdout]     |                         help: remove this `mut`
[INFO] [stdout]     |
[INFO] [stdout]     = note: `#[warn(unused_mut)]` on by default
[INFO] [stdout] 
[INFO] [stdout] 
[INFO] [stdout] warning: unused import: `result`
[INFO] [stdout]  --> src/bin/24.rs:1:33
[INFO] [stdout]   |
[INFO] [stdout] 1 | use std::{collections::HashMap, result};
[INFO] [stdout]   |                                 ^^^^^^
[INFO] [stdout]   |
[INFO] [stdout]   = note: `#[warn(unused_imports)]` on by default
[INFO] [stdout] 
[INFO] [stdout] 
[INFO] [stdout] warning: variable does not need to be mutable
[INFO] [stdout]   --> src/bin/24.rs:38:9
[INFO] [stdout]    |
[INFO] [stdout] 38 |     let mut gates: HashMap<String, Gate> = input.lines().skip(p + 1)
[INFO] [stdout]    |         ----^^^^^
[INFO] [stdout]    |         |
[INFO] [stdout]    |         help: remove this `mut`
[INFO] [stdout]    |
[INFO] [stdout]    = note: `#[warn(unused_mut)]` on by default
[INFO] [stdout] 
[INFO] [stdout] 
[INFO] [stdout] warning: unused variable: `wires`
[INFO] [stdout]   --> src/bin/24.rs:88:10
[INFO] [stdout]    |
[INFO] [stdout] 88 |     let (wires, gates) = get_wires_and_gates(input);
[INFO] [stdout]    |          ^^^^^ help: if this is intentional, prefix it with an underscore: `_wires`
[INFO] [stdout]    |
[INFO] [stdout]    = note: `#[warn(unused_variables)]` on by default
[INFO] [stdout] 
[INFO] [stdout] 
[INFO] [stdout] warning: unused import: `HashSet`
[INFO] [stdout]  --> src/bin/18.rs:2:61
[INFO] [stdout]   |
[INFO] [stdout] 2 | use std::{cmp::Ordering, collections::{BinaryHeap, HashMap, HashSet}};
[INFO] [stdout]   |                                                             ^^^^^^^
[INFO] [stdout]   |
[INFO] [stdout]   = note: `#[warn(unused_imports)]` on by default
[INFO] [stdout] 
[INFO] [stdout] 
[INFO] [stdout] warning: unused imports: `cmp::max` and `hash::Hash`
[INFO] [stdout]  --> src/bin/22.rs:1:11
[INFO] [stdout]   |
[INFO] [stdout] 1 | use std::{cmp::max, collections::HashMap, hash::Hash};
[INFO] [stdout]   |           ^^^^^^^^                        ^^^^^^^^^^
[INFO] [stdout]   |
[INFO] [stdout]   = note: `#[warn(unused_imports)]` on by default
[INFO] [stdout] 
[INFO] [stdout] 
[INFO] [stdout] warning: unused imports: `hash::Hash`, `mem`, and `result`
[INFO] [stdout]  --> src/bin/19.rs:1:43
[INFO] [stdout]   |
[INFO] [stdout] 1 | use std::{cmp::min, collections::HashSet, hash::Hash, mem, result};
[INFO] [stdout]   |                                           ^^^^^^^^^^  ^^^  ^^^^^^
[INFO] [stdout]   |
[INFO] [stdout]   = note: `#[warn(unused_imports)]` on by default
[INFO] [stdout] 
[INFO] [stdout] 
[INFO] [stdout] warning: unused import: `std::result`
[INFO] [stdout]  --> src/bin/17.rs:1:5
[INFO] [stdout]   |
[INFO] [stdout] 1 | use std::result;
[INFO] [stdout]   |     ^^^^^^^^^^^
[INFO] [stdout]   |
[INFO] [stdout]   = note: `#[warn(unused_imports)]` on by default
[INFO] [stdout] 
[INFO] [stdout] 
[INFO] [stdout] warning: variable does not need to be mutable
[INFO] [stdout]   --> src/bin/17.rs:10:9
[INFO] [stdout]    |
[INFO] [stdout] 10 |     let mut A = sscanf::sscanf!(&lines[0], "Register A: {}", i64).unwrap();
[INFO] [stdout]    |         ----^
[INFO] [stdout]    |         |
[INFO] [stdout]    |         help: remove this `mut`
[INFO] [stdout]    |
[INFO] [stdout]    = note: `#[warn(unused_mut)]` on by default
[INFO] [stdout] 
[INFO] [stdout] 
[INFO] [stdout] warning: variable does not need to be mutable
[INFO] [stdout]   --> src/bin/17.rs:11:9
[INFO] [stdout]    |
[INFO] [stdout] 11 |     let mut B = sscanf::sscanf!(&lines[1], "Register B: {}", i64).unwrap();
[INFO] [stdout]    |         ----^
[INFO] [stdout]    |         |
[INFO] [stdout]    |         help: remove this `mut`
[INFO] [stdout] 
[INFO] [stdout] 
[INFO] [stdout] warning: variable does not need to be mutable
[INFO] [stdout]   --> src/bin/17.rs:12:9
[INFO] [stdout]    |
[INFO] [stdout] 12 |     let mut C = sscanf::sscanf!(&lines[2], "Register C: {}", i64).unwrap();
[INFO] [stdout]    |         ----^
[INFO] [stdout]    |         |
[INFO] [stdout]    |         help: remove this `mut`
[INFO] [stdout] 
[INFO] [stdout] 
[INFO] [stdout] warning: variable `A` should have a snake case name
[INFO] [stdout]   --> src/bin/17.rs:10:13
[INFO] [stdout]    |
[INFO] [stdout] 10 |     let mut A = sscanf::sscanf!(&lines[0], "Register A: {}", i64).unwrap();
[INFO] [stdout]    |             ^ help: convert the identifier to snake case: `a`
[INFO] [stdout]    |
[INFO] [stdout]    = note: `#[warn(non_snake_case)]` on by default
[INFO] [stdout] 
[INFO] [stdout] 
[INFO] [stdout] warning: variable `B` should have a snake case name
[INFO] [stdout]   --> src/bin/17.rs:11:13
[INFO] [stdout]    |
[INFO] [stdout] 11 |     let mut B = sscanf::sscanf!(&lines[1], "Register B: {}", i64).unwrap();
[INFO] [stdout]    |             ^ help: convert the identifier to snake case: `b`
[INFO] [stdout] 
[INFO] [stdout] 
[INFO] [stdout] warning: variable `C` should have a snake case name
[INFO] [stdout]   --> src/bin/17.rs:12:13
[INFO] [stdout]    |
[INFO] [stdout] 12 |     let mut C = sscanf::sscanf!(&lines[2], "Register C: {}", i64).unwrap();
[INFO] [stdout]    |             ^ help: convert the identifier to snake case (notice the capitalization): `c`
[INFO] [stdout] 
[INFO] [stdout] 
[INFO] [stdout] warning: variable `A` should have a snake case name
[INFO] [stdout]   --> src/bin/17.rs:26:33
[INFO] [stdout]    |
[INFO] [stdout] 26 | fn eval(program: &Vec<i64>, mut A: i64, mut B: i64, mut C: i64) -> Vec<i64> {
[INFO] [stdout]    |                                 ^ help: convert the identifier to snake case: `a`
[INFO] [stdout] 
[INFO] [stdout] 
[INFO] [stdout] warning: variable `B` should have a snake case name
[INFO] [stdout]   --> src/bin/17.rs:26:45
[INFO] [stdout]    |
[INFO] [stdout] 26 | fn eval(program: &Vec<i64>, mut A: i64, mut B: i64, mut C: i64) -> Vec<i64> {
[INFO] [stdout]    |                                             ^ help: convert the identifier to snake case: `b`
[INFO] [stdout] 
[INFO] [stdout] 
[INFO] [stdout] warning: variable `C` should have a snake case name
[INFO] [stdout]   --> src/bin/17.rs:26:57
[INFO] [stdout]    |
[INFO] [stdout] 26 | fn eval(program: &Vec<i64>, mut A: i64, mut B: i64, mut C: i64) -> Vec<i64> {
[INFO] [stdout]    |                                                         ^ help: convert the identifier to snake case (notice the capitalization): `c`
[INFO] [stdout] 
[INFO] [stdout] 
[INFO] [stdout] warning: variable `A` should have a snake case name
[INFO] [stdout]   --> src/bin/17.rs:63:24
[INFO] [stdout]    |
[INFO] [stdout] 63 | fn combo(operand: i64, A: i64, B: i64, C: i64) -> i64 {
[INFO] [stdout]    |                        ^ help: convert the identifier to snake case: `a`
[INFO] [stdout] 
[INFO] [stdout] 
[INFO] [stdout] warning: variable `B` should have a snake case name
[INFO] [stdout]   --> src/bin/17.rs:63:32
[INFO] [stdout]    |
[INFO] [stdout] 63 | fn combo(operand: i64, A: i64, B: i64, C: i64) -> i64 {
[INFO] [stdout]    |                                ^ help: convert the identifier to snake case: `b`
[INFO] [stdout] 
[INFO] [stdout] 
[INFO] [stdout] warning: variable `C` should have a snake case name
[INFO] [stdout]   --> src/bin/17.rs:63:40
[INFO] [stdout]    |
[INFO] [stdout] 63 | fn combo(operand: i64, A: i64, B: i64, C: i64) -> i64 {
[INFO] [stdout]    |                                        ^ help: convert the identifier to snake case (notice the capitalization): `c`
[INFO] [stdout] 
[INFO] [stdout] 
[INFO] [stdout] warning: variable `A` should have a snake case name
[INFO] [stdout]    --> src/bin/17.rs:110:13
[INFO] [stdout]     |
[INFO] [stdout] 110 |         let A: i64 = factors.iter().enumerate().map(|(index, v)| v * 2i64.pow(3 * index as u32)).sum();
[INFO] [stdout]     |             ^ help: convert the identifier to snake case: `a`
[INFO] [stdout] 
[INFO] [stdout] 
[INFO] [stderr]     Finished `dev` profile [unoptimized + debuginfo] target(s) in 32.13s
[INFO] running `Command { std: "docker" "inspect" "74dc5bbcc519b372593850e9d070cf8aea5f0ccb670fe9023562aa7f1e7d8cdf", kill_on_drop: false }`
[INFO] running `Command { std: "docker" "rm" "-f" "74dc5bbcc519b372593850e9d070cf8aea5f0ccb670fe9023562aa7f1e7d8cdf", kill_on_drop: false }`
[INFO] [stdout] 74dc5bbcc519b372593850e9d070cf8aea5f0ccb670fe9023562aa7f1e7d8cdf
[INFO] running `Command { std: "docker" "create" "-v" "/var/lib/crater-agent-workspace/builds/worker-6-tc2/target:/opt/rustwide/target:rw,Z" "-v" "/var/lib/crater-agent-workspace/builds/worker-6-tc2/source:/opt/rustwide/workdir:ro,Z" "-v" "/var/lib/crater-agent-workspace/cargo-home:/opt/rustwide/cargo-home:ro,Z" "-v" "/var/lib/crater-agent-workspace/rustup-home:/opt/rustwide/rustup-home:ro,Z" "-e" "SOURCE_DIR=/opt/rustwide/workdir" "-e" "CARGO_TARGET_DIR=/opt/rustwide/target" "-e" "CARGO_INCREMENTAL=0" "-e" "RUST_BACKTRACE=full" "-e" "RUSTFLAGS=--cap-lints=forbid -Zrandomize-layout" "-e" "RUSTDOCFLAGS=--cap-lints=forbid" "-e" "CARGO_HOME=/opt/rustwide/cargo-home" "-e" "RUSTUP_HOME=/opt/rustwide/rustup-home" "-w" "/opt/rustwide/workdir" "-m" "1610612736" "--user" "0:0" "--network" "none" "ghcr.io/rust-lang/crates-build-env/linux@sha256:819108c5571ea2e421544af4d832f968d213c87fbe3707a016657f43d2f853bc" "/opt/rustwide/cargo-home/bin/cargo" "+nightly-2025-01-18" "test" "--frozen" "--no-run" "--message-format=json", kill_on_drop: false }`
[INFO] [stdout] 1b9779da9476519ffae59f9a40f816c3b64975089fd8b2ffda0a4499710036df
[INFO] running `Command { std: "docker" "start" "-a" "1b9779da9476519ffae59f9a40f816c3b64975089fd8b2ffda0a4499710036df", kill_on_drop: false }`
[INFO] [stderr]    Compiling advent_of_code v0.11.0 (/opt/rustwide/workdir)
[INFO] [stdout] warning: unused imports: `cmp::max` and `hash::Hash`
[INFO] [stdout]  --> src/bin/22.rs:1:11
[INFO] [stdout]   |
[INFO] [stdout] 1 | use std::{cmp::max, collections::HashMap, hash::Hash};
[INFO] [stdout]   |           ^^^^^^^^                        ^^^^^^^^^^
[INFO] [stdout]   |
[INFO] [stdout]   = note: `#[warn(unused_imports)]` on by default
[INFO] [stdout] 
[INFO] [stdout] 
[INFO] [stdout] warning: unused imports: `hash::Hash`, `mem`, and `result`
[INFO] [stdout]  --> src/bin/19.rs:1:43
[INFO] [stdout]   |
[INFO] [stdout] 1 | use std::{cmp::min, collections::HashSet, hash::Hash, mem, result};
[INFO] [stdout]   |                                           ^^^^^^^^^^  ^^^  ^^^^^^
[INFO] [stdout]   |
[INFO] [stdout]   = note: `#[warn(unused_imports)]` on by default
[INFO] [stdout] 
[INFO] [stdout] 
[INFO] [stdout] warning: unused variable: `dir`
[INFO] [stdout]    --> src/bin/16.rs:187:19
[INFO] [stdout]     |
[INFO] [stdout] 187 |     .min_by_key(|(dir, (v, _))| *v)
[INFO] [stdout]     |                   ^^^ help: if this is intentional, prefix it with an underscore: `_dir`
[INFO] [stdout]     |
[INFO] [stdout]     = note: `#[warn(unused_variables)]` on by default
[INFO] [stdout] 
[INFO] [stdout] 
[INFO] [stdout] warning: variable does not need to be mutable
[INFO] [stdout]    --> src/bin/16.rs:115:25
[INFO] [stdout]     |
[INFO] [stdout] 115 | fn shortest_paths_tiles(mut map: Vec<Vec<char>>) -> usize {
[INFO] [stdout]     |                         ----^^^
[INFO] [stdout]     |                         |
[INFO] [stdout]     |                         help: remove this `mut`
[INFO] [stdout]     |
[INFO] [stdout]     = note: `#[warn(unused_mut)]` on by default
[INFO] [stdout] 
[INFO] [stdout] 
[INFO] [stdout] warning: unused import: `std::cmp::min`
[INFO] [stdout]  --> src/bin/15.rs:1:5
[INFO] [stdout]   |
[INFO] [stdout] 1 | use std::cmp::min;
[INFO] [stdout]   |     ^^^^^^^^^^^^^
[INFO] [stdout]   |
[INFO] [stdout]   = note: `#[warn(unused_imports)]` on by default
[INFO] [stdout] 
[INFO] [stdout] 
[INFO] [stdout] warning: unused variable: `input`
[INFO] [stdout]   --> src/bin/25.rs:42:17
[INFO] [stdout]    |
[INFO] [stdout] 42 | pub fn part_two(input: &str) -> Option<u32> {
[INFO] [stdout]    |                 ^^^^^ help: if this is intentional, prefix it with an underscore: `_input`
[INFO] [stdout]    |
[INFO] [stdout]    = note: `#[warn(unused_variables)]` on by default
[INFO] [stdout] 
[INFO] [stdout] 
[INFO] [stdout] warning: unused import: `std::result`
[INFO] [stdout]  --> src/bin/17.rs:1:5
[INFO] [stdout]   |
[INFO] [stdout] 1 | use std::result;
[INFO] [stdout]   |     ^^^^^^^^^^^
[INFO] [stdout]   |
[INFO] [stdout]   = note: `#[warn(unused_imports)]` on by default
[INFO] [stdout] 
[INFO] [stdout] 
[INFO] [stdout] warning: variable does not need to be mutable
[INFO] [stdout]   --> src/bin/17.rs:10:9
[INFO] [stdout]    |
[INFO] [stdout] 10 |     let mut A = sscanf::sscanf!(&lines[0], "Register A: {}", i64).unwrap();
[INFO] [stdout]    |         ----^
[INFO] [stdout]    |         |
[INFO] [stdout]    |         help: remove this `mut`
[INFO] [stdout]    |
[INFO] [stdout]    = note: `#[warn(unused_mut)]` on by default
[INFO] [stdout] 
[INFO] [stdout] 
[INFO] [stdout] warning: variable does not need to be mutable
[INFO] [stdout]   --> src/bin/17.rs:11:9
[INFO] [stdout]    |
[INFO] [stdout] 11 |     let mut B = sscanf::sscanf!(&lines[1], "Register B: {}", i64).unwrap();
[INFO] [stdout]    |         ----^
[INFO] [stdout]    |         |
[INFO] [stdout]    |         help: remove this `mut`
[INFO] [stdout] 
[INFO] [stdout] 
[INFO] [stdout] warning: variable does not need to be mutable
[INFO] [stdout]   --> src/bin/17.rs:12:9
[INFO] [stdout]    |
[INFO] [stdout] 12 |     let mut C = sscanf::sscanf!(&lines[2], "Register C: {}", i64).unwrap();
[INFO] [stdout]    |         ----^
[INFO] [stdout]    |         |
[INFO] [stdout]    |         help: remove this `mut`
[INFO] [stdout] 
[INFO] [stdout] 
[INFO] [stdout] warning: variable `A` should have a snake case name
[INFO] [stdout]   --> src/bin/17.rs:10:13
[INFO] [stdout]    |
[INFO] [stdout] 10 |     let mut A = sscanf::sscanf!(&lines[0], "Register A: {}", i64).unwrap();
[INFO] [stdout]    |             ^ help: convert the identifier to snake case: `a`
[INFO] [stdout]    |
[INFO] [stdout]    = note: `#[warn(non_snake_case)]` on by default
[INFO] [stdout] 
[INFO] [stdout] 
[INFO] [stdout] warning: variable `B` should have a snake case name
[INFO] [stdout]   --> src/bin/17.rs:11:13
[INFO] [stdout]    |
[INFO] [stdout] 11 |     let mut B = sscanf::sscanf!(&lines[1], "Register B: {}", i64).unwrap();
[INFO] [stdout]    |             ^ help: convert the identifier to snake case: `b`
[INFO] [stdout] 
[INFO] [stdout] 
[INFO] [stdout] warning: variable `C` should have a snake case name
[INFO] [stdout]   --> src/bin/17.rs:12:13
[INFO] [stdout]    |
[INFO] [stdout] 12 |     let mut C = sscanf::sscanf!(&lines[2], "Register C: {}", i64).unwrap();
[INFO] [stdout]    |             ^ help: convert the identifier to snake case (notice the capitalization): `c`
[INFO] [stdout] 
[INFO] [stdout] 
[INFO] [stdout] warning: variable `A` should have a snake case name
[INFO] [stdout]   --> src/bin/17.rs:26:33
[INFO] [stdout]    |
[INFO] [stdout] 26 | fn eval(program: &Vec<i64>, mut A: i64, mut B: i64, mut C: i64) -> Vec<i64> {
[INFO] [stdout]    |                                 ^ help: convert the identifier to snake case: `a`
[INFO] [stdout] 
[INFO] [stdout] 
[INFO] [stdout] warning: variable `B` should have a snake case name
[INFO] [stdout]   --> src/bin/17.rs:26:45
[INFO] [stdout]    |
[INFO] [stdout] 26 | fn eval(program: &Vec<i64>, mut A: i64, mut B: i64, mut C: i64) -> Vec<i64> {
[INFO] [stdout]    |                                             ^ help: convert the identifier to snake case: `b`
[INFO] [stdout] 
[INFO] [stdout] 
[INFO] [stdout] warning: variable `C` should have a snake case name
[INFO] [stdout]   --> src/bin/17.rs:26:57
[INFO] [stdout]    |
[INFO] [stdout] 26 | fn eval(program: &Vec<i64>, mut A: i64, mut B: i64, mut C: i64) -> Vec<i64> {
[INFO] [stdout]    |                                                         ^ help: convert the identifier to snake case (notice the capitalization): `c`
[INFO] [stdout] 
[INFO] [stdout] 
[INFO] [stdout] warning: variable `A` should have a snake case name
[INFO] [stdout]   --> src/bin/17.rs:63:24
[INFO] [stdout]    |
[INFO] [stdout] 63 | fn combo(operand: i64, A: i64, B: i64, C: i64) -> i64 {
[INFO] [stdout]    |                        ^ help: convert the identifier to snake case: `a`
[INFO] [stdout] 
[INFO] [stdout] 
[INFO] [stdout] warning: variable `B` should have a snake case name
[INFO] [stdout]   --> src/bin/17.rs:63:32
[INFO] [stdout]    |
[INFO] [stdout] 63 | fn combo(operand: i64, A: i64, B: i64, C: i64) -> i64 {
[INFO] [stdout]    |                                ^ help: convert the identifier to snake case: `b`
[INFO] [stdout] 
[INFO] [stdout] 
[INFO] [stdout] warning: variable `C` should have a snake case name
[INFO] [stdout]   --> src/bin/17.rs:63:40
[INFO] [stdout]    |
[INFO] [stdout] 63 | fn combo(operand: i64, A: i64, B: i64, C: i64) -> i64 {
[INFO] [stdout]    |                                        ^ help: convert the identifier to snake case (notice the capitalization): `c`
[INFO] [stdout] 
[INFO] [stdout] 
[INFO] [stdout] warning: variable `A` should have a snake case name
[INFO] [stdout]    --> src/bin/17.rs:110:13
[INFO] [stdout]     |
[INFO] [stdout] 110 |         let A: i64 = factors.iter().enumerate().map(|(index, v)| v * 2i64.pow(3 * index as u32)).sum();
[INFO] [stdout]     |             ^ help: convert the identifier to snake case: `a`
[INFO] [stdout] 
[INFO] [stdout] 
[INFO] [stdout] warning: unused import: `itertools::Itertools`
[INFO] [stdout]  --> src/bin/20.rs:7:5
[INFO] [stdout]   |
[INFO] [stdout] 7 | use itertools::Itertools;
[INFO] [stdout]   |     ^^^^^^^^^^^^^^^^^^^^
[INFO] [stdout]   |
[INFO] [stdout]   = note: `#[warn(unused_imports)]` on by default
[INFO] [stdout] 
[INFO] [stdout] 
[INFO] [stdout] warning: variable does not need to be mutable
[INFO] [stdout]   --> src/bin/20.rs:10:9
[INFO] [stdout]    |
[INFO] [stdout] 10 |     let mut maze = get_char_matrix(input);
[INFO] [stdout]    |         ----^^^^
[INFO] [stdout]    |         |
[INFO] [stdout]    |         help: remove this `mut`
[INFO] [stdout]    |
[INFO] [stdout]    = note: `#[warn(unused_mut)]` on by default
[INFO] [stdout] 
[INFO] [stdout] 
[INFO] [stdout] warning: variable does not need to be mutable
[INFO] [stdout]   --> src/bin/20.rs:87:9
[INFO] [stdout]    |
[INFO] [stdout] 87 |     let mut maze = get_char_matrix(input);
[INFO] [stdout]    |         ----^^^^
[INFO] [stdout]    |         |
[INFO] [stdout]    |         help: remove this `mut`
[INFO] [stdout] 
[INFO] [stdout] 
[INFO] [stdout] warning: unused import: `HashSet`
[INFO] [stdout]  --> src/bin/18.rs:2:61
[INFO] [stdout]   |
[INFO] [stdout] 2 | use std::{cmp::Ordering, collections::{BinaryHeap, HashMap, HashSet}};
[INFO] [stdout]   |                                                             ^^^^^^^
[INFO] [stdout]   |
[INFO] [stdout]   = note: `#[warn(unused_imports)]` on by default
[INFO] [stdout] 
[INFO] [stdout] 
[INFO] [stdout] warning: unused import: `result`
[INFO] [stdout]  --> src/bin/24.rs:1:33
[INFO] [stdout]   |
[INFO] [stdout] 1 | use std::{collections::HashMap, result};
[INFO] [stdout]   |                                 ^^^^^^
[INFO] [stdout]   |
[INFO] [stdout]   = note: `#[warn(unused_imports)]` on by default
[INFO] [stdout] 
[INFO] [stdout] 
[INFO] [stdout] warning: variable does not need to be mutable
[INFO] [stdout]   --> src/bin/24.rs:38:9
[INFO] [stdout]    |
[INFO] [stdout] 38 |     let mut gates: HashMap<String, Gate> = input.lines().skip(p + 1)
[INFO] [stdout]    |         ----^^^^^
[INFO] [stdout]    |         |
[INFO] [stdout]    |         help: remove this `mut`
[INFO] [stdout]    |
[INFO] [stdout]    = note: `#[warn(unused_mut)]` on by default
[INFO] [stdout] 
[INFO] [stdout] 
[INFO] [stdout] warning: unused variable: `wires`
[INFO] [stdout]   --> src/bin/24.rs:88:10
[INFO] [stdout]    |
[INFO] [stdout] 88 |     let (wires, gates) = get_wires_and_gates(input);
[INFO] [stdout]    |          ^^^^^ help: if this is intentional, prefix it with an underscore: `_wires`
[INFO] [stdout]    |
[INFO] [stdout]    = note: `#[warn(unused_variables)]` on by default
[INFO] [stdout] 
[INFO] [stdout] 
[INFO] [stderr]     Finished `test` profile [unoptimized + debuginfo] target(s) in 12.29s
[INFO] running `Command { std: "docker" "inspect" "1b9779da9476519ffae59f9a40f816c3b64975089fd8b2ffda0a4499710036df", kill_on_drop: false }`
[INFO] running `Command { std: "docker" "rm" "-f" "1b9779da9476519ffae59f9a40f816c3b64975089fd8b2ffda0a4499710036df", kill_on_drop: false }`
[INFO] [stdout] 1b9779da9476519ffae59f9a40f816c3b64975089fd8b2ffda0a4499710036df
[INFO] running `Command { std: "docker" "create" "-v" "/var/lib/crater-agent-workspace/builds/worker-6-tc2/target:/opt/rustwide/target:rw,Z" "-v" "/var/lib/crater-agent-workspace/builds/worker-6-tc2/source:/opt/rustwide/workdir:ro,Z" "-v" "/var/lib/crater-agent-workspace/cargo-home:/opt/rustwide/cargo-home:ro,Z" "-v" "/var/lib/crater-agent-workspace/rustup-home:/opt/rustwide/rustup-home:ro,Z" "-e" "SOURCE_DIR=/opt/rustwide/workdir" "-e" "CARGO_TARGET_DIR=/opt/rustwide/target" "-e" "CARGO_INCREMENTAL=0" "-e" "RUST_BACKTRACE=full" "-e" "RUSTFLAGS=--cap-lints=forbid -Zrandomize-layout" "-e" "RUSTDOCFLAGS=--cap-lints=forbid" "-e" "CARGO_HOME=/opt/rustwide/cargo-home" "-e" "RUSTUP_HOME=/opt/rustwide/rustup-home" "-w" "/opt/rustwide/workdir" "-m" "1610612736" "--user" "0:0" "--network" "none" "ghcr.io/rust-lang/crates-build-env/linux@sha256:819108c5571ea2e421544af4d832f968d213c87fbe3707a016657f43d2f853bc" "/opt/rustwide/cargo-home/bin/cargo" "+nightly-2025-01-18" "test" "--frozen", kill_on_drop: false }`
[INFO] [stdout] 565f6cf36ac5e0612e3e034e7b00c957badd19beb624c50597fb34c052d41e5f
[INFO] running `Command { std: "docker" "start" "-a" "565f6cf36ac5e0612e3e034e7b00c957badd19beb624c50597fb34c052d41e5f", kill_on_drop: false }`
[INFO] [stderr] warning: unused imports: `cmp::max` and `hash::Hash`
[INFO] [stderr]  --> src/bin/22.rs:1:11
[INFO] [stderr]   |
[INFO] [stderr] 1 | use std::{cmp::max, collections::HashMap, hash::Hash};
[INFO] [stderr]   |           ^^^^^^^^                        ^^^^^^^^^^
[INFO] [stderr]   |
[INFO] [stderr]   = note: `#[warn(unused_imports)]` on by default
[INFO] [stderr] 
[INFO] [stderr] warning: unused import: `HashSet`
[INFO] [stderr]  --> src/bin/18.rs:2:61
[INFO] [stderr]   |
[INFO] [stderr] 2 | use std::{cmp::Ordering, collections::{BinaryHeap, HashMap, HashSet}};
[INFO] [stderr]   |                                                             ^^^^^^^
[INFO] [stderr]   |
[INFO] [stderr]   = note: `#[warn(unused_imports)]` on by default
[INFO] [stderr] 
[INFO] [stderr] warning: unused imports: `hash::Hash`, `mem`, and `result`
[INFO] [stderr]  --> src/bin/19.rs:1:43
[INFO] [stderr]   |
[INFO] [stderr] 1 | use std::{cmp::min, collections::HashSet, hash::Hash, mem, result};
[INFO] [stderr]   |                                           ^^^^^^^^^^  ^^^  ^^^^^^
[INFO] [stderr]   |
[INFO] [stderr]   = note: `#[warn(unused_imports)]` on by default
[INFO] [stderr] 
[INFO] [stderr] warning: unused import: `std::cmp::min`
[INFO] [stderr]  --> src/bin/15.rs:1:5
[INFO] [stderr]   |
[INFO] [stderr] 1 | use std::cmp::min;
[INFO] [stderr]   |     ^^^^^^^^^^^^^
[INFO] [stderr]   |
[INFO] [stderr]   = note: `#[warn(unused_imports)]` on by default
[INFO] [stderr] 
[INFO] [stderr] warning: `advent_of_code` (bin "22" test) generated 1 warning (run `cargo fix --bin "22" --tests` to apply 1 suggestion)
[INFO] [stderr] warning: `advent_of_code` (bin "18" test) generated 1 warning (run `cargo fix --bin "18" --tests` to apply 1 suggestion)
[INFO] [stderr] warning: `advent_of_code` (bin "19" test) generated 1 warning (run `cargo fix --bin "19" --tests` to apply 1 suggestion)
[INFO] [stderr] warning: `advent_of_code` (bin "15" test) generated 1 warning (run `cargo fix --bin "15" --tests` to apply 1 suggestion)
[INFO] [stderr] warning: unused import: `std::result`
[INFO] [stderr]  --> src/bin/17.rs:1:5
[INFO] [stderr]   |
[INFO] [stderr] 1 | use std::result;
[INFO] [stderr]   |     ^^^^^^^^^^^
[INFO] [stderr]   |
[INFO] [stderr]   = note: `#[warn(unused_imports)]` on by default
[INFO] [stderr] 
[INFO] [stderr] warning: variable does not need to be mutable
[INFO] [stderr]   --> src/bin/17.rs:10:9
[INFO] [stderr]    |
[INFO] [stderr] 10 |     let mut A = sscanf::sscanf!(&lines[0], "Register A: {}", i64).unwrap();
[INFO] [stderr]    |         ----^
[INFO] [stderr]    |         |
[INFO] [stderr]    |         help: remove this `mut`
[INFO] [stderr]    |
[INFO] [stderr]    = note: `#[warn(unused_mut)]` on by default
[INFO] [stderr] 
[INFO] [stderr] warning: variable does not need to be mutable
[INFO] [stderr]   --> src/bin/17.rs:11:9
[INFO] [stderr]    |
[INFO] [stderr] 11 |     let mut B = sscanf::sscanf!(&lines[1], "Register B: {}", i64).unwrap();
[INFO] [stderr]    |         ----^
[INFO] [stderr]    |         |
[INFO] [stderr]    |         help: remove this `mut`
[INFO] [stderr] 
[INFO] [stderr] warning: variable does not need to be mutable
[INFO] [stderr]   --> src/bin/17.rs:12:9
[INFO] [stderr]    |
[INFO] [stderr] 12 |     let mut C = sscanf::sscanf!(&lines[2], "Register C: {}", i64).unwrap();
[INFO] [stderr]    |         ----^
[INFO] [stderr]    |         |
[INFO] [stderr]    |         help: remove this `mut`
[INFO] [stderr] 
[INFO] [stderr] warning: variable `A` should have a snake case name
[INFO] [stderr]   --> src/bin/17.rs:10:13
[INFO] [stderr]    |
[INFO] [stderr] 10 |     let mut A = sscanf::sscanf!(&lines[0], "Register A: {}", i64).unwrap();
[INFO] [stderr]    |             ^ help: convert the identifier to snake case: `a`
[INFO] [stderr]    |
[INFO] [stderr]    = note: `#[warn(non_snake_case)]` on by default
[INFO] [stderr] 
[INFO] [stderr] warning: variable `B` should have a snake case name
[INFO] [stderr]   --> src/bin/17.rs:11:13
[INFO] [stderr]    |
[INFO] [stderr] 11 |     let mut B = sscanf::sscanf!(&lines[1], "Register B: {}", i64).unwrap();
[INFO] [stderr]    |             ^ help: convert the identifier to snake case: `b`
[INFO] [stderr] 
[INFO] [stderr] warning: variable `C` should have a snake case name
[INFO] [stderr]   --> src/bin/17.rs:12:13
[INFO] [stderr]    |
[INFO] [stderr] 12 |     let mut C = sscanf::sscanf!(&lines[2], "Register C: {}", i64).unwrap();
[INFO] [stderr]    |             ^ help: convert the identifier to snake case (notice the capitalization): `c`
[INFO] [stderr] 
[INFO] [stderr] warning: variable `A` should have a snake case name
[INFO] [stderr]   --> src/bin/17.rs:26:33
[INFO] [stderr]    |
[INFO] [stderr] 26 | fn eval(program: &Vec<i64>, mut A: i64, mut B: i64, mut C: i64) -> Vec<i64> {
[INFO] [stderr]    |                                 ^ help: convert the identifier to snake case: `a`
[INFO] [stderr] 
[INFO] [stderr] warning: variable `B` should have a snake case name
[INFO] [stderr]   --> src/bin/17.rs:26:45
[INFO] [stderr]    |
[INFO] [stderr] 26 | fn eval(program: &Vec<i64>, mut A: i64, mut B: i64, mut C: i64) -> Vec<i64> {
[INFO] [stderr]    |                                             ^ help: convert the identifier to snake case: `b`
[INFO] [stderr] 
[INFO] [stderr] warning: variable `C` should have a snake case name
[INFO] [stderr]   --> src/bin/17.rs:26:57
[INFO] [stderr]    |
[INFO] [stderr] 26 | fn eval(program: &Vec<i64>, mut A: i64, mut B: i64, mut C: i64) -> Vec<i64> {
[INFO] [stderr]    |                                                         ^ help: convert the identifier to snake case (notice the capitalization): `c`
[INFO] [stderr] 
[INFO] [stderr] warning: variable `A` should have a snake case name
[INFO] [stderr]   --> src/bin/17.rs:63:24
[INFO] [stderr]    |
[INFO] [stderr] 63 | fn combo(operand: i64, A: i64, B: i64, C: i64) -> i64 {
[INFO] [stderr]    |                        ^ help: convert the identifier to snake case: `a`
[INFO] [stderr] 
[INFO] [stderr] warning: variable `B` should have a snake case name
[INFO] [stderr]   --> src/bin/17.rs:63:32
[INFO] [stderr]    |
[INFO] [stderr] 63 | fn combo(operand: i64, A: i64, B: i64, C: i64) -> i64 {
[INFO] [stderr]    |                                ^ help: convert the identifier to snake case: `b`
[INFO] [stderr] 
[INFO] [stderr] warning: variable `C` should have a snake case name
[INFO] [stderr]   --> src/bin/17.rs:63:40
[INFO] [stderr]    |
[INFO] [stderr] 63 | fn combo(operand: i64, A: i64, B: i64, C: i64) -> i64 {
[INFO] [stderr]    |                                        ^ help: convert the identifier to snake case (notice the capitalization): `c`
[INFO] [stderr] 
[INFO] [stderr] warning: variable `A` should have a snake case name
[INFO] [stderr]    --> src/bin/17.rs:110:13
[INFO] [stderr]     |
[INFO] [stderr] 110 |         let A: i64 = factors.iter().enumerate().map(|(index, v)| v * 2i64.pow(3 * index as u32)).sum();
[INFO] [stderr]     |             ^ help: convert the identifier to snake case: `a`
[INFO] [stderr] 
[INFO] [stderr] warning: unused variable: `dir`
[INFO] [stderr]    --> src/bin/16.rs:187:19
[INFO] [stderr]     |
[INFO] [stderr] 187 |     .min_by_key(|(dir, (v, _))| *v)
[INFO] [stderr]     |                   ^^^ help: if this is intentional, prefix it with an underscore: `_dir`
[INFO] [stderr]     |
[INFO] [stderr]     = note: `#[warn(unused_variables)]` on by default
[INFO] [stderr] 
[INFO] [stderr] warning: variable does not need to be mutable
[INFO] [stderr]    --> src/bin/16.rs:115:25
[INFO] [stderr]     |
[INFO] [stderr] 115 | fn shortest_paths_tiles(mut map: Vec<Vec<char>>) -> usize {
[INFO] [stderr]     |                         ----^^^
[INFO] [stderr]     |                         |
[INFO] [stderr]     |                         help: remove this `mut`
[INFO] [stderr]     |
[INFO] [stderr]     = note: `#[warn(unused_mut)]` on by default
[INFO] [stderr] 
[INFO] [stderr] warning: unused variable: `input`
[INFO] [stderr]   --> src/bin/25.rs:42:17
[INFO] [stderr]    |
[INFO] [stderr] 42 | pub fn part_two(input: &str) -> Option<u32> {
[INFO] [stderr]    |                 ^^^^^ help: if this is intentional, prefix it with an underscore: `_input`
[INFO] [stderr]    |
[INFO] [stderr]    = note: `#[warn(unused_variables)]` on by default
[INFO] [stderr] 
[INFO] [stderr] warning: unused import: `itertools::Itertools`
[INFO] [stderr]  --> src/bin/20.rs:7:5
[INFO] [stderr]   |
[INFO] [stderr] 7 | use itertools::Itertools;
[INFO] [stderr]   |     ^^^^^^^^^^^^^^^^^^^^
[INFO] [stderr]   |
[INFO] [stderr]   = note: `#[warn(unused_imports)]` on by default
[INFO] [stderr] 
[INFO] [stderr] warning: variable does not need to be mutable
[INFO] [stderr]   --> src/bin/20.rs:10:9
[INFO] [stderr]    |
[INFO] [stderr] 10 |     let mut maze = get_char_matrix(input);
[INFO] [stderr]    |         ----^^^^
[INFO] [stderr]    |         |
[INFO] [stderr]    |         help: remove this `mut`
[INFO] [stderr]    |
[INFO] [stderr]    = note: `#[warn(unused_mut)]` on by default
[INFO] [stderr] 
[INFO] [stderr] warning: variable does not need to be mutable
[INFO] [stderr]   --> src/bin/20.rs:87:9
[INFO] [stderr]    |
[INFO] [stderr] 87 |     let mut maze = get_char_matrix(input);
[INFO] [stderr]    |         ----^^^^
[INFO] [stderr]    |         |
[INFO] [stderr]    |         help: remove this `mut`
[INFO] [stderr] 
[INFO] [stderr] warning: `advent_of_code` (bin "17" test) generated 14 warnings (run `cargo fix --bin "17" --tests` to apply 4 suggestions)
[INFO] [stderr] warning: `advent_of_code` (bin "16" test) generated 2 warnings (run `cargo fix --bin "16" --tests` to apply 1 suggestion)
[INFO] [stderr] warning: `advent_of_code` (bin "25" test) generated 1 warning
[INFO] [stderr] warning: `advent_of_code` (bin "20" test) generated 3 warnings (run `cargo fix --bin "20" --tests` to apply 2 suggestions)
[INFO] [stderr] warning: unused import: `result`
[INFO] [stderr]  --> src/bin/24.rs:1:33
[INFO] [stderr]   |
[INFO] [stderr] 1 | use std::{collections::HashMap, result};
[INFO] [stderr]   |                                 ^^^^^^
[INFO] [stderr]   |
[INFO] [stderr]   = note: `#[warn(unused_imports)]` on by default
[INFO] [stderr] 
[INFO] [stderr] warning: variable does not need to be mutable
[INFO] [stderr]   --> src/bin/24.rs:38:9
[INFO] [stderr]    |
[INFO] [stderr] 38 |     let mut gates: HashMap<String, Gate> = input.lines().skip(p + 1)
[INFO] [stderr]    |         ----^^^^^
[INFO] [stderr]    |         |
[INFO] [stderr]    |         help: remove this `mut`
[INFO] [stderr]    |
[INFO] [stderr]    = note: `#[warn(unused_mut)]` on by default
[INFO] [stderr] 
[INFO] [stderr] warning: unused variable: `wires`
[INFO] [stderr]   --> src/bin/24.rs:88:10
[INFO] [stderr]    |
[INFO] [stderr] 88 |     let (wires, gates) = get_wires_and_gates(input);
[INFO] [stderr]    |          ^^^^^ help: if this is intentional, prefix it with an underscore: `_wires`
[INFO] [stderr]    |
[INFO] [stderr]    = note: `#[warn(unused_variables)]` on by default
[INFO] [stderr] 
[INFO] [stderr] warning: `advent_of_code` (bin "24" test) generated 3 warnings (run `cargo fix --bin "24" --tests` to apply 2 suggestions)
[INFO] [stderr]     Finished `test` profile [unoptimized + debuginfo] target(s) in 0.18s
[INFO] [stderr]      Running unittests src/lib.rs (/opt/rustwide/target/debug/deps/advent_of_code-e88d870e824f030d)
[INFO] [stdout] 
[INFO] [stdout] running 0 tests
[INFO] [stdout] 
[INFO] [stderr]      Running unittests src/bin/01.rs (/opt/rustwide/target/debug/deps/01-4044a7c6170e75ea)
[INFO] [stdout] test result: ok. 0 passed; 0 failed; 0 ignored; 0 measured; 0 filtered out; finished in 0.00s
[INFO] [stdout] 
[INFO] [stdout] 
[INFO] [stdout] running 2 tests
[INFO] [stdout] test tests::test_part_two ... ok
[INFO] [stderr]      Running unittests src/bin/02.rs (/opt/rustwide/target/debug/deps/02-95e8dbeb7ba4437e)
[INFO] [stdout] test tests::test_part_one ... ok
[INFO] [stdout] 
[INFO] [stdout] test result: ok. 2 passed; 0 failed; 0 ignored; 0 measured; 0 filtered out; finished in 0.01s
[INFO] [stdout] 
[INFO] [stdout] 
[INFO] [stdout] running 2 tests
[INFO] [stdout] test tests::test_part_two ... FAILED
[INFO] [stdout] test tests::test_part_one ... FAILED
[INFO] [stdout] 
[INFO] [stdout] failures:
[INFO] [stdout] 
[INFO] [stdout] ---- tests::test_part_two stdout ----
[INFO] [stdout] 
[INFO] [stdout] thread 'tests::test_part_two' panicked at src/lib.rs:15:43:
[INFO] [stdout] called `Option::unwrap()` on a `None` value
[INFO] [stdout] stack backtrace:
[INFO] [stdout]    0:     0x6110408e513a - std::backtrace_rs::backtrace::libunwind::trace::hb059275cfc8d6126
[INFO] [stdout]                                at /rustc/6067b36314ab5eb2eb47cecc464545ba58e1ad24/library/std/src/../../backtrace/src/backtrace/libunwind.rs:116:5
[INFO] [stdout]    1:     0x6110408e513a - std::backtrace_rs::backtrace::trace_unsynchronized::h2da071e4327ce3ee
[INFO] [stdout]                                at /rustc/6067b36314ab5eb2eb47cecc464545ba58e1ad24/library/std/src/../../backtrace/src/backtrace/mod.rs:66:5
[INFO] [stdout]    2:     0x6110408e513a - std::sys::backtrace::_print_fmt::h842a1474e6f8d23f
[INFO] [stdout]                                at /rustc/6067b36314ab5eb2eb47cecc464545ba58e1ad24/library/std/src/sys/backtrace.rs:66:9
[INFO] [stdout]    3:     0x6110408e513a - <std::sys::backtrace::BacktraceLock::print::DisplayBacktrace as core::fmt::Display>::fmt::h71a62eb3b9696b12
[INFO] [stdout]                                at /rustc/6067b36314ab5eb2eb47cecc464545ba58e1ad24/library/std/src/sys/backtrace.rs:39:26
[INFO] [stdout]    4:     0x61104090c773 - core::fmt::rt::Argument::fmt::hdb6b616786b41dc1
[INFO] [stdout]                                at /rustc/6067b36314ab5eb2eb47cecc464545ba58e1ad24/library/core/src/fmt/rt.rs:177:76
[INFO] [stdout]    5:     0x61104090c773 - core::fmt::write::h2cc1698af7e2d686
[INFO] [stdout]                                at /rustc/6067b36314ab5eb2eb47cecc464545ba58e1ad24/library/core/src/fmt/mod.rs:1440:21
[INFO] [stdout]    6:     0x6110408e1af3 - std::io::Write::write_fmt::hab1b4cd059a79022
[INFO] [stdout]                                at /rustc/6067b36314ab5eb2eb47cecc464545ba58e1ad24/library/std/src/io/mod.rs:1887:15
[INFO] [stdout]    7:     0x6110408e4f82 - std::sys::backtrace::BacktraceLock::print::h147fe35b4ea13b08
[INFO] [stdout]                                at /rustc/6067b36314ab5eb2eb47cecc464545ba58e1ad24/library/std/src/sys/backtrace.rs:42:9
[INFO] [stdout]    8:     0x6110408e655f - std::panicking::default_hook::{{closure}}::hbd44223dbdc0d208
[INFO] [stdout]                                at /rustc/6067b36314ab5eb2eb47cecc464545ba58e1ad24/library/std/src/panicking.rs:298:22
[INFO] [stdout]    9:     0x6110408e6378 - std::panicking::default_hook::h20f81eb0576efcec
[INFO] [stdout]                                at /rustc/6067b36314ab5eb2eb47cecc464545ba58e1ad24/library/std/src/panicking.rs:322:9
[INFO] [stdout]   10:     0x6110408a93d3 - <alloc::boxed::Box<F,A> as core::ops::function::Fn<Args>>::call::hdb53814c496a4d34
[INFO] [stdout]                                at /rustc/6067b36314ab5eb2eb47cecc464545ba58e1ad24/library/alloc/src/boxed.rs:2027:9
[INFO] [stdout]   11:     0x6110408a93d3 - test::test_main::{{closure}}::hc0a4963c59427c24
[INFO] [stdout]                                at /rustc/6067b36314ab5eb2eb47cecc464545ba58e1ad24/library/test/src/lib.rs:134:21
[INFO] [stdout]   12:     0x6110408e7053 - <alloc::boxed::Box<F,A> as core::ops::function::Fn<Args>>::call::h591b2225413a77e9
[INFO] [stdout]                                at /rustc/6067b36314ab5eb2eb47cecc464545ba58e1ad24/library/alloc/src/boxed.rs:2027:9
[INFO] [stdout]   13:     0x6110408e7053 - std::panicking::rust_panic_with_hook::h625eea43051b2edc
[INFO] [stdout]                                at /rustc/6067b36314ab5eb2eb47cecc464545ba58e1ad24/library/std/src/panicking.rs:839:13
[INFO] [stdout]   14:     0x6110408e6cd6 - std::panicking::begin_panic_handler::{{closure}}::h4f9159cfbc3f6bd3
[INFO] [stdout]                                at /rustc/6067b36314ab5eb2eb47cecc464545ba58e1ad24/library/std/src/panicking.rs:697:13
[INFO] [stdout]   15:     0x6110408e5639 - std::sys::backtrace::__rust_end_short_backtrace::h0390abce48353151
[INFO] [stdout]                                at /rustc/6067b36314ab5eb2eb47cecc464545ba58e1ad24/library/std/src/sys/backtrace.rs:168:18
[INFO] [stdout]   16:     0x6110408e699d - rust_begin_unwind
[INFO] [stdout]                                at /rustc/6067b36314ab5eb2eb47cecc464545ba58e1ad24/library/std/src/panicking.rs:695:5
[INFO] [stdout]   17:     0x61104090b220 - core::panicking::panic_fmt::h9e7c637e9e5f29c9
[INFO] [stdout]                                at /rustc/6067b36314ab5eb2eb47cecc464545ba58e1ad24/library/core/src/panicking.rs:75:14
[INFO] [stdout]   18:     0x61104090b2ac - core::panicking::panic::haa3255ea20181a33
[INFO] [stdout]                                at /rustc/6067b36314ab5eb2eb47cecc464545ba58e1ad24/library/core/src/panicking.rs:145:5
[INFO] [stdout]   19:     0x61104090b199 - core::option::unwrap_failed::h5e50c20db1c9e8f1
[INFO] [stdout]                                at /rustc/6067b36314ab5eb2eb47cecc464545ba58e1ad24/library/core/src/option.rs:2015:5
[INFO] [stdout]   20:     0x6110408b72d4 - core::option::Option<T>::unwrap::hdfe452e3659fda95
[INFO] [stdout]                                at /rustc/6067b36314ab5eb2eb47cecc464545ba58e1ad24/library/core/src/option.rs:978:21
[INFO] [stdout]   21:     0x6110408b72d4 - advent_of_code::utils::get_int_matrix::{{closure}}::{{closure}}::h191ff928e9485c05
[INFO] [stdout]                                at /opt/rustwide/workdir/src/lib.rs:15:27
[INFO] [stdout]   22:     0x6110408b6cc6 - core::ops::function::impls::<impl core::ops::function::FnOnce<A> for &mut F>::call_once::h460b1a207333057c
[INFO] [stdout]                                at /rustc/6067b36314ab5eb2eb47cecc464545ba58e1ad24/library/core/src/ops/function.rs:305:13
[INFO] [stdout]   23:     0x6110408b6c4e - core::option::Option<T>::map::h8b33311c62f37f9f
[INFO] [stdout]                                at /rustc/6067b36314ab5eb2eb47cecc464545ba58e1ad24/library/core/src/option.rs:1119:29
[INFO] [stdout]   24:     0x6110408b6c4e - <core::iter::adapters::map::Map<I,F> as core::iter::traits::iterator::Iterator>::next::hf048295cc23d1e39
[INFO] [stdout]                                at /rustc/6067b36314ab5eb2eb47cecc464545ba58e1ad24/library/core/src/iter/adapters/map.rs:107:26
[INFO] [stdout]   25:     0x6110408b5b57 - alloc::vec::Vec<T,A>::extend_desugared::h9424536371d52cdb
[INFO] [stdout]                                at /rustc/6067b36314ab5eb2eb47cecc464545ba58e1ad24/library/alloc/src/vec/mod.rs:3535:35
[INFO] [stdout]   26:     0x6110408b6178 - <alloc::vec::Vec<T,A> as alloc::vec::spec_extend::SpecExtend<T,I>>::spec_extend::h9e965872b5b74c21
[INFO] [stdout]                                at /rustc/6067b36314ab5eb2eb47cecc464545ba58e1ad24/library/alloc/src/vec/spec_extend.rs:19:9
[INFO] [stdout]   27:     0x6110408b5aaa - <alloc::vec::Vec<T> as alloc::vec::spec_from_iter_nested::SpecFromIterNested<T,I>>::from_iter::hb3eb61bb6b973250
[INFO] [stdout]                                at /rustc/6067b36314ab5eb2eb47cecc464545ba58e1ad24/library/alloc/src/vec/spec_from_iter_nested.rs:42:9
[INFO] [stdout]   28:     0x6110408b61cb - <alloc::vec::Vec<T> as alloc::vec::spec_from_iter::SpecFromIter<T,I>>::from_iter::hc11d262ca5f7bfc0
[INFO] [stdout]                                at /rustc/6067b36314ab5eb2eb47cecc464545ba58e1ad24/library/alloc/src/vec/spec_from_iter.rs:34:9
[INFO] [stdout]   29:     0x6110408b610e - <alloc::vec::Vec<T> as core::iter::traits::collect::FromIterator<T>>::from_iter::hce4a21eb8ff0b40d
[INFO] [stdout]                                at /rustc/6067b36314ab5eb2eb47cecc464545ba58e1ad24/library/alloc/src/vec/mod.rs:3427:9
[INFO] [stdout]   30:     0x6110408b6d32 - core::iter::traits::iterator::Iterator::collect::h4d40b2738068f3dc
[INFO] [stdout]                                at /rustc/6067b36314ab5eb2eb47cecc464545ba58e1ad24/library/core/src/iter/traits/iterator.rs:1971:9
[INFO] [stdout]   31:     0x6110408b71bb - itertools::Itertools::collect_vec::h2d1e222cdac0d118
[INFO] [stdout]                                at /opt/rustwide/cargo-home/registry/src/index.crates.io-1949cf8c6b5b557f/itertools-0.13.0/src/lib.rs:2227:9
[INFO] [stdout]   32:     0x6110408b7284 - advent_of_code::utils::get_int_matrix::{{closure}}::h8e6bfd6afb34a65b
[INFO] [stdout]                                at /opt/rustwide/workdir/src/lib.rs:14:25
[INFO] [stdout]   33:     0x6110408b6cfa - core::ops::function::impls::<impl core::ops::function::FnOnce<A> for &mut F>::call_once::h7e2632edb169f167
[INFO] [stdout]                                at /rustc/6067b36314ab5eb2eb47cecc464545ba58e1ad24/library/core/src/ops/function.rs:305:13
[INFO] [stdout]   34:     0x6110408b6bc2 - core::option::Option<T>::map::hc45ffffd292df377
[INFO] [stdout]                                at /rustc/6067b36314ab5eb2eb47cecc464545ba58e1ad24/library/core/src/option.rs:1119:29
[INFO] [stdout]   35:     0x6110408b6bc2 - <core::iter::adapters::map::Map<I,F> as core::iter::traits::iterator::Iterator>::next::hcff5dede847460cf
[INFO] [stdout]                                at /rustc/6067b36314ab5eb2eb47cecc464545ba58e1ad24/library/core/src/iter/adapters/map.rs:107:26
[INFO] [stdout]   36:     0x6110408b55b1 - <alloc::vec::Vec<T> as alloc::vec::spec_from_iter_nested::SpecFromIterNested<T,I>>::from_iter::h170825535777939a
[INFO] [stdout]                                at /rustc/6067b36314ab5eb2eb47cecc464545ba58e1ad24/library/alloc/src/vec/spec_from_iter_nested.rs:25:32
[INFO] [stdout]   37:     0x6110408b619e - <alloc::vec::Vec<T> as alloc::vec::spec_from_iter::SpecFromIter<T,I>>::from_iter::h0a189873e56f05b3
[INFO] [stdout]                                at /rustc/6067b36314ab5eb2eb47cecc464545ba58e1ad24/library/alloc/src/vec/spec_from_iter.rs:34:9
[INFO] [stdout]   38:     0x6110408b6153 - <alloc::vec::Vec<T> as core::iter::traits::collect::FromIterator<T>>::from_iter::hddd5536978407a85
[INFO] [stdout]                                at /rustc/6067b36314ab5eb2eb47cecc464545ba58e1ad24/library/alloc/src/vec/mod.rs:3427:9
[INFO] [stdout]   39:     0x6110408b6d55 - core::iter::traits::iterator::Iterator::collect::h7f1f6319b563afba
[INFO] [stdout]                                at /rustc/6067b36314ab5eb2eb47cecc464545ba58e1ad24/library/core/src/iter/traits/iterator.rs:1971:9
[INFO] [stdout]   40:     0x6110408b718e - itertools::Itertools::collect_vec::h0a8d16d87df7d6dd
[INFO] [stdout]                                at /opt/rustwide/cargo-home/registry/src/index.crates.io-1949cf8c6b5b557f/itertools-0.13.0/src/lib.rs:2227:9
[INFO] [stdout]   41:     0x6110408b721b - advent_of_code::utils::get_int_matrix::h24bc519ac055b24e
[INFO] [stdout]                                at /opt/rustwide/workdir/src/lib.rs:13:16
[INFO] [stdout]   42:     0x61104086e9e6 - _02::part_two::hae8ad0cf487d3405
[INFO] [stdout]                                at /opt/rustwide/workdir/src/bin/02.rs:11:19
[INFO] [stdout]   43:     0x61104086f226 - _02::tests::test_part_two::h26910a9a9356775b
[INFO] [stdout]                                at /opt/rustwide/workdir/src/bin/02.rs:63:22
[INFO] [stdout]   44:     0x61104086f197 - _02::tests::test_part_two::{{closure}}::h41970e2e49e5eeb1
[INFO] [stdout]                                at /opt/rustwide/workdir/src/bin/02.rs:62:23
[INFO] [stdout]   45:     0x61104086d1e6 - core::ops::function::FnOnce::call_once::hcb99c2461b86f036
[INFO] [stdout]                                at /rustc/6067b36314ab5eb2eb47cecc464545ba58e1ad24/library/core/src/ops/function.rs:250:5
[INFO] [stdout]   46:     0x6110408aeb2b - core::ops::function::FnOnce::call_once::he27718dfdd183f43
[INFO] [stdout]                                at /rustc/6067b36314ab5eb2eb47cecc464545ba58e1ad24/library/core/src/ops/function.rs:250:5
[INFO] [stdout]   47:     0x6110408aeb2b - test::__rust_begin_short_backtrace::h4e84902998457a5d
[INFO] [stdout]                                at /rustc/6067b36314ab5eb2eb47cecc464545ba58e1ad24/library/test/src/lib.rs:632:18
[INFO] [stdout]   48:     0x6110408ada63 - test::run_test_in_process::{{closure}}::h7176fd18fc1feca0
[INFO] [stdout]                                at /rustc/6067b36314ab5eb2eb47cecc464545ba58e1ad24/library/test/src/lib.rs:655:60
[INFO] [stdout]   49:     0x6110408ada63 - <core::panic::unwind_safe::AssertUnwindSafe<F> as core::ops::function::FnOnce<()>>::call_once::hf79cff2a624d8cf7
[INFO] [stdout]                                at /rustc/6067b36314ab5eb2eb47cecc464545ba58e1ad24/library/core/src/panic/unwind_safe.rs:272:9
[INFO] [stdout]   50:     0x6110408ada63 - std::panicking::try::do_call::h3da0561d9ab99c25
[INFO] [stdout]                                at /rustc/6067b36314ab5eb2eb47cecc464545ba58e1ad24/library/std/src/panicking.rs:587:40
[INFO] [stdout]   51:     0x6110408ada63 - std::panicking::try::h41c9fa508bc61df6
[INFO] [stdout]                                at /rustc/6067b36314ab5eb2eb47cecc464545ba58e1ad24/library/std/src/panicking.rs:550:19
[INFO] [stdout]   52:     0x6110408ada63 - std::panic::catch_unwind::h6b3ff07bb5afad93
[INFO] [stdout]                                at /rustc/6067b36314ab5eb2eb47cecc464545ba58e1ad24/library/std/src/panic.rs:358:14
[INFO] [stdout]   53:     0x6110408ada63 - test::run_test_in_process::hc7253dd11b39b9f4
[INFO] [stdout]                                at /rustc/6067b36314ab5eb2eb47cecc464545ba58e1ad24/library/test/src/lib.rs:655:27
[INFO] [stdout]   54:     0x6110408ada63 - test::run_test::{{closure}}::hfb2007f8649c30bb
[INFO] [stdout]                                at /rustc/6067b36314ab5eb2eb47cecc464545ba58e1ad24/library/test/src/lib.rs:576:43
[INFO] [stdout]   55:     0x611040870b45 - test::run_test::{{closure}}::h56a17aa7a282a9f4
[INFO] [stdout]                                at /rustc/6067b36314ab5eb2eb47cecc464545ba58e1ad24/library/test/src/lib.rs:606:41
[INFO] [stdout]   56:     0x611040870b45 - std::sys::backtrace::__rust_begin_short_backtrace::hd2d2d2fb8e8c6aac
[INFO] [stdout]                                at /rustc/6067b36314ab5eb2eb47cecc464545ba58e1ad24/library/std/src/sys/backtrace.rs:152:18
[INFO] [stdout]   57:     0x61104087442a - std::thread::Builder::spawn_unchecked_::{{closure}}::{{closure}}::h4faa3f9db6133423
[INFO] [stdout]                                at /rustc/6067b36314ab5eb2eb47cecc464545ba58e1ad24/library/std/src/thread/mod.rs:559:17
[INFO] [stdout]   58:     0x61104087442a - <core::panic::unwind_safe::AssertUnwindSafe<F> as core::ops::function::FnOnce<()>>::call_once::hf2e855a36a4ea846
[INFO] [stdout]                                at /rustc/6067b36314ab5eb2eb47cecc464545ba58e1ad24/library/core/src/panic/unwind_safe.rs:272:9
[INFO] [stdout]   59:     0x61104087442a - std::panicking::try::do_call::h2f73af3616c35465
[INFO] [stdout]                                at /rustc/6067b36314ab5eb2eb47cecc464545ba58e1ad24/library/std/src/panicking.rs:587:40
[INFO] [stdout]   60:     0x61104087442a - std::panicking::try::hd1660ce9efadef5a
[INFO] [stdout]                                at /rustc/6067b36314ab5eb2eb47cecc464545ba58e1ad24/library/std/src/panicking.rs:550:19
[INFO] [stdout]   61:     0x61104087442a - std::panic::catch_unwind::h5ee8d7823b8ca744
[INFO] [stdout]                                at /rustc/6067b36314ab5eb2eb47cecc464545ba58e1ad24/library/std/src/panic.rs:358:14
[INFO] [stdout]   62:     0x61104087442a - std::thread::Builder::spawn_unchecked_::{{closure}}::h53c3a1894dce8407
[INFO] [stdout]                                at /rustc/6067b36314ab5eb2eb47cecc464545ba58e1ad24/library/std/src/thread/mod.rs:557:30
[INFO] [stdout]   63:     0x61104087442a - core::ops::function::FnOnce::call_once{{vtable.shim}}::h048ce291ad4f62bf
[INFO] [stdout]                                at /rustc/6067b36314ab5eb2eb47cecc464545ba58e1ad24/library/core/src/ops/function.rs:250:5
[INFO] [stdout]   64:     0x6110408eaf8b - <alloc::boxed::Box<F,A> as core::ops::function::FnOnce<Args>>::call_once::ha52bedf99a3b4981
[INFO] [stdout]                                at /rustc/6067b36314ab5eb2eb47cecc464545ba58e1ad24/library/alloc/src/boxed.rs:2013:9
[INFO] [stdout]   65:     0x6110408eaf8b - <alloc::boxed::Box<F,A> as core::ops::function::FnOnce<Args>>::call_once::h567748934d80ccf8
[INFO] [stdout]                                at /rustc/6067b36314ab5eb2eb47cecc464545ba58e1ad24/library/alloc/src/boxed.rs:2013:9
[INFO] [stdout]   66:     0x6110408eaf8b - std::sys::pal::unix::thread::Thread::new::thread_start::h2d970728ae887adc
[INFO] [stdout]                                at /rustc/6067b36314ab5eb2eb47cecc464545ba58e1ad24/library/std/src/sys/pal/unix/thread.rs:106:17
[INFO] [stdout]   67:     0x7bc7abb55ac3 - <unknown>
[INFO] [stdout]   68:     0x7bc7abbe6a04 - clone
[INFO] [stdout]   69:                0x0 - <unknown>
[INFO] [stdout] 
[INFO] [stdout] ---- tests::test_part_one stdout ----
[INFO] [stdout] 
[INFO] [stdout] thread 'tests::test_part_one' panicked at src/lib.rs:15:43:
[INFO] [stdout] called `Option::unwrap()` on a `None` value
[INFO] [stdout] stack backtrace:
[INFO] [stdout]    0:     0x6110408e513a - std::backtrace_rs::backtrace::libunwind::trace::hb059275cfc8d6126
[INFO] [stdout]                                at /rustc/6067b36314ab5eb2eb47cecc464545ba58e1ad24/library/std/src/../../backtrace/src/backtrace/libunwind.rs:116:5
[INFO] [stdout]    1:     0x6110408e513a - std::backtrace_rs::backtrace::trace_unsynchronized::h2da071e4327ce3ee
[INFO] [stdout]                                at /rustc/6067b36314ab5eb2eb47cecc464545ba58e1ad24/library/std/src/../../backtrace/src/backtrace/mod.rs:66:5
[INFO] [stdout]    2:     0x6110408e513a - std::sys::backtrace::_print_fmt::h842a1474e6f8d23f
[INFO] [stdout]                                at /rustc/6067b36314ab5eb2eb47cecc464545ba58e1ad24/library/std/src/sys/backtrace.rs:66:9
[INFO] [stdout]    3:     0x6110408e513a - <std::sys::backtrace::BacktraceLock::print::DisplayBacktrace as core::fmt::Display>::fmt::h71a62eb3b9696b12
[INFO] [stdout]                                at /rustc/6067b36314ab5eb2eb47cecc464545ba58e1ad24/library/std/src/sys/backtrace.rs:39:26
[INFO] [stdout]    4:     0x61104090c773 - core::fmt::rt::Argument::fmt::hdb6b616786b41dc1
[INFO] [stdout]                                at /rustc/6067b36314ab5eb2eb47cecc464545ba58e1ad24/library/core/src/fmt/rt.rs:177:76
[INFO] [stdout]    5:     0x61104090c773 - core::fmt::write::h2cc1698af7e2d686
[INFO] [stdout]                                at /rustc/6067b36314ab5eb2eb47cecc464545ba58e1ad24/library/core/src/fmt/mod.rs:1440:21
[INFO] [stdout]    6:     0x6110408e1af3 - std::io::Write::write_fmt::hab1b4cd059a79022
[INFO] [stdout]                                at /rustc/6067b36314ab5eb2eb47cecc464545ba58e1ad24/library/std/src/io/mod.rs:1887:15
[INFO] [stdout]    7:     0x6110408e4f82 - std::sys::backtrace::BacktraceLock::print::h147fe35b4ea13b08
[INFO] [stdout]                                at /rustc/6067b36314ab5eb2eb47cecc464545ba58e1ad24/library/std/src/sys/backtrace.rs:42:9
[INFO] [stdout]    8:     0x6110408e655f - std::panicking::default_hook::{{closure}}::hbd44223dbdc0d208
[INFO] [stdout]                                at /rustc/6067b36314ab5eb2eb47cecc464545ba58e1ad24/library/std/src/panicking.rs:298:22
[INFO] [stdout]    9:     0x6110408e6378 - std::panicking::default_hook::h20f81eb0576efcec
[INFO] [stdout]                                at /rustc/6067b36314ab5eb2eb47cecc464545ba58e1ad24/library/std/src/panicking.rs:322:9
[INFO] [stdout]   10:     0x6110408a93d3 - <alloc::boxed::Box<F,A> as core::ops::function::Fn<Args>>::call::hdb53814c496a4d34
[INFO] [stdout]                                at /rustc/6067b36314ab5eb2eb47cecc464545ba58e1ad24/library/alloc/src/boxed.rs:2027:9
[INFO] [stdout]   11:     0x6110408a93d3 - test::test_main::{{closure}}::hc0a4963c59427c24
[INFO] [stdout]                                at /rustc/6067b36314ab5eb2eb47cecc464545ba58e1ad24/library/test/src/lib.rs:134:21
[INFO] [stdout]   12:     0x6110408e7053 - <alloc::boxed::Box<F,A> as core::ops::function::Fn<Args>>::call::h591b2225413a77e9
[INFO] [stdout]                                at /rustc/6067b36314ab5eb2eb47cecc464545ba58e1ad24/library/alloc/src/boxed.rs:2027:9
[INFO] [stdout]   13:     0x6110408e7053 - std::panicking::rust_panic_with_hook::h625eea43051b2edc
[INFO] [stdout]                                at /rustc/6067b36314ab5eb2eb47cecc464545ba58e1ad24/library/std/src/panicking.rs:839:13
[INFO] [stdout]   14:     0x6110408e6cd6 - std::panicking::begin_panic_handler::{{closure}}::h4f9159cfbc3f6bd3
[INFO] [stdout]                                at /rustc/6067b36314ab5eb2eb47cecc464545ba58e1ad24/library/std/src/panicking.rs:697:13
[INFO] [stdout]   15:     0x6110408e5639 - std::sys::backtrace::__rust_end_short_backtrace::h0390abce48353151
[INFO] [stdout]                                at /rustc/6067b36314ab5eb2eb47cecc464545ba58e1ad24/library/std/src/sys/backtrace.rs:168:18
[INFO] [stdout]   16:     0x6110408e699d - rust_begin_unwind
[INFO] [stdout]                                at /rustc/6067b36314ab5eb2eb47cecc464545ba58e1ad24/library/std/src/panicking.rs:695:5
[INFO] [stdout]   17:     0x61104090b220 - core::panicking::panic_fmt::h9e7c637e9e5f29c9
[INFO] [stdout]                                at /rustc/6067b36314ab5eb2eb47cecc464545ba58e1ad24/library/core/src/panicking.rs:75:14
[INFO] [stdout]   18:     0x61104090b2ac - core::panicking::panic::haa3255ea20181a33
[INFO] [stdout]                                at /rustc/6067b36314ab5eb2eb47cecc464545ba58e1ad24/library/core/src/panicking.rs:145:5
[INFO] [stdout]   19:     0x61104090b199 - core::option::unwrap_failed::h5e50c20db1c9e8f1
[INFO] [stdout]                                at /rustc/6067b36314ab5eb2eb47cecc464545ba58e1ad24/library/core/src/option.rs:2015:5
[INFO] [stdout]   20:     0x6110408b72d4 - core::option::Option<T>::unwrap::hdfe452e3659fda95
[INFO] [stdout]                                at /rustc/6067b36314ab5eb2eb47cecc464545ba58e1ad24/library/core/src/option.rs:978:21
[INFO] [stdout]   21:     0x6110408b72d4 - advent_of_code::utils::get_int_matrix::{{closure}}::{{closure}}::h191ff928e9485c05
[INFO] [stdout]                                at /opt/rustwide/workdir/src/lib.rs:15:27
[INFO] [stdout]   22:     0x6110408b6cc6 - core::ops::function::impls::<impl core::ops::function::FnOnce<A> for &mut F>::call_once::h460b1a207333057c
[INFO] [stdout]                                at /rustc/6067b36314ab5eb2eb47cecc464545ba58e1ad24/library/core/src/ops/function.rs:305:13
[INFO] [stdout]   23:     0x6110408b6c4e - core::option::Option<T>::map::h8b33311c62f37f9f
[INFO] [stdout]                                at /rustc/6067b36314ab5eb2eb47cecc464545ba58e1ad24/library/core/src/option.rs:1119:29
[INFO] [stdout]   24:     0x6110408b6c4e - <core::iter::adapters::map::Map<I,F> as core::iter::traits::iterator::Iterator>::next::hf048295cc23d1e39
[INFO] [stdout]                                at /rustc/6067b36314ab5eb2eb47cecc464545ba58e1ad24/library/core/src/iter/adapters/map.rs:107:26
[INFO] [stdout]   25:     0x6110408b5b57 - alloc::vec::Vec<T,A>::extend_desugared::h9424536371d52cdb
[INFO] [stdout]                                at /rustc/6067b36314ab5eb2eb47cecc464545ba58e1ad24/library/alloc/src/vec/mod.rs:3535:35
[INFO] [stdout]   26:     0x6110408b6178 - <alloc::vec::Vec<T,A> as alloc::vec::spec_extend::SpecExtend<T,I>>::spec_extend::h9e965872b5b74c21
[INFO] [stdout]                                at /rustc/6067b36314ab5eb2eb47cecc464545ba58e1ad24/library/alloc/src/vec/spec_extend.rs:19:9
[INFO] [stdout]   27:     0x6110408b5aaa - <alloc::vec::Vec<T> as alloc::vec::spec_from_iter_nested::SpecFromIterNested<T,I>>::from_iter::hb3eb61bb6b973250
[INFO] [stdout]                                at /rustc/6067b36314ab5eb2eb47cecc464545ba58e1ad24/library/alloc/src/vec/spec_from_iter_nested.rs:42:9
[INFO] [stdout]   28:     0x6110408b61cb - <alloc::vec::Vec<T> as alloc::vec::spec_from_iter::SpecFromIter<T,I>>::from_iter::hc11d262ca5f7bfc0
[INFO] [stdout]                                at /rustc/6067b36314ab5eb2eb47cecc464545ba58e1ad24/library/alloc/src/vec/spec_from_iter.rs:34:9
[INFO] [stdout]   29:     0x6110408b610e - <alloc::vec::Vec<T> as core::iter::traits::collect::FromIterator<T>>::from_iter::hce4a21eb8ff0b40d
[INFO] [stdout]                                at /rustc/6067b36314ab5eb2eb47cecc464545ba58e1ad24/library/alloc/src/vec/mod.rs:3427:9
[INFO] [stdout]   30:     0x6110408b6d32 - core::iter::traits::iterator::Iterator::collect::h4d40b2738068f3dc
[INFO] [stdout]                                at /rustc/6067b36314ab5eb2eb47cecc464545ba58e1ad24/library/core/src/iter/traits/iterator.rs:1971:9
[INFO] [stdout]   31:     0x6110408b71bb - itertools::Itertools::collect_vec::h2d1e222cdac0d118
[INFO] [stdout]                                at /opt/rustwide/cargo-home/registry/src/index.crates.io-1949cf8c6b5b557f/itertools-0.13.0/src/lib.rs:2227:9
[INFO] [stdout]   32:     0x6110408b7284 - advent_of_code::utils::get_int_matrix::{{closure}}::h8e6bfd6afb34a65b
[INFO] [stdout]                                at /opt/rustwide/workdir/src/lib.rs:14:25
[INFO] [stdout]   33:     0x6110408b6cfa - core::ops::function::impls::<impl core::ops::function::FnOnce<A> for &mut F>::call_once::h7e2632edb169f167
[INFO] [stdout]                                at /rustc/6067b36314ab5eb2eb47cecc464545ba58e1ad24/library/core/src/ops/function.rs:305:13
[INFO] [stdout]   34:     0x6110408b6bc2 - core::option::Option<T>::map::hc45ffffd292df377
[INFO] [stdout]                                at /rustc/6067b36314ab5eb2eb47cecc464545ba58e1ad24/library/core/src/option.rs:1119:29
[INFO] [stdout]   35:     0x6110408b6bc2 - <core::iter::adapters::map::Map<I,F> as core::iter::traits::iterator::Iterator>::next::hcff5dede847460cf
[INFO] [stdout]                                at /rustc/6067b36314ab5eb2eb47cecc464545ba58e1ad24/library/core/src/iter/adapters/map.rs:107:26
[INFO] [stdout]   36:     0x6110408b55b1 - <alloc::vec::Vec<T> as alloc::vec::spec_from_iter_nested::SpecFromIterNested<T,I>>::from_iter::h170825535777939a
[INFO] [stdout]                                at /rustc/6067b36314ab5eb2eb47cecc464545ba58e1ad24/library/alloc/src/vec/spec_from_iter_nested.rs:25:32
[INFO] [stdout]   37:     0x6110408b619e - <alloc::vec::Vec<T> as alloc::vec::spec_from_iter::SpecFromIter<T,I>>::from_iter::h0a189873e56f05b3
[INFO] [stdout]                                at /rustc/6067b36314ab5eb2eb47cecc464545ba58e1ad24/library/alloc/src/vec/spec_from_iter.rs:34:9
[INFO] [stdout]   38:     0x6110408b6153 - <alloc::vec::Vec<T> as core::iter::traits::collect::FromIterator<T>>::from_iter::hddd5536978407a85
[INFO] [stdout]                                at /rustc/6067b36314ab5eb2eb47cecc464545ba58e1ad24/library/alloc/src/vec/mod.rs:3427:9
[INFO] [stdout]   39:     0x6110408b6d55 - core::iter::traits::iterator::Iterator::collect::h7f1f6319b563afba
[INFO] [stdout]                                at /rustc/6067b36314ab5eb2eb47cecc464545ba58e1ad24/library/core/src/iter/traits/iterator.rs:1971:9
[INFO] [stdout]   40:     0x6110408b718e - itertools::Itertools::collect_vec::h0a8d16d87df7d6dd
[INFO] [stdout]                                at /opt/rustwide/cargo-home/registry/src/index.crates.io-1949cf8c6b5b557f/itertools-0.13.0/src/lib.rs:2227:9
[INFO] [stdout]   41:     0x6110408b721b - advent_of_code::utils::get_int_matrix::h24bc519ac055b24e
[INFO] [stdout]                                at /opt/rustwide/workdir/src/lib.rs:13:16
[INFO] [stdout]   42:     0x61104086e996 - _02::part_one::hf6bce5d6ef295984
[INFO] [stdout]                                at /opt/rustwide/workdir/src/bin/02.rs:6:19
[INFO] [stdout]   43:     0x61104086f0d6 - _02::tests::test_part_one::h55a1f9278079b926
[INFO] [stdout]                                at /opt/rustwide/workdir/src/bin/02.rs:57:22
[INFO] [stdout]   44:     0x61104086f047 - _02::tests::test_part_one::{{closure}}::ha90d65bbd8a32787
[INFO] [stdout]                                at /opt/rustwide/workdir/src/bin/02.rs:56:23
[INFO] [stdout]   45:     0x61104086d1a6 - core::ops::function::FnOnce::call_once::h532e89bf6900531e
[INFO] [stdout]                                at /rustc/6067b36314ab5eb2eb47cecc464545ba58e1ad24/library/core/src/ops/function.rs:250:5
[INFO] [stdout]   46:     0x6110408aeb2b - core::ops::function::FnOnce::call_once::he27718dfdd183f43
[INFO] [stdout]                                at /rustc/6067b36314ab5eb2eb47cecc464545ba58e1ad24/library/core/src/ops/function.rs:250:5
[INFO] [stdout]   47:     0x6110408aeb2b - test::__rust_begin_short_backtrace::h4e84902998457a5d
[INFO] [stdout]                                at /rustc/6067b36314ab5eb2eb47cecc464545ba58e1ad24/library/test/src/lib.rs:632:18
[INFO] [stdout]   48:     0x6110408ada63 - test::run_test_in_process::{{closure}}::h7176fd18fc1feca0
[INFO] [stdout]                                at /rustc/6067b36314ab5eb2eb47cecc464545ba58e1ad24/library/test/src/lib.rs:655:60
[INFO] [stdout]   49:     0x6110408ada63 - <core::panic::unwind_safe::AssertUnwindSafe<F> as core::ops::function::FnOnce<()>>::call_once::hf79cff2a624d8cf7
[INFO] [stdout]                                at /rustc/6067b36314ab5eb2eb47cecc464545ba58e1ad24/library/core/src/panic/unwind_safe.rs:272:9
[INFO] [stdout]   50:     0x6110408ada63 - std::panicking::try::do_call::h3da0561d9ab99c25
[INFO] [stdout]                                at /rustc/6067b36314ab5eb2eb47cecc464545ba58e1ad24/library/std/src/panicking.rs:587:40
[INFO] [stdout]   51:     0x6110408ada63 - std::panicking::try::h41c9fa508bc61df6
[INFO] [stdout]                                at /rustc/6067b36314ab5eb2eb47cecc464545ba58e1ad24/library/std/src/panicking.rs:550:19
[INFO] [stdout]   52:     0x6110408ada63 - std::panic::catch_unwind::h6b3ff07bb5afad93
[INFO] [stdout]                                at /rustc/6067b36314ab5eb2eb47cecc464545ba58e1ad24/library/std/src/panic.rs:358:14
[INFO] [stdout]   53:     0x6110408ada63 - test::run_test_in_process::hc7253dd11b39b9f4
[INFO] [stdout]                                at /rustc/6067b36314ab5eb2eb47cecc464545ba58e1ad24/library/test/src/lib.rs:655:27
[INFO] [stdout]   54:     0x6110408ada63 - test::run_test::{{closure}}::hfb2007f8649c30bb
[INFO] [stdout]                                at /rustc/6067b36314ab5eb2eb47cecc464545ba58e1ad24/library/test/src/lib.rs:576:43
[INFO] [stdout]   55:     0x611040870b45 - test::run_test::{{closure}}::h56a17aa7a282a9f4
[INFO] [stdout]                                at /rustc/6067b36314ab5eb2eb47cecc464545ba58e1ad24/library/test/src/lib.rs:606:41
[INFO] [stdout]   56:     0x611040870b45 - std::sys::backtrace::__rust_begin_short_backtrace::hd2d2d2fb8e8c6aac
[INFO] [stdout]                                at /rustc/6067b36314ab5eb2eb47cecc464545ba58e1ad24/library/std/src/sys/backtrace.rs:152:18
[INFO] [stdout]   57:     0x61104087442a - std::thread::Builder::spawn_unchecked_::{{closure}}::{{closure}}::h4faa3f9db6133423
[INFO] [stdout]                                at /rustc/6067b36314ab5eb2eb47cecc464545ba58e1ad24/library/std/src/thread/mod.rs:559:17
[INFO] [stdout]   58:     0x61104087442a - <core::panic::unwind_safe::AssertUnwindSafe<F> as core::ops::function::FnOnce<()>>::call_once::hf2e855a36a4ea846
[INFO] [stdout]                                at /rustc/6067b36314ab5eb2eb47cecc464545ba58e1ad24/library/core/src/panic/unwind_safe.rs:272:9
[INFO] [stdout]   59:     0x61104087442a - std::panicking::try::do_call::h2f73af3616c35465
[INFO] [stdout]                                at /rustc/6067b36314ab5eb2eb47cecc464545ba58e1ad24/library/std/src/panicking.rs:587:40
[INFO] [stdout]   60:     0x61104087442a - std::panicking::try::hd1660ce9efadef5a
[INFO] [stdout]                                at /rustc/6067b36314ab5eb2eb47cecc464545ba58e1ad24/library/std/src/panicking.rs:550:19
[INFO] [stdout]   61:     0x61104087442a - std::panic::catch_unwind::h5ee8d7823b8ca744
[INFO] [stdout]                                at /rustc/6067b36314ab5eb2eb47cecc464545ba58e1ad24/library/std/src/panic.rs:358:14
[INFO] [stdout]   62:     0x61104087442a - std::thread::Builder::spawn_unchecked_::{{closure}}::h53c3a1894dce8407
[INFO] [stdout]                                at /rustc/6067b36314ab5eb2eb47cecc464545ba58e1ad24/library/std/src/thread/mod.rs:557:30
[INFO] [stdout]   63:     0x61104087442a - core::ops::function::FnOnce::call_once{{vtable.shim}}::h048ce291ad4f62bf
[INFO] [stdout]                                at /rustc/6067b36314ab5eb2eb47cecc464545ba58e1ad24/library/core/src/ops/function.rs:250:5
[INFO] [stdout]   64:     0x6110408eaf8b - <alloc::boxed::Box<F,A> as core::ops::function::FnOnce<Args>>::call_once::ha52bedf99a3b4981
[INFO] [stdout]                                at /rustc/6067b36314ab5eb2eb47cecc464545ba58e1ad24/library/alloc/src/boxed.rs:2013:9
[INFO] [stdout]   65:     0x6110408eaf8b - <alloc::boxed::Box<F,A> as core::ops::function::FnOnce<Args>>::call_once::h567748934d80ccf8
[INFO] [stdout]                                at /rustc/6067b36314ab5eb2eb47cecc464545ba58e1ad24/library/alloc/src/boxed.rs:2013:9
[INFO] [stdout]   66:     0x6110408eaf8b - std::sys::pal::unix::thread::Thread::new::thread_start::h2d970728ae887adc
[INFO] [stdout]                                at /rustc/6067b36314ab5eb2eb47cecc464545ba58e1ad24/library/std/src/sys/pal/unix/thread.rs:106:17
[INFO] [stdout]   67:     0x7bc7abb55ac3 - <unknown>
[INFO] [stdout]   68:     0x7bc7abbe6a04 - clone
[INFO] [stdout]   69:                0x0 - <unknown>
[INFO] [stdout] 
[INFO] [stdout] 
[INFO] [stdout] failures:
[INFO] [stdout]     tests::test_part_one
[INFO] [stdout]     tests::test_part_two
[INFO] [stdout] 
[INFO] [stdout] test result: FAILED. 0 passed; 2 failed; 0 ignored; 0 measured; 0 filtered out; finished in 0.04s
[INFO] [stdout] 
[INFO] [stderr] error: test failed, to rerun pass `--bin 02`
[INFO] running `Command { std: "docker" "inspect" "565f6cf36ac5e0612e3e034e7b00c957badd19beb624c50597fb34c052d41e5f", kill_on_drop: false }`
[INFO] running `Command { std: "docker" "rm" "-f" "565f6cf36ac5e0612e3e034e7b00c957badd19beb624c50597fb34c052d41e5f", kill_on_drop: false }`
[INFO] [stdout] 565f6cf36ac5e0612e3e034e7b00c957badd19beb624c50597fb34c052d41e5f
