[INFO] cloning repository https://github.com/iamgabrielsoft/Rx
[INFO] running `Command { std: "git" "-c" "credential.helper=" "-c" "credential.helper=/workspace/cargo-home/bin/git-credential-null" "clone" "--bare" "https://github.com/iamgabrielsoft/Rx" "/workspace/cache/git-repos/https%3A%2F%2Fgithub.com%2Fiamgabrielsoft%2FRx", kill_on_drop: false }`
[INFO] [stderr] Cloning into bare repository '/workspace/cache/git-repos/https%3A%2F%2Fgithub.com%2Fiamgabrielsoft%2FRx'...
[INFO] running `Command { std: "git" "rev-parse" "HEAD", kill_on_drop: false }`
[INFO] [stdout] 465196993b5d67114a073c406b00e6bab54c906a
[INFO] testing iamgabrielsoft/Rx against nightly-2025-01-18 for randomize-layout-2
[INFO] running `Command { std: "git" "clone" "/workspace/cache/git-repos/https%3A%2F%2Fgithub.com%2Fiamgabrielsoft%2FRx" "/workspace/builds/worker-0-tc1/source", kill_on_drop: false }`
[INFO] [stderr] Cloning into '/workspace/builds/worker-0-tc1/source'...
[INFO] [stderr] done.
[INFO] validating manifest of git repo https://github.com/iamgabrielsoft/Rx on toolchain nightly-2025-01-18
[INFO] running `Command { std: CARGO_HOME="/workspace/cargo-home" RUSTUP_HOME="/workspace/rustup-home" "/workspace/cargo-home/bin/cargo" "+nightly-2025-01-18" "metadata" "--manifest-path" "Cargo.toml" "--no-deps", kill_on_drop: false }`
[INFO] started tweaking git repo https://github.com/iamgabrielsoft/Rx
[INFO] finished tweaking git repo https://github.com/iamgabrielsoft/Rx
[INFO] tweaked toml for git repo https://github.com/iamgabrielsoft/Rx written to /workspace/builds/worker-0-tc1/source/Cargo.toml
[INFO] crate git repo https://github.com/iamgabrielsoft/Rx already has a lockfile, it will not be regenerated
[INFO] running `Command { std: CARGO_HOME="/workspace/cargo-home" RUSTUP_HOME="/workspace/rustup-home" "/workspace/cargo-home/bin/cargo" "+nightly-2025-01-18" "fetch" "--manifest-path" "Cargo.toml", kill_on_drop: false }`
[INFO] [stderr]  Downloading crates ...
[INFO] [stderr]   Downloaded any_ascii v0.3.1
[INFO] [stderr]   Downloaded path_abs v0.4.1
[INFO] running `Command { std: "docker" "create" "-v" "/var/lib/crater-agent-workspace/builds/worker-0-tc1/target:/opt/rustwide/target:rw,Z" "-v" "/var/lib/crater-agent-workspace/builds/worker-0-tc1/source:/opt/rustwide/workdir:ro,Z" "-v" "/var/lib/crater-agent-workspace/cargo-home:/opt/rustwide/cargo-home:ro,Z" "-v" "/var/lib/crater-agent-workspace/rustup-home:/opt/rustwide/rustup-home:ro,Z" "-e" "SOURCE_DIR=/opt/rustwide/workdir" "-e" "CARGO_TARGET_DIR=/opt/rustwide/target" "-e" "CARGO_HOME=/opt/rustwide/cargo-home" "-e" "RUSTUP_HOME=/opt/rustwide/rustup-home" "-w" "/opt/rustwide/workdir" "-m" "1610612736" "--user" "0:0" "--network" "none" "ghcr.io/rust-lang/crates-build-env/linux@sha256:819108c5571ea2e421544af4d832f968d213c87fbe3707a016657f43d2f853bc" "/opt/rustwide/cargo-home/bin/cargo" "+nightly-2025-01-18" "metadata" "--no-deps" "--format-version=1", kill_on_drop: false }`
[INFO] [stdout] 88a520ab3ac6bec733aca709041b328be1fa0ee297a66fc3776189fe7c2fab49
[INFO] running `Command { std: "docker" "start" "-a" "88a520ab3ac6bec733aca709041b328be1fa0ee297a66fc3776189fe7c2fab49", kill_on_drop: false }`
[INFO] running `Command { std: "docker" "inspect" "88a520ab3ac6bec733aca709041b328be1fa0ee297a66fc3776189fe7c2fab49", kill_on_drop: false }`
[INFO] running `Command { std: "docker" "rm" "-f" "88a520ab3ac6bec733aca709041b328be1fa0ee297a66fc3776189fe7c2fab49", kill_on_drop: false }`
[INFO] [stdout] 88a520ab3ac6bec733aca709041b328be1fa0ee297a66fc3776189fe7c2fab49
[INFO] running `Command { std: "docker" "create" "-v" "/var/lib/crater-agent-workspace/builds/worker-0-tc1/target:/opt/rustwide/target:rw,Z" "-v" "/var/lib/crater-agent-workspace/builds/worker-0-tc1/source:/opt/rustwide/workdir:ro,Z" "-v" "/var/lib/crater-agent-workspace/cargo-home:/opt/rustwide/cargo-home:ro,Z" "-v" "/var/lib/crater-agent-workspace/rustup-home:/opt/rustwide/rustup-home:ro,Z" "-e" "SOURCE_DIR=/opt/rustwide/workdir" "-e" "CARGO_TARGET_DIR=/opt/rustwide/target" "-e" "CARGO_INCREMENTAL=0" "-e" "RUST_BACKTRACE=full" "-e" "RUSTFLAGS=--cap-lints=forbid" "-e" "RUSTDOCFLAGS=--cap-lints=forbid" "-e" "CARGO_HOME=/opt/rustwide/cargo-home" "-e" "RUSTUP_HOME=/opt/rustwide/rustup-home" "-w" "/opt/rustwide/workdir" "-m" "1610612736" "--user" "0:0" "--network" "none" "ghcr.io/rust-lang/crates-build-env/linux@sha256:819108c5571ea2e421544af4d832f968d213c87fbe3707a016657f43d2f853bc" "/opt/rustwide/cargo-home/bin/cargo" "+nightly-2025-01-18" "build" "--frozen" "--message-format=json", kill_on_drop: false }`
[INFO] [stdout] f163e405cd21ea973883f932efe1954e238959651cf3ee86a68e83c08f2989f7
[INFO] running `Command { std: "docker" "start" "-a" "f163e405cd21ea973883f932efe1954e238959651cf3ee86a68e83c08f2989f7", kill_on_drop: false }`
[INFO] [stderr]    Compiling autocfg v1.1.0
[INFO] [stderr]    Compiling libc v0.2.126
[INFO] [stderr]    Compiling memchr v2.5.0
[INFO] [stderr]    Compiling proc-macro2 v1.0.40
[INFO] [stderr]    Compiling unicode-ident v1.0.2
[INFO] [stderr]    Compiling quote v1.0.20
[INFO] [stderr]    Compiling syn v1.0.98
[INFO] [stderr]    Compiling serde v1.0.139
[INFO] [stderr]    Compiling regex-syntax v0.6.27
[INFO] [stderr]    Compiling serde_derive v1.0.139
[INFO] [stderr]    Compiling lazy_static v1.4.0
[INFO] [stderr]    Compiling serde_json v1.0.82
[INFO] [stderr]    Compiling unicode-width v0.1.9
[INFO] [stderr]    Compiling ansi_term v0.11.0
[INFO] [stderr]    Compiling same-file v1.0.6
[INFO] [stderr]    Compiling fastrand v1.7.0
[INFO] [stderr]    Compiling vec_map v0.8.2
[INFO] [stderr]    Compiling textwrap v0.10.0
[INFO] [stderr]    Compiling cfg-if v1.0.0
[INFO] [stderr]    Compiling std_prelude v0.2.12
[INFO] [stderr]    Compiling bitflags v1.3.2
[INFO] [stderr]    Compiling ryu v1.0.10
[INFO] [stderr]    Compiling remove_dir_all v0.5.3
[INFO] [stderr]    Compiling strsim v0.7.0
[INFO] [stderr]    Compiling itoa v1.0.2
[INFO] [stderr]    Compiling walkdir v2.3.2
[INFO] [stderr]    Compiling difference v2.0.0
[INFO] [stderr]    Compiling any_ascii v0.3.1
[INFO] [stderr]    Compiling num-traits v0.2.15
[INFO] [stderr]    Compiling num-integer v0.1.45
[INFO] [stderr]    Compiling aho-corasick v0.7.18
[INFO] [stderr]    Compiling atty v0.2.14
[INFO] [stderr]    Compiling time v0.1.44
[INFO] [stderr]    Compiling tempfile v3.3.0
[INFO] [stderr]    Compiling clap v2.32.0
[INFO] [stderr]    Compiling chrono v0.4.19
[INFO] [stderr]    Compiling regex v1.6.0
[INFO] [stderr]    Compiling stfu8 v0.2.5
[INFO] [stderr]    Compiling path_abs v0.4.1
[INFO] [stderr]    Compiling rx v0.1.0 (/opt/rustwide/workdir)
[INFO] [stdout] warning: unused `#[macro_use]` import
[INFO] [stdout]   --> src/main.rs:19:1
[INFO] [stdout]    |
[INFO] [stdout] 19 | #[macro_use]
[INFO] [stdout]    | ^^^^^^^^^^^^
[INFO] [stdout]    |
[INFO] [stdout]    = note: `#[warn(unused_imports)]` on by default
[INFO] [stdout] 
[INFO] [stdout] 
[INFO] [stdout] warning: unreachable expression
[INFO] [stdout]    --> src/fileutils.rs:120:5
[INFO] [stdout]     |
[INFO] [stdout] 113 | /         return low_source == low_target && 
[INFO] [stdout] 114 | |             source_metadata.file_type() == target_metadata.file_type() && 
[INFO] [stdout] 115 | |             source_metadata.len() == target_metadata.len()
[INFO] [stdout] 116 | |             && source_metadata.modified().unwrap() == target_metadata.modified().unwrap()
[INFO] [stdout]     | |_________________________________________________________________________________________- any code following this expression is unreachable
[INFO] [stdout] ...
[INFO] [stdout] 120 |       source == target
[INFO] [stdout]     |       ^^^^^^^^^^^^^^^^ unreachable expression
[INFO] [stdout]     |
[INFO] [stdout]     = note: `#[warn(unreachable_code)]` on by default
[INFO] [stdout] 
[INFO] [stdout] 
[INFO] [stdout] warning: unused variable: `base_color`
[INFO] [stdout]    --> src/output.rs:153:58
[INFO] [stdout]     |
[INFO] [stdout] 153 |     fn string_diff(&self, original: &str, changed: &str, base_color: Style,  diff_color: Style) -> String {
[INFO] [stdout]     |                                                          ^^^^^^^^^^ help: if this is intentional, prefix it with an underscore: `_base_color`
[INFO] [stdout]     |
[INFO] [stdout] note: the lint level is defined here
[INFO] [stdout]    --> src/output.rs:152:12
[INFO] [stdout]     |
[INFO] [stdout] 152 |     #[warn(unused_variables)]
[INFO] [stdout]     |            ^^^^^^^^^^^^^^^^
[INFO] [stdout] 
[INFO] [stdout] 
[INFO] [stdout] warning: field `dirs` is never read
[INFO] [stdout]   --> src/config.rs:14:9
[INFO] [stdout]    |
[INFO] [stdout] 11 | pub struct Config {
[INFO] [stdout]    |            ------ field in this struct
[INFO] [stdout] ...
[INFO] [stdout] 14 |     pub dirs: bool, 
[INFO] [stdout]    |         ^^^^
[INFO] [stdout]    |
[INFO] [stdout]    = note: `#[warn(dead_code)]` on by default
[INFO] [stdout] 
[INFO] [stdout] 
[INFO] [stdout] warning: variant `CreateSymlink` is never constructed
[INFO] [stdout]   --> src/error.rs:10:5
[INFO] [stdout]    |
[INFO] [stdout] 7  | pub enum  ErrorKind {
[INFO] [stdout]    |           --------- variant in this enum
[INFO] [stdout] ...
[INFO] [stdout] 10 |     CreateSymlink, 
[INFO] [stdout]    |     ^^^^^^^^^^^^^
[INFO] [stdout]    |
[INFO] [stdout]    = note: `ErrorKind` has a derived impl for the trait `Debug`, but this is intentionally ignored during dead code analysis
[INFO] [stdout] 
[INFO] [stdout] 
[INFO] [stdout] warning: field `warn` is never read
[INFO] [stdout]   --> src/output.rs:26:9
[INFO] [stdout]    |
[INFO] [stdout] 24 | pub struct Colors {
[INFO] [stdout]    |            ------ field in this struct
[INFO] [stdout] 25 |     pub info: Style, 
[INFO] [stdout] 26 |     pub warn: Style, 
[INFO] [stdout]    |         ^^^^
[INFO] [stdout] 
[INFO] [stdout] 
[INFO] [stdout] warning: function `create_symlink` is never used
[INFO] [stdout]    --> src/fileutils.rs:127:8
[INFO] [stdout]     |
[INFO] [stdout] 127 | pub fn create_symlink(source: &Path, symlink_file: &Path) -> Result<()> {
[INFO] [stdout]     |        ^^^^^^^^^^^^^^
[INFO] [stdout] 
[INFO] [stdout] 
[INFO] [stdout] warning: function `cleanup_paths` is never used
[INFO] [stdout]    --> src/fileutils.rs:151:8
[INFO] [stdout]     |
[INFO] [stdout] 151 | pub fn cleanup_paths(paths: &mut PathList, keep_dirs: bool) {
[INFO] [stdout]     |        ^^^^^^^^^^^^^
[INFO] [stdout] 
[INFO] [stdout] 
[INFO] [stderr]     Finished `dev` profile [unoptimized + debuginfo] target(s) in 18.87s
[INFO] running `Command { std: "docker" "inspect" "f163e405cd21ea973883f932efe1954e238959651cf3ee86a68e83c08f2989f7", kill_on_drop: false }`
[INFO] running `Command { std: "docker" "rm" "-f" "f163e405cd21ea973883f932efe1954e238959651cf3ee86a68e83c08f2989f7", kill_on_drop: false }`
[INFO] [stdout] f163e405cd21ea973883f932efe1954e238959651cf3ee86a68e83c08f2989f7
[INFO] running `Command { std: "docker" "create" "-v" "/var/lib/crater-agent-workspace/builds/worker-0-tc1/target:/opt/rustwide/target:rw,Z" "-v" "/var/lib/crater-agent-workspace/builds/worker-0-tc1/source:/opt/rustwide/workdir:ro,Z" "-v" "/var/lib/crater-agent-workspace/cargo-home:/opt/rustwide/cargo-home:ro,Z" "-v" "/var/lib/crater-agent-workspace/rustup-home:/opt/rustwide/rustup-home:ro,Z" "-e" "SOURCE_DIR=/opt/rustwide/workdir" "-e" "CARGO_TARGET_DIR=/opt/rustwide/target" "-e" "CARGO_INCREMENTAL=0" "-e" "RUST_BACKTRACE=full" "-e" "RUSTFLAGS=--cap-lints=forbid" "-e" "RUSTDOCFLAGS=--cap-lints=forbid" "-e" "CARGO_HOME=/opt/rustwide/cargo-home" "-e" "RUSTUP_HOME=/opt/rustwide/rustup-home" "-w" "/opt/rustwide/workdir" "-m" "1610612736" "--user" "0:0" "--network" "none" "ghcr.io/rust-lang/crates-build-env/linux@sha256:819108c5571ea2e421544af4d832f968d213c87fbe3707a016657f43d2f853bc" "/opt/rustwide/cargo-home/bin/cargo" "+nightly-2025-01-18" "test" "--frozen" "--no-run" "--message-format=json", kill_on_drop: false }`
[INFO] [stdout] a42beb9f20c5d67ccd88d9d2eea8d0b643e1ac396d6b746c936817da6036fe7e
[INFO] running `Command { std: "docker" "start" "-a" "a42beb9f20c5d67ccd88d9d2eea8d0b643e1ac396d6b746c936817da6036fe7e", kill_on_drop: false }`
[INFO] [stderr]    Compiling rx v0.1.0 (/opt/rustwide/workdir)
[INFO] [stdout] warning: unused `#[macro_use]` import
[INFO] [stdout]   --> src/main.rs:19:1
[INFO] [stdout]    |
[INFO] [stdout] 19 | #[macro_use]
[INFO] [stdout]    | ^^^^^^^^^^^^
[INFO] [stdout]    |
[INFO] [stdout]    = note: `#[warn(unused_imports)]` on by default
[INFO] [stdout] 
[INFO] [stdout] 
[INFO] [stdout] warning: unused import: `tempfile::tempfile`
[INFO] [stdout]   --> src/dumpfile.rs:97:9
[INFO] [stdout]    |
[INFO] [stdout] 97 |     use tempfile::tempfile;
[INFO] [stdout]    |         ^^^^^^^^^^^^^^^^^^
[INFO] [stdout] 
[INFO] [stdout] 
[INFO] [stdout] warning: unused import: `std::io::prelude::*`
[INFO] [stdout]    --> src/dumpfile.rs:104:9
[INFO] [stdout]     |
[INFO] [stdout] 104 |     use std::io::prelude::*;  
[INFO] [stdout]     |         ^^^^^^^^^^^^^^^^^^^
[INFO] [stdout] 
[INFO] [stdout] 
[INFO] [stdout] warning: unused import: `super::*`
[INFO] [stdout]    --> src/app.rs:165:9
[INFO] [stdout]     |
[INFO] [stdout] 165 |     use super::*;
[INFO] [stdout]     |         ^^^^^^^^
[INFO] [stdout] 
[INFO] [stdout] 
[INFO] [stdout] warning: unreachable expression
[INFO] [stdout]    --> src/fileutils.rs:120:5
[INFO] [stdout]     |
[INFO] [stdout] 113 | /         return low_source == low_target && 
[INFO] [stdout] 114 | |             source_metadata.file_type() == target_metadata.file_type() && 
[INFO] [stdout] 115 | |             source_metadata.len() == target_metadata.len()
[INFO] [stdout] 116 | |             && source_metadata.modified().unwrap() == target_metadata.modified().unwrap()
[INFO] [stdout]     | |_________________________________________________________________________________________- any code following this expression is unreachable
[INFO] [stdout] ...
[INFO] [stdout] 120 |       source == target
[INFO] [stdout]     |       ^^^^^^^^^^^^^^^^ unreachable expression
[INFO] [stdout]     |
[INFO] [stdout]     = note: `#[warn(unreachable_code)]` on by default
[INFO] [stdout] 
[INFO] [stdout] 
[INFO] [stdout] warning: unused variable: `base_color`
[INFO] [stdout]    --> src/output.rs:153:58
[INFO] [stdout]     |
[INFO] [stdout] 153 |     fn string_diff(&self, original: &str, changed: &str, base_color: Style,  diff_color: Style) -> String {
[INFO] [stdout]     |                                                          ^^^^^^^^^^ help: if this is intentional, prefix it with an underscore: `_base_color`
[INFO] [stdout]     |
[INFO] [stdout] note: the lint level is defined here
[INFO] [stdout]    --> src/output.rs:152:12
[INFO] [stdout]     |
[INFO] [stdout] 152 |     #[warn(unused_variables)]
[INFO] [stdout]     |            ^^^^^^^^^^^^^^^^
[INFO] [stdout] 
[INFO] [stdout] 
[INFO] [stdout] warning: field `dirs` is never read
[INFO] [stdout]   --> src/config.rs:14:9
[INFO] [stdout]    |
[INFO] [stdout] 11 | pub struct Config {
[INFO] [stdout]    |            ------ field in this struct
[INFO] [stdout] ...
[INFO] [stdout] 14 |     pub dirs: bool, 
[INFO] [stdout]    |         ^^^^
[INFO] [stdout]    |
[INFO] [stdout]    = note: `#[warn(dead_code)]` on by default
[INFO] [stdout] 
[INFO] [stdout] 
[INFO] [stdout] warning: function `get_a_valid_string` is never used
[INFO] [stdout]    --> src/app.rs:167:8
[INFO] [stdout]     |
[INFO] [stdout] 167 |     fn get_a_valid_string() {
[INFO] [stdout]     |        ^^^^^^^^^^^^^^^^^^
[INFO] [stdout] 
[INFO] [stdout] 
[INFO] [stdout] warning: field `warn` is never read
[INFO] [stdout]   --> src/output.rs:26:9
[INFO] [stdout]    |
[INFO] [stdout] 24 | pub struct Colors {
[INFO] [stdout]    |            ------ field in this struct
[INFO] [stdout] 25 |     pub info: Style, 
[INFO] [stdout] 26 |     pub warn: Style, 
[INFO] [stdout]    |         ^^^^
[INFO] [stdout] 
[INFO] [stdout] 
[INFO] [stderr]     Finished `test` profile [unoptimized + debuginfo] target(s) in 1.13s
[INFO] running `Command { std: "docker" "inspect" "a42beb9f20c5d67ccd88d9d2eea8d0b643e1ac396d6b746c936817da6036fe7e", kill_on_drop: false }`
[INFO] running `Command { std: "docker" "rm" "-f" "a42beb9f20c5d67ccd88d9d2eea8d0b643e1ac396d6b746c936817da6036fe7e", kill_on_drop: false }`
[INFO] [stdout] a42beb9f20c5d67ccd88d9d2eea8d0b643e1ac396d6b746c936817da6036fe7e
[INFO] running `Command { std: "docker" "create" "-v" "/var/lib/crater-agent-workspace/builds/worker-0-tc1/target:/opt/rustwide/target:rw,Z" "-v" "/var/lib/crater-agent-workspace/builds/worker-0-tc1/source:/opt/rustwide/workdir:ro,Z" "-v" "/var/lib/crater-agent-workspace/cargo-home:/opt/rustwide/cargo-home:ro,Z" "-v" "/var/lib/crater-agent-workspace/rustup-home:/opt/rustwide/rustup-home:ro,Z" "-e" "SOURCE_DIR=/opt/rustwide/workdir" "-e" "CARGO_TARGET_DIR=/opt/rustwide/target" "-e" "CARGO_INCREMENTAL=0" "-e" "RUST_BACKTRACE=full" "-e" "RUSTFLAGS=--cap-lints=forbid" "-e" "RUSTDOCFLAGS=--cap-lints=forbid" "-e" "CARGO_HOME=/opt/rustwide/cargo-home" "-e" "RUSTUP_HOME=/opt/rustwide/rustup-home" "-w" "/opt/rustwide/workdir" "-m" "1610612736" "--user" "0:0" "--network" "none" "ghcr.io/rust-lang/crates-build-env/linux@sha256:819108c5571ea2e421544af4d832f968d213c87fbe3707a016657f43d2f853bc" "/opt/rustwide/cargo-home/bin/cargo" "+nightly-2025-01-18" "test" "--frozen", kill_on_drop: false }`
[INFO] [stdout] 56c1cbcb120f6b3def33735a395c52d508330028530e13614ca47d863a295cb6
[INFO] running `Command { std: "docker" "start" "-a" "56c1cbcb120f6b3def33735a395c52d508330028530e13614ca47d863a295cb6", kill_on_drop: false }`
[INFO] [stderr] warning: unused `#[macro_use]` import
[INFO] [stderr]   --> src/main.rs:19:1
[INFO] [stderr]    |
[INFO] [stderr] 19 | #[macro_use]
[INFO] [stderr]    | ^^^^^^^^^^^^
[INFO] [stderr]    |
[INFO] [stderr]    = note: `#[warn(unused_imports)]` on by default
[INFO] [stderr] 
[INFO] [stderr] warning: unused import: `tempfile::tempfile`
[INFO] [stderr]   --> src/dumpfile.rs:97:9
[INFO] [stderr]    |
[INFO] [stderr] 97 |     use tempfile::tempfile;
[INFO] [stderr]    |         ^^^^^^^^^^^^^^^^^^
[INFO] [stderr] 
[INFO] [stderr] warning: unused import: `std::io::prelude::*`
[INFO] [stderr]    --> src/dumpfile.rs:104:9
[INFO] [stderr]     |
[INFO] [stderr] 104 |     use std::io::prelude::*;  
[INFO] [stderr]     |         ^^^^^^^^^^^^^^^^^^^
[INFO] [stderr] 
[INFO] [stderr] warning: unused import: `super::*`
[INFO] [stderr]    --> src/app.rs:165:9
[INFO] [stderr]     |
[INFO] [stderr] 165 |     use super::*;
[INFO] [stderr]     |         ^^^^^^^^
[INFO] [stderr] 
[INFO] [stderr] warning: unreachable expression
[INFO] [stderr]    --> src/fileutils.rs:120:5
[INFO] [stderr]     |
[INFO] [stderr] 113 | /         return low_source == low_target && 
[INFO] [stderr] 114 | |             source_metadata.file_type() == target_metadata.file_type() && 
[INFO] [stderr] 115 | |             source_metadata.len() == target_metadata.len()
[INFO] [stderr] 116 | |             && source_metadata.modified().unwrap() == target_metadata.modified().unwrap()
[INFO] [stderr]     | |_________________________________________________________________________________________- any code following this expression is unreachable
[INFO] [stderr] ...
[INFO] [stderr] 120 |       source == target
[INFO] [stderr]     |       ^^^^^^^^^^^^^^^^ unreachable expression
[INFO] [stderr]     |
[INFO] [stderr]     = note: `#[warn(unreachable_code)]` on by default
[INFO] [stderr] 
[INFO] [stderr] warning: unused variable: `base_color`
[INFO] [stderr]    --> src/output.rs:153:58
[INFO] [stderr]     |
[INFO] [stderr] 153 |     fn string_diff(&self, original: &str, changed: &str, base_color: Style,  diff_color: Style) -> String {
[INFO] [stderr]     |                                                          ^^^^^^^^^^ help: if this is intentional, prefix it with an underscore: `_base_color`
[INFO] [stderr]     |
[INFO] [stderr] note: the lint level is defined here
[INFO] [stderr]    --> src/output.rs:152:12
[INFO] [stderr]     |
[INFO] [stderr] 152 |     #[warn(unused_variables)]
[INFO] [stderr]     |            ^^^^^^^^^^^^^^^^
[INFO] [stderr] 
[INFO] [stderr] warning: field `dirs` is never read
[INFO] [stderr]   --> src/config.rs:14:9
[INFO] [stderr]    |
[INFO] [stderr] 11 | pub struct Config {
[INFO] [stderr]    |            ------ field in this struct
[INFO] [stderr] ...
[INFO] [stderr] 14 |     pub dirs: bool, 
[INFO] [stderr]    |         ^^^^
[INFO] [stderr]    |
[INFO] [stderr]    = note: `#[warn(dead_code)]` on by default
[INFO] [stderr] 
[INFO] [stderr] warning: function `get_a_valid_string` is never used
[INFO] [stderr]    --> src/app.rs:167:8
[INFO] [stderr]     |
[INFO] [stderr] 167 |     fn get_a_valid_string() {
[INFO] [stderr]     |        ^^^^^^^^^^^^^^^^^^
[INFO] [stderr] 
[INFO] [stderr] warning: field `warn` is never read
[INFO] [stderr]   --> src/output.rs:26:9
[INFO] [stderr]    |
[INFO] [stderr] 24 | pub struct Colors {
[INFO] [stderr]    |            ------ field in this struct
[INFO] [stderr] 25 |     pub info: Style, 
[INFO] [stderr] 26 |     pub warn: Style, 
[INFO] [stderr]    |         ^^^^
[INFO] [stderr] 
[INFO] [stderr] warning: `rx` (bin "rx" test) generated 9 warnings (run `cargo fix --bin "rx" --tests` to apply 3 suggestions)
[INFO] [stderr]     Finished `test` profile [unoptimized + debuginfo] target(s) in 0.06s
[INFO] [stderr]      Running unittests src/main.rs (/opt/rustwide/target/debug/deps/rx-ab903e8e87a5cd03)
[INFO] [stdout] 
[INFO] [stdout] running 7 tests
[INFO] [stdout] test config::test::app_command_from_string ... ok
[INFO] [stdout] test dumpfile::test::get_file_list ... ok
[INFO] [stdout] test fileutils::test::cleanup ... ok
[INFO] [stdout] test fileutils::test::test_same_file ... ok
[INFO] [stdout] test config::test::app_command_from_string_unknown_error - should panic ... ok
[INFO] [stdout] test dumpfile::test::unique_name ... FAILED
[INFO] [stdout] test fileutils::test::get_file_list ... FAILED
[INFO] [stdout] 
[INFO] [stdout] failures:
[INFO] [stdout] 
[INFO] [stdout] ---- dumpfile::test::unique_name stdout ----
[INFO] [stdout] Runing test in 'TempDir { path: "/tmp/.tmp5o5kNm" }'
[INFO] [stdout] 
[INFO] [stdout] thread 'dumpfile::test::unique_name' panicked at src/dumpfile.rs:129:50:
[INFO] [stdout] Error creating symlink.: Error { kind: CreateSymlink, value: Some("/tmp/.tmp5o5kNm/test_file_2/") }
[INFO] [stdout] stack backtrace:
[INFO] [stdout]    0:     0x5ebb142a350a - std::backtrace_rs::backtrace::libunwind::trace::hb059275cfc8d6126
[INFO] [stdout]                                at /rustc/6067b36314ab5eb2eb47cecc464545ba58e1ad24/library/std/src/../../backtrace/src/backtrace/libunwind.rs:116:5
[INFO] [stdout]    1:     0x5ebb142a350a - std::backtrace_rs::backtrace::trace_unsynchronized::h2da071e4327ce3ee
[INFO] [stdout]                                at /rustc/6067b36314ab5eb2eb47cecc464545ba58e1ad24/library/std/src/../../backtrace/src/backtrace/mod.rs:66:5
[INFO] [stdout]    2:     0x5ebb142a350a - std::sys::backtrace::_print_fmt::h842a1474e6f8d23f
[INFO] [stdout]                                at /rustc/6067b36314ab5eb2eb47cecc464545ba58e1ad24/library/std/src/sys/backtrace.rs:66:9
[INFO] [stdout]    3:     0x5ebb142a350a - <std::sys::backtrace::BacktraceLock::print::DisplayBacktrace as core::fmt::Display>::fmt::h71a62eb3b9696b12
[INFO] [stdout]                                at /rustc/6067b36314ab5eb2eb47cecc464545ba58e1ad24/library/std/src/sys/backtrace.rs:39:26
[INFO] [stdout]    4:     0x5ebb142cbcd3 - core::fmt::rt::Argument::fmt::hdb6b616786b41dc1
[INFO] [stdout]                                at /rustc/6067b36314ab5eb2eb47cecc464545ba58e1ad24/library/core/src/fmt/rt.rs:177:76
[INFO] [stdout]    5:     0x5ebb142cbcd3 - core::fmt::write::h2cc1698af7e2d686
[INFO] [stdout]                                at /rustc/6067b36314ab5eb2eb47cecc464545ba58e1ad24/library/core/src/fmt/mod.rs:1440:21
[INFO] [stdout]    6:     0x5ebb1429fb73 - std::io::Write::write_fmt::hab1b4cd059a79022
[INFO] [stdout]                                at /rustc/6067b36314ab5eb2eb47cecc464545ba58e1ad24/library/std/src/io/mod.rs:1887:15
[INFO] [stdout]    7:     0x5ebb142a3352 - std::sys::backtrace::BacktraceLock::print::h147fe35b4ea13b08
[INFO] [stdout]                                at /rustc/6067b36314ab5eb2eb47cecc464545ba58e1ad24/library/std/src/sys/backtrace.rs:42:9
[INFO] [stdout]    8:     0x5ebb142a492f - std::panicking::default_hook::{{closure}}::hbd44223dbdc0d208
[INFO] [stdout]                                at /rustc/6067b36314ab5eb2eb47cecc464545ba58e1ad24/library/std/src/panicking.rs:298:22
[INFO] [stdout]    9:     0x5ebb142a4748 - std::panicking::default_hook::h20f81eb0576efcec
[INFO] [stdout]                                at /rustc/6067b36314ab5eb2eb47cecc464545ba58e1ad24/library/std/src/panicking.rs:322:9
[INFO] [stdout]   10:     0x5ebb14246ad3 - <alloc::boxed::Box<F,A> as core::ops::function::Fn<Args>>::call::hdb53814c496a4d34
[INFO] [stdout]                                at /rustc/6067b36314ab5eb2eb47cecc464545ba58e1ad24/library/alloc/src/boxed.rs:2027:9
[INFO] [stdout]   11:     0x5ebb14246ad3 - test::test_main::{{closure}}::hc0a4963c59427c24
[INFO] [stdout]                                at /rustc/6067b36314ab5eb2eb47cecc464545ba58e1ad24/library/test/src/lib.rs:134:21
[INFO] [stdout]   12:     0x5ebb142a5423 - <alloc::boxed::Box<F,A> as core::ops::function::Fn<Args>>::call::h591b2225413a77e9
[INFO] [stdout]                                at /rustc/6067b36314ab5eb2eb47cecc464545ba58e1ad24/library/alloc/src/boxed.rs:2027:9
[INFO] [stdout]   13:     0x5ebb142a5423 - std::panicking::rust_panic_with_hook::h625eea43051b2edc
[INFO] [stdout]                                at /rustc/6067b36314ab5eb2eb47cecc464545ba58e1ad24/library/std/src/panicking.rs:839:13
[INFO] [stdout]   14:     0x5ebb142a50da - std::panicking::begin_panic_handler::{{closure}}::h4f9159cfbc3f6bd3
[INFO] [stdout]                                at /rustc/6067b36314ab5eb2eb47cecc464545ba58e1ad24/library/std/src/panicking.rs:704:13
[INFO] [stdout]   15:     0x5ebb142a3a09 - std::sys::backtrace::__rust_end_short_backtrace::h0390abce48353151
[INFO] [stdout]                                at /rustc/6067b36314ab5eb2eb47cecc464545ba58e1ad24/library/std/src/sys/backtrace.rs:168:18
[INFO] [stdout]   16:     0x5ebb142a4d6d - rust_begin_unwind
[INFO] [stdout]                                at /rustc/6067b36314ab5eb2eb47cecc464545ba58e1ad24/library/std/src/panicking.rs:695:5
[INFO] [stdout]   17:     0x5ebb142ca6b0 - core::panicking::panic_fmt::h9e7c637e9e5f29c9
[INFO] [stdout]                                at /rustc/6067b36314ab5eb2eb47cecc464545ba58e1ad24/library/core/src/panicking.rs:75:14
[INFO] [stdout]   18:     0x5ebb142cab26 - core::result::unwrap_failed::h7979f09313fe1849
[INFO] [stdout]                                at /rustc/6067b36314ab5eb2eb47cecc464545ba58e1ad24/library/core/src/result.rs:1704:5
[INFO] [stdout]   19:     0x5ebb141fde6d - core::result::Result<T,E>::expect::h3cb1b1090ef06900
[INFO] [stdout]                                at /rustc/6067b36314ab5eb2eb47cecc464545ba58e1ad24/library/core/src/result.rs:1061:23
[INFO] [stdout]   20:     0x5ebb142009ad - rx::dumpfile::test::unique_name::h65b84fd60c9ad371
[INFO] [stdout]                                at /opt/rustwide/workdir/src/dumpfile.rs:129:9
[INFO] [stdout]   21:     0x5ebb142002a7 - rx::dumpfile::test::unique_name::{{closure}}::h810487a9f1c5da58
[INFO] [stdout]                                at /opt/rustwide/workdir/src/dumpfile.rs:110:21
[INFO] [stdout]   22:     0x5ebb141fc606 - core::ops::function::FnOnce::call_once::hc22c91e861b7bae4
[INFO] [stdout]                                at /rustc/6067b36314ab5eb2eb47cecc464545ba58e1ad24/library/core/src/ops/function.rs:250:5
[INFO] [stdout]   23:     0x5ebb1424c22b - core::ops::function::FnOnce::call_once::he27718dfdd183f43
[INFO] [stdout]                                at /rustc/6067b36314ab5eb2eb47cecc464545ba58e1ad24/library/core/src/ops/function.rs:250:5
[INFO] [stdout]   24:     0x5ebb1424c22b - test::__rust_begin_short_backtrace::h4e84902998457a5d
[INFO] [stdout]                                at /rustc/6067b36314ab5eb2eb47cecc464545ba58e1ad24/library/test/src/lib.rs:632:18
[INFO] [stdout]   25:     0x5ebb1424b163 - test::run_test_in_process::{{closure}}::h7176fd18fc1feca0
[INFO] [stdout]                                at /rustc/6067b36314ab5eb2eb47cecc464545ba58e1ad24/library/test/src/lib.rs:655:60
[INFO] [stdout]   26:     0x5ebb1424b163 - <core::panic::unwind_safe::AssertUnwindSafe<F> as core::ops::function::FnOnce<()>>::call_once::hf79cff2a624d8cf7
[INFO] [stdout]                                at /rustc/6067b36314ab5eb2eb47cecc464545ba58e1ad24/library/core/src/panic/unwind_safe.rs:272:9
[INFO] [stdout]   27:     0x5ebb1424b163 - std::panicking::try::do_call::h3da0561d9ab99c25
[INFO] [stdout]                                at /rustc/6067b36314ab5eb2eb47cecc464545ba58e1ad24/library/std/src/panicking.rs:587:40
[INFO] [stdout]   28:     0x5ebb1424b163 - std::panicking::try::h41c9fa508bc61df6
[INFO] [stdout]                                at /rustc/6067b36314ab5eb2eb47cecc464545ba58e1ad24/library/std/src/panicking.rs:550:19
[INFO] [stdout]   29:     0x5ebb1424b163 - std::panic::catch_unwind::h6b3ff07bb5afad93
[INFO] [stdout]                                at /rustc/6067b36314ab5eb2eb47cecc464545ba58e1ad24/library/std/src/panic.rs:358:14
[INFO] [stdout]   30:     0x5ebb1424b163 - test::run_test_in_process::hc7253dd11b39b9f4
[INFO] [stdout]                                at /rustc/6067b36314ab5eb2eb47cecc464545ba58e1ad24/library/test/src/lib.rs:655:27
[INFO] [stdout]   31:     0x5ebb1424b163 - test::run_test::{{closure}}::hfb2007f8649c30bb
[INFO] [stdout]                                at /rustc/6067b36314ab5eb2eb47cecc464545ba58e1ad24/library/test/src/lib.rs:576:43
[INFO] [stdout]   32:     0x5ebb1420e245 - test::run_test::{{closure}}::h56a17aa7a282a9f4
[INFO] [stdout]                                at /rustc/6067b36314ab5eb2eb47cecc464545ba58e1ad24/library/test/src/lib.rs:606:41
[INFO] [stdout]   33:     0x5ebb1420e245 - std::sys::backtrace::__rust_begin_short_backtrace::hd2d2d2fb8e8c6aac
[INFO] [stdout]                                at /rustc/6067b36314ab5eb2eb47cecc464545ba58e1ad24/library/std/src/sys/backtrace.rs:152:18
[INFO] [stdout]   34:     0x5ebb14211b2a - std::thread::Builder::spawn_unchecked_::{{closure}}::{{closure}}::h4faa3f9db6133423
[INFO] [stdout]                                at /rustc/6067b36314ab5eb2eb47cecc464545ba58e1ad24/library/std/src/thread/mod.rs:559:17
[INFO] [stdout]   35:     0x5ebb14211b2a - <core::panic::unwind_safe::AssertUnwindSafe<F> as core::ops::function::FnOnce<()>>::call_once::hf2e855a36a4ea846
[INFO] [stdout]                                at /rustc/6067b36314ab5eb2eb47cecc464545ba58e1ad24/library/core/src/panic/unwind_safe.rs:272:9
[INFO] [stdout]   36:     0x5ebb14211b2a - std::panicking::try::do_call::h2f73af3616c35465
[INFO] [stdout]                                at /rustc/6067b36314ab5eb2eb47cecc464545ba58e1ad24/library/std/src/panicking.rs:587:40
[INFO] [stdout]   37:     0x5ebb14211b2a - std::panicking::try::hd1660ce9efadef5a
[INFO] [stdout]                                at /rustc/6067b36314ab5eb2eb47cecc464545ba58e1ad24/library/std/src/panicking.rs:550:19
[INFO] [stdout]   38:     0x5ebb14211b2a - std::panic::catch_unwind::h5ee8d7823b8ca744
[INFO] [stdout]                                at /rustc/6067b36314ab5eb2eb47cecc464545ba58e1ad24/library/std/src/panic.rs:358:14
[INFO] [stdout]   39:     0x5ebb14211b2a - std::thread::Builder::spawn_unchecked_::{{closure}}::h53c3a1894dce8407
[INFO] [stdout]                                at /rustc/6067b36314ab5eb2eb47cecc464545ba58e1ad24/library/std/src/thread/mod.rs:557:30
[INFO] [stdout]   40:     0x5ebb14211b2a - core::ops::function::FnOnce::call_once{{vtable.shim}}::h048ce291ad4f62bf
[INFO] [stdout]                                at /rustc/6067b36314ab5eb2eb47cecc464545ba58e1ad24/library/core/src/ops/function.rs:250:5
[INFO] [stdout]   41:     0x5ebb142aa33b - <alloc::boxed::Box<F,A> as core::ops::function::FnOnce<Args>>::call_once::ha52bedf99a3b4981
[INFO] [stdout]                                at /rustc/6067b36314ab5eb2eb47cecc464545ba58e1ad24/library/alloc/src/boxed.rs:2013:9
[INFO] [stdout]   42:     0x5ebb142aa33b - <alloc::boxed::Box<F,A> as core::ops::function::FnOnce<Args>>::call_once::h567748934d80ccf8
[INFO] [stdout]                                at /rustc/6067b36314ab5eb2eb47cecc464545ba58e1ad24/library/alloc/src/boxed.rs:2013:9
[INFO] [stdout]   43:     0x5ebb142aa33b - std::sys::pal::unix::thread::Thread::new::thread_start::h2d970728ae887adc
[INFO] [stdout]                                at /rustc/6067b36314ab5eb2eb47cecc464545ba58e1ad24/library/std/src/sys/pal/unix/thread.rs:106:17
[INFO] [stdout]   44:     0x75e2fb947ac3 - <unknown>
[INFO] [stdout]   45:     0x75e2fb9d8a04 - clone
[INFO] [stdout]   46:                0x0 - <unknown>
[INFO] [stdout] 
[INFO] [stdout] ---- fileutils::test::get_file_list stdout ----
[INFO] [stdout] 
[INFO] [stdout] thread 'fileutils::test::get_file_list' panicked at src/fileutils.rs:190:9:
[INFO] [stdout] assertion failed: files.contains(&PathBuf::from("test_file.1.txt"))
[INFO] [stdout] stack backtrace:
[INFO] [stdout]    0:     0x5ebb142a350a - std::backtrace_rs::backtrace::libunwind::trace::hb059275cfc8d6126
[INFO] [stdout]                                at /rustc/6067b36314ab5eb2eb47cecc464545ba58e1ad24/library/std/src/../../backtrace/src/backtrace/libunwind.rs:116:5
[INFO] [stdout]    1:     0x5ebb142a350a - std::backtrace_rs::backtrace::trace_unsynchronized::h2da071e4327ce3ee
[INFO] [stdout]                                at /rustc/6067b36314ab5eb2eb47cecc464545ba58e1ad24/library/std/src/../../backtrace/src/backtrace/mod.rs:66:5
[INFO] [stdout]    2:     0x5ebb142a350a - std::sys::backtrace::_print_fmt::h842a1474e6f8d23f
[INFO] [stdout]                                at /rustc/6067b36314ab5eb2eb47cecc464545ba58e1ad24/library/std/src/sys/backtrace.rs:66:9
[INFO] [stdout]    3:     0x5ebb142a350a - <std::sys::backtrace::BacktraceLock::print::DisplayBacktrace as core::fmt::Display>::fmt::h71a62eb3b9696b12
[INFO] [stdout]                                at /rustc/6067b36314ab5eb2eb47cecc464545ba58e1ad24/library/std/src/sys/backtrace.rs:39:26
[INFO] [stdout]    4:     0x5ebb142cbcd3 - core::fmt::rt::Argument::fmt::hdb6b616786b41dc1
[INFO] [stdout]                                at /rustc/6067b36314ab5eb2eb47cecc464545ba58e1ad24/library/core/src/fmt/rt.rs:177:76
[INFO] [stdout]    5:     0x5ebb142cbcd3 - core::fmt::write::h2cc1698af7e2d686
[INFO] [stdout]                                at /rustc/6067b36314ab5eb2eb47cecc464545ba58e1ad24/library/core/src/fmt/mod.rs:1440:21
[INFO] [stdout]    6:     0x5ebb1429fb73 - std::io::Write::write_fmt::hab1b4cd059a79022
[INFO] [stdout]                                at /rustc/6067b36314ab5eb2eb47cecc464545ba58e1ad24/library/std/src/io/mod.rs:1887:15
[INFO] [stdout]    7:     0x5ebb142a3352 - std::sys::backtrace::BacktraceLock::print::h147fe35b4ea13b08
[INFO] [stdout]                                at /rustc/6067b36314ab5eb2eb47cecc464545ba58e1ad24/library/std/src/sys/backtrace.rs:42:9
[INFO] [stdout]    8:     0x5ebb142a492f - std::panicking::default_hook::{{closure}}::hbd44223dbdc0d208
[INFO] [stdout]                                at /rustc/6067b36314ab5eb2eb47cecc464545ba58e1ad24/library/std/src/panicking.rs:298:22
[INFO] [stdout]    9:     0x5ebb142a4748 - std::panicking::default_hook::h20f81eb0576efcec
[INFO] [stdout]                                at /rustc/6067b36314ab5eb2eb47cecc464545ba58e1ad24/library/std/src/panicking.rs:322:9
[INFO] [stdout]   10:     0x5ebb14246ad3 - <alloc::boxed::Box<F,A> as core::ops::function::Fn<Args>>::call::hdb53814c496a4d34
[INFO] [stdout]                                at /rustc/6067b36314ab5eb2eb47cecc464545ba58e1ad24/library/alloc/src/boxed.rs:2027:9
[INFO] [stdout]   11:     0x5ebb14246ad3 - test::test_main::{{closure}}::hc0a4963c59427c24
[INFO] [stdout]                                at /rustc/6067b36314ab5eb2eb47cecc464545ba58e1ad24/library/test/src/lib.rs:134:21
[INFO] [stdout]   12:     0x5ebb142a5423 - <alloc::boxed::Box<F,A> as core::ops::function::Fn<Args>>::call::h591b2225413a77e9
[INFO] [stdout]                                at /rustc/6067b36314ab5eb2eb47cecc464545ba58e1ad24/library/alloc/src/boxed.rs:2027:9
[INFO] [stdout]   13:     0x5ebb142a5423 - std::panicking::rust_panic_with_hook::h625eea43051b2edc
[INFO] [stdout]                                at /rustc/6067b36314ab5eb2eb47cecc464545ba58e1ad24/library/std/src/panicking.rs:839:13
[INFO] [stdout]   14:     0x5ebb142a50a6 - std::panicking::begin_panic_handler::{{closure}}::h4f9159cfbc3f6bd3
[INFO] [stdout]                                at /rustc/6067b36314ab5eb2eb47cecc464545ba58e1ad24/library/std/src/panicking.rs:697:13
[INFO] [stdout]   15:     0x5ebb142a3a09 - std::sys::backtrace::__rust_end_short_backtrace::h0390abce48353151
[INFO] [stdout]                                at /rustc/6067b36314ab5eb2eb47cecc464545ba58e1ad24/library/std/src/sys/backtrace.rs:168:18
[INFO] [stdout]   16:     0x5ebb142a4d6d - rust_begin_unwind
[INFO] [stdout]                                at /rustc/6067b36314ab5eb2eb47cecc464545ba58e1ad24/library/std/src/panicking.rs:695:5
[INFO] [stdout]   17:     0x5ebb142ca6b0 - core::panicking::panic_fmt::h9e7c637e9e5f29c9
[INFO] [stdout]                                at /rustc/6067b36314ab5eb2eb47cecc464545ba58e1ad24/library/core/src/panicking.rs:75:14
[INFO] [stdout]   18:     0x5ebb142ca73c - core::panicking::panic::haa3255ea20181a33
[INFO] [stdout]                                at /rustc/6067b36314ab5eb2eb47cecc464545ba58e1ad24/library/core/src/panicking.rs:145:5
[INFO] [stdout]   19:     0x5ebb1420a4c1 - rx::fileutils::test::get_file_list::h8049338d0a78e0ce
[INFO] [stdout]                                at /opt/rustwide/workdir/src/fileutils.rs:190:9
[INFO] [stdout]   20:     0x5ebb1420a1a7 - rx::fileutils::test::get_file_list::{{closure}}::h84d45a6fd8643e1e
[INFO] [stdout]                                at /opt/rustwide/workdir/src/fileutils.rs:181:23
[INFO] [stdout]   21:     0x5ebb141fc5c6 - core::ops::function::FnOnce::call_once::hc179d8bea3c55bd0
[INFO] [stdout]                                at /rustc/6067b36314ab5eb2eb47cecc464545ba58e1ad24/library/core/src/ops/function.rs:250:5
[INFO] [stdout]   22:     0x5ebb1424c22b - core::ops::function::FnOnce::call_once::he27718dfdd183f43
[INFO] [stdout]                                at /rustc/6067b36314ab5eb2eb47cecc464545ba58e1ad24/library/core/src/ops/function.rs:250:5
[INFO] [stdout]   23:     0x5ebb1424c22b - test::__rust_begin_short_backtrace::h4e84902998457a5d
[INFO] [stdout]                                at /rustc/6067b36314ab5eb2eb47cecc464545ba58e1ad24/library/test/src/lib.rs:632:18
[INFO] [stdout]   24:     0x5ebb1424b163 - test::run_test_in_process::{{closure}}::h7176fd18fc1feca0
[INFO] [stdout]                                at /rustc/6067b36314ab5eb2eb47cecc464545ba58e1ad24/library/test/src/lib.rs:655:60
[INFO] [stdout]   25:     0x5ebb1424b163 - <core::panic::unwind_safe::AssertUnwindSafe<F> as core::ops::function::FnOnce<()>>::call_once::hf79cff2a624d8cf7
[INFO] [stdout]                                at /rustc/6067b36314ab5eb2eb47cecc464545ba58e1ad24/library/core/src/panic/unwind_safe.rs:272:9
[INFO] [stdout]   26:     0x5ebb1424b163 - std::panicking::try::do_call::h3da0561d9ab99c25
[INFO] [stdout]                                at /rustc/6067b36314ab5eb2eb47cecc464545ba58e1ad24/library/std/src/panicking.rs:587:40
[INFO] [stdout]   27:     0x5ebb1424b163 - std::panicking::try::h41c9fa508bc61df6
[INFO] [stdout]                                at /rustc/6067b36314ab5eb2eb47cecc464545ba58e1ad24/library/std/src/panicking.rs:550:19
[INFO] [stdout]   28:     0x5ebb1424b163 - std::panic::catch_unwind::h6b3ff07bb5afad93
[INFO] [stdout]                                at /rustc/6067b36314ab5eb2eb47cecc464545ba58e1ad24/library/std/src/panic.rs:358:14
[INFO] [stdout]   29:     0x5ebb1424b163 - test::run_test_in_process::hc7253dd11b39b9f4
[INFO] [stdout]                                at /rustc/6067b36314ab5eb2eb47cecc464545ba58e1ad24/library/test/src/lib.rs:655:27
[INFO] [stdout]   30:     0x5ebb1424b163 - test::run_test::{{closure}}::hfb2007f8649c30bb
[INFO] [stdout]                                at /rustc/6067b36314ab5eb2eb47cecc464545ba58e1ad24/library/test/src/lib.rs:576:43
[INFO] [stdout]   31:     0x5ebb1420e245 - test::run_test::{{closure}}::h56a17aa7a282a9f4
[INFO] [stdout]                                at /rustc/6067b36314ab5eb2eb47cecc464545ba58e1ad24/library/test/src/lib.rs:606:41
[INFO] [stdout]   32:     0x5ebb1420e245 - std::sys::backtrace::__rust_begin_short_backtrace::hd2d2d2fb8e8c6aac
[INFO] [stdout]                                at /rustc/6067b36314ab5eb2eb47cecc464545ba58e1ad24/library/std/src/sys/backtrace.rs:152:18
[INFO] [stdout]   33:     0x5ebb14211b2a - std::thread::Builder::spawn_unchecked_::{{closure}}::{{closure}}::h4faa3f9db6133423
[INFO] [stdout]                                at /rustc/6067b36314ab5eb2eb47cecc464545ba58e1ad24/library/std/src/thread/mod.rs:559:17
[INFO] [stdout]   34:     0x5ebb14211b2a - <core::panic::unwind_safe::AssertUnwindSafe<F> as core::ops::function::FnOnce<()>>::call_once::hf2e855a36a4ea846
[INFO] [stdout]                                at /rustc/6067b36314ab5eb2eb47cecc464545ba58e1ad24/library/core/src/panic/unwind_safe.rs:272:9
[INFO] [stdout]   35:     0x5ebb14211b2a - std::panicking::try::do_call::h2f73af3616c35465
[INFO] [stdout]                                at /rustc/6067b36314ab5eb2eb47cecc464545ba58e1ad24/library/std/src/panicking.rs:587:40
[INFO] [stdout]   36:     0x5ebb14211b2a - std::panicking::try::hd1660ce9efadef5a
[INFO] [stdout]                                at /rustc/6067b36314ab5eb2eb47cecc464545ba58e1ad24/library/std/src/panicking.rs:550:19
[INFO] [stdout]   37:     0x5ebb14211b2a - std::panic::catch_unwind::h5ee8d7823b8ca744
[INFO] [stdout]                                at /rustc/6067b36314ab5eb2eb47cecc464545ba58e1ad24/library/std/src/panic.rs:358:14
[INFO] [stdout]   38:     0x5ebb14211b2a - std::thread::Builder::spawn_unchecked_::{{closure}}::h53c3a1894dce8407
[INFO] [stdout]                                at /rustc/6067b36314ab5eb2eb47cecc464545ba58e1ad24/library/std/src/thread/mod.rs:557:30
[INFO] [stdout]   39:     0x5ebb14211b2a - core::ops::function::FnOnce::call_once{{vtable.shim}}::h048ce291ad4f62bf
[INFO] [stdout]                                at /rustc/6067b36314ab5eb2eb47cecc464545ba58e1ad24/library/core/src/ops/function.rs:250:5
[INFO] [stdout]   40:     0x5ebb142aa33b - <alloc::boxed::Box<F,A> as core::ops::function::FnOnce<Args>>::call_once::ha52bedf99a3b4981
[INFO] [stdout]                                at /rustc/6067b36314ab5eb2eb47cecc464545ba58e1ad24/library/alloc/src/boxed.rs:2013:9
[INFO] [stdout]   41:     0x5ebb142aa33b - <alloc::boxed::Box<F,A> as core::ops::function::FnOnce<Args>>::call_once::h567748934d80ccf8
[INFO] [stdout]                                at /rustc/6067b36314ab5eb2eb47cecc464545ba58e1ad24/library/alloc/src/boxed.rs:2013:9
[INFO] [stdout]   42:     0x5ebb142aa33b - std::sys::pal::unix::thread::Thread::new::thread_start::h2d970728ae887adc
[INFO] [stdout]                                at /rustc/6067b36314ab5eb2eb47cecc464545ba58e1ad24/library/std/src/sys/pal/unix/thread.rs:106:17
[INFO] [stdout]   43:     0x75e2fb947ac3 - <unknown>
[INFO] [stdout]   44:     0x75e2fb9d8a04 - clone
[INFO] [stdout]   45:                0x0 - <unknown>
[INFO] [stdout] 
[INFO] [stdout] 
[INFO] [stdout] failures:
[INFO] [stdout]     dumpfile::test::unique_name
[INFO] [stdout]     fileutils::test::get_file_list
[INFO] [stdout] 
[INFO] [stdout] test result: FAILED. 5 passed; 2 failed; 0 ignored; 0 measured; 0 filtered out; finished in 0.09s
[INFO] [stdout] 
[INFO] [stderr] error: test failed, to rerun pass `--bin rx`
[INFO] running `Command { std: "docker" "inspect" "56c1cbcb120f6b3def33735a395c52d508330028530e13614ca47d863a295cb6", kill_on_drop: false }`
[INFO] running `Command { std: "docker" "rm" "-f" "56c1cbcb120f6b3def33735a395c52d508330028530e13614ca47d863a295cb6", kill_on_drop: false }`
[INFO] [stdout] 56c1cbcb120f6b3def33735a395c52d508330028530e13614ca47d863a295cb6
