[INFO] cloning repository https://github.com/hyperoracle/kzg_ceremony_halo2
[INFO] running `Command { std: "git" "-c" "credential.helper=" "-c" "credential.helper=/workspace/cargo-home/bin/git-credential-null" "clone" "--bare" "https://github.com/hyperoracle/kzg_ceremony_halo2" "/workspace/cache/git-repos/https%3A%2F%2Fgithub.com%2Fhyperoracle%2Fkzg_ceremony_halo2", kill_on_drop: false }`
[INFO] [stderr] Cloning into bare repository '/workspace/cache/git-repos/https%3A%2F%2Fgithub.com%2Fhyperoracle%2Fkzg_ceremony_halo2'...
[INFO] running `Command { std: "git" "rev-parse" "HEAD", kill_on_drop: false }`
[INFO] [stdout] 23cf01df51fc40528f80e6505924ca4746f799be
[INFO] testing hyperoracle/kzg_ceremony_halo2 against nightly-2025-01-18+rustflags=-Zrandomize-layout for randomize-layout-2
[INFO] running `Command { std: "git" "clone" "/workspace/cache/git-repos/https%3A%2F%2Fgithub.com%2Fhyperoracle%2Fkzg_ceremony_halo2" "/workspace/builds/worker-6-tc2/source", kill_on_drop: false }`
[INFO] [stderr] Cloning into '/workspace/builds/worker-6-tc2/source'...
[INFO] [stderr] done.
[INFO] validating manifest of git repo https://github.com/hyperoracle/kzg_ceremony_halo2 on toolchain nightly-2025-01-18
[INFO] running `Command { std: CARGO_HOME="/workspace/cargo-home" RUSTUP_HOME="/workspace/rustup-home" "/workspace/cargo-home/bin/cargo" "+nightly-2025-01-18" "metadata" "--manifest-path" "Cargo.toml" "--no-deps", kill_on_drop: false }`
[INFO] started tweaking git repo https://github.com/hyperoracle/kzg_ceremony_halo2
[INFO] finished tweaking git repo https://github.com/hyperoracle/kzg_ceremony_halo2
[INFO] tweaked toml for git repo https://github.com/hyperoracle/kzg_ceremony_halo2 written to /workspace/builds/worker-6-tc2/source/Cargo.toml
[INFO] crate git repo https://github.com/hyperoracle/kzg_ceremony_halo2 already has a lockfile, it will not be regenerated
[INFO] running `Command { std: CARGO_HOME="/workspace/cargo-home" RUSTUP_HOME="/workspace/rustup-home" "/workspace/cargo-home/bin/cargo" "+nightly-2025-01-18" "fetch" "--manifest-path" "Cargo.toml", kill_on_drop: false }`
[INFO] [stderr] warning: virtual workspace defaulting to `resolver = "1"` despite one or more workspace members being on edition 2021 which implies `resolver = "2"`
[INFO] [stderr] note: to keep the current resolver, specify `workspace.resolver = "1"` in the workspace root's manifest
[INFO] [stderr] note: to use the edition 2021 resolver, specify `workspace.resolver = "2"` in the workspace root's manifest
[INFO] [stderr] note: for more details see https://doc.rust-lang.org/cargo/reference/resolver.html#resolver-versions
[INFO] [stderr]     Blocking waiting for file lock on package cache
[INFO] [stderr]     Blocking waiting for file lock on package cache
[INFO] running `Command { std: "docker" "create" "-v" "/var/lib/crater-agent-workspace/builds/worker-6-tc2/target:/opt/rustwide/target:rw,Z" "-v" "/var/lib/crater-agent-workspace/builds/worker-6-tc2/source:/opt/rustwide/workdir:ro,Z" "-v" "/var/lib/crater-agent-workspace/cargo-home:/opt/rustwide/cargo-home:ro,Z" "-v" "/var/lib/crater-agent-workspace/rustup-home:/opt/rustwide/rustup-home:ro,Z" "-e" "SOURCE_DIR=/opt/rustwide/workdir" "-e" "CARGO_TARGET_DIR=/opt/rustwide/target" "-e" "CARGO_HOME=/opt/rustwide/cargo-home" "-e" "RUSTUP_HOME=/opt/rustwide/rustup-home" "-w" "/opt/rustwide/workdir" "-m" "1610612736" "--user" "0:0" "--network" "none" "ghcr.io/rust-lang/crates-build-env/linux@sha256:819108c5571ea2e421544af4d832f968d213c87fbe3707a016657f43d2f853bc" "/opt/rustwide/cargo-home/bin/cargo" "+nightly-2025-01-18" "metadata" "--no-deps" "--format-version=1", kill_on_drop: false }`
[INFO] [stdout] b5e3993923dafc187979a4670d7e147d05a0c502930e0a8aacd1130c7ddbbeb7
[INFO] running `Command { std: "docker" "start" "-a" "b5e3993923dafc187979a4670d7e147d05a0c502930e0a8aacd1130c7ddbbeb7", kill_on_drop: false }`
[INFO] running `Command { std: "docker" "inspect" "b5e3993923dafc187979a4670d7e147d05a0c502930e0a8aacd1130c7ddbbeb7", kill_on_drop: false }`
[INFO] running `Command { std: "docker" "rm" "-f" "b5e3993923dafc187979a4670d7e147d05a0c502930e0a8aacd1130c7ddbbeb7", kill_on_drop: false }`
[INFO] [stdout] b5e3993923dafc187979a4670d7e147d05a0c502930e0a8aacd1130c7ddbbeb7
[INFO] running `Command { std: "docker" "create" "-v" "/var/lib/crater-agent-workspace/builds/worker-6-tc2/target:/opt/rustwide/target:rw,Z" "-v" "/var/lib/crater-agent-workspace/builds/worker-6-tc2/source:/opt/rustwide/workdir:ro,Z" "-v" "/var/lib/crater-agent-workspace/cargo-home:/opt/rustwide/cargo-home:ro,Z" "-v" "/var/lib/crater-agent-workspace/rustup-home:/opt/rustwide/rustup-home:ro,Z" "-e" "SOURCE_DIR=/opt/rustwide/workdir" "-e" "CARGO_TARGET_DIR=/opt/rustwide/target" "-e" "CARGO_INCREMENTAL=0" "-e" "RUST_BACKTRACE=full" "-e" "RUSTFLAGS=--cap-lints=forbid -Zrandomize-layout" "-e" "RUSTDOCFLAGS=--cap-lints=forbid" "-e" "CARGO_HOME=/opt/rustwide/cargo-home" "-e" "RUSTUP_HOME=/opt/rustwide/rustup-home" "-w" "/opt/rustwide/workdir" "-m" "1610612736" "--user" "0:0" "--network" "none" "ghcr.io/rust-lang/crates-build-env/linux@sha256:819108c5571ea2e421544af4d832f968d213c87fbe3707a016657f43d2f853bc" "/opt/rustwide/cargo-home/bin/cargo" "+nightly-2025-01-18" "build" "--frozen" "--message-format=json", kill_on_drop: false }`
[INFO] [stdout] cb425667d906b8a6258b1581c68f60a38c1fc8256aaeedb76988f45918304170
[INFO] running `Command { std: "docker" "start" "-a" "cb425667d906b8a6258b1581c68f60a38c1fc8256aaeedb76988f45918304170", kill_on_drop: false }`
[INFO] [stderr] warning: virtual workspace defaulting to `resolver = "1"` despite one or more workspace members being on edition 2021 which implies `resolver = "2"`
[INFO] [stderr] note: to keep the current resolver, specify `workspace.resolver = "1"` in the workspace root's manifest
[INFO] [stderr] note: to use the edition 2021 resolver, specify `workspace.resolver = "2"` in the workspace root's manifest
[INFO] [stderr] note: for more details see https://doc.rust-lang.org/cargo/reference/resolver.html#resolver-versions
[INFO] [stderr]    Compiling libc v0.2.147
[INFO] [stderr]    Compiling autocfg v1.1.0
[INFO] [stderr]    Compiling cfg-if v1.0.0
[INFO] [stderr]    Compiling proc-macro2 v1.0.63
[INFO] [stderr]    Compiling unicode-ident v1.0.9
[INFO] [stderr]    Compiling quote v1.0.29
[INFO] [stderr]    Compiling scopeguard v1.1.0
[INFO] [stderr]    Compiling version_check v0.9.4
[INFO] [stderr]    Compiling radium v0.7.0
[INFO] [stderr]    Compiling tap v1.0.1
[INFO] [stderr]    Compiling subtle v2.5.0
[INFO] [stderr]    Compiling funty v2.0.0
[INFO] [stderr]    Compiling parking_lot_core v0.9.8
[INFO] [stderr]    Compiling pin-project-lite v0.2.9
[INFO] [stderr]    Compiling pkg-config v0.3.27
[INFO] [stderr]    Compiling ppv-lite86 v0.2.17
[INFO] [stderr]    Compiling once_cell v1.18.0
[INFO] [stderr]    Compiling crossbeam-utils v0.8.16
[INFO] [stderr]    Compiling wyz v0.5.1
[INFO] [stderr]    Compiling cc v1.0.79
[INFO] [stderr]    Compiling smallvec v1.10.0
[INFO] [stderr]    Compiling futures-core v0.3.28
[INFO] [stderr]    Compiling itoa v1.0.6
[INFO] [stderr]    Compiling lock_api v0.4.10
[INFO] [stderr]    Compiling num-traits v0.2.15
[INFO] [stderr]    Compiling memoffset v0.9.0
[INFO] [stderr]    Compiling bytes v1.4.0
[INFO] [stderr]    Compiling tokio v1.29.0
[INFO] [stderr]    Compiling crossbeam-epoch v0.9.15
[INFO] [stderr]    Compiling glob v0.3.1
[INFO] [stderr]    Compiling bitflags v1.3.2
[INFO] [stderr]    Compiling bitvec v1.0.1
[INFO] [stderr]    Compiling typenum v1.16.0
[INFO] [stderr]    Compiling futures-task v0.3.28
[INFO] [stderr]    Compiling generic-array v0.14.7
[INFO] [stderr]    Compiling indexmap v1.9.3
[INFO] [stderr]    Compiling syn v2.0.22
[INFO] [stderr]    Compiling cuda-config v0.1.0
[INFO] [stderr]    Compiling slab v0.4.8
[INFO] [stderr]    Compiling num-integer v0.1.45
[INFO] [stderr]    Compiling tracing-core v0.1.31
[INFO] [stderr]    Compiling fnv v1.0.7
[INFO] [stderr]    Compiling openssl v0.10.55
[INFO] [stderr]    Compiling rayon-core v1.11.0
[INFO] [stderr]    Compiling static_assertions v1.1.0
[INFO] [stderr]    Compiling futures-util v0.3.28
[INFO] [stderr]    Compiling serde v1.0.164
[INFO] [stderr]    Compiling cuda-driver-sys v0.3.0
[INFO] [stderr]    Compiling foreign-types-shared v0.1.1
[INFO] [stderr]    Compiling lazy_static v1.4.0
[INFO] [stderr]    Compiling http v0.2.9
[INFO] [stderr]    Compiling foreign-types v0.3.2
[INFO] [stderr]    Compiling crossbeam-deque v0.8.3
[INFO] [stderr]    Compiling tracing v0.1.37
[INFO] [stderr]    Compiling crossbeam-channel v0.5.8
[INFO] [stderr]    Compiling proc-macro-error-attr v1.0.4
[INFO] [stderr]    Compiling num-bigint v0.4.3
[INFO] [stderr]    Compiling httparse v1.8.0
[INFO] [stderr]    Compiling syn v1.0.109
[INFO] [stderr]    Compiling futures-sink v0.3.28
[INFO] [stderr]    Compiling futures-channel v0.3.28
[INFO] [stderr]    Compiling hashbrown v0.12.3
[INFO] [stderr]    Compiling native-tls v0.2.11
[INFO] [stderr]    Compiling pin-utils v0.1.0
[INFO] [stderr]    Compiling tinyvec_macros v0.1.1
[INFO] [stderr]    Compiling tinyvec v1.6.0
[INFO] [stderr]    Compiling proc-macro-error v1.0.4
[INFO] [stderr]    Compiling openssl-sys v0.9.90
[INFO] [stderr]    Compiling openssl-probe v0.1.5
[INFO] [stderr]    Compiling arrayref v0.3.7
[INFO] [stderr]    Compiling percent-encoding v2.3.0
[INFO] [stderr]    Compiling try-lock v0.2.4
[INFO] [stderr]    Compiling serde_json v1.0.99
[INFO] [stderr]    Compiling either v1.8.1
[INFO] [stderr]    Compiling log v0.4.19
[INFO] [stderr]    Compiling constant_time_eq v0.2.6
[INFO] [stderr]    Compiling arrayvec v0.7.4
[INFO] [stderr]    Compiling ryu v1.0.13
[INFO] [stderr]    Compiling form_urlencoded v1.2.0
[INFO] [stderr]    Compiling getrandom v0.2.10
[INFO] [stderr]    Compiling num_cpus v1.15.0
[INFO] [stderr]    Compiling socket2 v0.4.9
[INFO] [stderr]    Compiling signal-hook-registry v1.4.1
[INFO] [stderr]    Compiling atty v0.2.14
[INFO] [stderr]    Compiling rand_core v0.6.4
[INFO] [stderr]    Compiling mio v0.8.8
[INFO] [stderr]    Compiling colored v2.0.0
[INFO] [stderr]    Compiling rand_chacha v0.3.1
[INFO] [stderr]    Compiling parking_lot v0.12.1
[INFO] [stderr]    Compiling core_affinity v0.5.10
[INFO] [stderr]    Compiling http-body v0.4.5
[INFO] [stderr]    Compiling blake2b_simd v1.0.1
[INFO] [stderr]    Compiling want v0.3.1
[INFO] [stderr]    Compiling rand v0.8.5
[INFO] [stderr]    Compiling rayon v1.7.0
[INFO] [stderr]    Compiling cfg-if v0.1.10
[INFO] [stderr]    Compiling tower-service v0.3.2
[INFO] [stderr]    Compiling httpdate v1.0.2
[INFO] [stderr]    Compiling unicode-normalization v0.1.22
[INFO] [stderr]    Compiling unicode-width v0.1.10
[INFO] [stderr]    Compiling ff v0.12.1
[INFO] [stderr]    Compiling group v0.12.1
[INFO] [stderr]    Compiling unicode-bidi v0.3.13
[INFO] [stderr]    Compiling unicode-segmentation v1.10.1
[INFO] [stderr]    Compiling textwrap v0.11.0
[INFO] [stderr]    Compiling rand_xorshift v0.3.0
[INFO] [stderr]    Compiling strsim v0.8.0
[INFO] [stderr]    Compiling pairing v0.22.0
[INFO] [stderr]    Compiling bls12_381 v0.7.0 (https://github.com/lanbones/bls12_381.git#31fcd53a)
[INFO] [stderr]    Compiling ansi_term v0.12.1
[INFO] [stderr]    Compiling vec_map v0.8.2
[INFO] [stderr]    Compiling time v0.1.45
[INFO] [stderr]    Compiling block-buffer v0.10.4
[INFO] [stderr]    Compiling crypto-common v0.1.6
[INFO] [stderr]    Compiling encoding_rs v0.8.32
[INFO] [stderr]    Compiling mime v0.3.17
[INFO] [stderr]    Compiling digest v0.10.7
[INFO] [stderr]    Compiling base64 v0.21.2
[INFO] [stderr]    Compiling clap v2.34.0
[INFO] [stderr]    Compiling ark-std v0.3.0
[INFO] [stderr]    Compiling heck v0.3.3
[INFO] [stderr]    Compiling hex v0.4.3
[INFO] [stderr]    Compiling iana-time-zone v0.1.57
[INFO] [stderr]    Compiling ipnet v2.8.0
[INFO] [stderr]    Compiling blake2 v0.10.6
[INFO] [stderr]    Compiling idna v0.4.0
[INFO] [stderr]    Compiling chrono v0.4.26
[INFO] [stderr]    Compiling pairing_bn256 v0.1.1 (https://github.com/lanbones/pairing#5ab08062)
[INFO] [stderr]    Compiling url v2.4.0
[INFO] [stderr]    Compiling tokio-macros v2.1.0
[INFO] [stderr]    Compiling serde_derive v1.0.164
[INFO] [stderr]    Compiling openssl-macros v0.1.1
[INFO] [stderr]    Compiling halo2_proofs v0.1.0-beta.1 (https://github.com/junyu0312/halo2.git?branch=gpu#2af71a92)
[INFO] [stderr]    Compiling structopt-derive v0.4.18
[INFO] [stderr]    Compiling structopt v0.3.26
[INFO] [stderr]    Compiling kzg_ceremony_circuit v0.1.0 (/opt/rustwide/workdir/lib/kzg_ceremony_circuit)
[INFO] [stdout] warning: unused import: `halo2_proofs::dev::MockProver`
[INFO] [stdout]    --> lib/kzg_ceremony_circuit/src/circuit_g1_mul.rs:346:9
[INFO] [stdout]     |
[INFO] [stdout] 346 |     use halo2_proofs::dev::MockProver;
[INFO] [stdout]     |         ^^^^^^^^^^^^^^^^^^^^^^^^^^^^^
[INFO] [stdout]     |
[INFO] [stdout]     = note: `#[warn(unused_imports)]` on by default
[INFO] [stdout] 
[INFO] [stdout] 
[INFO] [stdout] warning: unused imports: `Bn256` and `self`
[INFO] [stdout]    --> lib/kzg_ceremony_circuit/src/circuit_g1_mul.rs:349:17
[INFO] [stdout]     |
[INFO] [stdout] 349 |         bn256::{self, Bn256, Fr},
[INFO] [stdout]     |                 ^^^^  ^^^^^
[INFO] [stdout] 
[INFO] [stdout] 
[INFO] [stdout] warning: unused import: `halo2_proofs::poly::commitment::Params`
[INFO] [stdout]    --> lib/kzg_ceremony_circuit/src/circuit_g1_mul.rs:352:9
[INFO] [stdout]     |
[INFO] [stdout] 352 |     use halo2_proofs::poly::commitment::Params;
[INFO] [stdout]     |         ^^^^^^^^^^^^^^^^^^^^^^^^^^^^^^^^^^^^^^
[INFO] [stdout] 
[INFO] [stdout] 
[INFO] [stdout] warning: unused imports: `ProvingKey`, `VerifyingKey`, `create_proofs`, and `verify_proof`
[INFO] [stdout]    --> lib/kzg_ceremony_circuit/src/circuit_g1_mul.rs:357:9
[INFO] [stdout]     |
[INFO] [stdout] 357 |         create_proofs, generate_instance, verify_proof, Circuit, Instance, ProvingKey,
[INFO] [stdout]     |         ^^^^^^^^^^^^^                     ^^^^^^^^^^^^                     ^^^^^^^^^^
[INFO] [stdout] 358 |         VerifyingKey, LENGTH,
[INFO] [stdout]     |         ^^^^^^^^^^^^
[INFO] [stdout] 
[INFO] [stdout] 
[INFO] [stdout] warning: unused import: `crate::K`
[INFO] [stdout]    --> lib/kzg_ceremony_circuit/src/circuit_g1_mul.rs:360:9
[INFO] [stdout]     |
[INFO] [stdout] 360 |     use crate::K;
[INFO] [stdout]     |         ^^^^^^^^
[INFO] [stdout] 
[INFO] [stdout] 
[INFO] [stdout] warning: unused imports: `ProvingKey`, `VerifyingKey`, `create_proofs`, and `verify_proof`
[INFO] [stdout]    --> lib/kzg_ceremony_circuit/src/circuit_g2_mul.rs:356:9
[INFO] [stdout]     |
[INFO] [stdout] 356 |         create_proofs, generate_instance, verify_proof, Circuit, Instance, ProvingKey,
[INFO] [stdout]     |         ^^^^^^^^^^^^^                     ^^^^^^^^^^^^                     ^^^^^^^^^^
[INFO] [stdout] 357 |         VerifyingKey, LENGTH,
[INFO] [stdout]     |         ^^^^^^^^^^^^
[INFO] [stdout] 
[INFO] [stdout] 
[INFO] [stdout] warning: unused import: `crate::K`
[INFO] [stdout]    --> lib/kzg_ceremony_circuit/src/circuit_g2_mul.rs:359:9
[INFO] [stdout]     |
[INFO] [stdout] 359 |     use crate::K;
[INFO] [stdout]     |         ^^^^^^^^
[INFO] [stdout] 
[INFO] [stdout] 
[INFO] [stdout] warning: unused import: `halo2_proofs::dev::MockProver`
[INFO] [stdout]    --> lib/kzg_ceremony_circuit/src/circuit_g2_mul.rs:361:9
[INFO] [stdout]     |
[INFO] [stdout] 361 |     use halo2_proofs::dev::MockProver;
[INFO] [stdout]     |         ^^^^^^^^^^^^^^^^^^^^^^^^^^^^^
[INFO] [stdout] 
[INFO] [stdout] 
[INFO] [stdout] warning: unused import: `Bn256`
[INFO] [stdout]    --> lib/kzg_ceremony_circuit/src/circuit_g2_mul.rs:362:40
[INFO] [stdout]     |
[INFO] [stdout] 362 |     use halo2_proofs::pairing::bn256::{Bn256, Fr};
[INFO] [stdout]     |                                        ^^^^^
[INFO] [stdout] 
[INFO] [stdout] 
[INFO] [stdout] warning: unused import: `halo2_proofs::pairing::group::ff::PrimeField`
[INFO] [stdout]    --> lib/kzg_ceremony_circuit/src/circuit_g2_mul.rs:363:9
[INFO] [stdout]     |
[INFO] [stdout] 363 |     use halo2_proofs::pairing::group::ff::PrimeField;
[INFO] [stdout]     |         ^^^^^^^^^^^^^^^^^^^^^^^^^^^^^^^^^^^^^^^^^^^^
[INFO] [stdout] 
[INFO] [stdout] 
[INFO] [stdout] warning: unused import: `bn256`
[INFO] [stdout]    --> lib/kzg_ceremony_circuit/src/circuit_g2_mul.rs:365:44
[INFO] [stdout]     |
[INFO] [stdout] 365 |     use halo2_proofs::pairing::{bls12_381, bn256};
[INFO] [stdout]     |                                            ^^^^^
[INFO] [stdout] 
[INFO] [stdout] 
[INFO] [stdout] warning: unused import: `halo2_proofs::poly::commitment::Params`
[INFO] [stdout]    --> lib/kzg_ceremony_circuit/src/circuit_g2_mul.rs:366:9
[INFO] [stdout]     |
[INFO] [stdout] 366 |     use halo2_proofs::poly::commitment::Params;
[INFO] [stdout]     |         ^^^^^^^^^^^^^^^^^^^^^^^^^^^^^^^^^^^^^^
[INFO] [stdout] 
[INFO] [stdout] 
[INFO] [stdout] warning: unused import: `halo2_proofs::pairing::bn256`
[INFO] [stdout]   --> lib/kzg_ceremony_circuit/src/lib.rs:10:5
[INFO] [stdout]    |
[INFO] [stdout] 10 | use halo2_proofs::pairing::bn256;
[INFO] [stdout]    |     ^^^^^^^^^^^^^^^^^^^^^^^^^^^^
[INFO] [stdout] 
[INFO] [stdout] 
[INFO] [stdout] warning: unused import: `halo2_proofs::pairing::bn256::Bn256`
[INFO] [stdout]   --> lib/kzg_ceremony_circuit/src/lib.rs:11:5
[INFO] [stdout]    |
[INFO] [stdout] 11 | use halo2_proofs::pairing::bn256::Bn256;
[INFO] [stdout]    |     ^^^^^^^^^^^^^^^^^^^^^^^^^^^^^^^^^^^
[INFO] [stdout] 
[INFO] [stdout] 
[INFO] [stdout] warning: unused import: `halo2_proofs::poly::commitment::Params`
[INFO] [stdout]   --> lib/kzg_ceremony_circuit/src/lib.rs:12:5
[INFO] [stdout]    |
[INFO] [stdout] 12 | use halo2_proofs::poly::commitment::Params;
[INFO] [stdout]    |     ^^^^^^^^^^^^^^^^^^^^^^^^^^^^^^^^^^^^^^
[INFO] [stdout] 
[INFO] [stdout] 
[INFO] [stdout] warning: function `random_circuit` is never used
[INFO] [stdout]    --> lib/kzg_ceremony_circuit/src/circuit_g1_mul.rs:362:8
[INFO] [stdout]     |
[INFO] [stdout] 362 |     fn random_circuit() -> (Circuit<Fr>, Vec<Fr>) {
[INFO] [stdout]     |        ^^^^^^^^^^^^^^
[INFO] [stdout]     |
[INFO] [stdout]     = note: `#[warn(dead_code)]` on by default
[INFO] [stdout] 
[INFO] [stdout] 
[INFO] [stdout] warning: function `random_circuit` is never used
[INFO] [stdout]    --> lib/kzg_ceremony_circuit/src/circuit_g2_mul.rs:370:8
[INFO] [stdout]     |
[INFO] [stdout] 370 |     fn random_circuit() -> (Circuit<Fr>, Vec<Fr>) {
[INFO] [stdout]     |        ^^^^^^^^^^^^^^
[INFO] [stdout] 
[INFO] [stdout] 
[INFO] [stderr]    Compiling tokio-util v0.7.8
[INFO] [stderr]    Compiling tokio-native-tls v0.3.1
[INFO] [stderr]    Compiling h2 v0.3.20
[INFO] [stderr]    Compiling serde_urlencoded v0.7.1
[INFO] [stderr]    Compiling kzg_ceremony_prover v0.1.0 (/opt/rustwide/workdir/lib/kzg_ceremony_prover)
[INFO] [stdout] warning: unused import: `kzg_ceremony_circuit::halo2_proofs::pairing::group::prime::PrimeCurveAffine`
[INFO] [stdout]  --> lib/kzg_ceremony_prover/src/serialization.rs:2:5
[INFO] [stdout]   |
[INFO] [stdout] 2 | use kzg_ceremony_circuit::halo2_proofs::pairing::group::prime::PrimeCurveAffine;
[INFO] [stdout]   |     ^^^^^^^^^^^^^^^^^^^^^^^^^^^^^^^^^^^^^^^^^^^^^^^^^^^^^^^^^^^^^^^^^^^^^^^^^^^
[INFO] [stdout]   |
[INFO] [stdout]   = note: `#[warn(unused_imports)]` on by default
[INFO] [stdout] 
[INFO] [stdout] 
[INFO] [stdout] warning: unused import: `kzg_ceremony_circuit::halo2_proofs::pairing::group::Curve`
[INFO] [stdout]  --> lib/kzg_ceremony_prover/src/serialization.rs:3:5
[INFO] [stdout]   |
[INFO] [stdout] 3 | use kzg_ceremony_circuit::halo2_proofs::pairing::group::Curve;
[INFO] [stdout]   |     ^^^^^^^^^^^^^^^^^^^^^^^^^^^^^^^^^^^^^^^^^^^^^^^^^^^^^^^^^
[INFO] [stdout] 
[INFO] [stdout] 
[INFO] [stderr]    Compiling hyper v0.14.27
[INFO] [stderr]    Compiling hyper-tls v0.5.0
[INFO] [stderr]    Compiling reqwest v0.11.18
[INFO] [stderr]    Compiling cmd v0.1.0 (/opt/rustwide/workdir/bin/cmd)
[INFO] [stdout] warning: unused import: `BatchContribution`
[INFO] [stdout]  --> bin/cmd/src/client/verify_proofs.rs:2:42
[INFO] [stdout]   |
[INFO] [stdout] 2 | use kzg_ceremony_prover::serialization::{BatchContribution, BatchContributionJson, Decode};
[INFO] [stdout]   |                                          ^^^^^^^^^^^^^^^^^
[INFO] [stdout]   |
[INFO] [stdout]   = note: `#[warn(unused_imports)]` on by default
[INFO] [stdout] 
[INFO] [stdout] 
[INFO] [stderr]     Finished `dev` profile [unoptimized + debuginfo] target(s) in 1m 21s
[INFO] running `Command { std: "docker" "inspect" "cb425667d906b8a6258b1581c68f60a38c1fc8256aaeedb76988f45918304170", kill_on_drop: false }`
[INFO] running `Command { std: "docker" "rm" "-f" "cb425667d906b8a6258b1581c68f60a38c1fc8256aaeedb76988f45918304170", kill_on_drop: false }`
[INFO] [stdout] cb425667d906b8a6258b1581c68f60a38c1fc8256aaeedb76988f45918304170
[INFO] running `Command { std: "docker" "create" "-v" "/var/lib/crater-agent-workspace/builds/worker-6-tc2/target:/opt/rustwide/target:rw,Z" "-v" "/var/lib/crater-agent-workspace/builds/worker-6-tc2/source:/opt/rustwide/workdir:ro,Z" "-v" "/var/lib/crater-agent-workspace/cargo-home:/opt/rustwide/cargo-home:ro,Z" "-v" "/var/lib/crater-agent-workspace/rustup-home:/opt/rustwide/rustup-home:ro,Z" "-e" "SOURCE_DIR=/opt/rustwide/workdir" "-e" "CARGO_TARGET_DIR=/opt/rustwide/target" "-e" "CARGO_INCREMENTAL=0" "-e" "RUST_BACKTRACE=full" "-e" "RUSTFLAGS=--cap-lints=forbid -Zrandomize-layout" "-e" "RUSTDOCFLAGS=--cap-lints=forbid" "-e" "CARGO_HOME=/opt/rustwide/cargo-home" "-e" "RUSTUP_HOME=/opt/rustwide/rustup-home" "-w" "/opt/rustwide/workdir" "-m" "1610612736" "--user" "0:0" "--network" "none" "ghcr.io/rust-lang/crates-build-env/linux@sha256:819108c5571ea2e421544af4d832f968d213c87fbe3707a016657f43d2f853bc" "/opt/rustwide/cargo-home/bin/cargo" "+nightly-2025-01-18" "test" "--frozen" "--no-run" "--message-format=json", kill_on_drop: false }`
[INFO] [stdout] 909291cf1d7af56ee55f0584614f6d8425438ee6d218a2539d2cd34cc010642e
[INFO] running `Command { std: "docker" "start" "-a" "909291cf1d7af56ee55f0584614f6d8425438ee6d218a2539d2cd34cc010642e", kill_on_drop: false }`
[INFO] [stderr] warning: virtual workspace defaulting to `resolver = "1"` despite one or more workspace members being on edition 2021 which implies `resolver = "2"`
[INFO] [stderr] note: to keep the current resolver, specify `workspace.resolver = "1"` in the workspace root's manifest
[INFO] [stderr] note: to use the edition 2021 resolver, specify `workspace.resolver = "2"` in the workspace root's manifest
[INFO] [stderr] note: for more details see https://doc.rust-lang.org/cargo/reference/resolver.html#resolver-versions
[INFO] [stdout] warning: unused import: `halo2_proofs::dev::MockProver`
[INFO] [stdout]    --> lib/kzg_ceremony_circuit/src/circuit_g1_mul.rs:346:9
[INFO] [stdout]     |
[INFO] [stdout] 346 |     use halo2_proofs::dev::MockProver;
[INFO] [stdout]     |         ^^^^^^^^^^^^^^^^^^^^^^^^^^^^^
[INFO] [stdout]     |
[INFO] [stdout]     = note: `#[warn(unused_imports)]` on by default
[INFO] [stdout] 
[INFO] [stdout] 
[INFO] [stdout] warning: unused imports: `Bn256` and `self`
[INFO] [stdout]    --> lib/kzg_ceremony_circuit/src/circuit_g1_mul.rs:349:17
[INFO] [stdout]     |
[INFO] [stdout] 349 |         bn256::{self, Bn256, Fr},
[INFO] [stdout]     |                 ^^^^  ^^^^^
[INFO] [stdout] 
[INFO] [stdout] 
[INFO] [stdout] warning: unused import: `halo2_proofs::poly::commitment::Params`
[INFO] [stdout]    --> lib/kzg_ceremony_circuit/src/circuit_g1_mul.rs:352:9
[INFO] [stdout]     |
[INFO] [stdout] 352 |     use halo2_proofs::poly::commitment::Params;
[INFO] [stdout]     |         ^^^^^^^^^^^^^^^^^^^^^^^^^^^^^^^^^^^^^^
[INFO] [stdout] 
[INFO] [stdout] 
[INFO] [stdout] warning: unused imports: `ProvingKey`, `VerifyingKey`, `create_proofs`, and `verify_proof`
[INFO] [stdout]    --> lib/kzg_ceremony_circuit/src/circuit_g1_mul.rs:357:9
[INFO] [stdout]     |
[INFO] [stdout] 357 |         create_proofs, generate_instance, verify_proof, Circuit, Instance, ProvingKey,
[INFO] [stdout]     |         ^^^^^^^^^^^^^                     ^^^^^^^^^^^^                     ^^^^^^^^^^
[INFO] [stdout] 358 |         VerifyingKey, LENGTH,
[INFO] [stdout]     |         ^^^^^^^^^^^^
[INFO] [stdout] 
[INFO] [stdout] 
[INFO] [stdout] warning: unused import: `crate::K`
[INFO] [stdout]    --> lib/kzg_ceremony_circuit/src/circuit_g1_mul.rs:360:9
[INFO] [stdout]     |
[INFO] [stdout] 360 |     use crate::K;
[INFO] [stdout]     |         ^^^^^^^^
[INFO] [stdout] 
[INFO] [stdout] 
[INFO] [stdout] warning: unused imports: `ProvingKey`, `VerifyingKey`, `create_proofs`, and `verify_proof`
[INFO] [stdout]    --> lib/kzg_ceremony_circuit/src/circuit_g2_mul.rs:356:9
[INFO] [stdout]     |
[INFO] [stdout] 356 |         create_proofs, generate_instance, verify_proof, Circuit, Instance, ProvingKey,
[INFO] [stdout]     |         ^^^^^^^^^^^^^                     ^^^^^^^^^^^^                     ^^^^^^^^^^
[INFO] [stdout] 357 |         VerifyingKey, LENGTH,
[INFO] [stdout]     |         ^^^^^^^^^^^^
[INFO] [stdout] 
[INFO] [stdout] 
[INFO] [stdout] warning: unused import: `crate::K`
[INFO] [stdout]    --> lib/kzg_ceremony_circuit/src/circuit_g2_mul.rs:359:9
[INFO] [stdout]     |
[INFO] [stdout] 359 |     use crate::K;
[INFO] [stdout]     |         ^^^^^^^^
[INFO] [stdout] 
[INFO] [stdout] 
[INFO] [stdout] warning: unused import: `halo2_proofs::dev::MockProver`
[INFO] [stdout]    --> lib/kzg_ceremony_circuit/src/circuit_g2_mul.rs:361:9
[INFO] [stdout]     |
[INFO] [stdout] 361 |     use halo2_proofs::dev::MockProver;
[INFO] [stdout]     |         ^^^^^^^^^^^^^^^^^^^^^^^^^^^^^
[INFO] [stdout] 
[INFO] [stdout] 
[INFO] [stdout] warning: unused import: `Bn256`
[INFO] [stdout]    --> lib/kzg_ceremony_circuit/src/circuit_g2_mul.rs:362:40
[INFO] [stdout]     |
[INFO] [stdout] 362 |     use halo2_proofs::pairing::bn256::{Bn256, Fr};
[INFO] [stdout]     |                                        ^^^^^
[INFO] [stdout] 
[INFO] [stdout] 
[INFO] [stdout] warning: unused import: `halo2_proofs::pairing::group::ff::PrimeField`
[INFO] [stdout]    --> lib/kzg_ceremony_circuit/src/circuit_g2_mul.rs:363:9
[INFO] [stdout]     |
[INFO] [stdout] 363 |     use halo2_proofs::pairing::group::ff::PrimeField;
[INFO] [stdout]     |         ^^^^^^^^^^^^^^^^^^^^^^^^^^^^^^^^^^^^^^^^^^^^
[INFO] [stdout] 
[INFO] [stdout] 
[INFO] [stdout] warning: unused import: `bn256`
[INFO] [stdout]    --> lib/kzg_ceremony_circuit/src/circuit_g2_mul.rs:365:44
[INFO] [stdout]     |
[INFO] [stdout] 365 |     use halo2_proofs::pairing::{bls12_381, bn256};
[INFO] [stdout]     |                                            ^^^^^
[INFO] [stdout] 
[INFO] [stdout] 
[INFO] [stdout] warning: unused import: `halo2_proofs::poly::commitment::Params`
[INFO] [stdout]    --> lib/kzg_ceremony_circuit/src/circuit_g2_mul.rs:366:9
[INFO] [stdout]     |
[INFO] [stdout] 366 |     use halo2_proofs::poly::commitment::Params;
[INFO] [stdout]     |         ^^^^^^^^^^^^^^^^^^^^^^^^^^^^^^^^^^^^^^
[INFO] [stdout] 
[INFO] [stdout] 
[INFO] [stdout] warning: unused import: `halo2_proofs::pairing::bn256`
[INFO] [stdout]   --> lib/kzg_ceremony_circuit/src/lib.rs:10:5
[INFO] [stdout]    |
[INFO] [stdout] 10 | use halo2_proofs::pairing::bn256;
[INFO] [stdout]    |     ^^^^^^^^^^^^^^^^^^^^^^^^^^^^
[INFO] [stdout] 
[INFO] [stdout] 
[INFO] [stdout] warning: unused import: `halo2_proofs::pairing::bn256::Bn256`
[INFO] [stdout]   --> lib/kzg_ceremony_circuit/src/lib.rs:11:5
[INFO] [stdout]    |
[INFO] [stdout] 11 | use halo2_proofs::pairing::bn256::Bn256;
[INFO] [stdout]    |     ^^^^^^^^^^^^^^^^^^^^^^^^^^^^^^^^^^^
[INFO] [stdout] 
[INFO] [stdout] 
[INFO] [stdout] warning: unused import: `halo2_proofs::poly::commitment::Params`
[INFO] [stdout]   --> lib/kzg_ceremony_circuit/src/lib.rs:12:5
[INFO] [stdout]    |
[INFO] [stdout] 12 | use halo2_proofs::poly::commitment::Params;
[INFO] [stdout]    |     ^^^^^^^^^^^^^^^^^^^^^^^^^^^^^^^^^^^^^^
[INFO] [stdout] 
[INFO] [stdout] 
[INFO] [stdout] warning: function `random_circuit` is never used
[INFO] [stdout]    --> lib/kzg_ceremony_circuit/src/circuit_g1_mul.rs:362:8
[INFO] [stdout]     |
[INFO] [stdout] 362 |     fn random_circuit() -> (Circuit<Fr>, Vec<Fr>) {
[INFO] [stdout]     |        ^^^^^^^^^^^^^^
[INFO] [stdout]     |
[INFO] [stdout]     = note: `#[warn(dead_code)]` on by default
[INFO] [stdout] 
[INFO] [stdout] 
[INFO] [stdout] warning: function `random_circuit` is never used
[INFO] [stdout]    --> lib/kzg_ceremony_circuit/src/circuit_g2_mul.rs:370:8
[INFO] [stdout]     |
[INFO] [stdout] 370 |     fn random_circuit() -> (Circuit<Fr>, Vec<Fr>) {
[INFO] [stdout]     |        ^^^^^^^^^^^^^^
[INFO] [stdout] 
[INFO] [stdout] 
[INFO] [stderr]    Compiling kzg_ceremony_circuit v0.1.0 (/opt/rustwide/workdir/lib/kzg_ceremony_circuit)
[INFO] [stdout] warning: unused import: `kzg_ceremony_circuit::halo2_proofs::pairing::group::prime::PrimeCurveAffine`
[INFO] [stdout]  --> lib/kzg_ceremony_prover/src/serialization.rs:2:5
[INFO] [stdout]   |
[INFO] [stdout] 2 | use kzg_ceremony_circuit::halo2_proofs::pairing::group::prime::PrimeCurveAffine;
[INFO] [stdout]   |     ^^^^^^^^^^^^^^^^^^^^^^^^^^^^^^^^^^^^^^^^^^^^^^^^^^^^^^^^^^^^^^^^^^^^^^^^^^^
[INFO] [stdout]   |
[INFO] [stdout]   = note: `#[warn(unused_imports)]` on by default
[INFO] [stdout] 
[INFO] [stdout] 
[INFO] [stdout] warning: unused import: `kzg_ceremony_circuit::halo2_proofs::pairing::group::Curve`
[INFO] [stdout]  --> lib/kzg_ceremony_prover/src/serialization.rs:3:5
[INFO] [stdout]   |
[INFO] [stdout] 3 | use kzg_ceremony_circuit::halo2_proofs::pairing::group::Curve;
[INFO] [stdout]   |     ^^^^^^^^^^^^^^^^^^^^^^^^^^^^^^^^^^^^^^^^^^^^^^^^^^^^^^^^^
[INFO] [stdout] 
[INFO] [stdout] 
[INFO] [stderr]    Compiling kzg_ceremony_prover v0.1.0 (/opt/rustwide/workdir/lib/kzg_ceremony_prover)
[INFO] [stderr]    Compiling cmd v0.1.0 (/opt/rustwide/workdir/bin/cmd)
[INFO] [stdout] warning: unused import: `BatchContribution`
[INFO] [stdout]  --> bin/cmd/src/client/verify_proofs.rs:2:42
[INFO] [stdout]   |
[INFO] [stdout] 2 | use kzg_ceremony_prover::serialization::{BatchContribution, BatchContributionJson, Decode};
[INFO] [stdout]   |                                          ^^^^^^^^^^^^^^^^^
[INFO] [stdout]   |
[INFO] [stdout]   = note: `#[warn(unused_imports)]` on by default
[INFO] [stdout] 
[INFO] [stdout] 
[INFO] [stdout] warning: unused import: `kzg_ceremony_circuit::halo2_proofs::pairing::group::prime::PrimeCurveAffine`
[INFO] [stdout]  --> lib/kzg_ceremony_prover/src/serialization.rs:2:5
[INFO] [stdout]   |
[INFO] [stdout] 2 | use kzg_ceremony_circuit::halo2_proofs::pairing::group::prime::PrimeCurveAffine;
[INFO] [stdout]   |     ^^^^^^^^^^^^^^^^^^^^^^^^^^^^^^^^^^^^^^^^^^^^^^^^^^^^^^^^^^^^^^^^^^^^^^^^^^^
[INFO] [stdout]   |
[INFO] [stdout]   = note: `#[warn(unused_imports)]` on by default
[INFO] [stdout] 
[INFO] [stdout] 
[INFO] [stderr]     Finished `test` profile [unoptimized + debuginfo] target(s) in 10.56s
[INFO] running `Command { std: "docker" "inspect" "909291cf1d7af56ee55f0584614f6d8425438ee6d218a2539d2cd34cc010642e", kill_on_drop: false }`
[INFO] running `Command { std: "docker" "rm" "-f" "909291cf1d7af56ee55f0584614f6d8425438ee6d218a2539d2cd34cc010642e", kill_on_drop: false }`
[INFO] [stdout] 909291cf1d7af56ee55f0584614f6d8425438ee6d218a2539d2cd34cc010642e
[INFO] running `Command { std: "docker" "create" "-v" "/var/lib/crater-agent-workspace/builds/worker-6-tc2/target:/opt/rustwide/target:rw,Z" "-v" "/var/lib/crater-agent-workspace/builds/worker-6-tc2/source:/opt/rustwide/workdir:ro,Z" "-v" "/var/lib/crater-agent-workspace/cargo-home:/opt/rustwide/cargo-home:ro,Z" "-v" "/var/lib/crater-agent-workspace/rustup-home:/opt/rustwide/rustup-home:ro,Z" "-e" "SOURCE_DIR=/opt/rustwide/workdir" "-e" "CARGO_TARGET_DIR=/opt/rustwide/target" "-e" "CARGO_INCREMENTAL=0" "-e" "RUST_BACKTRACE=full" "-e" "RUSTFLAGS=--cap-lints=forbid -Zrandomize-layout" "-e" "RUSTDOCFLAGS=--cap-lints=forbid" "-e" "CARGO_HOME=/opt/rustwide/cargo-home" "-e" "RUSTUP_HOME=/opt/rustwide/rustup-home" "-w" "/opt/rustwide/workdir" "-m" "1610612736" "--user" "0:0" "--network" "none" "ghcr.io/rust-lang/crates-build-env/linux@sha256:819108c5571ea2e421544af4d832f968d213c87fbe3707a016657f43d2f853bc" "/opt/rustwide/cargo-home/bin/cargo" "+nightly-2025-01-18" "test" "--frozen", kill_on_drop: false }`
[INFO] [stdout] 81c748511dca9019c23e6f73092ee5e1cdf72b0cd3bf2196ec04a6fd79c14ddd
[INFO] running `Command { std: "docker" "start" "-a" "81c748511dca9019c23e6f73092ee5e1cdf72b0cd3bf2196ec04a6fd79c14ddd", kill_on_drop: false }`
[INFO] [stderr] warning: virtual workspace defaulting to `resolver = "1"` despite one or more workspace members being on edition 2021 which implies `resolver = "2"`
[INFO] [stderr] note: to keep the current resolver, specify `workspace.resolver = "1"` in the workspace root's manifest
[INFO] [stderr] note: to use the edition 2021 resolver, specify `workspace.resolver = "2"` in the workspace root's manifest
[INFO] [stderr] note: for more details see https://doc.rust-lang.org/cargo/reference/resolver.html#resolver-versions
[INFO] [stderr] warning: unused import: `halo2_proofs::dev::MockProver`
[INFO] [stderr]    --> lib/kzg_ceremony_circuit/src/circuit_g1_mul.rs:346:9
[INFO] [stderr]     |
[INFO] [stderr] 346 |     use halo2_proofs::dev::MockProver;
[INFO] [stderr]     |         ^^^^^^^^^^^^^^^^^^^^^^^^^^^^^
[INFO] [stderr]     |
[INFO] [stderr]     = note: `#[warn(unused_imports)]` on by default
[INFO] [stderr] 
[INFO] [stderr] warning: unused imports: `Bn256` and `self`
[INFO] [stderr]    --> lib/kzg_ceremony_circuit/src/circuit_g1_mul.rs:349:17
[INFO] [stderr]     |
[INFO] [stderr] 349 |         bn256::{self, Bn256, Fr},
[INFO] [stderr]     |                 ^^^^  ^^^^^
[INFO] [stderr] 
[INFO] [stderr] warning: unused import: `halo2_proofs::poly::commitment::Params`
[INFO] [stderr]    --> lib/kzg_ceremony_circuit/src/circuit_g1_mul.rs:352:9
[INFO] [stderr]     |
[INFO] [stderr] 352 |     use halo2_proofs::poly::commitment::Params;
[INFO] [stderr]     |         ^^^^^^^^^^^^^^^^^^^^^^^^^^^^^^^^^^^^^^
[INFO] [stderr] 
[INFO] [stderr] warning: unused imports: `ProvingKey`, `VerifyingKey`, `create_proofs`, and `verify_proof`
[INFO] [stderr]    --> lib/kzg_ceremony_circuit/src/circuit_g1_mul.rs:357:9
[INFO] [stderr]     |
[INFO] [stderr] 357 |         create_proofs, generate_instance, verify_proof, Circuit, Instance, ProvingKey,
[INFO] [stderr]     |         ^^^^^^^^^^^^^                     ^^^^^^^^^^^^                     ^^^^^^^^^^
[INFO] [stderr] 358 |         VerifyingKey, LENGTH,
[INFO] [stderr]     |         ^^^^^^^^^^^^
[INFO] [stderr] 
[INFO] [stderr] warning: unused import: `crate::K`
[INFO] [stderr]    --> lib/kzg_ceremony_circuit/src/circuit_g1_mul.rs:360:9
[INFO] [stderr]     |
[INFO] [stderr] 360 |     use crate::K;
[INFO] [stderr]     |         ^^^^^^^^
[INFO] [stderr] 
[INFO] [stderr] warning: unused imports: `ProvingKey`, `VerifyingKey`, `create_proofs`, and `verify_proof`
[INFO] [stderr]    --> lib/kzg_ceremony_circuit/src/circuit_g2_mul.rs:356:9
[INFO] [stderr]     |
[INFO] [stderr] 356 |         create_proofs, generate_instance, verify_proof, Circuit, Instance, ProvingKey,
[INFO] [stderr]     |         ^^^^^^^^^^^^^                     ^^^^^^^^^^^^                     ^^^^^^^^^^
[INFO] [stderr] 357 |         VerifyingKey, LENGTH,
[INFO] [stderr]     |         ^^^^^^^^^^^^
[INFO] [stderr] 
[INFO] [stderr] warning: unused import: `crate::K`
[INFO] [stderr]    --> lib/kzg_ceremony_circuit/src/circuit_g2_mul.rs:359:9
[INFO] [stderr]     |
[INFO] [stderr] 359 |     use crate::K;
[INFO] [stderr]     |         ^^^^^^^^
[INFO] [stderr] 
[INFO] [stderr] warning: unused import: `halo2_proofs::dev::MockProver`
[INFO] [stderr]    --> lib/kzg_ceremony_circuit/src/circuit_g2_mul.rs:361:9
[INFO] [stderr]     |
[INFO] [stderr] 361 |     use halo2_proofs::dev::MockProver;
[INFO] [stderr]     |         ^^^^^^^^^^^^^^^^^^^^^^^^^^^^^
[INFO] [stderr] 
[INFO] [stderr] warning: unused import: `Bn256`
[INFO] [stderr]    --> lib/kzg_ceremony_circuit/src/circuit_g2_mul.rs:362:40
[INFO] [stderr]     |
[INFO] [stderr] 362 |     use halo2_proofs::pairing::bn256::{Bn256, Fr};
[INFO] [stderr]     |                                        ^^^^^
[INFO] [stderr] 
[INFO] [stderr] warning: unused import: `halo2_proofs::pairing::group::ff::PrimeField`
[INFO] [stderr]    --> lib/kzg_ceremony_circuit/src/circuit_g2_mul.rs:363:9
[INFO] [stderr]     |
[INFO] [stderr] 363 |     use halo2_proofs::pairing::group::ff::PrimeField;
[INFO] [stderr]     |         ^^^^^^^^^^^^^^^^^^^^^^^^^^^^^^^^^^^^^^^^^^^^
[INFO] [stderr] 
[INFO] [stderr] warning: unused import: `bn256`
[INFO] [stderr]    --> lib/kzg_ceremony_circuit/src/circuit_g2_mul.rs:365:44
[INFO] [stderr]     |
[INFO] [stderr] 365 |     use halo2_proofs::pairing::{bls12_381, bn256};
[INFO] [stderr]     |                                            ^^^^^
[INFO] [stderr] 
[INFO] [stderr] warning: unused import: `halo2_proofs::poly::commitment::Params`
[INFO] [stderr]    --> lib/kzg_ceremony_circuit/src/circuit_g2_mul.rs:366:9
[INFO] [stderr]     |
[INFO] [stderr] 366 |     use halo2_proofs::poly::commitment::Params;
[INFO] [stderr]     |         ^^^^^^^^^^^^^^^^^^^^^^^^^^^^^^^^^^^^^^
[INFO] [stderr] 
[INFO] [stderr] warning: unused import: `halo2_proofs::pairing::bn256`
[INFO] [stderr]   --> lib/kzg_ceremony_circuit/src/lib.rs:10:5
[INFO] [stderr]    |
[INFO] [stderr] 10 | use halo2_proofs::pairing::bn256;
[INFO] [stderr]    |     ^^^^^^^^^^^^^^^^^^^^^^^^^^^^
[INFO] [stderr] 
[INFO] [stderr] warning: unused import: `halo2_proofs::pairing::bn256::Bn256`
[INFO] [stderr]   --> lib/kzg_ceremony_circuit/src/lib.rs:11:5
[INFO] [stderr]    |
[INFO] [stderr] 11 | use halo2_proofs::pairing::bn256::Bn256;
[INFO] [stderr]    |     ^^^^^^^^^^^^^^^^^^^^^^^^^^^^^^^^^^^
[INFO] [stderr] 
[INFO] [stderr] warning: unused import: `halo2_proofs::poly::commitment::Params`
[INFO] [stderr]   --> lib/kzg_ceremony_circuit/src/lib.rs:12:5
[INFO] [stderr]    |
[INFO] [stderr] 12 | use halo2_proofs::poly::commitment::Params;
[INFO] [stderr]    |     ^^^^^^^^^^^^^^^^^^^^^^^^^^^^^^^^^^^^^^
[INFO] [stderr] 
[INFO] [stderr] warning: function `random_circuit` is never used
[INFO] [stderr]    --> lib/kzg_ceremony_circuit/src/circuit_g1_mul.rs:362:8
[INFO] [stderr]     |
[INFO] [stderr] 362 |     fn random_circuit() -> (Circuit<Fr>, Vec<Fr>) {
[INFO] [stderr]     |        ^^^^^^^^^^^^^^
[INFO] [stderr]     |
[INFO] [stderr]     = note: `#[warn(dead_code)]` on by default
[INFO] [stderr] 
[INFO] [stderr] warning: function `random_circuit` is never used
[INFO] [stderr]    --> lib/kzg_ceremony_circuit/src/circuit_g2_mul.rs:370:8
[INFO] [stderr]     |
[INFO] [stderr] 370 |     fn random_circuit() -> (Circuit<Fr>, Vec<Fr>) {
[INFO] [stderr]     |        ^^^^^^^^^^^^^^
[INFO] [stderr] 
[INFO] [stderr] warning: `kzg_ceremony_circuit` (lib) generated 17 warnings (run `cargo fix --lib -p kzg_ceremony_circuit` to apply 15 suggestions)
[INFO] [stderr] warning: unused import: `kzg_ceremony_circuit::halo2_proofs::pairing::group::prime::PrimeCurveAffine`
[INFO] [stderr]  --> lib/kzg_ceremony_prover/src/serialization.rs:2:5
[INFO] [stderr]   |
[INFO] [stderr] 2 | use kzg_ceremony_circuit::halo2_proofs::pairing::group::prime::PrimeCurveAffine;
[INFO] [stderr]   |     ^^^^^^^^^^^^^^^^^^^^^^^^^^^^^^^^^^^^^^^^^^^^^^^^^^^^^^^^^^^^^^^^^^^^^^^^^^^
[INFO] [stderr]   |
[INFO] [stderr]   = note: `#[warn(unused_imports)]` on by default
[INFO] [stderr] 
[INFO] [stderr] warning: unused import: `kzg_ceremony_circuit::halo2_proofs::pairing::group::Curve`
[INFO] [stderr]  --> lib/kzg_ceremony_prover/src/serialization.rs:3:5
[INFO] [stderr]   |
[INFO] [stderr] 3 | use kzg_ceremony_circuit::halo2_proofs::pairing::group::Curve;
[INFO] [stderr]   |     ^^^^^^^^^^^^^^^^^^^^^^^^^^^^^^^^^^^^^^^^^^^^^^^^^^^^^^^^^
[INFO] [stderr] 
[INFO] [stderr] warning: `kzg_ceremony_prover` (lib) generated 2 warnings (run `cargo fix --lib -p kzg_ceremony_prover` to apply 2 suggestions)
[INFO] [stderr] warning: `kzg_ceremony_prover` (lib test) generated 1 warning (1 duplicate)
[INFO] [stderr] warning: unused import: `BatchContribution`
[INFO] [stderr]  --> bin/cmd/src/client/verify_proofs.rs:2:42
[INFO] [stderr]   |
[INFO] [stderr] 2 | use kzg_ceremony_prover::serialization::{BatchContribution, BatchContributionJson, Decode};
[INFO] [stderr]   |                                          ^^^^^^^^^^^^^^^^^
[INFO] [stderr]   |
[INFO] [stderr]   = note: `#[warn(unused_imports)]` on by default
[INFO] [stderr] 
[INFO] [stderr] warning: `cmd` (bin "cmd" test) generated 1 warning (run `cargo fix --bin "cmd" --tests` to apply 1 suggestion)
[INFO] [stderr]     Finished `test` profile [unoptimized + debuginfo] target(s) in 0.25s
[INFO] [stderr]      Running unittests src/main.rs (/opt/rustwide/target/debug/deps/cmd-23804359bd8668a9)
[INFO] [stdout] 
[INFO] [stdout] running 1 test
[INFO] [stdout] test client::contribute::tests::pull_and_test ... FAILED
[INFO] [stdout] 
[INFO] [stdout] failures:
[INFO] [stdout] 
[INFO] [stdout] ---- client::contribute::tests::pull_and_test stdout ----
[INFO] [stdout] Pull previous transcripts
[INFO] [stdout] 
[INFO] [stdout] thread 'client::contribute::tests::pull_and_test' panicked at bin/cmd/src/client/contribute.rs:237:58:
[INFO] [stdout] called `Result::unwrap()` on an `Err` value: reqwest::Error { kind: Request, url: Url { scheme: "https", cannot_be_a_base: false, username: "", password: None, host: Some(Domain("seq.ceremony.ethereum.org")), port: None, path: "/info/current_state", query: None, fragment: None }, source: hyper::Error(Connect, ConnectError("dns error", Custom { kind: Uncategorized, error: "failed to lookup address information: Temporary failure in name resolution" })) }
[INFO] [stdout] stack backtrace:
[INFO] [stdout]    0:     0x560e89ec725a - std::backtrace_rs::backtrace::libunwind::trace::hb059275cfc8d6126
[INFO] [stdout]                                at /rustc/6067b36314ab5eb2eb47cecc464545ba58e1ad24/library/std/src/../../backtrace/src/backtrace/libunwind.rs:116:5
[INFO] [stdout]    1:     0x560e89ec725a - std::backtrace_rs::backtrace::trace_unsynchronized::h2da071e4327ce3ee
[INFO] [stdout]                                at /rustc/6067b36314ab5eb2eb47cecc464545ba58e1ad24/library/std/src/../../backtrace/src/backtrace/mod.rs:66:5
[INFO] [stdout]    2:     0x560e89ec725a - std::sys::backtrace::_print_fmt::h842a1474e6f8d23f
[INFO] [stdout]                                at /rustc/6067b36314ab5eb2eb47cecc464545ba58e1ad24/library/std/src/sys/backtrace.rs:66:9
[INFO] [stdout]    3:     0x560e89ec725a - <std::sys::backtrace::BacktraceLock::print::DisplayBacktrace as core::fmt::Display>::fmt::h71a62eb3b9696b12
[INFO] [stdout]                                at /rustc/6067b36314ab5eb2eb47cecc464545ba58e1ad24/library/std/src/sys/backtrace.rs:39:26
[INFO] [stdout]    4:     0x560e89ef2253 - core::fmt::rt::Argument::fmt::hdb6b616786b41dc1
[INFO] [stdout]                                at /rustc/6067b36314ab5eb2eb47cecc464545ba58e1ad24/library/core/src/fmt/rt.rs:177:76
[INFO] [stdout]    5:     0x560e89ef2253 - core::fmt::write::h2cc1698af7e2d686
[INFO] [stdout]                                at /rustc/6067b36314ab5eb2eb47cecc464545ba58e1ad24/library/core/src/fmt/mod.rs:1440:21
[INFO] [stdout]    6:     0x560e89ec30a3 - std::io::Write::write_fmt::hab1b4cd059a79022
[INFO] [stdout]                                at /rustc/6067b36314ab5eb2eb47cecc464545ba58e1ad24/library/std/src/io/mod.rs:1887:15
[INFO] [stdout]    7:     0x560e89ec70a2 - std::sys::backtrace::BacktraceLock::print::h147fe35b4ea13b08
[INFO] [stdout]                                at /rustc/6067b36314ab5eb2eb47cecc464545ba58e1ad24/library/std/src/sys/backtrace.rs:42:9
[INFO] [stdout]    8:     0x560e89ec867f - std::panicking::default_hook::{{closure}}::hbd44223dbdc0d208
[INFO] [stdout]                                at /rustc/6067b36314ab5eb2eb47cecc464545ba58e1ad24/library/std/src/panicking.rs:298:22
[INFO] [stdout]    9:     0x560e89ec8498 - std::panicking::default_hook::h20f81eb0576efcec
[INFO] [stdout]                                at /rustc/6067b36314ab5eb2eb47cecc464545ba58e1ad24/library/std/src/panicking.rs:322:9
[INFO] [stdout]   10:     0x560e8967fde3 - <alloc::boxed::Box<F,A> as core::ops::function::Fn<Args>>::call::hdb53814c496a4d34
[INFO] [stdout]                                at /rustc/6067b36314ab5eb2eb47cecc464545ba58e1ad24/library/alloc/src/boxed.rs:2027:9
[INFO] [stdout]   11:     0x560e8967fde3 - test::test_main::{{closure}}::hc0a4963c59427c24
[INFO] [stdout]                                at /rustc/6067b36314ab5eb2eb47cecc464545ba58e1ad24/library/test/src/lib.rs:134:21
[INFO] [stdout]   12:     0x560e89ec9173 - <alloc::boxed::Box<F,A> as core::ops::function::Fn<Args>>::call::h591b2225413a77e9
[INFO] [stdout]                                at /rustc/6067b36314ab5eb2eb47cecc464545ba58e1ad24/library/alloc/src/boxed.rs:2027:9
[INFO] [stdout]   13:     0x560e89ec9173 - std::panicking::rust_panic_with_hook::h625eea43051b2edc
[INFO] [stdout]                                at /rustc/6067b36314ab5eb2eb47cecc464545ba58e1ad24/library/std/src/panicking.rs:839:13
[INFO] [stdout]   14:     0x560e89ec8e2a - std::panicking::begin_panic_handler::{{closure}}::h4f9159cfbc3f6bd3
[INFO] [stdout]                                at /rustc/6067b36314ab5eb2eb47cecc464545ba58e1ad24/library/std/src/panicking.rs:704:13
[INFO] [stdout]   15:     0x560e89ec7759 - std::sys::backtrace::__rust_end_short_backtrace::h0390abce48353151
[INFO] [stdout]                                at /rustc/6067b36314ab5eb2eb47cecc464545ba58e1ad24/library/std/src/sys/backtrace.rs:168:18
[INFO] [stdout]   16:     0x560e89ec8abd - rust_begin_unwind
[INFO] [stdout]                                at /rustc/6067b36314ab5eb2eb47cecc464545ba58e1ad24/library/std/src/panicking.rs:695:5
[INFO] [stdout]   17:     0x560e89ef0420 - core::panicking::panic_fmt::h9e7c637e9e5f29c9
[INFO] [stdout]                                at /rustc/6067b36314ab5eb2eb47cecc464545ba58e1ad24/library/core/src/panicking.rs:75:14
[INFO] [stdout]   18:     0x560e89ef08f6 - core::result::unwrap_failed::h7979f09313fe1849
[INFO] [stdout]                                at /rustc/6067b36314ab5eb2eb47cecc464545ba58e1ad24/library/core/src/result.rs:1704:5
[INFO] [stdout]   19:     0x560e8962da4a - core::result::Result<T,E>::unwrap::ha490815421ac8e18
[INFO] [stdout]                                at /rustc/6067b36314ab5eb2eb47cecc464545ba58e1ad24/library/core/src/result.rs:1109:23
[INFO] [stdout]   20:     0x560e8962da4a - cmd::client::contribute::tests::pull_and_test::{{closure}}::h0114a37a2e96f31e
[INFO] [stdout]                                at /opt/rustwide/workdir/bin/cmd/src/client/contribute.rs:237:25
[INFO] [stdout]   21:     0x560e89635d22 - <core::pin::Pin<P> as core::future::future::Future>::poll::hd87eeb5ef4e2d6ef
[INFO] [stdout]                                at /rustc/6067b36314ab5eb2eb47cecc464545ba58e1ad24/library/core/src/future/future.rs:124:9
[INFO] [stdout]   22:     0x560e89635d5d - <core::pin::Pin<P> as core::future::future::Future>::poll::hf3b8c49c12f8f7ea
[INFO] [stdout]                                at /rustc/6067b36314ab5eb2eb47cecc464545ba58e1ad24/library/core/src/future/future.rs:124:9
[INFO] [stdout]   23:     0x560e8964362f - tokio::runtime::scheduler::current_thread::CoreGuard::block_on::{{closure}}::{{closure}}::{{closure}}::h9f034d7dfe0191c8
[INFO] [stdout]                                at /opt/rustwide/cargo-home/registry/src/index.crates.io-1949cf8c6b5b557f/tokio-1.29.0/src/runtime/scheduler/current_thread.rs:651:57
[INFO] [stdout]   24:     0x560e89643575 - tokio::runtime::coop::with_budget::h7a039f30887aca54
[INFO] [stdout]                                at /opt/rustwide/cargo-home/registry/src/index.crates.io-1949cf8c6b5b557f/tokio-1.29.0/src/runtime/coop.rs:107:5
[INFO] [stdout]   25:     0x560e89643575 - tokio::runtime::coop::budget::hd8bc58a6fe99b410
[INFO] [stdout]                                at /opt/rustwide/cargo-home/registry/src/index.crates.io-1949cf8c6b5b557f/tokio-1.29.0/src/runtime/coop.rs:73:5
[INFO] [stdout]   26:     0x560e89643575 - tokio::runtime::scheduler::current_thread::CoreGuard::block_on::{{closure}}::{{closure}}::h395621e063d93872
[INFO] [stdout]                                at /opt/rustwide/cargo-home/registry/src/index.crates.io-1949cf8c6b5b557f/tokio-1.29.0/src/runtime/scheduler/current_thread.rs:651:25
[INFO] [stdout]   27:     0x560e89642350 - tokio::runtime::scheduler::current_thread::Context::enter::h4c6cfb8b66d3d0ec
[INFO] [stdout]                                at /opt/rustwide/cargo-home/registry/src/index.crates.io-1949cf8c6b5b557f/tokio-1.29.0/src/runtime/scheduler/current_thread.rs:410:19
[INFO] [stdout]   28:     0x560e89642df7 - tokio::runtime::scheduler::current_thread::CoreGuard::block_on::{{closure}}::h8d98c9a640a99302
[INFO] [stdout]                                at /opt/rustwide/cargo-home/registry/src/index.crates.io-1949cf8c6b5b557f/tokio-1.29.0/src/runtime/scheduler/current_thread.rs:650:36
[INFO] [stdout]   29:     0x560e89642b74 - tokio::runtime::scheduler::current_thread::CoreGuard::enter::{{closure}}::hc9b132abb0eb582a
[INFO] [stdout]                                at /opt/rustwide/cargo-home/registry/src/index.crates.io-1949cf8c6b5b557f/tokio-1.29.0/src/runtime/scheduler/current_thread.rs:729:68
[INFO] [stdout]   30:     0x560e8963538b - tokio::runtime::context::scoped::Scoped<T>::set::hacc04eece38c2d3a
[INFO] [stdout]                                at /opt/rustwide/cargo-home/registry/src/index.crates.io-1949cf8c6b5b557f/tokio-1.29.0/src/runtime/context/scoped.rs:40:9
[INFO] [stdout]   31:     0x560e8963a2c5 - tokio::runtime::context::set_scheduler::{{closure}}::h5f164d1df8c63eec
[INFO] [stdout]                                at /opt/rustwide/cargo-home/registry/src/index.crates.io-1949cf8c6b5b557f/tokio-1.29.0/src/runtime/context.rs:176:26
[INFO] [stdout]   32:     0x560e896386b2 - std::thread::local::LocalKey<T>::try_with::hda692d2a50d031a3
[INFO] [stdout]                                at /rustc/6067b36314ab5eb2eb47cecc464545ba58e1ad24/library/std/src/thread/local.rs:308:12
[INFO] [stdout]   33:     0x560e89637eca - std::thread::local::LocalKey<T>::with::ha8a1ff4db8fc39bc
[INFO] [stdout]                                at /rustc/6067b36314ab5eb2eb47cecc464545ba58e1ad24/library/std/src/thread/local.rs:272:9
[INFO] [stdout]   34:     0x560e8963a27d - tokio::runtime::context::set_scheduler::h2dcec7417e46b46a
[INFO] [stdout]                                at /opt/rustwide/cargo-home/registry/src/index.crates.io-1949cf8c6b5b557f/tokio-1.29.0/src/runtime/context.rs:176:9
[INFO] [stdout]   35:     0x560e89642928 - tokio::runtime::scheduler::current_thread::CoreGuard::enter::h684e887fcb8e8dd2
[INFO] [stdout]                                at /opt/rustwide/cargo-home/registry/src/index.crates.io-1949cf8c6b5b557f/tokio-1.29.0/src/runtime/scheduler/current_thread.rs:729:27
[INFO] [stdout]   36:     0x560e89642b93 - tokio::runtime::scheduler::current_thread::CoreGuard::block_on::h3e5b895eaf936ab8
[INFO] [stdout]                                at /opt/rustwide/cargo-home/registry/src/index.crates.io-1949cf8c6b5b557f/tokio-1.29.0/src/runtime/scheduler/current_thread.rs:638:19
[INFO] [stdout]   37:     0x560e89641b9d - tokio::runtime::scheduler::current_thread::CurrentThread::block_on::{{closure}}::hb438e7b6d833e961
[INFO] [stdout]                                at /opt/rustwide/cargo-home/registry/src/index.crates.io-1949cf8c6b5b557f/tokio-1.29.0/src/runtime/scheduler/current_thread.rs:175:28
[INFO] [stdout]   38:     0x560e896356d6 - tokio::runtime::context::runtime::enter_runtime::hc4fbfc598e511a2b
[INFO] [stdout]                                at /opt/rustwide/cargo-home/registry/src/index.crates.io-1949cf8c6b5b557f/tokio-1.29.0/src/runtime/context/runtime.rs:65:16
[INFO] [stdout]   39:     0x560e89641ab1 - tokio::runtime::scheduler::current_thread::CurrentThread::block_on::h4ddb63e8eb186bb9
[INFO] [stdout]                                at /opt/rustwide/cargo-home/registry/src/index.crates.io-1949cf8c6b5b557f/tokio-1.29.0/src/runtime/scheduler/current_thread.rs:167:9
[INFO] [stdout]   40:     0x560e8963a46d - tokio::runtime::runtime::Runtime::block_on::h132888ebc2904d35
[INFO] [stdout]                                at /opt/rustwide/cargo-home/registry/src/index.crates.io-1949cf8c6b5b557f/tokio-1.29.0/src/runtime/runtime.rs:311:47
[INFO] [stdout]   41:     0x560e8962d661 - cmd::client::contribute::tests::pull_and_test::hfc20a4711b012442
[INFO] [stdout]                                at /opt/rustwide/workdir/bin/cmd/src/client/contribute.rs:299:9
[INFO] [stdout]   42:     0x560e8962d507 - cmd::client::contribute::tests::pull_and_test::{{closure}}::h99cf1305f7e43798
[INFO] [stdout]                                at /opt/rustwide/workdir/bin/cmd/src/client/contribute.rs:234:29
[INFO] [stdout]   43:     0x560e8963ed36 - core::ops::function::FnOnce::call_once::h4a7b81671586836b
[INFO] [stdout]                                at /rustc/6067b36314ab5eb2eb47cecc464545ba58e1ad24/library/core/src/ops/function.rs:250:5
[INFO] [stdout]   44:     0x560e8968553b - core::ops::function::FnOnce::call_once::he27718dfdd183f43
[INFO] [stdout]                                at /rustc/6067b36314ab5eb2eb47cecc464545ba58e1ad24/library/core/src/ops/function.rs:250:5
[INFO] [stdout]   45:     0x560e8968553b - test::__rust_begin_short_backtrace::h4e84902998457a5d
[INFO] [stdout]                                at /rustc/6067b36314ab5eb2eb47cecc464545ba58e1ad24/library/test/src/lib.rs:632:18
[INFO] [stdout]   46:     0x560e89684473 - test::run_test_in_process::{{closure}}::h7176fd18fc1feca0
[INFO] [stdout]                                at /rustc/6067b36314ab5eb2eb47cecc464545ba58e1ad24/library/test/src/lib.rs:655:60
[INFO] [stdout]   47:     0x560e89684473 - <core::panic::unwind_safe::AssertUnwindSafe<F> as core::ops::function::FnOnce<()>>::call_once::hf79cff2a624d8cf7
[INFO] [stdout]                                at /rustc/6067b36314ab5eb2eb47cecc464545ba58e1ad24/library/core/src/panic/unwind_safe.rs:272:9
[INFO] [stdout]   48:     0x560e89684473 - std::panicking::try::do_call::h3da0561d9ab99c25
[INFO] [stdout]                                at /rustc/6067b36314ab5eb2eb47cecc464545ba58e1ad24/library/std/src/panicking.rs:587:40
[INFO] [stdout]   49:     0x560e89684473 - std::panicking::try::h41c9fa508bc61df6
[INFO] [stdout]                                at /rustc/6067b36314ab5eb2eb47cecc464545ba58e1ad24/library/std/src/panicking.rs:550:19
[INFO] [stdout]   50:     0x560e89684473 - std::panic::catch_unwind::h6b3ff07bb5afad93
[INFO] [stdout]                                at /rustc/6067b36314ab5eb2eb47cecc464545ba58e1ad24/library/std/src/panic.rs:358:14
[INFO] [stdout]   51:     0x560e89684473 - test::run_test_in_process::hc7253dd11b39b9f4
[INFO] [stdout]                                at /rustc/6067b36314ab5eb2eb47cecc464545ba58e1ad24/library/test/src/lib.rs:655:27
[INFO] [stdout]   52:     0x560e89684473 - test::run_test::{{closure}}::hfb2007f8649c30bb
[INFO] [stdout]                                at /rustc/6067b36314ab5eb2eb47cecc464545ba58e1ad24/library/test/src/lib.rs:576:43
[INFO] [stdout]   53:     0x560e89647555 - test::run_test::{{closure}}::h56a17aa7a282a9f4
[INFO] [stdout]                                at /rustc/6067b36314ab5eb2eb47cecc464545ba58e1ad24/library/test/src/lib.rs:606:41
[INFO] [stdout]   54:     0x560e89647555 - std::sys::backtrace::__rust_begin_short_backtrace::hd2d2d2fb8e8c6aac
[INFO] [stdout]                                at /rustc/6067b36314ab5eb2eb47cecc464545ba58e1ad24/library/std/src/sys/backtrace.rs:152:18
[INFO] [stdout]   55:     0x560e8964ae3a - std::thread::Builder::spawn_unchecked_::{{closure}}::{{closure}}::h4faa3f9db6133423
[INFO] [stdout]                                at /rustc/6067b36314ab5eb2eb47cecc464545ba58e1ad24/library/std/src/thread/mod.rs:559:17
[INFO] [stdout]   56:     0x560e8964ae3a - <core::panic::unwind_safe::AssertUnwindSafe<F> as core::ops::function::FnOnce<()>>::call_once::hf2e855a36a4ea846
[INFO] [stdout]                                at /rustc/6067b36314ab5eb2eb47cecc464545ba58e1ad24/library/core/src/panic/unwind_safe.rs:272:9
[INFO] [stdout]   57:     0x560e8964ae3a - std::panicking::try::do_call::h2f73af3616c35465
[INFO] [stdout]                                at /rustc/6067b36314ab5eb2eb47cecc464545ba58e1ad24/library/std/src/panicking.rs:587:40
[INFO] [stdout]   58:     0x560e8964ae3a - std::panicking::try::hd1660ce9efadef5a
[INFO] [stdout]                                at /rustc/6067b36314ab5eb2eb47cecc464545ba58e1ad24/library/std/src/panicking.rs:550:19
[INFO] [stdout]   59:     0x560e8964ae3a - std::panic::catch_unwind::h5ee8d7823b8ca744
[INFO] [stdout]                                at /rustc/6067b36314ab5eb2eb47cecc464545ba58e1ad24/library/std/src/panic.rs:358:14
[INFO] [stdout]   60:     0x560e8964ae3a - std::thread::Builder::spawn_unchecked_::{{closure}}::h53c3a1894dce8407
[INFO] [stdout]                                at /rustc/6067b36314ab5eb2eb47cecc464545ba58e1ad24/library/std/src/thread/mod.rs:557:30
[INFO] [stdout]   61:     0x560e8964ae3a - core::ops::function::FnOnce::call_once{{vtable.shim}}::h048ce291ad4f62bf
[INFO] [stdout]                                at /rustc/6067b36314ab5eb2eb47cecc464545ba58e1ad24/library/core/src/ops/function.rs:250:5
[INFO] [stdout]   62:     0x560e89ecd61b - <alloc::boxed::Box<F,A> as core::ops::function::FnOnce<Args>>::call_once::ha52bedf99a3b4981
[INFO] [stdout]                                at /rustc/6067b36314ab5eb2eb47cecc464545ba58e1ad24/library/alloc/src/boxed.rs:2013:9
[INFO] [stdout]   63:     0x560e89ecd61b - <alloc::boxed::Box<F,A> as core::ops::function::FnOnce<Args>>::call_once::h567748934d80ccf8
[INFO] [stdout]                                at /rustc/6067b36314ab5eb2eb47cecc464545ba58e1ad24/library/alloc/src/boxed.rs:2013:9
[INFO] [stdout]   64:     0x560e89ecd61b - std::sys::pal::unix::thread::Thread::new::thread_start::h2d970728ae887adc
[INFO] [stdout]                                at /rustc/6067b36314ab5eb2eb47cecc464545ba58e1ad24/library/std/src/sys/pal/unix/thread.rs:106:17
[INFO] [stdout]   65:     0x7be07eecfac3 - <unknown>
[INFO] [stdout]   66:     0x7be07ef60a04 - clone
[INFO] [stdout]   67:                0x0 - <unknown>
[INFO] [stdout] 
[INFO] [stdout] 
[INFO] [stdout] failures:
[INFO] [stdout]     client::contribute::tests::pull_and_test
[INFO] [stdout] 
[INFO] [stdout] test result: FAILED. 0 passed; 1 failed; 0 ignored; 0 measured; 0 filtered out; finished in 0.14s
[INFO] [stdout] 
[INFO] [stderr] error: test failed, to rerun pass `-p cmd --bin cmd`
[INFO] running `Command { std: "docker" "inspect" "81c748511dca9019c23e6f73092ee5e1cdf72b0cd3bf2196ec04a6fd79c14ddd", kill_on_drop: false }`
[INFO] running `Command { std: "docker" "rm" "-f" "81c748511dca9019c23e6f73092ee5e1cdf72b0cd3bf2196ec04a6fd79c14ddd", kill_on_drop: false }`
[INFO] [stdout] 81c748511dca9019c23e6f73092ee5e1cdf72b0cd3bf2196ec04a6fd79c14ddd
