[INFO] cloning repository https://github.com/hwoongkang/acmicpc
[INFO] running `Command { std: "git" "-c" "credential.helper=" "-c" "credential.helper=/workspace/cargo-home/bin/git-credential-null" "clone" "--bare" "https://github.com/hwoongkang/acmicpc" "/workspace/cache/git-repos/https%3A%2F%2Fgithub.com%2Fhwoongkang%2Facmicpc", kill_on_drop: false }`
[INFO] [stderr] Cloning into bare repository '/workspace/cache/git-repos/https%3A%2F%2Fgithub.com%2Fhwoongkang%2Facmicpc'...
[INFO] running `Command { std: "git" "rev-parse" "HEAD", kill_on_drop: false }`
[INFO] [stdout] b260b2ee05d18decc34bc7a96db1265c8c7e5bde
[INFO] testing hwoongkang/acmicpc against nightly-2025-01-18 for randomize-layout-2
[INFO] running `Command { std: "git" "clone" "/workspace/cache/git-repos/https%3A%2F%2Fgithub.com%2Fhwoongkang%2Facmicpc" "/workspace/builds/worker-2-tc1/source", kill_on_drop: false }`
[INFO] [stderr] Cloning into '/workspace/builds/worker-2-tc1/source'...
[INFO] [stderr] done.
[INFO] validating manifest of git repo https://github.com/hwoongkang/acmicpc on toolchain nightly-2025-01-18
[INFO] running `Command { std: CARGO_HOME="/workspace/cargo-home" RUSTUP_HOME="/workspace/rustup-home" "/workspace/cargo-home/bin/cargo" "+nightly-2025-01-18" "metadata" "--manifest-path" "Cargo.toml" "--no-deps", kill_on_drop: false }`
[INFO] started tweaking git repo https://github.com/hwoongkang/acmicpc
[INFO] finished tweaking git repo https://github.com/hwoongkang/acmicpc
[INFO] tweaked toml for git repo https://github.com/hwoongkang/acmicpc written to /workspace/builds/worker-2-tc1/source/Cargo.toml
[INFO] crate git repo https://github.com/hwoongkang/acmicpc already has a lockfile, it will not be regenerated
[INFO] running `Command { std: CARGO_HOME="/workspace/cargo-home" RUSTUP_HOME="/workspace/rustup-home" "/workspace/cargo-home/bin/cargo" "+nightly-2025-01-18" "fetch" "--manifest-path" "Cargo.toml", kill_on_drop: false }`
[INFO] running `Command { std: "docker" "create" "-v" "/var/lib/crater-agent-workspace/builds/worker-2-tc1/target:/opt/rustwide/target:rw,Z" "-v" "/var/lib/crater-agent-workspace/builds/worker-2-tc1/source:/opt/rustwide/workdir:ro,Z" "-v" "/var/lib/crater-agent-workspace/cargo-home:/opt/rustwide/cargo-home:ro,Z" "-v" "/var/lib/crater-agent-workspace/rustup-home:/opt/rustwide/rustup-home:ro,Z" "-e" "SOURCE_DIR=/opt/rustwide/workdir" "-e" "CARGO_TARGET_DIR=/opt/rustwide/target" "-e" "CARGO_HOME=/opt/rustwide/cargo-home" "-e" "RUSTUP_HOME=/opt/rustwide/rustup-home" "-w" "/opt/rustwide/workdir" "-m" "1610612736" "--user" "0:0" "--network" "none" "ghcr.io/rust-lang/crates-build-env/linux@sha256:819108c5571ea2e421544af4d832f968d213c87fbe3707a016657f43d2f853bc" "/opt/rustwide/cargo-home/bin/cargo" "+nightly-2025-01-18" "metadata" "--no-deps" "--format-version=1", kill_on_drop: false }`
[INFO] [stdout] 54e5cd61a209ef832645a62e512b122817332f2738c9d4f4649585304b7a567b
[INFO] running `Command { std: "docker" "start" "-a" "54e5cd61a209ef832645a62e512b122817332f2738c9d4f4649585304b7a567b", kill_on_drop: false }`
[INFO] running `Command { std: "docker" "inspect" "54e5cd61a209ef832645a62e512b122817332f2738c9d4f4649585304b7a567b", kill_on_drop: false }`
[INFO] running `Command { std: "docker" "rm" "-f" "54e5cd61a209ef832645a62e512b122817332f2738c9d4f4649585304b7a567b", kill_on_drop: false }`
[INFO] [stdout] 54e5cd61a209ef832645a62e512b122817332f2738c9d4f4649585304b7a567b
[INFO] running `Command { std: "docker" "create" "-v" "/var/lib/crater-agent-workspace/builds/worker-2-tc1/target:/opt/rustwide/target:rw,Z" "-v" "/var/lib/crater-agent-workspace/builds/worker-2-tc1/source:/opt/rustwide/workdir:ro,Z" "-v" "/var/lib/crater-agent-workspace/cargo-home:/opt/rustwide/cargo-home:ro,Z" "-v" "/var/lib/crater-agent-workspace/rustup-home:/opt/rustwide/rustup-home:ro,Z" "-e" "SOURCE_DIR=/opt/rustwide/workdir" "-e" "CARGO_TARGET_DIR=/opt/rustwide/target" "-e" "CARGO_INCREMENTAL=0" "-e" "RUST_BACKTRACE=full" "-e" "RUSTFLAGS=--cap-lints=forbid" "-e" "RUSTDOCFLAGS=--cap-lints=forbid" "-e" "CARGO_HOME=/opt/rustwide/cargo-home" "-e" "RUSTUP_HOME=/opt/rustwide/rustup-home" "-w" "/opt/rustwide/workdir" "-m" "1610612736" "--user" "0:0" "--network" "none" "ghcr.io/rust-lang/crates-build-env/linux@sha256:819108c5571ea2e421544af4d832f968d213c87fbe3707a016657f43d2f853bc" "/opt/rustwide/cargo-home/bin/cargo" "+nightly-2025-01-18" "build" "--frozen" "--message-format=json", kill_on_drop: false }`
[INFO] [stdout] beff5efa9179e8a7c8c60df39c09c60c7ab1e8eedf66efe5ff4ceab6ccf132b2
[INFO] running `Command { std: "docker" "start" "-a" "beff5efa9179e8a7c8c60df39c09c60c7ab1e8eedf66efe5ff4ceab6ccf132b2", kill_on_drop: false }`
[INFO] [stderr]    Compiling acmicpc v0.1.0 (/opt/rustwide/workdir)
[INFO] [stdout] warning: struct `Solution` is never constructed
[INFO] [stdout]  --> src/leetcodes/p00135.rs:1:12
[INFO] [stdout]   |
[INFO] [stdout] 1 | pub struct Solution;
[INFO] [stdout]   |            ^^^^^^^^
[INFO] [stdout]   |
[INFO] [stdout]   = note: `#[warn(dead_code)]` on by default
[INFO] [stdout] 
[INFO] [stdout] 
[INFO] [stdout] warning: associated function `candy` is never used
[INFO] [stdout]  --> src/leetcodes/p00135.rs:4:12
[INFO] [stdout]   |
[INFO] [stdout] 3 | impl Solution {
[INFO] [stdout]   | ------------- associated function in this implementation
[INFO] [stdout] 4 |     pub fn candy(ratings: Vec<i32>) -> i32 {
[INFO] [stdout]   |            ^^^^^
[INFO] [stdout] 
[INFO] [stdout] 
[INFO] [stderr]     Finished `dev` profile [unoptimized + debuginfo] target(s) in 1.38s
[INFO] running `Command { std: "docker" "inspect" "beff5efa9179e8a7c8c60df39c09c60c7ab1e8eedf66efe5ff4ceab6ccf132b2", kill_on_drop: false }`
[INFO] running `Command { std: "docker" "rm" "-f" "beff5efa9179e8a7c8c60df39c09c60c7ab1e8eedf66efe5ff4ceab6ccf132b2", kill_on_drop: false }`
[INFO] [stdout] beff5efa9179e8a7c8c60df39c09c60c7ab1e8eedf66efe5ff4ceab6ccf132b2
[INFO] running `Command { std: "docker" "create" "-v" "/var/lib/crater-agent-workspace/builds/worker-2-tc1/target:/opt/rustwide/target:rw,Z" "-v" "/var/lib/crater-agent-workspace/builds/worker-2-tc1/source:/opt/rustwide/workdir:ro,Z" "-v" "/var/lib/crater-agent-workspace/cargo-home:/opt/rustwide/cargo-home:ro,Z" "-v" "/var/lib/crater-agent-workspace/rustup-home:/opt/rustwide/rustup-home:ro,Z" "-e" "SOURCE_DIR=/opt/rustwide/workdir" "-e" "CARGO_TARGET_DIR=/opt/rustwide/target" "-e" "CARGO_INCREMENTAL=0" "-e" "RUST_BACKTRACE=full" "-e" "RUSTFLAGS=--cap-lints=forbid" "-e" "RUSTDOCFLAGS=--cap-lints=forbid" "-e" "CARGO_HOME=/opt/rustwide/cargo-home" "-e" "RUSTUP_HOME=/opt/rustwide/rustup-home" "-w" "/opt/rustwide/workdir" "-m" "1610612736" "--user" "0:0" "--network" "none" "ghcr.io/rust-lang/crates-build-env/linux@sha256:819108c5571ea2e421544af4d832f968d213c87fbe3707a016657f43d2f853bc" "/opt/rustwide/cargo-home/bin/cargo" "+nightly-2025-01-18" "test" "--frozen" "--no-run" "--message-format=json", kill_on_drop: false }`
[INFO] [stdout] 9db03e285b0eb323bc93b6994469ad0d90c8d284ad2bb6084df5e5eb25218e27
[INFO] running `Command { std: "docker" "start" "-a" "9db03e285b0eb323bc93b6994469ad0d90c8d284ad2bb6084df5e5eb25218e27", kill_on_drop: false }`
[INFO] [stderr]    Compiling acmicpc v0.1.0 (/opt/rustwide/workdir)
[INFO] [stderr]     Finished `test` profile [unoptimized + debuginfo] target(s) in 5.02s
[INFO] running `Command { std: "docker" "inspect" "9db03e285b0eb323bc93b6994469ad0d90c8d284ad2bb6084df5e5eb25218e27", kill_on_drop: false }`
[INFO] running `Command { std: "docker" "rm" "-f" "9db03e285b0eb323bc93b6994469ad0d90c8d284ad2bb6084df5e5eb25218e27", kill_on_drop: false }`
[INFO] [stdout] 9db03e285b0eb323bc93b6994469ad0d90c8d284ad2bb6084df5e5eb25218e27
[INFO] running `Command { std: "docker" "create" "-v" "/var/lib/crater-agent-workspace/builds/worker-2-tc1/target:/opt/rustwide/target:rw,Z" "-v" "/var/lib/crater-agent-workspace/builds/worker-2-tc1/source:/opt/rustwide/workdir:ro,Z" "-v" "/var/lib/crater-agent-workspace/cargo-home:/opt/rustwide/cargo-home:ro,Z" "-v" "/var/lib/crater-agent-workspace/rustup-home:/opt/rustwide/rustup-home:ro,Z" "-e" "SOURCE_DIR=/opt/rustwide/workdir" "-e" "CARGO_TARGET_DIR=/opt/rustwide/target" "-e" "CARGO_INCREMENTAL=0" "-e" "RUST_BACKTRACE=full" "-e" "RUSTFLAGS=--cap-lints=forbid" "-e" "RUSTDOCFLAGS=--cap-lints=forbid" "-e" "CARGO_HOME=/opt/rustwide/cargo-home" "-e" "RUSTUP_HOME=/opt/rustwide/rustup-home" "-w" "/opt/rustwide/workdir" "-m" "1610612736" "--user" "0:0" "--network" "none" "ghcr.io/rust-lang/crates-build-env/linux@sha256:819108c5571ea2e421544af4d832f968d213c87fbe3707a016657f43d2f853bc" "/opt/rustwide/cargo-home/bin/cargo" "+nightly-2025-01-18" "test" "--frozen", kill_on_drop: false }`
[INFO] [stdout] 10f25b75846e65515f54cd0533983ad4b15b0f9001e5e9d7ca9bd957bc0c3bab
[INFO] running `Command { std: "docker" "start" "-a" "10f25b75846e65515f54cd0533983ad4b15b0f9001e5e9d7ca9bd957bc0c3bab", kill_on_drop: false }`
[INFO] [stderr]     Finished `test` profile [unoptimized + debuginfo] target(s) in 0.01s
[INFO] [stderr]      Running unittests src/main.rs (/opt/rustwide/target/debug/deps/acmicpc-f7c3f2752f083499)
[INFO] [stdout] 
[INFO] [stdout] running 197 tests
[INFO] [stdout] test leetcodes::p00135::leet_00135_tests::test_02 ... ok
[INFO] [stdout] test leetcodes::p00135::leet_00135_tests::test_03 ... ok
[INFO] [stdout] test problems::p01004::tests_p1004::test_part_1 ... ok
[INFO] [stdout] test problems::p01014::p01014_tests::test_case_1 ... ok
[INFO] [stdout] test problems::p01014::p01014_tests::test_case_2 ... ok
[INFO] [stdout] test problems::p01004::tests_p1004::test_part_2 ... ok
[INFO] [stdout] test problems::p01014::p01014_tests::test_parsing ... ok
[INFO] [stdout] test problems::p01014::p01014_tests::test_seats ... ok
[INFO] [stdout] test leetcodes::p00135::leet_00135_tests::test_01 ... ok
[INFO] [stdout] test problems::p01028::p01028_tests::test_case_1 ... ok
[INFO] [stdout] test leetcodes::p00135::leet_00135_tests::test_04 ... ok
[INFO] [stdout] test problems::p01028::p01028_tests::test_case_2 ... ok
[INFO] [stdout] test problems::p01028::p01028_tests::test_case_3 ... ok
[INFO] [stdout] test problems::p01028::p01028_tests::test_case_4 ... ok
[INFO] [stdout] test problems::p01089::p01089_tests::test_case_1 ... ok
[INFO] [stdout] test problems::p01089::p01089_tests::test_case_2 ... ok
[INFO] [stdout] test problems::p01089::p01089_tests::test_case_3 ... ok
[INFO] [stdout] test problems::p01089::p01089_tests::test_case_4 ... ok
[INFO] [stdout] test problems::p01091::p01091_tests::test_case_1 ... ok
[INFO] [stdout] test problems::p01091::p01091_tests::test_case_2 ... ok
[INFO] [stdout] test problems::p01091::p01091_tests::test_case_3 ... ok
[INFO] [stdout] test problems::p01094::p01094_tests::test_case_1 ... ok
[INFO] [stdout] test problems::p01094::p01094_tests::test_case_2 ... ok
[INFO] [stdout] test problems::p01094::p01094_tests::test_case_3 ... ok
[INFO] [stdout] test problems::p01094::p01094_tests::test_case_4 ... ok
[INFO] [stdout] test problems::p01091::p01091_tests::test_case_4 ... ok
[INFO] [stdout] test problems::p01120::p01120_tests::test_case_2 ... ok
[INFO] [stdout] test problems::p01120::p01120_tests::test_case_3 ... ok
[INFO] [stdout] test problems::p01120::p01120_tests::test_case_4 ... ok
[INFO] [stdout] test problems::p01120::p01120_tests::test_case_5 ... ok
[INFO] [stdout] test problems::p01194::p01194_tests::test_case_1 ... ok
[INFO] [stdout] test problems::p01120::p01120_tests::test_case_1 ... ok
[INFO] [stdout] test problems::p01086::p01086_tests::test_case_3 ... ok
[INFO] [stdout] test problems::p01014::p01014_tests::test_whole ... ok
[INFO] [stdout] test problems::p01194::p01194_tests::test_case_3 ... ok
[INFO] [stdout] test problems::p01086::p01086_tests::test_case_1 ... ok
[INFO] [stdout] test problems::p01194::p01194_tests::test_case_4 ... ok
[INFO] [stdout] test problems::p01194::p01194_tests::test_case_2 ... ok
[INFO] [stdout] test problems::p01086::p01086_tests::test_case_2 ... ok
[INFO] [stdout] test problems::p01194::p01194_tests::test_case_5 ... ok
[INFO] [stdout] test problems::p01194::p01194_tests::test_case_6 ... ok
[INFO] [stdout] test problems::p01194::p01194_tests::test_case_7 ... ok
[INFO] [stdout] test problems::p01194::p01194_tests::test_case_8 ... ok
[INFO] [stdout] test problems::p01360::p01360_tests::test_case_1 ... ok
[INFO] [stdout] test problems::p01275::p01275_tests::test_case_1 ... ok
[INFO] [stdout] test problems::p01360::p01360_tests::test_case_2 ... ok
[INFO] [stdout] test problems::p01236::p01236_tests::test_case_2 ... ok
[INFO] [stdout] test problems::p01360::p01360_tests::test_case_3 ... ok
[INFO] [stdout] test problems::p01360::p01360_tests::test_case_4 ... ok
[INFO] [stdout] test problems::p01389::p01389_tests::test_case_1 ... ok
[INFO] [stdout] test problems::p01360::p01360_tests::test_case_5 ... ok
[INFO] [stdout] test problems::p01236::p01236_tests::test_case_3 ... FAILED
[INFO] [stdout] test problems::p01708::p01708_tests::test_part_1 ... ok
[INFO] [stdout] test problems::p01236::p01236_tests::test_case_1 ... FAILED
[INFO] [stdout] test problems::p01781::p01781_tests::test_case_1 ... ok
[INFO] [stdout] test problems::p01911::p01911_tests::test_case_1 ... ok
[INFO] [stdout] test problems::p01935::p01935_tests::test_case_1 ... ok
[INFO] [stdout] test problems::p01708::p01708_tests::test_vec ... ok
[INFO] [stdout] test problems::p01935::p01935_tests::test_case_2 ... ok
[INFO] [stdout] test problems::p01946::p01946_tests::test_case_1 ... ok
[INFO] [stdout] test problems::p02028::p02028_tests::test_case_1 ... ok
[INFO] [stdout] test problems::p02042::p02042_tests::test_case_1 ... ok
[INFO] [stdout] test problems::p02096::p02096_tests::test_case_1 ... ok
[INFO] [stdout] test problems::p02096::p02096_tests::test_case_2 ... ok
[INFO] [stdout] test problems::p02143::p02143_tests::test_part_1 ... ok
[INFO] [stdout] test problems::p02163::p02163_tests::test_case_2 ... ok
[INFO] [stdout] test problems::p02174::p02174_tests::test_case_1 ... ok
[INFO] [stdout] test problems::p02174::p02174_tests::test_case_2 ... ok
[INFO] [stdout] test problems::p02212::p02212_tests::test_case_1 ... ok
[INFO] [stdout] test problems::p02212::p02212_tests::test_case_2 ... ok
[INFO] [stdout] test problems::p02163::p02163_tests::test_case_1 ... ok
[INFO] [stdout] test problems::p02525::p02525_tests::test_case_1 ... ok
[INFO] [stdout] test problems::p02525::p02525_tests::test_case_2 ... ok
[INFO] [stdout] test problems::p02525::p02525_tests::test_case_3 ... ok
[INFO] [stdout] test problems::p02618::p02618_tests::test_case_1 ... ok
[INFO] [stdout] test problems::p02630::p02630_test::test_part_1 ... ok
[INFO] [stdout] test problems::p02744::p02744_tests::test_case_1 ... ok
[INFO] [stdout] test problems::p02745::p02745_tests::test_case_1 ... ok
[INFO] [stdout] test problems::p02745::p02745_tests::test_std ... ok
[INFO] [stdout] test problems::p02845::p02845_tests::test_case_1 ... ok
[INFO] [stdout] test problems::p02845::p02845_tests::test_case_2 ... ok
[INFO] [stdout] test problems::p02887::p02887_tests::test_case_1 ... ok
[INFO] [stdout] test problems::p03015::p03015_tests::test_case_1 ... ok
[INFO] [stdout] test problems::p03015::p03015_tests::test_case_2 ... ok
[INFO] [stdout] test problems::p03015::p03015_tests::test_search_0 ... ok
[INFO] [stdout] test problems::p03015::p03015_tests::test_search_1 ... ok
[INFO] [stdout] test problems::p03015::p03015_tests::test_search_2 ... ok
[INFO] [stdout] test problems::p03015::p03015_tests::test_search_3 ... ok
[INFO] [stdout] test problems::p03015::p03015_tests::test_search_4 ... ok
[INFO] [stdout] test problems::p03015::p03015_tests::test_search_5 ... ok
[INFO] [stdout] test problems::p03043::p03043_tests::test_case_1 ... ok
[INFO] [stdout] test problems::p03043::p03043_tests::test_case_2 ... ok
[INFO] [stdout] test problems::p03043::p03043_tests::test_case_3 ... ok
[INFO] [stdout] test problems::p03043::p03043_tests::test_case_4 ... ok
[INFO] [stdout] test problems::p03109::p03109_tests::test_case_1 ... ok
[INFO] [stdout] test problems::p03109::p03109_tests::test_case_2 ... ok
[INFO] [stdout] test problems::p03653::p03653_tests::test_case_1 ... ok
[INFO] [stdout] test problems::p03830::p03830_tests::test_case_1 ... ok
[INFO] [stdout] test problems::p04225::p04225_tests::test_case_1 ... ok
[INFO] [stdout] test problems::p04225::p04225_tests::test_case_2 ... ok
[INFO] [stdout] test problems::p04716::p04716_tests::test_case_1 ... ok
[INFO] [stdout] test problems::p05597::p05597_tests::test_case_1 ... ok
[INFO] [stdout] test problems::p05597::p05597_tests::test_case_2 ... ok
[INFO] [stdout] test problems::p07578::p07578_tests::test_case_1 ... ok
[INFO] [stdout] test problems::p08980::p08980_tests::test_case_1 ... ok
[INFO] [stdout] test problems::p08980::p08980_tests::test_case_2 ... ok
[INFO] [stdout] test problems::p09527::p09527_tests::test_helper ... ok
[INFO] [stdout] test problems::p09527::p09527_tests::test_num_ones ... ok
[INFO] [stdout] test problems::p01086::p01086_tests::test_case_4 ... ok
[INFO] [stdout] test problems::p09527::p09527_tests::test_part_1 ... ok
[INFO] [stdout] test problems::p10026::p10026_tests::test_case_1 ... ok
[INFO] [stdout] test problems::p10158::p10158_tests::test_case_1 ... ok
[INFO] [stdout] test problems::p10158::p10158_tests::test_case_2 ... ok
[INFO] [stdout] test problems::p11382::p11382_tests::test_part_1 ... ok
[INFO] [stdout] test problems::p11505::p11505_tests::test_case_1 ... ok
[INFO] [stdout] test problems::p11505::p11505_tests::test_case_2 ... ok
[INFO] [stdout] test problems::p13305::p13305_tests::test_case_1 ... ok
[INFO] [stdout] test problems::p13306::p13306_tests::test_case_1 ... ok
[INFO] [stdout] test problems::p13305::p13305_tests::test_case_2 ... ok
[INFO] [stdout] test problems::p14428::p14428_tests::test_case_1 ... ok
[INFO] [stdout] test problems::p14501::p14501_tests::test_case_1 ... ok
[INFO] [stdout] test problems::p14501::p14501_tests::test_case_2 ... ok
[INFO] [stdout] test problems::p14501::p14501_tests::test_case_3 ... ok
[INFO] [stdout] test problems::p14501::p14501_tests::test_case_4 ... ok
[INFO] [stdout] test problems::p13306::p13306_tests::test_case_2 ... ok
[INFO] [stdout] test problems::p14502::p14502_tests::test_case_2 ... ok
[INFO] [stdout] test problems::p01584::p01584_tests::test_case_4 ... ok
[INFO] [stdout] test problems::p14503::p14503_tests::test_case_1 ... ok
[INFO] [stdout] test problems::p14503::p14503_tests::test_case_2 ... ok
[INFO] [stdout] test problems::p14725::p14725_tests::test_case_1 ... ok
[INFO] [stdout] test problems::p14725::p14725_tests::test_case_2 ... ok
[INFO] [stdout] test problems::p14940::p14940_test::test ... ok
[INFO] [stdout] test problems::p14942::p14942_tests::test_case_1 ... ok
[INFO] [stdout] test problems::p14942::p14942_tests::test_case_2 ... ok
[INFO] [stdout] test problems::p01584::p01584_tests::test_case_3 ... ok
[INFO] [stdout] test problems::p15964::p15964_tests::test_case_2 ... ok
[INFO] [stdout] test problems::p16236::p16236_tests::test_case_1 ... ok
[INFO] [stdout] test problems::p15964::p15964_tests::test_case_1 ... ok
[INFO] [stdout] test problems::p16236::p16236_tests::test_case_3 ... ok
[INFO] [stdout] test problems::p16236::p16236_tests::test_case_4 ... ok
[INFO] [stdout] test problems::p16236::p16236_tests::test_case_5 ... ok
[INFO] [stdout] test problems::p16236::p16236_tests::test_case_6 ... ok
[INFO] [stdout] test problems::p16566::p16566_tests::test_part_1 ... ok
[INFO] [stdout] test problems::p16566::p16566_tests::test_part_2 ... ok
[INFO] [stdout] test problems::p16928::p16928_test::test_part_1 ... ok
[INFO] [stdout] test problems::p16928::p16928_test::test_part_2 ... ok
[INFO] [stdout] test problems::p16946::p16946_tests::test_case_1 ... ok
[INFO] [stdout] test problems::p16946::p16946_tests::test_case_2 ... ok
[INFO] [stdout] test problems::p16946::p16946_tests::test_case_3 ... ok
[INFO] [stdout] test problems::p16946::p16946_tests::test_case_4 ... ok
[INFO] [stdout] test problems::p16236::p16236_tests::test_case_2 ... ok
[INFO] [stdout] test problems::p16946::p16946_tests::test_case_5 ... ok
[INFO] [stdout] test problems::p16946::p16946_tests::test_case_6 ... ok
[INFO] [stdout] test problems::p16953::p16953_tests::test_case_1 ... ok
[INFO] [stdout] test problems::p16946::p16946_tests::test_case_7 ... ok
[INFO] [stdout] test problems::p16953::p16953_tests::test_case_2 ... ok
[INFO] [stdout] test problems::p16953::p16953_tests::test_case_3 ... ok
[INFO] [stdout] test problems::p17219::p17219_tests::test_part_1 ... ok
[INFO] [stdout] test problems::p17413::p17413_tests::test_case_1 ... ok
[INFO] [stdout] test problems::p17413::p17413_tests::test_case_2 ... ok
[INFO] [stdout] test problems::p17420::p17420_tests::test_case_1 ... ok
[INFO] [stdout] test problems::p17420::p17420_tests::test_case_11 ... ok
[INFO] [stdout] test problems::p17420::p17420_tests::test_case_10 ... ok
[INFO] [stdout] test problems::p17420::p17420_tests::test_case_3 ... ok
[INFO] [stdout] test problems::p17420::p17420_tests::test_case_4 ... ok
[INFO] [stdout] test problems::p17420::p17420_tests::test_case_5 ... ok
[INFO] [stdout] test problems::p17420::p17420_tests::test_case_6 ... ok
[INFO] [stdout] test problems::p17420::p17420_tests::test_case_7 ... ok
[INFO] [stdout] test problems::p17420::p17420_tests::test_case_8 ... ok
[INFO] [stdout] test problems::p17420::p17420_tests::test_case_9 ... ok
[INFO] [stdout] test problems::p17626::p17626_test::test_part_1 ... ok
[INFO] [stdout] test problems::p17626::p17626_test::test_part_2 ... ok
[INFO] [stdout] test problems::p17420::p17420_tests::test_case_2 ... ok
[INFO] [stdout] test problems::p17626::p17626_test::test_part_3 ... ok
[INFO] [stdout] test problems::p17626::p17626_test::test_part_4 ... ok
[INFO] [stdout] test problems::p17626::p17626_test::test_part_5 ... ok
[INFO] [stdout] test problems::p17626::p17626_test::test_part_7 ... ok
[INFO] [stdout] test problems::p17626::p17626_test::test_part_8 ... ok
[INFO] [stdout] test problems::p18110::p18110_test::test_part_1 ... ok
[INFO] [stdout] test problems::p18110::p18110_test::test_part_2 ... ok
[INFO] [stdout] test problems::p18185::p18185_tests::test_case_1 ... ok
[INFO] [stdout] test problems::p18185::p18185_tests::test_case_2 ... ok
[INFO] [stdout] test problems::p20529::p21736_tests::test_dist ... ok
[INFO] [stdout] test problems::p20529::p21736_tests::test_part_1 ... ok
[INFO] [stdout] test problems::p21736::p21736_tests::test_part_1 ... ok
[INFO] [stdout] test problems::p21736::p21736_tests::test_part_2 ... ok
[INFO] [stdout] test problems::p31443::p31443_tests::test_case_0 ... ok
[INFO] [stdout] test problems::p31443::p31443_tests::test_case_1 ... ok
[INFO] [stdout] test problems::p31443::p31443_tests::test_case_2 ... ok
[INFO] [stdout] test problems::p31443::p31443_tests::test_case_3 ... ok
[INFO] [stdout] test problems::p02243::p02243_tests::test_case_1 ... ok
[INFO] [stdout] test problems::p17626::p17626_test::test_part_6 ... ok
[INFO] [stdout] test problems::p01584::p01584_tests::test_case_2 ... ok
[INFO] [stdout] test problems::p01584::p01584_tests::test_case_1 ... ok
[INFO] [stdout] test problems::p14502::p14502_tests::test_case_1 ... ok
[INFO] [stdout] test problems::p01086::p01086_tests::test_case_5 ... ok
[INFO] [stdout] test problems::p14502::p14502_tests::test_case_3 ... ok
[INFO] [stdout] 
[INFO] [stdout] failures:
[INFO] [stdout] 
[INFO] [stdout] ---- problems::p01236::p01236_tests::test_case_3 stdout ----
[INFO] [stdout] 
[INFO] [stdout] thread 'problems::p01236::p01236_tests::test_case_3' panicked at src/problems/p01236.rs:67:9:
[INFO] [stdout] assertion `left == right` failed
[INFO] [stdout]   left: "0"
[INFO] [stdout]  right: "3"
[INFO] [stdout] stack backtrace:
[INFO] [stdout]    0:     0x5795f4e892aa - std::backtrace_rs::backtrace::libunwind::trace::hb059275cfc8d6126
[INFO] [stdout]                                at /rustc/6067b36314ab5eb2eb47cecc464545ba58e1ad24/library/std/src/../../backtrace/src/backtrace/libunwind.rs:116:5
[INFO] [stdout]    1:     0x5795f4e892aa - std::backtrace_rs::backtrace::trace_unsynchronized::h2da071e4327ce3ee
[INFO] [stdout]                                at /rustc/6067b36314ab5eb2eb47cecc464545ba58e1ad24/library/std/src/../../backtrace/src/backtrace/mod.rs:66:5
[INFO] [stdout]    2:     0x5795f4e892aa - std::sys::backtrace::_print_fmt::h842a1474e6f8d23f
[INFO] [stdout]                                at /rustc/6067b36314ab5eb2eb47cecc464545ba58e1ad24/library/std/src/sys/backtrace.rs:66:9
[INFO] [stdout]    3:     0x5795f4e892aa - <std::sys::backtrace::BacktraceLock::print::DisplayBacktrace as core::fmt::Display>::fmt::h71a62eb3b9696b12
[INFO] [stdout]                                at /rustc/6067b36314ab5eb2eb47cecc464545ba58e1ad24/library/std/src/sys/backtrace.rs:39:26
[INFO] [stdout]    4:     0x5795f4eb19a3 - core::fmt::rt::Argument::fmt::hdb6b616786b41dc1
[INFO] [stdout]                                at /rustc/6067b36314ab5eb2eb47cecc464545ba58e1ad24/library/core/src/fmt/rt.rs:177:76
[INFO] [stdout]    5:     0x5795f4eb19a3 - core::fmt::write::h2cc1698af7e2d686
[INFO] [stdout]                                at /rustc/6067b36314ab5eb2eb47cecc464545ba58e1ad24/library/core/src/fmt/mod.rs:1440:21
[INFO] [stdout]    6:     0x5795f4e85e03 - std::io::Write::write_fmt::hab1b4cd059a79022
[INFO] [stdout]                                at /rustc/6067b36314ab5eb2eb47cecc464545ba58e1ad24/library/std/src/io/mod.rs:1887:15
[INFO] [stdout]    7:     0x5795f4e890f2 - std::sys::backtrace::BacktraceLock::print::h147fe35b4ea13b08
[INFO] [stdout]                                at /rustc/6067b36314ab5eb2eb47cecc464545ba58e1ad24/library/std/src/sys/backtrace.rs:42:9
[INFO] [stdout]    8:     0x5795f4e8a6cf - std::panicking::default_hook::{{closure}}::hbd44223dbdc0d208
[INFO] [stdout]                                at /rustc/6067b36314ab5eb2eb47cecc464545ba58e1ad24/library/std/src/panicking.rs:298:22
[INFO] [stdout]    9:     0x5795f4e8a4e8 - std::panicking::default_hook::h20f81eb0576efcec
[INFO] [stdout]                                at /rustc/6067b36314ab5eb2eb47cecc464545ba58e1ad24/library/std/src/panicking.rs:322:9
[INFO] [stdout]   10:     0x5795f4e53303 - <alloc::boxed::Box<F,A> as core::ops::function::Fn<Args>>::call::hdb53814c496a4d34
[INFO] [stdout]                                at /rustc/6067b36314ab5eb2eb47cecc464545ba58e1ad24/library/alloc/src/boxed.rs:2027:9
[INFO] [stdout]   11:     0x5795f4e53303 - test::test_main::{{closure}}::hc0a4963c59427c24
[INFO] [stdout]                                at /rustc/6067b36314ab5eb2eb47cecc464545ba58e1ad24/library/test/src/lib.rs:134:21
[INFO] [stdout]   12:     0x5795f4e8b1c3 - <alloc::boxed::Box<F,A> as core::ops::function::Fn<Args>>::call::h591b2225413a77e9
[INFO] [stdout]                                at /rustc/6067b36314ab5eb2eb47cecc464545ba58e1ad24/library/alloc/src/boxed.rs:2027:9
[INFO] [stdout]   13:     0x5795f4e8b1c3 - std::panicking::rust_panic_with_hook::h625eea43051b2edc
[INFO] [stdout]                                at /rustc/6067b36314ab5eb2eb47cecc464545ba58e1ad24/library/std/src/panicking.rs:839:13
[INFO] [stdout]   14:     0x5795f4e8ae7a - std::panicking::begin_panic_handler::{{closure}}::h4f9159cfbc3f6bd3
[INFO] [stdout]                                at /rustc/6067b36314ab5eb2eb47cecc464545ba58e1ad24/library/std/src/panicking.rs:704:13
[INFO] [stdout]   15:     0x5795f4e897a9 - std::sys::backtrace::__rust_end_short_backtrace::h0390abce48353151
[INFO] [stdout]                                at /rustc/6067b36314ab5eb2eb47cecc464545ba58e1ad24/library/std/src/sys/backtrace.rs:168:18
[INFO] [stdout]   16:     0x5795f4e8ab0d - rust_begin_unwind
[INFO] [stdout]                                at /rustc/6067b36314ab5eb2eb47cecc464545ba58e1ad24/library/std/src/panicking.rs:695:5
[INFO] [stdout]   17:     0x5795f4eb0380 - core::panicking::panic_fmt::h9e7c637e9e5f29c9
[INFO] [stdout]                                at /rustc/6067b36314ab5eb2eb47cecc464545ba58e1ad24/library/core/src/panicking.rs:75:14
[INFO] [stdout]   18:     0x5795f4eb0772 - core::panicking::assert_failed_inner::h538bec7c1374cd9c
[INFO] [stdout]   19:     0x5795f4d76596 - core::panicking::assert_failed::hc1421188d73ce2f5
[INFO] [stdout]                                at /rustc/6067b36314ab5eb2eb47cecc464545ba58e1ad24/library/core/src/panicking.rs:364:5
[INFO] [stdout]   20:     0x5795f4dbf79c - acmicpc::problems::p01236::p01236_tests::test_case_3::h3d4bdf6b6d66ab78
[INFO] [stdout]                                at /opt/rustwide/workdir/src/problems/p01236.rs:67:9
[INFO] [stdout]   21:     0x5795f4dbf647 - acmicpc::problems::p01236::p01236_tests::test_case_3::{{closure}}::hce6dfa9dd82290a7
[INFO] [stdout]                                at /opt/rustwide/workdir/src/problems/p01236.rs:58:21
[INFO] [stdout]   22:     0x5795f4d6f736 - core::ops::function::FnOnce::call_once::h472806ab168d9125
[INFO] [stdout]                                at /rustc/6067b36314ab5eb2eb47cecc464545ba58e1ad24/library/core/src/ops/function.rs:250:5
[INFO] [stdout]   23:     0x5795f4e58a5b - core::ops::function::FnOnce::call_once::he27718dfdd183f43
[INFO] [stdout]                                at /rustc/6067b36314ab5eb2eb47cecc464545ba58e1ad24/library/core/src/ops/function.rs:250:5
[INFO] [stdout]   24:     0x5795f4e58a5b - test::__rust_begin_short_backtrace::h4e84902998457a5d
[INFO] [stdout]                                at /rustc/6067b36314ab5eb2eb47cecc464545ba58e1ad24/library/test/src/lib.rs:632:18
[INFO] [stdout]   25:     0x5795f4e57993 - test::run_test_in_process::{{closure}}::h7176fd18fc1feca0
[INFO] [stdout]                                at /rustc/6067b36314ab5eb2eb47cecc464545ba58e1ad24/library/test/src/lib.rs:655:60
[INFO] [stdout]   26:     0x5795f4e57993 - <core::panic::unwind_safe::AssertUnwindSafe<F> as core::ops::function::FnOnce<()>>::call_once::hf79cff2a624d8cf7
[INFO] [stdout]                                at /rustc/6067b36314ab5eb2eb47cecc464545ba58e1ad24/library/core/src/panic/unwind_safe.rs:272:9
[INFO] [stdout]   27:     0x5795f4e57993 - std::panicking::try::do_call::h3da0561d9ab99c25
[INFO] [stdout]                                at /rustc/6067b36314ab5eb2eb47cecc464545ba58e1ad24/library/std/src/panicking.rs:587:40
[INFO] [stdout]   28:     0x5795f4e57993 - std::panicking::try::h41c9fa508bc61df6
[INFO] [stdout]                                at /rustc/6067b36314ab5eb2eb47cecc464545ba58e1ad24/library/std/src/panicking.rs:550:19
[INFO] [stdout]   29:     0x5795f4e57993 - std::panic::catch_unwind::h6b3ff07bb5afad93
[INFO] [stdout]                                at /rustc/6067b36314ab5eb2eb47cecc464545ba58e1ad24/library/std/src/panic.rs:358:14
[INFO] [stdout]   30:     0x5795f4e57993 - test::run_test_in_process::hc7253dd11b39b9f4
[INFO] [stdout]                                at /rustc/6067b36314ab5eb2eb47cecc464545ba58e1ad24/library/test/src/lib.rs:655:27
[INFO] [stdout]   31:     0x5795f4e57993 - test::run_test::{{closure}}::hfb2007f8649c30bb
[INFO] [stdout]                                at /rustc/6067b36314ab5eb2eb47cecc464545ba58e1ad24/library/test/src/lib.rs:576:43
[INFO] [stdout]   32:     0x5795f4e1aa75 - test::run_test::{{closure}}::h56a17aa7a282a9f4
[INFO] [stdout]                                at /rustc/6067b36314ab5eb2eb47cecc464545ba58e1ad24/library/test/src/lib.rs:606:41
[INFO] [stdout]   33:     0x5795f4e1aa75 - std::sys::backtrace::__rust_begin_short_backtrace::hd2d2d2fb8e8c6aac
[INFO] [stdout]                                at /rustc/6067b36314ab5eb2eb47cecc464545ba58e1ad24/library/std/src/sys/backtrace.rs:152:18
[INFO] [stdout]   34:     0x5795f4e1e35a - std::thread::Builder::spawn_unchecked_::{{closure}}::{{closure}}::h4faa3f9db6133423
[INFO] [stdout]                                at /rustc/6067b36314ab5eb2eb47cecc464545ba58e1ad24/library/std/src/thread/mod.rs:559:17
[INFO] [stdout]   35:     0x5795f4e1e35a - <core::panic::unwind_safe::AssertUnwindSafe<F> as core::ops::function::FnOnce<()>>::call_once::hf2e855a36a4ea846
[INFO] [stdout]                                at /rustc/6067b36314ab5eb2eb47cecc464545ba58e1ad24/library/core/src/panic/unwind_safe.rs:272:9
[INFO] [stdout]   36:     0x5795f4e1e35a - std::panicking::try::do_call::h2f73af3616c35465
[INFO] [stdout]                                at /rustc/6067b36314ab5eb2eb47cecc464545ba58e1ad24/library/std/src/panicking.rs:587:40
[INFO] [stdout]   37:     0x5795f4e1e35a - std::panicking::try::hd1660ce9efadef5a
[INFO] [stdout]                                at /rustc/6067b36314ab5eb2eb47cecc464545ba58e1ad24/library/std/src/panicking.rs:550:19
[INFO] [stdout]   38:     0x5795f4e1e35a - std::panic::catch_unwind::h5ee8d7823b8ca744
[INFO] [stdout]                                at /rustc/6067b36314ab5eb2eb47cecc464545ba58e1ad24/library/std/src/panic.rs:358:14
[INFO] [stdout]   39:     0x5795f4e1e35a - std::thread::Builder::spawn_unchecked_::{{closure}}::h53c3a1894dce8407
[INFO] [stdout]                                at /rustc/6067b36314ab5eb2eb47cecc464545ba58e1ad24/library/std/src/thread/mod.rs:557:30
[INFO] [stdout]   40:     0x5795f4e1e35a - core::ops::function::FnOnce::call_once{{vtable.shim}}::h048ce291ad4f62bf
[INFO] [stdout]                                at /rustc/6067b36314ab5eb2eb47cecc464545ba58e1ad24/library/core/src/ops/function.rs:250:5
[INFO] [stdout]   41:     0x5795f4e8f0fb - <alloc::boxed::Box<F,A> as core::ops::function::FnOnce<Args>>::call_once::ha52bedf99a3b4981
[INFO] [stdout]                                at /rustc/6067b36314ab5eb2eb47cecc464545ba58e1ad24/library/alloc/src/boxed.rs:2013:9
[INFO] [stdout]   42:     0x5795f4e8f0fb - <alloc::boxed::Box<F,A> as core::ops::function::FnOnce<Args>>::call_once::h567748934d80ccf8
[INFO] [stdout]                                at /rustc/6067b36314ab5eb2eb47cecc464545ba58e1ad24/library/alloc/src/boxed.rs:2013:9
[INFO] [stdout]   43:     0x5795f4e8f0fb - std::sys::pal::unix::thread::Thread::new::thread_start::h2d970728ae887adc
[INFO] [stdout]                                at /rustc/6067b36314ab5eb2eb47cecc464545ba58e1ad24/library/std/src/sys/pal/unix/thread.rs:106:17
[INFO] [stdout]   44:     0x7262b0032ac3 - <unknown>
[INFO] [stdout]   45:     0x7262b00c3a04 - clone
[INFO] [stdout]   46:                0x0 - <unknown>
[INFO] [stdout] 
[INFO] [stdout] ---- problems::p01236::p01236_tests::test_case_1 stdout ----
[INFO] [stdout] 
[INFO] [stdout] thread 'problems::p01236::p01236_tests::test_case_1' panicked at src/problems/p01236.rs:43:9:
[INFO] [stdout] assertion `left == right` failed
[INFO] [stdout]   left: "0"
[INFO] [stdout]  right: "4"
[INFO] [stdout] stack backtrace:
[INFO] [stdout]    0:     0x5795f4e892aa - std::backtrace_rs::backtrace::libunwind::trace::hb059275cfc8d6126
[INFO] [stdout]                                at /rustc/6067b36314ab5eb2eb47cecc464545ba58e1ad24/library/std/src/../../backtrace/src/backtrace/libunwind.rs:116:5
[INFO] [stdout]    1:     0x5795f4e892aa - std::backtrace_rs::backtrace::trace_unsynchronized::h2da071e4327ce3ee
[INFO] [stdout]                                at /rustc/6067b36314ab5eb2eb47cecc464545ba58e1ad24/library/std/src/../../backtrace/src/backtrace/mod.rs:66:5
[INFO] [stdout]    2:     0x5795f4e892aa - std::sys::backtrace::_print_fmt::h842a1474e6f8d23f
[INFO] [stdout]                                at /rustc/6067b36314ab5eb2eb47cecc464545ba58e1ad24/library/std/src/sys/backtrace.rs:66:9
[INFO] [stdout]    3:     0x5795f4e892aa - <std::sys::backtrace::BacktraceLock::print::DisplayBacktrace as core::fmt::Display>::fmt::h71a62eb3b9696b12
[INFO] [stdout]                                at /rustc/6067b36314ab5eb2eb47cecc464545ba58e1ad24/library/std/src/sys/backtrace.rs:39:26
[INFO] [stdout]    4:     0x5795f4eb19a3 - core::fmt::rt::Argument::fmt::hdb6b616786b41dc1
[INFO] [stdout]                                at /rustc/6067b36314ab5eb2eb47cecc464545ba58e1ad24/library/core/src/fmt/rt.rs:177:76
[INFO] [stdout]    5:     0x5795f4eb19a3 - core::fmt::write::h2cc1698af7e2d686
[INFO] [stdout]                                at /rustc/6067b36314ab5eb2eb47cecc464545ba58e1ad24/library/core/src/fmt/mod.rs:1440:21
[INFO] [stdout]    6:     0x5795f4e85e03 - std::io::Write::write_fmt::hab1b4cd059a79022
[INFO] [stdout]                                at /rustc/6067b36314ab5eb2eb47cecc464545ba58e1ad24/library/std/src/io/mod.rs:1887:15
[INFO] [stdout]    7:     0x5795f4e890f2 - std::sys::backtrace::BacktraceLock::print::h147fe35b4ea13b08
[INFO] [stdout]                                at /rustc/6067b36314ab5eb2eb47cecc464545ba58e1ad24/library/std/src/sys/backtrace.rs:42:9
[INFO] [stdout]    8:     0x5795f4e8a6cf - std::panicking::default_hook::{{closure}}::hbd44223dbdc0d208
[INFO] [stdout]                                at /rustc/6067b36314ab5eb2eb47cecc464545ba58e1ad24/library/std/src/panicking.rs:298:22
[INFO] [stdout]    9:     0x5795f4e8a4e8 - std::panicking::default_hook::h20f81eb0576efcec
[INFO] [stdout]                                at /rustc/6067b36314ab5eb2eb47cecc464545ba58e1ad24/library/std/src/panicking.rs:322:9
[INFO] [stdout]   10:     0x5795f4e53303 - <alloc::boxed::Box<F,A> as core::ops::function::Fn<Args>>::call::hdb53814c496a4d34
[INFO] [stdout]                                at /rustc/6067b36314ab5eb2eb47cecc464545ba58e1ad24/library/alloc/src/boxed.rs:2027:9
[INFO] [stdout]   11:     0x5795f4e53303 - test::test_main::{{closure}}::hc0a4963c59427c24
[INFO] [stdout]                                at /rustc/6067b36314ab5eb2eb47cecc464545ba58e1ad24/library/test/src/lib.rs:134:21
[INFO] [stdout]   12:     0x5795f4e8b1c3 - <alloc::boxed::Box<F,A> as core::ops::function::Fn<Args>>::call::h591b2225413a77e9
[INFO] [stdout]                                at /rustc/6067b36314ab5eb2eb47cecc464545ba58e1ad24/library/alloc/src/boxed.rs:2027:9
[INFO] [stdout]   13:     0x5795f4e8b1c3 - std::panicking::rust_panic_with_hook::h625eea43051b2edc
[INFO] [stdout]                                at /rustc/6067b36314ab5eb2eb47cecc464545ba58e1ad24/library/std/src/panicking.rs:839:13
[INFO] [stdout]   14:     0x5795f4e8ae7a - std::panicking::begin_panic_handler::{{closure}}::h4f9159cfbc3f6bd3
[INFO] [stdout]                                at /rustc/6067b36314ab5eb2eb47cecc464545ba58e1ad24/library/std/src/panicking.rs:704:13
[INFO] [stdout]   15:     0x5795f4e897a9 - std::sys::backtrace::__rust_end_short_backtrace::h0390abce48353151
[INFO] [stdout]                                at /rustc/6067b36314ab5eb2eb47cecc464545ba58e1ad24/library/std/src/sys/backtrace.rs:168:18
[INFO] [stdout]   16:     0x5795f4e8ab0d - rust_begin_unwind
[INFO] [stdout]                                at /rustc/6067b36314ab5eb2eb47cecc464545ba58e1ad24/library/std/src/panicking.rs:695:5
[INFO] [stdout]   17:     0x5795f4eb0380 - core::panicking::panic_fmt::h9e7c637e9e5f29c9
[INFO] [stdout]                                at /rustc/6067b36314ab5eb2eb47cecc464545ba58e1ad24/library/core/src/panicking.rs:75:14
[INFO] [stdout]   18:     0x5795f4eb0772 - core::panicking::assert_failed_inner::h538bec7c1374cd9c
[INFO] [stdout]   19:     0x5795f4d76596 - core::panicking::assert_failed::hc1421188d73ce2f5
[INFO] [stdout]                                at /rustc/6067b36314ab5eb2eb47cecc464545ba58e1ad24/library/core/src/panicking.rs:364:5
[INFO] [stdout]   20:     0x5795f4dbf41c - acmicpc::problems::p01236::p01236_tests::test_case_1::h77d7b19dbabbde6c
[INFO] [stdout]                                at /opt/rustwide/workdir/src/problems/p01236.rs:43:9
[INFO] [stdout]   21:     0x5795f4dbf2c7 - acmicpc::problems::p01236::p01236_tests::test_case_1::{{closure}}::h7b1a4c974a71e434
[INFO] [stdout]                                at /opt/rustwide/workdir/src/problems/p01236.rs:35:21
[INFO] [stdout]   22:     0x5795f4d708a6 - core::ops::function::FnOnce::call_once::ha932a84d964778c4
[INFO] [stdout]                                at /rustc/6067b36314ab5eb2eb47cecc464545ba58e1ad24/library/core/src/ops/function.rs:250:5
[INFO] [stdout]   23:     0x5795f4e58a5b - core::ops::function::FnOnce::call_once::he27718dfdd183f43
[INFO] [stdout]                                at /rustc/6067b36314ab5eb2eb47cecc464545ba58e1ad24/library/core/src/ops/function.rs:250:5
[INFO] [stdout]   24:     0x5795f4e58a5b - test::__rust_begin_short_backtrace::h4e84902998457a5d
[INFO] [stdout]                                at /rustc/6067b36314ab5eb2eb47cecc464545ba58e1ad24/library/test/src/lib.rs:632:18
[INFO] [stdout]   25:     0x5795f4e57993 - test::run_test_in_process::{{closure}}::h7176fd18fc1feca0
[INFO] [stdout]                                at /rustc/6067b36314ab5eb2eb47cecc464545ba58e1ad24/library/test/src/lib.rs:655:60
[INFO] [stdout]   26:     0x5795f4e57993 - <core::panic::unwind_safe::AssertUnwindSafe<F> as core::ops::function::FnOnce<()>>::call_once::hf79cff2a624d8cf7
[INFO] [stdout]                                at /rustc/6067b36314ab5eb2eb47cecc464545ba58e1ad24/library/core/src/panic/unwind_safe.rs:272:9
[INFO] [stdout]   27:     0x5795f4e57993 - std::panicking::try::do_call::h3da0561d9ab99c25
[INFO] [stdout]                                at /rustc/6067b36314ab5eb2eb47cecc464545ba58e1ad24/library/std/src/panicking.rs:587:40
[INFO] [stdout]   28:     0x5795f4e57993 - std::panicking::try::h41c9fa508bc61df6
[INFO] [stdout]                                at /rustc/6067b36314ab5eb2eb47cecc464545ba58e1ad24/library/std/src/panicking.rs:550:19
[INFO] [stdout]   29:     0x5795f4e57993 - std::panic::catch_unwind::h6b3ff07bb5afad93
[INFO] [stdout]                                at /rustc/6067b36314ab5eb2eb47cecc464545ba58e1ad24/library/std/src/panic.rs:358:14
[INFO] [stdout]   30:     0x5795f4e57993 - test::run_test_in_process::hc7253dd11b39b9f4
[INFO] [stdout]                                at /rustc/6067b36314ab5eb2eb47cecc464545ba58e1ad24/library/test/src/lib.rs:655:27
[INFO] [stdout]   31:     0x5795f4e57993 - test::run_test::{{closure}}::hfb2007f8649c30bb
[INFO] [stdout]                                at /rustc/6067b36314ab5eb2eb47cecc464545ba58e1ad24/library/test/src/lib.rs:576:43
[INFO] [stdout]   32:     0x5795f4e1aa75 - test::run_test::{{closure}}::h56a17aa7a282a9f4
[INFO] [stdout]                                at /rustc/6067b36314ab5eb2eb47cecc464545ba58e1ad24/library/test/src/lib.rs:606:41
[INFO] [stdout]   33:     0x5795f4e1aa75 - std::sys::backtrace::__rust_begin_short_backtrace::hd2d2d2fb8e8c6aac
[INFO] [stdout]                                at /rustc/6067b36314ab5eb2eb47cecc464545ba58e1ad24/library/std/src/sys/backtrace.rs:152:18
[INFO] [stdout]   34:     0x5795f4e1e35a - std::thread::Builder::spawn_unchecked_::{{closure}}::{{closure}}::h4faa3f9db6133423
[INFO] [stdout]                                at /rustc/6067b36314ab5eb2eb47cecc464545ba58e1ad24/library/std/src/thread/mod.rs:559:17
[INFO] [stdout]   35:     0x5795f4e1e35a - <core::panic::unwind_safe::AssertUnwindSafe<F> as core::ops::function::FnOnce<()>>::call_once::hf2e855a36a4ea846
[INFO] [stdout]                                at /rustc/6067b36314ab5eb2eb47cecc464545ba58e1ad24/library/core/src/panic/unwind_safe.rs:272:9
[INFO] [stdout]   36:     0x5795f4e1e35a - std::panicking::try::do_call::h2f73af3616c35465
[INFO] [stdout]                                at /rustc/6067b36314ab5eb2eb47cecc464545ba58e1ad24/library/std/src/panicking.rs:587:40
[INFO] [stdout]   37:     0x5795f4e1e35a - std::panicking::try::hd1660ce9efadef5a
[INFO] [stdout]                                at /rustc/6067b36314ab5eb2eb47cecc464545ba58e1ad24/library/std/src/panicking.rs:550:19
[INFO] [stdout]   38:     0x5795f4e1e35a - std::panic::catch_unwind::h5ee8d7823b8ca744
[INFO] [stdout]                                at /rustc/6067b36314ab5eb2eb47cecc464545ba58e1ad24/library/std/src/panic.rs:358:14
[INFO] [stdout]   39:     0x5795f4e1e35a - std::thread::Builder::spawn_unchecked_::{{closure}}::h53c3a1894dce8407
[INFO] [stdout]                                at /rustc/6067b36314ab5eb2eb47cecc464545ba58e1ad24/library/std/src/thread/mod.rs:557:30
[INFO] [stdout]   40:     0x5795f4e1e35a - core::ops::function::FnOnce::call_once{{vtable.shim}}::h048ce291ad4f62bf
[INFO] [stdout]                                at /rustc/6067b36314ab5eb2eb47cecc464545ba58e1ad24/library/core/src/ops/function.rs:250:5
[INFO] [stdout]   41:     0x5795f4e8f0fb - <alloc::boxed::Box<F,A> as core::ops::function::FnOnce<Args>>::call_once::ha52bedf99a3b4981
[INFO] [stdout]                                at /rustc/6067b36314ab5eb2eb47cecc464545ba58e1ad24/library/alloc/src/boxed.rs:2013:9
[INFO] [stdout]   42:     0x5795f4e8f0fb - <alloc::boxed::Box<F,A> as core::ops::function::FnOnce<Args>>::call_once::h567748934d80ccf8
[INFO] [stdout]                                at /rustc/6067b36314ab5eb2eb47cecc464545ba58e1ad24/library/alloc/src/boxed.rs:2013:9
[INFO] [stdout]   43:     0x5795f4e8f0fb - std::sys::pal::unix::thread::Thread::new::thread_start::h2d970728ae887adc
[INFO] [stdout]                                at /rustc/6067b36314ab5eb2eb47cecc464545ba58e1ad24/library/std/src/sys/pal/unix/thread.rs:106:17
[INFO] [stdout]   44:     0x7262b0032ac3 - <unknown>
[INFO] [stdout]   45:     0x7262b00c3a04 - clone
[INFO] [stdout]   46:                0x0 - <unknown>
[INFO] [stdout] 
[INFO] [stdout] 
[INFO] [stdout] failures:
[INFO] [stdout]     problems::p01236::p01236_tests::test_case_1
[INFO] [stdout]     problems::p01236::p01236_tests::test_case_3
[INFO] [stdout] 
[INFO] [stdout] test result: FAILED. 195 passed; 2 failed; 0 ignored; 0 measured; 0 filtered out; finished in 4.41s
[INFO] [stdout] 
[INFO] [stderr] error: test failed, to rerun pass `--bin acmicpc`
[INFO] running `Command { std: "docker" "inspect" "10f25b75846e65515f54cd0533983ad4b15b0f9001e5e9d7ca9bd957bc0c3bab", kill_on_drop: false }`
[INFO] running `Command { std: "docker" "rm" "-f" "10f25b75846e65515f54cd0533983ad4b15b0f9001e5e9d7ca9bd957bc0c3bab", kill_on_drop: false }`
[INFO] [stdout] 10f25b75846e65515f54cd0533983ad4b15b0f9001e5e9d7ca9bd957bc0c3bab
