[INFO] cloning repository https://github.com/huyanhai/rust
[INFO] running `Command { std: "git" "-c" "credential.helper=" "-c" "credential.helper=/workspace/cargo-home/bin/git-credential-null" "clone" "--bare" "https://github.com/huyanhai/rust" "/workspace/cache/git-repos/https%3A%2F%2Fgithub.com%2Fhuyanhai%2Frust", kill_on_drop: false }`
[INFO] [stderr] Cloning into bare repository '/workspace/cache/git-repos/https%3A%2F%2Fgithub.com%2Fhuyanhai%2Frust'...
[INFO] running `Command { std: "git" "rev-parse" "HEAD", kill_on_drop: false }`
[INFO] [stdout] d361e3ad1754fe2a4beacdd9a8c284b1397bbd5f
[INFO] testing huyanhai/rust against nightly-2025-01-18+rustflags=-Zrandomize-layout for randomize-layout-2
[INFO] running `Command { std: "git" "clone" "/workspace/cache/git-repos/https%3A%2F%2Fgithub.com%2Fhuyanhai%2Frust" "/workspace/builds/worker-0-tc2/source", kill_on_drop: false }`
[INFO] [stderr] Cloning into '/workspace/builds/worker-0-tc2/source'...
[INFO] [stderr] done.
[INFO] validating manifest of git repo https://github.com/huyanhai/rust on toolchain nightly-2025-01-18
[INFO] running `Command { std: CARGO_HOME="/workspace/cargo-home" RUSTUP_HOME="/workspace/rustup-home" "/workspace/cargo-home/bin/cargo" "+nightly-2025-01-18" "metadata" "--manifest-path" "Cargo.toml" "--no-deps", kill_on_drop: false }`
[INFO] started tweaking git repo https://github.com/huyanhai/rust
[INFO] finished tweaking git repo https://github.com/huyanhai/rust
[INFO] tweaked toml for git repo https://github.com/huyanhai/rust written to /workspace/builds/worker-0-tc2/source/Cargo.toml
[INFO] crate git repo https://github.com/huyanhai/rust already has a lockfile, it will not be regenerated
[INFO] running `Command { std: CARGO_HOME="/workspace/cargo-home" RUSTUP_HOME="/workspace/rustup-home" "/workspace/cargo-home/bin/cargo" "+nightly-2025-01-18" "fetch" "--manifest-path" "Cargo.toml", kill_on_drop: false }`
[INFO] running `Command { std: "docker" "create" "-v" "/var/lib/crater-agent-workspace/builds/worker-0-tc2/target:/opt/rustwide/target:rw,Z" "-v" "/var/lib/crater-agent-workspace/builds/worker-0-tc2/source:/opt/rustwide/workdir:ro,Z" "-v" "/var/lib/crater-agent-workspace/cargo-home:/opt/rustwide/cargo-home:ro,Z" "-v" "/var/lib/crater-agent-workspace/rustup-home:/opt/rustwide/rustup-home:ro,Z" "-e" "SOURCE_DIR=/opt/rustwide/workdir" "-e" "CARGO_TARGET_DIR=/opt/rustwide/target" "-e" "CARGO_HOME=/opt/rustwide/cargo-home" "-e" "RUSTUP_HOME=/opt/rustwide/rustup-home" "-w" "/opt/rustwide/workdir" "-m" "1610612736" "--user" "0:0" "--network" "none" "ghcr.io/rust-lang/crates-build-env/linux@sha256:819108c5571ea2e421544af4d832f968d213c87fbe3707a016657f43d2f853bc" "/opt/rustwide/cargo-home/bin/cargo" "+nightly-2025-01-18" "metadata" "--no-deps" "--format-version=1", kill_on_drop: false }`
[INFO] [stdout] 77c14b419df3d6a53a0f749bbe2bfa546290902f0898f94a0c3aa1debed99ddc
[INFO] running `Command { std: "docker" "start" "-a" "77c14b419df3d6a53a0f749bbe2bfa546290902f0898f94a0c3aa1debed99ddc", kill_on_drop: false }`
[INFO] running `Command { std: "docker" "inspect" "77c14b419df3d6a53a0f749bbe2bfa546290902f0898f94a0c3aa1debed99ddc", kill_on_drop: false }`
[INFO] running `Command { std: "docker" "rm" "-f" "77c14b419df3d6a53a0f749bbe2bfa546290902f0898f94a0c3aa1debed99ddc", kill_on_drop: false }`
[INFO] [stdout] 77c14b419df3d6a53a0f749bbe2bfa546290902f0898f94a0c3aa1debed99ddc
[INFO] running `Command { std: "docker" "create" "-v" "/var/lib/crater-agent-workspace/builds/worker-0-tc2/target:/opt/rustwide/target:rw,Z" "-v" "/var/lib/crater-agent-workspace/builds/worker-0-tc2/source:/opt/rustwide/workdir:ro,Z" "-v" "/var/lib/crater-agent-workspace/cargo-home:/opt/rustwide/cargo-home:ro,Z" "-v" "/var/lib/crater-agent-workspace/rustup-home:/opt/rustwide/rustup-home:ro,Z" "-e" "SOURCE_DIR=/opt/rustwide/workdir" "-e" "CARGO_TARGET_DIR=/opt/rustwide/target" "-e" "CARGO_INCREMENTAL=0" "-e" "RUST_BACKTRACE=full" "-e" "RUSTFLAGS=--cap-lints=forbid -Zrandomize-layout" "-e" "RUSTDOCFLAGS=--cap-lints=forbid" "-e" "CARGO_HOME=/opt/rustwide/cargo-home" "-e" "RUSTUP_HOME=/opt/rustwide/rustup-home" "-w" "/opt/rustwide/workdir" "-m" "1610612736" "--user" "0:0" "--network" "none" "ghcr.io/rust-lang/crates-build-env/linux@sha256:819108c5571ea2e421544af4d832f968d213c87fbe3707a016657f43d2f853bc" "/opt/rustwide/cargo-home/bin/cargo" "+nightly-2025-01-18" "build" "--frozen" "--message-format=json", kill_on_drop: false }`
[INFO] [stdout] 0f346400a6a613c3b0904709d36be71cd5f290cd70fcbaf75ebc24900a79c07a
[INFO] running `Command { std: "docker" "start" "-a" "0f346400a6a613c3b0904709d36be71cd5f290cd70fcbaf75ebc24900a79c07a", kill_on_drop: false }`
[INFO] [stderr]    Compiling proc-macro2 v1.0.89
[INFO] [stderr]    Compiling unicode-ident v1.0.13
[INFO] [stderr]    Compiling libc v0.2.161
[INFO] [stderr]    Compiling byteorder v1.5.0
[INFO] [stderr]    Compiling serde v1.0.213
[INFO] [stderr]    Compiling serde_json v1.0.132
[INFO] [stderr]    Compiling memchr v2.7.4
[INFO] [stderr]    Compiling ryu v1.0.18
[INFO] [stderr]    Compiling itoa v1.0.11
[INFO] [stderr]    Compiling quote v1.0.37
[INFO] [stderr]    Compiling syn v2.0.82
[INFO] [stderr]    Compiling getrandom v0.2.15
[INFO] [stderr]    Compiling rand_core v0.6.4
[INFO] [stderr]    Compiling zerocopy-derive v0.7.35
[INFO] [stderr]    Compiling serde_derive v1.0.213
[INFO] [stderr]    Compiling zerocopy v0.7.35
[INFO] [stderr]    Compiling ppv-lite86 v0.2.20
[INFO] [stderr]    Compiling rand_chacha v0.3.1
[INFO] [stderr]    Compiling rand v0.8.5
[INFO] [stderr]    Compiling rust v0.1.0 (/opt/rustwide/workdir)
[INFO] [stdout] warning: unused imports: `borrow::BorrowMut`, `fmt::Result`, and `string`
[INFO] [stdout]  --> src/test_var.rs:1:11
[INFO] [stdout]   |
[INFO] [stdout] 1 | use std::{borrow::BorrowMut, env, fmt::Result, fs::File, io::Read, string};
[INFO] [stdout]   |           ^^^^^^^^^^^^^^^^^       ^^^^^^^^^^^                      ^^^^^^
[INFO] [stdout]   |
[INFO] [stdout] help: if this is a test module, consider adding a `#[cfg(test)]` to the containing module
[INFO] [stdout]  --> src/main.rs:6:1
[INFO] [stdout]   |
[INFO] [stdout] 6 | mod test_var;
[INFO] [stdout]   | ^^^^^^^^^^^^^
[INFO] [stdout]   = note: `#[warn(unused_imports)]` on by default
[INFO] [stdout] 
[INFO] [stdout] 
[INFO] [stdout] warning: associated type `item` should have an upper camel case name
[INFO] [stdout]    --> src/test_var.rs:129:10
[INFO] [stdout]     |
[INFO] [stdout] 129 |     type item; // 这个是接口的关联类型，可以在实现的时候指定为具体的类型
[INFO] [stdout]     |          ^^^^ help: convert the identifier to upper camel case (notice the capitalization): `Item`
[INFO] [stdout]     |
[INFO] [stdout]     = note: `#[warn(non_camel_case_types)]` on by default
[INFO] [stdout] 
[INFO] [stdout] 
[INFO] [stdout] warning: variable does not need to be mutable
[INFO] [stdout]   --> src/test_var.rs:16:9
[INFO] [stdout]    |
[INFO] [stdout] 16 |     let mut str1 = test(&mut str);
[INFO] [stdout]    |         ----^^^^
[INFO] [stdout]    |         |
[INFO] [stdout]    |         help: remove this `mut`
[INFO] [stdout]    |
[INFO] [stdout]    = note: `#[warn(unused_mut)]` on by default
[INFO] [stdout] 
[INFO] [stdout] 
[INFO] [stdout] warning: variable does not need to be mutable
[INFO] [stdout]   --> src/test_var.rs:41:9
[INFO] [stdout]    |
[INFO] [stdout] 41 |     let mut foo1 = &mut foo;
[INFO] [stdout]    |         ----^^^^
[INFO] [stdout]    |         |
[INFO] [stdout]    |         help: remove this `mut`
[INFO] [stdout] 
[INFO] [stdout] 
[INFO] [stdout] warning: unused variable: `string`
[INFO] [stdout]    --> src/test_var.rs:171:9
[INFO] [stdout]     |
[INFO] [stdout] 171 |     let string = String::from("hello!!!");
[INFO] [stdout]     |         ^^^^^^ help: if this is intentional, prefix it with an underscore: `_string`
[INFO] [stdout]     |
[INFO] [stdout]     = note: `#[warn(unused_variables)]` on by default
[INFO] [stdout] 
[INFO] [stdout] 
[INFO] [stdout] warning: unused variable: `result`
[INFO] [stdout]    --> src/test_var.rs:172:9
[INFO] [stdout]     |
[INFO] [stdout] 172 |     let result: &str;
[INFO] [stdout]     |         ^^^^^^ help: if this is intentional, prefix it with an underscore: `_result`
[INFO] [stdout] 
[INFO] [stdout] 
[INFO] [stdout] warning: unused variable: `string1`
[INFO] [stdout]    --> src/test_var.rs:174:13
[INFO] [stdout]     |
[INFO] [stdout] 174 |         let string1 = String::from("world");
[INFO] [stdout]     |             ^^^^^^^ help: if this is intentional, prefix it with an underscore: `_string1`
[INFO] [stdout] 
[INFO] [stdout] 
[INFO] [stdout] warning: static `FILE_NAME` is never used
[INFO] [stdout]  --> src/demos/demo01.rs:5:8
[INFO] [stdout]   |
[INFO] [stdout] 5 | static FILE_NAME: &'static str = "dist/01.ppm";
[INFO] [stdout]   |        ^^^^^^^^^
[INFO] [stdout]   |
[INFO] [stdout]   = note: `#[warn(dead_code)]` on by default
[INFO] [stdout] 
[INFO] [stdout] 
[INFO] [stdout] warning: function `run` is never used
[INFO] [stdout]  --> src/demos/demo01.rs:7:8
[INFO] [stdout]   |
[INFO] [stdout] 7 | pub fn run() -> io::Result<()> {
[INFO] [stdout]   |        ^^^
[INFO] [stdout] 
[INFO] [stdout] 
[INFO] [stdout] warning: struct `Ray` is never constructed
[INFO] [stdout]  --> src/ray.rs:3:12
[INFO] [stdout]   |
[INFO] [stdout] 3 | pub struct Ray {
[INFO] [stdout]   |            ^^^
[INFO] [stdout] 
[INFO] [stdout] 
[INFO] [stdout] warning: associated function `new` is never used
[INFO] [stdout]   --> src/ray.rs:10:12
[INFO] [stdout]    |
[INFO] [stdout] 9  | impl Ray {
[INFO] [stdout]    | -------- associated function in this implementation
[INFO] [stdout] 10 |     pub fn new(origin: Vec3, direction: Vec3, time: f64) -> Ray {
[INFO] [stdout]    |            ^^^
[INFO] [stdout] 
[INFO] [stdout] 
[INFO] [stdout] warning: struct `Foo` is never constructed
[INFO] [stdout]  --> src/test_var.rs:4:8
[INFO] [stdout]   |
[INFO] [stdout] 4 | struct Foo {
[INFO] [stdout]   |        ^^^
[INFO] [stdout] 
[INFO] [stdout] 
[INFO] [stdout] warning: function `test` is never used
[INFO] [stdout]  --> src/test_var.rs:8:4
[INFO] [stdout]   |
[INFO] [stdout] 8 | fn test(foo: &mut Foo) -> &mut Foo {
[INFO] [stdout]   |    ^^^^
[INFO] [stdout] 
[INFO] [stdout] 
[INFO] [stdout] warning: function `test_var` is never used
[INFO] [stdout]   --> src/test_var.rs:13:8
[INFO] [stdout]    |
[INFO] [stdout] 13 | pub fn test_var() {
[INFO] [stdout]    |        ^^^^^^^^
[INFO] [stdout] 
[INFO] [stdout] 
[INFO] [stdout] warning: function `test2` is never used
[INFO] [stdout]   --> src/test_var.rs:39:8
[INFO] [stdout]    |
[INFO] [stdout] 39 | pub fn test2() {
[INFO] [stdout]    |        ^^^^^
[INFO] [stdout] 
[INFO] [stdout] 
[INFO] [stdout] warning: function `test_arr` is never used
[INFO] [stdout]   --> src/test_var.rs:54:8
[INFO] [stdout]    |
[INFO] [stdout] 54 | pub fn test_arr() {
[INFO] [stdout]    |        ^^^^^^^^
[INFO] [stdout] 
[INFO] [stdout] 
[INFO] [stdout] warning: struct `Color` is never constructed
[INFO] [stdout]   --> src/test_var.rs:64:12
[INFO] [stdout]    |
[INFO] [stdout] 64 | pub struct Color {
[INFO] [stdout]    |            ^^^^^
[INFO] [stdout]    |
[INFO] [stdout]    = note: `Color` has a derived impl for the trait `Debug`, but this is intentionally ignored during dead code analysis
[INFO] [stdout] 
[INFO] [stdout] 
[INFO] [stdout] warning: struct `Size` is never constructed
[INFO] [stdout]   --> src/test_var.rs:70:12
[INFO] [stdout]    |
[INFO] [stdout] 70 | pub struct Size {
[INFO] [stdout]    |            ^^^^
[INFO] [stdout]    |
[INFO] [stdout]    = note: `Size` has a derived impl for the trait `Debug`, but this is intentionally ignored during dead code analysis
[INFO] [stdout] 
[INFO] [stdout] 
[INFO] [stdout] warning: struct `Car` is never constructed
[INFO] [stdout]   --> src/test_var.rs:76:12
[INFO] [stdout]    |
[INFO] [stdout] 76 | pub struct Car {
[INFO] [stdout]    |            ^^^
[INFO] [stdout]    |
[INFO] [stdout]    = note: `Car` has a derived impl for the trait `Debug`, but this is intentionally ignored during dead code analysis
[INFO] [stdout] 
[INFO] [stdout] 
[INFO] [stdout] warning: associated items `new`, `get_color`, and `get_size` are never used
[INFO] [stdout]   --> src/test_var.rs:82:12
[INFO] [stdout]    |
[INFO] [stdout] 81 | impl Car {
[INFO] [stdout]    | -------- associated items in this implementation
[INFO] [stdout] 82 |     pub fn new(color: Color, size: Size) -> Self {
[INFO] [stdout]    |            ^^^
[INFO] [stdout] ...
[INFO] [stdout] 86 |     pub fn get_color(&self) -> &Color {
[INFO] [stdout]    |            ^^^^^^^^^
[INFO] [stdout] ...
[INFO] [stdout] 90 |     pub fn get_size(&self) -> &Size {
[INFO] [stdout]    |            ^^^^^^^^
[INFO] [stdout] 
[INFO] [stdout] 
[INFO] [stdout] warning: function `test_impl` is never used
[INFO] [stdout]   --> src/test_var.rs:95:8
[INFO] [stdout]    |
[INFO] [stdout] 95 | pub fn test_impl() {
[INFO] [stdout]    |        ^^^^^^^^^
[INFO] [stdout] 
[INFO] [stdout] 
[INFO] [stdout] warning: struct `Point` is never constructed
[INFO] [stdout]    --> src/test_var.rs:116:8
[INFO] [stdout]     |
[INFO] [stdout] 116 | struct Point<T> {
[INFO] [stdout]     |        ^^^^^
[INFO] [stdout] 
[INFO] [stdout] 
[INFO] [stdout] warning: method `get_point` is never used
[INFO] [stdout]    --> src/test_var.rs:122:8
[INFO] [stdout]     |
[INFO] [stdout] 121 | impl<T> Point<T> {
[INFO] [stdout]     | ---------------- method in this implementation
[INFO] [stdout] 122 |     fn get_point(&self) -> &T {
[INFO] [stdout]     |        ^^^^^^^^^
[INFO] [stdout] 
[INFO] [stdout] 
[INFO] [stdout] warning: trait `Shape` is never used
[INFO] [stdout]    --> src/test_var.rs:128:7
[INFO] [stdout]     |
[INFO] [stdout] 128 | trait Shape {
[INFO] [stdout]     |       ^^^^^
[INFO] [stdout] 
[INFO] [stdout] 
[INFO] [stdout] warning: struct `Circle` is never constructed
[INFO] [stdout]    --> src/test_var.rs:133:8
[INFO] [stdout]     |
[INFO] [stdout] 133 | struct Circle {
[INFO] [stdout]     |        ^^^^^^
[INFO] [stdout] 
[INFO] [stdout] 
[INFO] [stdout] warning: function `largest` is never used
[INFO] [stdout]    --> src/test_var.rs:146:4
[INFO] [stdout]     |
[INFO] [stdout] 146 | fn largest<T>(list: &[T]) -> T
[INFO] [stdout]     |    ^^^^^^^
[INFO] [stdout] 
[INFO] [stdout] 
[INFO] [stdout] warning: function `get_max` is never used
[INFO] [stdout]    --> src/test_var.rs:161:4
[INFO] [stdout]     |
[INFO] [stdout] 161 | fn get_max<'a>(a: &'a str, b: &'a str) -> &'a str {
[INFO] [stdout]     |    ^^^^^^^
[INFO] [stdout] 
[INFO] [stdout] 
[INFO] [stdout] warning: function `test_quote` is never used
[INFO] [stdout]    --> src/test_var.rs:170:8
[INFO] [stdout]     |
[INFO] [stdout] 170 | pub fn test_quote() {
[INFO] [stdout]     |        ^^^^^^^^^^
[INFO] [stdout] 
[INFO] [stdout] 
[INFO] [stdout] warning: function `test_macro_fn` is never used
[INFO] [stdout]    --> src/test_var.rs:205:8
[INFO] [stdout]     |
[INFO] [stdout] 205 | pub fn test_macro_fn() {
[INFO] [stdout]     |        ^^^^^^^^^^^^^
[INFO] [stdout] 
[INFO] [stdout] 
[INFO] [stdout] warning: function `test_format` is never used
[INFO] [stdout]    --> src/test_var.rs:211:8
[INFO] [stdout]     |
[INFO] [stdout] 211 | pub fn test_format() {
[INFO] [stdout]     |        ^^^^^^^^^^^
[INFO] [stdout] 
[INFO] [stdout] 
[INFO] [stderr]     Finished `dev` profile [unoptimized + debuginfo] target(s) in 10.98s
[INFO] running `Command { std: "docker" "inspect" "0f346400a6a613c3b0904709d36be71cd5f290cd70fcbaf75ebc24900a79c07a", kill_on_drop: false }`
[INFO] running `Command { std: "docker" "rm" "-f" "0f346400a6a613c3b0904709d36be71cd5f290cd70fcbaf75ebc24900a79c07a", kill_on_drop: false }`
[INFO] [stdout] 0f346400a6a613c3b0904709d36be71cd5f290cd70fcbaf75ebc24900a79c07a
[INFO] running `Command { std: "docker" "create" "-v" "/var/lib/crater-agent-workspace/builds/worker-0-tc2/target:/opt/rustwide/target:rw,Z" "-v" "/var/lib/crater-agent-workspace/builds/worker-0-tc2/source:/opt/rustwide/workdir:ro,Z" "-v" "/var/lib/crater-agent-workspace/cargo-home:/opt/rustwide/cargo-home:ro,Z" "-v" "/var/lib/crater-agent-workspace/rustup-home:/opt/rustwide/rustup-home:ro,Z" "-e" "SOURCE_DIR=/opt/rustwide/workdir" "-e" "CARGO_TARGET_DIR=/opt/rustwide/target" "-e" "CARGO_INCREMENTAL=0" "-e" "RUST_BACKTRACE=full" "-e" "RUSTFLAGS=--cap-lints=forbid -Zrandomize-layout" "-e" "RUSTDOCFLAGS=--cap-lints=forbid" "-e" "CARGO_HOME=/opt/rustwide/cargo-home" "-e" "RUSTUP_HOME=/opt/rustwide/rustup-home" "-w" "/opt/rustwide/workdir" "-m" "1610612736" "--user" "0:0" "--network" "none" "ghcr.io/rust-lang/crates-build-env/linux@sha256:819108c5571ea2e421544af4d832f968d213c87fbe3707a016657f43d2f853bc" "/opt/rustwide/cargo-home/bin/cargo" "+nightly-2025-01-18" "test" "--frozen" "--no-run" "--message-format=json", kill_on_drop: false }`
[INFO] [stdout] d1fef506769384c2d1bf66affb32a1928af271acfd9450c66b5d4a88570de69e
[INFO] running `Command { std: "docker" "start" "-a" "d1fef506769384c2d1bf66affb32a1928af271acfd9450c66b5d4a88570de69e", kill_on_drop: false }`
[INFO] [stderr]    Compiling rust v0.1.0 (/opt/rustwide/workdir)
[INFO] [stdout] warning: unused imports: `borrow::BorrowMut`, `fmt::Result`, and `string`
[INFO] [stdout]  --> src/test_var.rs:1:11
[INFO] [stdout]   |
[INFO] [stdout] 1 | use std::{borrow::BorrowMut, env, fmt::Result, fs::File, io::Read, string};
[INFO] [stdout]   |           ^^^^^^^^^^^^^^^^^       ^^^^^^^^^^^                      ^^^^^^
[INFO] [stdout]   |
[INFO] [stdout]   = note: `#[warn(unused_imports)]` on by default
[INFO] [stdout] 
[INFO] [stdout] 
[INFO] [stdout] warning: associated type `item` should have an upper camel case name
[INFO] [stdout]    --> src/test_var.rs:129:10
[INFO] [stdout]     |
[INFO] [stdout] 129 |     type item; // 这个是接口的关联类型，可以在实现的时候指定为具体的类型
[INFO] [stdout]     |          ^^^^ help: convert the identifier to upper camel case (notice the capitalization): `Item`
[INFO] [stdout]     |
[INFO] [stdout]     = note: `#[warn(non_camel_case_types)]` on by default
[INFO] [stdout] 
[INFO] [stdout] 
[INFO] [stdout] warning: variable does not need to be mutable
[INFO] [stdout]   --> src/test_var.rs:16:9
[INFO] [stdout]    |
[INFO] [stdout] 16 |     let mut str1 = test(&mut str);
[INFO] [stdout]    |         ----^^^^
[INFO] [stdout]    |         |
[INFO] [stdout]    |         help: remove this `mut`
[INFO] [stdout]    |
[INFO] [stdout]    = note: `#[warn(unused_mut)]` on by default
[INFO] [stdout] 
[INFO] [stdout] 
[INFO] [stdout] warning: variable does not need to be mutable
[INFO] [stdout]   --> src/test_var.rs:41:9
[INFO] [stdout]    |
[INFO] [stdout] 41 |     let mut foo1 = &mut foo;
[INFO] [stdout]    |         ----^^^^
[INFO] [stdout]    |         |
[INFO] [stdout]    |         help: remove this `mut`
[INFO] [stdout] 
[INFO] [stdout] 
[INFO] [stdout] warning: unused variable: `string`
[INFO] [stdout]    --> src/test_var.rs:171:9
[INFO] [stdout]     |
[INFO] [stdout] 171 |     let string = String::from("hello!!!");
[INFO] [stdout]     |         ^^^^^^ help: if this is intentional, prefix it with an underscore: `_string`
[INFO] [stdout]     |
[INFO] [stdout]     = note: `#[warn(unused_variables)]` on by default
[INFO] [stdout] 
[INFO] [stdout] 
[INFO] [stdout] warning: unused variable: `result`
[INFO] [stdout]    --> src/test_var.rs:172:9
[INFO] [stdout]     |
[INFO] [stdout] 172 |     let result: &str;
[INFO] [stdout]     |         ^^^^^^ help: if this is intentional, prefix it with an underscore: `_result`
[INFO] [stdout] 
[INFO] [stdout] 
[INFO] [stdout] warning: unused variable: `string1`
[INFO] [stdout]    --> src/test_var.rs:174:13
[INFO] [stdout]     |
[INFO] [stdout] 174 |         let string1 = String::from("world");
[INFO] [stdout]     |             ^^^^^^^ help: if this is intentional, prefix it with an underscore: `_string1`
[INFO] [stdout] 
[INFO] [stdout] 
[INFO] [stdout] warning: static `FILE_NAME` is never used
[INFO] [stdout]  --> src/demos/demo01.rs:5:8
[INFO] [stdout]   |
[INFO] [stdout] 5 | static FILE_NAME: &'static str = "dist/01.ppm";
[INFO] [stdout]   |        ^^^^^^^^^
[INFO] [stdout]   |
[INFO] [stdout]   = note: `#[warn(dead_code)]` on by default
[INFO] [stdout] 
[INFO] [stdout] 
[INFO] [stdout] warning: function `run` is never used
[INFO] [stdout]  --> src/demos/demo01.rs:7:8
[INFO] [stdout]   |
[INFO] [stdout] 7 | pub fn run() -> io::Result<()> {
[INFO] [stdout]   |        ^^^
[INFO] [stdout] 
[INFO] [stdout] 
[INFO] [stdout] warning: struct `Ray` is never constructed
[INFO] [stdout]  --> src/ray.rs:3:12
[INFO] [stdout]   |
[INFO] [stdout] 3 | pub struct Ray {
[INFO] [stdout]   |            ^^^
[INFO] [stdout] 
[INFO] [stdout] 
[INFO] [stdout] warning: associated function `new` is never used
[INFO] [stdout]   --> src/ray.rs:10:12
[INFO] [stdout]    |
[INFO] [stdout] 9  | impl Ray {
[INFO] [stdout]    | -------- associated function in this implementation
[INFO] [stdout] 10 |     pub fn new(origin: Vec3, direction: Vec3, time: f64) -> Ray {
[INFO] [stdout]    |            ^^^
[INFO] [stdout] 
[INFO] [stdout] 
[INFO] [stdout] warning: struct `Foo` is never constructed
[INFO] [stdout]  --> src/test_var.rs:4:8
[INFO] [stdout]   |
[INFO] [stdout] 4 | struct Foo {
[INFO] [stdout]   |        ^^^
[INFO] [stdout] 
[INFO] [stdout] 
[INFO] [stdout] warning: function `test` is never used
[INFO] [stdout]  --> src/test_var.rs:8:4
[INFO] [stdout]   |
[INFO] [stdout] 8 | fn test(foo: &mut Foo) -> &mut Foo {
[INFO] [stdout]   |    ^^^^
[INFO] [stdout] 
[INFO] [stdout] 
[INFO] [stdout] warning: function `test_var` is never used
[INFO] [stdout]   --> src/test_var.rs:13:8
[INFO] [stdout]    |
[INFO] [stdout] 13 | pub fn test_var() {
[INFO] [stdout]    |        ^^^^^^^^
[INFO] [stdout] 
[INFO] [stdout] 
[INFO] [stdout] warning: function `test2` is never used
[INFO] [stdout]   --> src/test_var.rs:39:8
[INFO] [stdout]    |
[INFO] [stdout] 39 | pub fn test2() {
[INFO] [stdout]    |        ^^^^^
[INFO] [stdout] 
[INFO] [stdout] 
[INFO] [stdout] warning: function `test_arr` is never used
[INFO] [stdout]   --> src/test_var.rs:54:8
[INFO] [stdout]    |
[INFO] [stdout] 54 | pub fn test_arr() {
[INFO] [stdout]    |        ^^^^^^^^
[INFO] [stdout] 
[INFO] [stdout] 
[INFO] [stdout] warning: struct `Color` is never constructed
[INFO] [stdout]   --> src/test_var.rs:64:12
[INFO] [stdout]    |
[INFO] [stdout] 64 | pub struct Color {
[INFO] [stdout]    |            ^^^^^
[INFO] [stdout]    |
[INFO] [stdout]    = note: `Color` has a derived impl for the trait `Debug`, but this is intentionally ignored during dead code analysis
[INFO] [stdout] 
[INFO] [stdout] 
[INFO] [stdout] warning: struct `Size` is never constructed
[INFO] [stdout]   --> src/test_var.rs:70:12
[INFO] [stdout]    |
[INFO] [stdout] 70 | pub struct Size {
[INFO] [stdout]    |            ^^^^
[INFO] [stdout]    |
[INFO] [stdout]    = note: `Size` has a derived impl for the trait `Debug`, but this is intentionally ignored during dead code analysis
[INFO] [stdout] 
[INFO] [stdout] 
[INFO] [stdout] warning: struct `Car` is never constructed
[INFO] [stdout]   --> src/test_var.rs:76:12
[INFO] [stdout]    |
[INFO] [stdout] 76 | pub struct Car {
[INFO] [stdout]    |            ^^^
[INFO] [stdout]    |
[INFO] [stdout]    = note: `Car` has a derived impl for the trait `Debug`, but this is intentionally ignored during dead code analysis
[INFO] [stdout] 
[INFO] [stdout] 
[INFO] [stdout] warning: associated items `new`, `get_color`, and `get_size` are never used
[INFO] [stdout]   --> src/test_var.rs:82:12
[INFO] [stdout]    |
[INFO] [stdout] 81 | impl Car {
[INFO] [stdout]    | -------- associated items in this implementation
[INFO] [stdout] 82 |     pub fn new(color: Color, size: Size) -> Self {
[INFO] [stdout]    |            ^^^
[INFO] [stdout] ...
[INFO] [stdout] 86 |     pub fn get_color(&self) -> &Color {
[INFO] [stdout]    |            ^^^^^^^^^
[INFO] [stdout] ...
[INFO] [stdout] 90 |     pub fn get_size(&self) -> &Size {
[INFO] [stdout]    |            ^^^^^^^^
[INFO] [stdout] 
[INFO] [stdout] 
[INFO] [stdout] warning: function `test_impl` is never used
[INFO] [stdout]   --> src/test_var.rs:95:8
[INFO] [stdout]    |
[INFO] [stdout] 95 | pub fn test_impl() {
[INFO] [stdout]    |        ^^^^^^^^^
[INFO] [stdout] 
[INFO] [stdout] 
[INFO] [stdout] warning: struct `Point` is never constructed
[INFO] [stdout]    --> src/test_var.rs:116:8
[INFO] [stdout]     |
[INFO] [stdout] 116 | struct Point<T> {
[INFO] [stdout]     |        ^^^^^
[INFO] [stdout] 
[INFO] [stdout] 
[INFO] [stdout] warning: method `get_point` is never used
[INFO] [stdout]    --> src/test_var.rs:122:8
[INFO] [stdout]     |
[INFO] [stdout] 121 | impl<T> Point<T> {
[INFO] [stdout]     | ---------------- method in this implementation
[INFO] [stdout] 122 |     fn get_point(&self) -> &T {
[INFO] [stdout]     |        ^^^^^^^^^
[INFO] [stdout] 
[INFO] [stdout] 
[INFO] [stdout] warning: trait `Shape` is never used
[INFO] [stdout]    --> src/test_var.rs:128:7
[INFO] [stdout]     |
[INFO] [stdout] 128 | trait Shape {
[INFO] [stdout]     |       ^^^^^
[INFO] [stdout] 
[INFO] [stdout] 
[INFO] [stdout] warning: struct `Circle` is never constructed
[INFO] [stdout]    --> src/test_var.rs:133:8
[INFO] [stdout]     |
[INFO] [stdout] 133 | struct Circle {
[INFO] [stdout]     |        ^^^^^^
[INFO] [stdout] 
[INFO] [stdout] 
[INFO] [stdout] warning: function `largest` is never used
[INFO] [stdout]    --> src/test_var.rs:146:4
[INFO] [stdout]     |
[INFO] [stdout] 146 | fn largest<T>(list: &[T]) -> T
[INFO] [stdout]     |    ^^^^^^^
[INFO] [stdout] 
[INFO] [stdout] 
[INFO] [stdout] warning: function `get_max` is never used
[INFO] [stdout]    --> src/test_var.rs:161:4
[INFO] [stdout]     |
[INFO] [stdout] 161 | fn get_max<'a>(a: &'a str, b: &'a str) -> &'a str {
[INFO] [stdout]     |    ^^^^^^^
[INFO] [stdout] 
[INFO] [stdout] 
[INFO] [stdout] warning: function `test_quote` is never used
[INFO] [stdout]    --> src/test_var.rs:170:8
[INFO] [stdout]     |
[INFO] [stdout] 170 | pub fn test_quote() {
[INFO] [stdout]     |        ^^^^^^^^^^
[INFO] [stdout] 
[INFO] [stdout] 
[INFO] [stdout] warning: function `test_macro_fn` is never used
[INFO] [stdout]    --> src/test_var.rs:205:8
[INFO] [stdout]     |
[INFO] [stdout] 205 | pub fn test_macro_fn() {
[INFO] [stdout]     |        ^^^^^^^^^^^^^
[INFO] [stdout] 
[INFO] [stdout] 
[INFO] [stdout] warning: function `test_format` is never used
[INFO] [stdout]    --> src/test_var.rs:211:8
[INFO] [stdout]     |
[INFO] [stdout] 211 | pub fn test_format() {
[INFO] [stdout]     |        ^^^^^^^^^^^
[INFO] [stdout] 
[INFO] [stdout] 
[INFO] [stderr]     Finished `test` profile [unoptimized + debuginfo] target(s) in 0.68s
[INFO] running `Command { std: "docker" "inspect" "d1fef506769384c2d1bf66affb32a1928af271acfd9450c66b5d4a88570de69e", kill_on_drop: false }`
[INFO] running `Command { std: "docker" "rm" "-f" "d1fef506769384c2d1bf66affb32a1928af271acfd9450c66b5d4a88570de69e", kill_on_drop: false }`
[INFO] [stdout] d1fef506769384c2d1bf66affb32a1928af271acfd9450c66b5d4a88570de69e
[INFO] running `Command { std: "docker" "create" "-v" "/var/lib/crater-agent-workspace/builds/worker-0-tc2/target:/opt/rustwide/target:rw,Z" "-v" "/var/lib/crater-agent-workspace/builds/worker-0-tc2/source:/opt/rustwide/workdir:ro,Z" "-v" "/var/lib/crater-agent-workspace/cargo-home:/opt/rustwide/cargo-home:ro,Z" "-v" "/var/lib/crater-agent-workspace/rustup-home:/opt/rustwide/rustup-home:ro,Z" "-e" "SOURCE_DIR=/opt/rustwide/workdir" "-e" "CARGO_TARGET_DIR=/opt/rustwide/target" "-e" "CARGO_INCREMENTAL=0" "-e" "RUST_BACKTRACE=full" "-e" "RUSTFLAGS=--cap-lints=forbid -Zrandomize-layout" "-e" "RUSTDOCFLAGS=--cap-lints=forbid" "-e" "CARGO_HOME=/opt/rustwide/cargo-home" "-e" "RUSTUP_HOME=/opt/rustwide/rustup-home" "-w" "/opt/rustwide/workdir" "-m" "1610612736" "--user" "0:0" "--network" "none" "ghcr.io/rust-lang/crates-build-env/linux@sha256:819108c5571ea2e421544af4d832f968d213c87fbe3707a016657f43d2f853bc" "/opt/rustwide/cargo-home/bin/cargo" "+nightly-2025-01-18" "test" "--frozen", kill_on_drop: false }`
[INFO] [stdout] 8dc02b020b631e44a7ea896ae43953318495a8f31a123a225db42746b99b84f5
[INFO] running `Command { std: "docker" "start" "-a" "8dc02b020b631e44a7ea896ae43953318495a8f31a123a225db42746b99b84f5", kill_on_drop: false }`
[INFO] [stderr] warning: unused imports: `borrow::BorrowMut`, `fmt::Result`, and `string`
[INFO] [stderr]  --> src/test_var.rs:1:11
[INFO] [stderr]   |
[INFO] [stderr] 1 | use std::{borrow::BorrowMut, env, fmt::Result, fs::File, io::Read, string};
[INFO] [stderr]   |           ^^^^^^^^^^^^^^^^^       ^^^^^^^^^^^                      ^^^^^^
[INFO] [stderr]   |
[INFO] [stderr]   = note: `#[warn(unused_imports)]` on by default
[INFO] [stderr] 
[INFO] [stderr] warning: associated type `item` should have an upper camel case name
[INFO] [stderr]    --> src/test_var.rs:129:10
[INFO] [stderr]     |
[INFO] [stderr] 129 |     type item; // 这个是接口的关联类型，可以在实现的时候指定为具体的类型
[INFO] [stderr]     |          ^^^^ help: convert the identifier to upper camel case (notice the capitalization): `Item`
[INFO] [stderr]     |
[INFO] [stderr]     = note: `#[warn(non_camel_case_types)]` on by default
[INFO] [stderr] 
[INFO] [stderr] warning: variable does not need to be mutable
[INFO] [stderr]   --> src/test_var.rs:16:9
[INFO] [stderr]    |
[INFO] [stderr] 16 |     let mut str1 = test(&mut str);
[INFO] [stderr]    |         ----^^^^
[INFO] [stderr]    |         |
[INFO] [stderr]    |         help: remove this `mut`
[INFO] [stderr]    |
[INFO] [stderr]    = note: `#[warn(unused_mut)]` on by default
[INFO] [stderr] 
[INFO] [stderr] warning: variable does not need to be mutable
[INFO] [stderr]   --> src/test_var.rs:41:9
[INFO] [stderr]    |
[INFO] [stderr] 41 |     let mut foo1 = &mut foo;
[INFO] [stderr]    |         ----^^^^
[INFO] [stderr]    |         |
[INFO] [stderr]    |         help: remove this `mut`
[INFO] [stderr] 
[INFO] [stderr] warning: unused variable: `string`
[INFO] [stderr]    --> src/test_var.rs:171:9
[INFO] [stderr]     |
[INFO] [stderr] 171 |     let string = String::from("hello!!!");
[INFO] [stderr]     |         ^^^^^^ help: if this is intentional, prefix it with an underscore: `_string`
[INFO] [stderr]     |
[INFO] [stderr]     = note: `#[warn(unused_variables)]` on by default
[INFO] [stderr] 
[INFO] [stderr] warning: unused variable: `result`
[INFO] [stderr]    --> src/test_var.rs:172:9
[INFO] [stderr]     |
[INFO] [stderr] 172 |     let result: &str;
[INFO] [stderr]     |         ^^^^^^ help: if this is intentional, prefix it with an underscore: `_result`
[INFO] [stderr] 
[INFO] [stderr] warning: unused variable: `string1`
[INFO] [stderr]    --> src/test_var.rs:174:13
[INFO] [stderr]     |
[INFO] [stderr] 174 |         let string1 = String::from("world");
[INFO] [stderr]     |             ^^^^^^^ help: if this is intentional, prefix it with an underscore: `_string1`
[INFO] [stderr] 
[INFO] [stderr] warning: static `FILE_NAME` is never used
[INFO] [stderr]  --> src/demos/demo01.rs:5:8
[INFO] [stderr]   |
[INFO] [stderr] 5 | static FILE_NAME: &'static str = "dist/01.ppm";
[INFO] [stderr]   |        ^^^^^^^^^
[INFO] [stderr]   |
[INFO] [stderr]   = note: `#[warn(dead_code)]` on by default
[INFO] [stderr] 
[INFO] [stderr] warning: function `run` is never used
[INFO] [stderr]  --> src/demos/demo01.rs:7:8
[INFO] [stderr]   |
[INFO] [stderr] 7 | pub fn run() -> io::Result<()> {
[INFO] [stderr]   |        ^^^
[INFO] [stderr] 
[INFO] [stderr] warning: struct `Ray` is never constructed
[INFO] [stderr]  --> src/ray.rs:3:12
[INFO] [stderr]   |
[INFO] [stderr] 3 | pub struct Ray {
[INFO] [stderr]   |            ^^^
[INFO] [stderr] 
[INFO] [stderr] warning: associated function `new` is never used
[INFO] [stderr]   --> src/ray.rs:10:12
[INFO] [stderr]    |
[INFO] [stderr] 9  | impl Ray {
[INFO] [stderr]    | -------- associated function in this implementation
[INFO] [stderr] 10 |     pub fn new(origin: Vec3, direction: Vec3, time: f64) -> Ray {
[INFO] [stderr]    |            ^^^
[INFO] [stderr] 
[INFO] [stderr] warning: struct `Foo` is never constructed
[INFO] [stderr]  --> src/test_var.rs:4:8
[INFO] [stderr]   |
[INFO] [stderr] 4 | struct Foo {
[INFO] [stderr]   |        ^^^
[INFO] [stderr] 
[INFO] [stderr] warning: function `test` is never used
[INFO] [stderr]  --> src/test_var.rs:8:4
[INFO] [stderr]   |
[INFO] [stderr] 8 | fn test(foo: &mut Foo) -> &mut Foo {
[INFO] [stderr]   |    ^^^^
[INFO] [stderr] 
[INFO] [stderr] warning: function `test_var` is never used
[INFO] [stderr]   --> src/test_var.rs:13:8
[INFO] [stderr]    |
[INFO] [stderr] 13 | pub fn test_var() {
[INFO] [stderr]    |        ^^^^^^^^
[INFO] [stderr] 
[INFO] [stderr] warning: function `test2` is never used
[INFO] [stderr]   --> src/test_var.rs:39:8
[INFO] [stderr]    |
[INFO] [stderr] 39 | pub fn test2() {
[INFO] [stderr]    |        ^^^^^
[INFO] [stderr] 
[INFO] [stderr] warning: function `test_arr` is never used
[INFO] [stderr]   --> src/test_var.rs:54:8
[INFO] [stderr]    |
[INFO] [stderr] 54 | pub fn test_arr() {
[INFO] [stderr]    |        ^^^^^^^^
[INFO] [stderr] 
[INFO] [stderr] warning: struct `Color` is never constructed
[INFO] [stderr]   --> src/test_var.rs:64:12
[INFO] [stderr]    |
[INFO] [stderr] 64 | pub struct Color {
[INFO] [stderr]    |            ^^^^^
[INFO] [stderr]    |
[INFO] [stderr]    = note: `Color` has a derived impl for the trait `Debug`, but this is intentionally ignored during dead code analysis
[INFO] [stderr] 
[INFO] [stderr] warning: struct `Size` is never constructed
[INFO] [stderr]   --> src/test_var.rs:70:12
[INFO] [stderr]    |
[INFO] [stderr] 70 | pub struct Size {
[INFO] [stderr]    |            ^^^^
[INFO] [stderr]    |
[INFO] [stderr]    = note: `Size` has a derived impl for the trait `Debug`, but this is intentionally ignored during dead code analysis
[INFO] [stderr] 
[INFO] [stderr] warning: struct `Car` is never constructed
[INFO] [stderr]   --> src/test_var.rs:76:12
[INFO] [stderr]    |
[INFO] [stderr] 76 | pub struct Car {
[INFO] [stderr]    |            ^^^
[INFO] [stderr]    |
[INFO] [stderr]    = note: `Car` has a derived impl for the trait `Debug`, but this is intentionally ignored during dead code analysis
[INFO] [stderr] 
[INFO] [stderr] warning: associated items `new`, `get_color`, and `get_size` are never used
[INFO] [stderr]   --> src/test_var.rs:82:12
[INFO] [stderr]    |
[INFO] [stderr] 81 | impl Car {
[INFO] [stderr]    | -------- associated items in this implementation
[INFO] [stderr] 82 |     pub fn new(color: Color, size: Size) -> Self {
[INFO] [stderr]    |            ^^^
[INFO] [stderr] ...
[INFO] [stderr] 86 |     pub fn get_color(&self) -> &Color {
[INFO] [stderr]    |            ^^^^^^^^^
[INFO] [stderr] ...
[INFO] [stderr] 90 |     pub fn get_size(&self) -> &Size {
[INFO] [stderr]    |            ^^^^^^^^
[INFO] [stderr] 
[INFO] [stderr] warning: function `test_impl` is never used
[INFO] [stderr]   --> src/test_var.rs:95:8
[INFO] [stderr]    |
[INFO] [stderr] 95 | pub fn test_impl() {
[INFO] [stderr]    |        ^^^^^^^^^
[INFO] [stderr] 
[INFO] [stderr] warning: struct `Point` is never constructed
[INFO] [stderr]    --> src/test_var.rs:116:8
[INFO] [stderr]     |
[INFO] [stderr] 116 | struct Point<T> {
[INFO] [stderr]     |        ^^^^^
[INFO] [stderr] 
[INFO] [stderr] warning: method `get_point` is never used
[INFO] [stderr]    --> src/test_var.rs:122:8
[INFO] [stderr]     |
[INFO] [stderr] 121 | impl<T> Point<T> {
[INFO] [stderr]     | ---------------- method in this implementation
[INFO] [stderr] 122 |     fn get_point(&self) -> &T {
[INFO] [stderr]     |        ^^^^^^^^^
[INFO] [stderr] 
[INFO] [stderr] warning: trait `Shape` is never used
[INFO] [stderr]    --> src/test_var.rs:128:7
[INFO] [stderr]     |
[INFO] [stderr] 128 | trait Shape {
[INFO] [stderr]     |       ^^^^^
[INFO] [stderr] 
[INFO] [stderr] warning: struct `Circle` is never constructed
[INFO] [stderr]    --> src/test_var.rs:133:8
[INFO] [stderr]     |
[INFO] [stderr] 133 | struct Circle {
[INFO] [stderr]     |        ^^^^^^
[INFO] [stderr] 
[INFO] [stderr] warning: function `largest` is never used
[INFO] [stderr]    --> src/test_var.rs:146:4
[INFO] [stderr]     |
[INFO] [stderr] 146 | fn largest<T>(list: &[T]) -> T
[INFO] [stderr]     |    ^^^^^^^
[INFO] [stderr] 
[INFO] [stderr] warning: function `get_max` is never used
[INFO] [stderr]    --> src/test_var.rs:161:4
[INFO] [stderr]     |
[INFO] [stderr] 161 | fn get_max<'a>(a: &'a str, b: &'a str) -> &'a str {
[INFO] [stderr]     |    ^^^^^^^
[INFO] [stderr] 
[INFO] [stderr] warning: function `test_quote` is never used
[INFO] [stderr]    --> src/test_var.rs:170:8
[INFO] [stderr]     |
[INFO] [stderr] 170 | pub fn test_quote() {
[INFO] [stderr]     |        ^^^^^^^^^^
[INFO] [stderr] 
[INFO] [stderr] warning: function `test_macro_fn` is never used
[INFO] [stderr]    --> src/test_var.rs:205:8
[INFO] [stderr]     |
[INFO] [stderr] 205 | pub fn test_macro_fn() {
[INFO] [stderr]     |        ^^^^^^^^^^^^^
[INFO] [stderr] 
[INFO] [stderr] warning: function `test_format` is never used
[INFO] [stderr]    --> src/test_var.rs:211:8
[INFO] [stderr]     |
[INFO] [stderr] 211 | pub fn test_format() {
[INFO] [stderr]     |        ^^^^^^^^^^^
[INFO] [stderr] 
[INFO] [stderr] warning: `rust` (bin "rust" test) generated 30 warnings (run `cargo fix --bin "rust" --tests` to apply 3 suggestions)
[INFO] [stderr]     Finished `test` profile [unoptimized + debuginfo] target(s) in 0.04s
[INFO] [stderr]      Running unittests src/lib.rs (/opt/rustwide/target/debug/deps/rust-396febadfc9016a8)
[INFO] [stdout] 
[INFO] [stdout] running 2 tests
[INFO] [stdout] test vec3::tests::test_vec3_operators ... ok
[INFO] [stdout] test vec3::tests::test_vec3_methods ... FAILED
[INFO] [stdout] 
[INFO] [stdout] failures:
[INFO] [stdout] 
[INFO] [stdout] ---- vec3::tests::test_vec3_methods stdout ----
[INFO] [stdout] 
[INFO] [stdout] thread 'vec3::tests::test_vec3_methods' panicked at src/vec3.rs:187:9:
[INFO] [stdout] assertion `left == right` failed
[INFO] [stdout]   left: "0.37"
[INFO] [stdout]  right: "1.85"
[INFO] [stdout] stack backtrace:
[INFO] [stdout]    0:     0x573b5d9bf32a - std::backtrace_rs::backtrace::libunwind::trace::hb059275cfc8d6126
[INFO] [stdout]                                at /rustc/6067b36314ab5eb2eb47cecc464545ba58e1ad24/library/std/src/../../backtrace/src/backtrace/libunwind.rs:116:5
[INFO] [stdout]    1:     0x573b5d9bf32a - std::backtrace_rs::backtrace::trace_unsynchronized::h2da071e4327ce3ee
[INFO] [stdout]                                at /rustc/6067b36314ab5eb2eb47cecc464545ba58e1ad24/library/std/src/../../backtrace/src/backtrace/mod.rs:66:5
[INFO] [stdout]    2:     0x573b5d9bf32a - std::sys::backtrace::_print_fmt::h842a1474e6f8d23f
[INFO] [stdout]                                at /rustc/6067b36314ab5eb2eb47cecc464545ba58e1ad24/library/std/src/sys/backtrace.rs:66:9
[INFO] [stdout]    3:     0x573b5d9bf32a - <std::sys::backtrace::BacktraceLock::print::DisplayBacktrace as core::fmt::Display>::fmt::h71a62eb3b9696b12
[INFO] [stdout]                                at /rustc/6067b36314ab5eb2eb47cecc464545ba58e1ad24/library/std/src/sys/backtrace.rs:39:26
[INFO] [stdout]    4:     0x573b5d9e6c63 - core::fmt::rt::Argument::fmt::hdb6b616786b41dc1
[INFO] [stdout]                                at /rustc/6067b36314ab5eb2eb47cecc464545ba58e1ad24/library/core/src/fmt/rt.rs:177:76
[INFO] [stdout]    5:     0x573b5d9e6c63 - core::fmt::write::h2cc1698af7e2d686
[INFO] [stdout]                                at /rustc/6067b36314ab5eb2eb47cecc464545ba58e1ad24/library/core/src/fmt/mod.rs:1440:21
[INFO] [stdout]    6:     0x573b5d9bbe83 - std::io::Write::write_fmt::hab1b4cd059a79022
[INFO] [stdout]                                at /rustc/6067b36314ab5eb2eb47cecc464545ba58e1ad24/library/std/src/io/mod.rs:1887:15
[INFO] [stdout]    7:     0x573b5d9bf172 - std::sys::backtrace::BacktraceLock::print::h147fe35b4ea13b08
[INFO] [stdout]                                at /rustc/6067b36314ab5eb2eb47cecc464545ba58e1ad24/library/std/src/sys/backtrace.rs:42:9
[INFO] [stdout]    8:     0x573b5d9c074f - std::panicking::default_hook::{{closure}}::hbd44223dbdc0d208
[INFO] [stdout]                                at /rustc/6067b36314ab5eb2eb47cecc464545ba58e1ad24/library/std/src/panicking.rs:298:22
[INFO] [stdout]    9:     0x573b5d9c0568 - std::panicking::default_hook::h20f81eb0576efcec
[INFO] [stdout]                                at /rustc/6067b36314ab5eb2eb47cecc464545ba58e1ad24/library/std/src/panicking.rs:322:9
[INFO] [stdout]   10:     0x573b5d989383 - <alloc::boxed::Box<F,A> as core::ops::function::Fn<Args>>::call::hdb53814c496a4d34
[INFO] [stdout]                                at /rustc/6067b36314ab5eb2eb47cecc464545ba58e1ad24/library/alloc/src/boxed.rs:2027:9
[INFO] [stdout]   11:     0x573b5d989383 - test::test_main::{{closure}}::hc0a4963c59427c24
[INFO] [stdout]                                at /rustc/6067b36314ab5eb2eb47cecc464545ba58e1ad24/library/test/src/lib.rs:134:21
[INFO] [stdout]   12:     0x573b5d9c1243 - <alloc::boxed::Box<F,A> as core::ops::function::Fn<Args>>::call::h591b2225413a77e9
[INFO] [stdout]                                at /rustc/6067b36314ab5eb2eb47cecc464545ba58e1ad24/library/alloc/src/boxed.rs:2027:9
[INFO] [stdout]   13:     0x573b5d9c1243 - std::panicking::rust_panic_with_hook::h625eea43051b2edc
[INFO] [stdout]                                at /rustc/6067b36314ab5eb2eb47cecc464545ba58e1ad24/library/std/src/panicking.rs:839:13
[INFO] [stdout]   14:     0x573b5d9c0efa - std::panicking::begin_panic_handler::{{closure}}::h4f9159cfbc3f6bd3
[INFO] [stdout]                                at /rustc/6067b36314ab5eb2eb47cecc464545ba58e1ad24/library/std/src/panicking.rs:704:13
[INFO] [stdout]   15:     0x573b5d9bf829 - std::sys::backtrace::__rust_end_short_backtrace::h0390abce48353151
[INFO] [stdout]                                at /rustc/6067b36314ab5eb2eb47cecc464545ba58e1ad24/library/std/src/sys/backtrace.rs:168:18
[INFO] [stdout]   16:     0x573b5d9c0b8d - rust_begin_unwind
[INFO] [stdout]                                at /rustc/6067b36314ab5eb2eb47cecc464545ba58e1ad24/library/std/src/panicking.rs:695:5
[INFO] [stdout]   17:     0x573b5d9e5360 - core::panicking::panic_fmt::h9e7c637e9e5f29c9
[INFO] [stdout]                                at /rustc/6067b36314ab5eb2eb47cecc464545ba58e1ad24/library/core/src/panicking.rs:75:14
[INFO] [stdout]   18:     0x573b5d9e5682 - core::panicking::assert_failed_inner::h538bec7c1374cd9c
[INFO] [stdout]   19:     0x573b5d94d90a - core::panicking::assert_failed::h344dd323262e236a
[INFO] [stdout]                                at /rustc/6067b36314ab5eb2eb47cecc464545ba58e1ad24/library/core/src/panicking.rs:364:5
[INFO] [stdout]   20:     0x573b5d94ed81 - rust::vec3::tests::test_vec3_methods::hd74ee1b8235357bc
[INFO] [stdout]                                at /opt/rustwide/workdir/src/vec3.rs:187:9
[INFO] [stdout]   21:     0x573b5d94e917 - rust::vec3::tests::test_vec3_methods::{{closure}}::h089c2ce8d641b6df
[INFO] [stdout]                                at /opt/rustwide/workdir/src/vec3.rs:176:27
[INFO] [stdout]   22:     0x573b5d94cc06 - core::ops::function::FnOnce::call_once::h036562d2d46b961a
[INFO] [stdout]                                at /rustc/6067b36314ab5eb2eb47cecc464545ba58e1ad24/library/core/src/ops/function.rs:250:5
[INFO] [stdout]   23:     0x573b5d98eadb - core::ops::function::FnOnce::call_once::he27718dfdd183f43
[INFO] [stdout]                                at /rustc/6067b36314ab5eb2eb47cecc464545ba58e1ad24/library/core/src/ops/function.rs:250:5
[INFO] [stdout]   24:     0x573b5d98eadb - test::__rust_begin_short_backtrace::h4e84902998457a5d
[INFO] [stdout]                                at /rustc/6067b36314ab5eb2eb47cecc464545ba58e1ad24/library/test/src/lib.rs:632:18
[INFO] [stdout]   25:     0x573b5d98da13 - test::run_test_in_process::{{closure}}::h7176fd18fc1feca0
[INFO] [stdout]                                at /rustc/6067b36314ab5eb2eb47cecc464545ba58e1ad24/library/test/src/lib.rs:655:60
[INFO] [stdout]   26:     0x573b5d98da13 - <core::panic::unwind_safe::AssertUnwindSafe<F> as core::ops::function::FnOnce<()>>::call_once::hf79cff2a624d8cf7
[INFO] [stdout]                                at /rustc/6067b36314ab5eb2eb47cecc464545ba58e1ad24/library/core/src/panic/unwind_safe.rs:272:9
[INFO] [stdout]   27:     0x573b5d98da13 - std::panicking::try::do_call::h3da0561d9ab99c25
[INFO] [stdout]                                at /rustc/6067b36314ab5eb2eb47cecc464545ba58e1ad24/library/std/src/panicking.rs:587:40
[INFO] [stdout]   28:     0x573b5d98da13 - std::panicking::try::h41c9fa508bc61df6
[INFO] [stdout]                                at /rustc/6067b36314ab5eb2eb47cecc464545ba58e1ad24/library/std/src/panicking.rs:550:19
[INFO] [stdout]   29:     0x573b5d98da13 - std::panic::catch_unwind::h6b3ff07bb5afad93
[INFO] [stdout]                                at /rustc/6067b36314ab5eb2eb47cecc464545ba58e1ad24/library/std/src/panic.rs:358:14
[INFO] [stdout]   30:     0x573b5d98da13 - test::run_test_in_process::hc7253dd11b39b9f4
[INFO] [stdout]                                at /rustc/6067b36314ab5eb2eb47cecc464545ba58e1ad24/library/test/src/lib.rs:655:27
[INFO] [stdout]   31:     0x573b5d98da13 - test::run_test::{{closure}}::hfb2007f8649c30bb
[INFO] [stdout]                                at /rustc/6067b36314ab5eb2eb47cecc464545ba58e1ad24/library/test/src/lib.rs:576:43
[INFO] [stdout]   32:     0x573b5d950af5 - test::run_test::{{closure}}::h56a17aa7a282a9f4
[INFO] [stdout]                                at /rustc/6067b36314ab5eb2eb47cecc464545ba58e1ad24/library/test/src/lib.rs:606:41
[INFO] [stdout]   33:     0x573b5d950af5 - std::sys::backtrace::__rust_begin_short_backtrace::hd2d2d2fb8e8c6aac
[INFO] [stdout]                                at /rustc/6067b36314ab5eb2eb47cecc464545ba58e1ad24/library/std/src/sys/backtrace.rs:152:18
[INFO] [stdout]   34:     0x573b5d9543da - std::thread::Builder::spawn_unchecked_::{{closure}}::{{closure}}::h4faa3f9db6133423
[INFO] [stdout]                                at /rustc/6067b36314ab5eb2eb47cecc464545ba58e1ad24/library/std/src/thread/mod.rs:559:17
[INFO] [stdout]   35:     0x573b5d9543da - <core::panic::unwind_safe::AssertUnwindSafe<F> as core::ops::function::FnOnce<()>>::call_once::hf2e855a36a4ea846
[INFO] [stdout]                                at /rustc/6067b36314ab5eb2eb47cecc464545ba58e1ad24/library/core/src/panic/unwind_safe.rs:272:9
[INFO] [stdout]   36:     0x573b5d9543da - std::panicking::try::do_call::h2f73af3616c35465
[INFO] [stdout]                                at /rustc/6067b36314ab5eb2eb47cecc464545ba58e1ad24/library/std/src/panicking.rs:587:40
[INFO] [stdout]   37:     0x573b5d9543da - std::panicking::try::hd1660ce9efadef5a
[INFO] [stdout]                                at /rustc/6067b36314ab5eb2eb47cecc464545ba58e1ad24/library/std/src/panicking.rs:550:19
[INFO] [stdout]   38:     0x573b5d9543da - std::panic::catch_unwind::h5ee8d7823b8ca744
[INFO] [stdout]                                at /rustc/6067b36314ab5eb2eb47cecc464545ba58e1ad24/library/std/src/panic.rs:358:14
[INFO] [stdout]   39:     0x573b5d9543da - std::thread::Builder::spawn_unchecked_::{{closure}}::h53c3a1894dce8407
[INFO] [stdout]                                at /rustc/6067b36314ab5eb2eb47cecc464545ba58e1ad24/library/std/src/thread/mod.rs:557:30
[INFO] [stdout]   40:     0x573b5d9543da - core::ops::function::FnOnce::call_once{{vtable.shim}}::h048ce291ad4f62bf
[INFO] [stdout]                                at /rustc/6067b36314ab5eb2eb47cecc464545ba58e1ad24/library/core/src/ops/function.rs:250:5
[INFO] [stdout]   41:     0x573b5d9c517b - <alloc::boxed::Box<F,A> as core::ops::function::FnOnce<Args>>::call_once::ha52bedf99a3b4981
[INFO] [stdout]                                at /rustc/6067b36314ab5eb2eb47cecc464545ba58e1ad24/library/alloc/src/boxed.rs:2013:9
[INFO] [stdout]   42:     0x573b5d9c517b - <alloc::boxed::Box<F,A> as core::ops::function::FnOnce<Args>>::call_once::h567748934d80ccf8
[INFO] [stdout]                                at /rustc/6067b36314ab5eb2eb47cecc464545ba58e1ad24/library/alloc/src/boxed.rs:2013:9
[INFO] [stdout]   43:     0x573b5d9c517b - std::sys::pal::unix::thread::Thread::new::thread_start::h2d970728ae887adc
[INFO] [stdout]                                at /rustc/6067b36314ab5eb2eb47cecc464545ba58e1ad24/library/std/src/sys/pal/unix/thread.rs:106:17
[INFO] [stdout]   44:     0x7cf74f05fac3 - <unknown>
[INFO] [stdout]   45:     0x7cf74f0f0a04 - clone
[INFO] [stdout]   46:                0x0 - <unknown>
[INFO] [stdout] 
[INFO] [stdout] 
[INFO] [stdout] failures:
[INFO] [stdout]     vec3::tests::test_vec3_methods
[INFO] [stdout] 
[INFO] [stdout] test result: FAILED. 1 passed; 1 failed; 0 ignored; 0 measured; 0 filtered out; finished in 0.02s
[INFO] [stdout] 
[INFO] [stderr] error: test failed, to rerun pass `--lib`
[INFO] running `Command { std: "docker" "inspect" "8dc02b020b631e44a7ea896ae43953318495a8f31a123a225db42746b99b84f5", kill_on_drop: false }`
[INFO] running `Command { std: "docker" "rm" "-f" "8dc02b020b631e44a7ea896ae43953318495a8f31a123a225db42746b99b84f5", kill_on_drop: false }`
[INFO] [stdout] 8dc02b020b631e44a7ea896ae43953318495a8f31a123a225db42746b99b84f5
