[INFO] cloning repository https://github.com/hundredeir/NoSQL
[INFO] running `Command { std: "git" "-c" "credential.helper=" "-c" "credential.helper=/workspace/cargo-home/bin/git-credential-null" "clone" "--bare" "https://github.com/hundredeir/NoSQL" "/workspace/cache/git-repos/https%3A%2F%2Fgithub.com%2Fhundredeir%2FNoSQL", kill_on_drop: false }`
[INFO] [stderr] Cloning into bare repository '/workspace/cache/git-repos/https%3A%2F%2Fgithub.com%2Fhundredeir%2FNoSQL'...
[INFO] running `Command { std: "git" "rev-parse" "HEAD", kill_on_drop: false }`
[INFO] [stdout] b07c2cd36358f442a2d79fa5ce79fbb475bd75ce
[INFO] testing hundredeir/NoSQL against nightly-2025-01-18 for randomize-layout-2
[INFO] running `Command { std: "git" "clone" "/workspace/cache/git-repos/https%3A%2F%2Fgithub.com%2Fhundredeir%2FNoSQL" "/workspace/builds/worker-4-tc1/source", kill_on_drop: false }`
[INFO] [stderr] Cloning into '/workspace/builds/worker-4-tc1/source'...
[INFO] [stderr] done.
[INFO] validating manifest of git repo https://github.com/hundredeir/NoSQL on toolchain nightly-2025-01-18
[INFO] running `Command { std: CARGO_HOME="/workspace/cargo-home" RUSTUP_HOME="/workspace/rustup-home" "/workspace/cargo-home/bin/cargo" "+nightly-2025-01-18" "metadata" "--manifest-path" "Cargo.toml" "--no-deps", kill_on_drop: false }`
[INFO] started tweaking git repo https://github.com/hundredeir/NoSQL
[INFO] finished tweaking git repo https://github.com/hundredeir/NoSQL
[INFO] tweaked toml for git repo https://github.com/hundredeir/NoSQL written to /workspace/builds/worker-4-tc1/source/Cargo.toml
[INFO] crate git repo https://github.com/hundredeir/NoSQL already has a lockfile, it will not be regenerated
[INFO] running `Command { std: CARGO_HOME="/workspace/cargo-home" RUSTUP_HOME="/workspace/rustup-home" "/workspace/cargo-home/bin/cargo" "+nightly-2025-01-18" "fetch" "--manifest-path" "Cargo.toml", kill_on_drop: false }`
[INFO] [stderr] warning: virtual workspace defaulting to `resolver = "1"` despite one or more workspace members being on edition 2021 which implies `resolver = "2"`
[INFO] [stderr] note: to keep the current resolver, specify `workspace.resolver = "1"` in the workspace root's manifest
[INFO] [stderr] note: to use the edition 2021 resolver, specify `workspace.resolver = "2"` in the workspace root's manifest
[INFO] [stderr] note: for more details see https://doc.rust-lang.org/cargo/reference/resolver.html#resolver-versions
[INFO] running `Command { std: "docker" "create" "-v" "/var/lib/crater-agent-workspace/builds/worker-4-tc1/target:/opt/rustwide/target:rw,Z" "-v" "/var/lib/crater-agent-workspace/builds/worker-4-tc1/source:/opt/rustwide/workdir:ro,Z" "-v" "/var/lib/crater-agent-workspace/cargo-home:/opt/rustwide/cargo-home:ro,Z" "-v" "/var/lib/crater-agent-workspace/rustup-home:/opt/rustwide/rustup-home:ro,Z" "-e" "SOURCE_DIR=/opt/rustwide/workdir" "-e" "CARGO_TARGET_DIR=/opt/rustwide/target" "-e" "CARGO_HOME=/opt/rustwide/cargo-home" "-e" "RUSTUP_HOME=/opt/rustwide/rustup-home" "-w" "/opt/rustwide/workdir" "-m" "1610612736" "--user" "0:0" "--network" "none" "ghcr.io/rust-lang/crates-build-env/linux@sha256:819108c5571ea2e421544af4d832f968d213c87fbe3707a016657f43d2f853bc" "/opt/rustwide/cargo-home/bin/cargo" "+nightly-2025-01-18" "metadata" "--no-deps" "--format-version=1", kill_on_drop: false }`
[INFO] [stdout] 7526f9c9c154295d957380ab977a8ac35da3b4f51e5052ca593497885333e5f7
[INFO] running `Command { std: "docker" "start" "-a" "7526f9c9c154295d957380ab977a8ac35da3b4f51e5052ca593497885333e5f7", kill_on_drop: false }`
[INFO] running `Command { std: "docker" "inspect" "7526f9c9c154295d957380ab977a8ac35da3b4f51e5052ca593497885333e5f7", kill_on_drop: false }`
[INFO] running `Command { std: "docker" "rm" "-f" "7526f9c9c154295d957380ab977a8ac35da3b4f51e5052ca593497885333e5f7", kill_on_drop: false }`
[INFO] [stdout] 7526f9c9c154295d957380ab977a8ac35da3b4f51e5052ca593497885333e5f7
[INFO] running `Command { std: "docker" "create" "-v" "/var/lib/crater-agent-workspace/builds/worker-4-tc1/target:/opt/rustwide/target:rw,Z" "-v" "/var/lib/crater-agent-workspace/builds/worker-4-tc1/source:/opt/rustwide/workdir:ro,Z" "-v" "/var/lib/crater-agent-workspace/cargo-home:/opt/rustwide/cargo-home:ro,Z" "-v" "/var/lib/crater-agent-workspace/rustup-home:/opt/rustwide/rustup-home:ro,Z" "-e" "SOURCE_DIR=/opt/rustwide/workdir" "-e" "CARGO_TARGET_DIR=/opt/rustwide/target" "-e" "CARGO_INCREMENTAL=0" "-e" "RUST_BACKTRACE=full" "-e" "RUSTFLAGS=--cap-lints=forbid" "-e" "RUSTDOCFLAGS=--cap-lints=forbid" "-e" "CARGO_HOME=/opt/rustwide/cargo-home" "-e" "RUSTUP_HOME=/opt/rustwide/rustup-home" "-w" "/opt/rustwide/workdir" "-m" "1610612736" "--user" "0:0" "--network" "none" "ghcr.io/rust-lang/crates-build-env/linux@sha256:819108c5571ea2e421544af4d832f968d213c87fbe3707a016657f43d2f853bc" "/opt/rustwide/cargo-home/bin/cargo" "+nightly-2025-01-18" "build" "--frozen" "--message-format=json", kill_on_drop: false }`
[INFO] [stdout] 1b75b3b8fc5f459121a5fbc7b9d105563aad4935a5068cf2c76ea30b2eec6800
[INFO] running `Command { std: "docker" "start" "-a" "1b75b3b8fc5f459121a5fbc7b9d105563aad4935a5068cf2c76ea30b2eec6800", kill_on_drop: false }`
[INFO] [stderr] warning: virtual workspace defaulting to `resolver = "1"` despite one or more workspace members being on edition 2021 which implies `resolver = "2"`
[INFO] [stderr] note: to keep the current resolver, specify `workspace.resolver = "1"` in the workspace root's manifest
[INFO] [stderr] note: to use the edition 2021 resolver, specify `workspace.resolver = "2"` in the workspace root's manifest
[INFO] [stderr] note: for more details see https://doc.rust-lang.org/cargo/reference/resolver.html#resolver-versions
[INFO] [stderr]    Compiling libc v0.2.155
[INFO] [stderr]    Compiling cfg-if v1.0.0
[INFO] [stderr]    Compiling autocfg v1.3.0
[INFO] [stderr]    Compiling libm v0.2.8
[INFO] [stderr]    Compiling ppv-lite86 v0.2.9
[INFO] [stderr]    Compiling log v0.1.0 (/opt/rustwide/workdir/src/log)
[INFO] [stderr]    Compiling file v0.1.0 (/opt/rustwide/workdir/src/file)
[INFO] [stderr]    Compiling num-traits v0.2.19
[INFO] [stderr]    Compiling getrandom v0.2.15
[INFO] [stderr]    Compiling rand_core v0.6.4
[INFO] [stderr]    Compiling rand_chacha v0.3.1
[INFO] [stderr]    Compiling rand v0.8.5
[INFO] [stderr]    Compiling rand_distr v0.4.3
[INFO] [stderr]    Compiling memtable v0.1.0 (/opt/rustwide/workdir/src/memtable)
[INFO] [stdout] warning: unused import: `std::sync::Arc`
[INFO] [stdout]  --> src/memtable/src/skiplist/node.rs:1:5
[INFO] [stdout]   |
[INFO] [stdout] 1 | use std::sync::Arc;
[INFO] [stdout]   |     ^^^^^^^^^^^^^^
[INFO] [stdout]   |
[INFO] [stdout]   = note: `#[warn(unused_imports)]` on by default
[INFO] [stdout] 
[INFO] [stdout] 
[INFO] [stdout] warning: unused label
[INFO] [stdout]    --> src/memtable/src/skiplist.rs:168:9
[INFO] [stdout]     |
[INFO] [stdout] 168 |         'retry: loop {
[INFO] [stdout]     |         ^^^^^^
[INFO] [stdout]     |
[INFO] [stdout]     = note: `#[warn(unused_labels)]` on by default
[INFO] [stdout] 
[INFO] [stdout] 
[INFO] [stdout] warning: unnecessary parentheses around `while` condition
[INFO] [stdout]    --> src/memtable/src/skiplist.rs:352:19
[INFO] [stdout]     |
[INFO] [stdout] 352 |             while (record != std::ptr::null_mut()) {
[INFO] [stdout]     |                   ^                              ^
[INFO] [stdout]     |
[INFO] [stdout]     = note: `#[warn(unused_parens)]` on by default
[INFO] [stdout] help: remove these parentheses
[INFO] [stdout]     |
[INFO] [stdout] 352 -             while (record != std::ptr::null_mut()) {
[INFO] [stdout] 352 +             while record != std::ptr::null_mut() {
[INFO] [stdout]     |
[INFO] [stdout] 
[INFO] [stdout] 
[INFO] [stdout] warning: unused variable: `i`
[INFO] [stdout]   --> src/memtable/src/skiplist/node.rs:25:19
[INFO] [stdout]    |
[INFO] [stdout] 25 |             .map(|i| AtomicPtr::new(std::ptr::null_mut()))
[INFO] [stdout]    |                   ^ help: if this is intentional, prefix it with an underscore: `_i`
[INFO] [stdout]    |
[INFO] [stdout]    = note: `#[warn(unused_variables)]` on by default
[INFO] [stdout] 
[INFO] [stdout] 
[INFO] [stdout] warning: unused variable: `i`
[INFO] [stdout]   --> src/memtable/src/skiplist/node.rs:37:19
[INFO] [stdout]    |
[INFO] [stdout] 37 |             .map(|i| AtomicPtr::new(std::ptr::null_mut()))
[INFO] [stdout]    |                   ^ help: if this is intentional, prefix it with an underscore: `_i`
[INFO] [stdout] 
[INFO] [stdout] 
[INFO] [stdout] warning: unused variable: `hp_record`
[INFO] [stdout]   --> src/memtable/src/skiplist.rs:91:9
[INFO] [stdout]    |
[INFO] [stdout] 91 |         hp_record: *mut HazarPointerRecord<Node<ValueType>>,
[INFO] [stdout]    |         ^^^^^^^^^ help: if this is intentional, prefix it with an underscore: `_hp_record`
[INFO] [stdout] 
[INFO] [stdout] 
[INFO] [stdout] warning: value assigned to `marked` is never read
[INFO] [stdout]    --> src/memtable/src/skiplist.rs:209:21
[INFO] [stdout]     |
[INFO] [stdout] 209 |                     marked = get_marker(composite);
[INFO] [stdout]     |                     ^^^^^^
[INFO] [stdout]     |
[INFO] [stdout]     = help: maybe it is overwritten before being read?
[INFO] [stdout]     = note: `#[warn(unused_assignments)]` on by default
[INFO] [stdout] 
[INFO] [stdout] 
[INFO] [stdout] warning: unused variable: `hp_record`
[INFO] [stdout]    --> src/memtable/src/skiplist.rs:163:9
[INFO] [stdout]     |
[INFO] [stdout] 163 |         hp_record: *mut HazarPointerRecord<Node<ValueType>>,
[INFO] [stdout]     |         ^^^^^^^^^ help: if this is intentional, prefix it with an underscore: `_hp_record`
[INFO] [stdout] 
[INFO] [stdout] 
[INFO] [stdout] warning: unused variable: `hazard_pointer_record`
[INFO] [stdout]    --> src/memtable/src/skiplist.rs:244:9
[INFO] [stdout]     |
[INFO] [stdout] 244 |         hazard_pointer_record: *mut HazarPointerRecord<Node<ValueType>>,
[INFO] [stdout]     |         ^^^^^^^^^^^^^^^^^^^^^ help: if this is intentional, prefix it with an underscore: `_hazard_pointer_record`
[INFO] [stdout] 
[INFO] [stdout] 
[INFO] [stdout] warning: unnecessary `unsafe` block
[INFO] [stdout]   --> src/memtable/src/memory_management/hazard_pointers.rs:48:13
[INFO] [stdout]    |
[INFO] [stdout] 48 |             unsafe {
[INFO] [stdout]    |             ^^^^^^ unnecessary `unsafe` block
[INFO] [stdout]    |
[INFO] [stdout]    = note: `#[warn(unused_unsafe)]` on by default
[INFO] [stdout] 
[INFO] [stdout] 
[INFO] [stdout] warning: unnecessary `unsafe` block
[INFO] [stdout]   --> src/memtable/src/memory_management/hazard_pointers.rs:89:9
[INFO] [stdout]    |
[INFO] [stdout] 89 |         unsafe { hprec }
[INFO] [stdout]    |         ^^^^^^ unnecessary `unsafe` block
[INFO] [stdout] 
[INFO] [stdout] 
[INFO] [stdout] warning: variable does not need to be mutable
[INFO] [stdout]   --> src/memtable/src/memory_management/hazard_pointers.rs:65:13
[INFO] [stdout]    |
[INFO] [stdout] 65 |         let mut hprec = Box::into_raw(Box::new(HazarPointerRecord {
[INFO] [stdout]    |             ----^^^^^
[INFO] [stdout]    |             |
[INFO] [stdout]    |             help: remove this `mut`
[INFO] [stdout]    |
[INFO] [stdout]    = note: `#[warn(unused_mut)]` on by default
[INFO] [stdout] 
[INFO] [stdout] 
[INFO] [stdout] warning: unnecessary `unsafe` block
[INFO] [stdout]    --> src/memtable/src/memory_management/hazard_pointers.rs:127:13
[INFO] [stdout]     |
[INFO] [stdout] 127 |             unsafe {
[INFO] [stdout]     |             ^^^^^^ unnecessary `unsafe` block
[INFO] [stdout] 
[INFO] [stdout] 
[INFO] [stdout] warning: trait `Memtable` is never used
[INFO] [stdout]  --> src/memtable/src/lib.rs:6:7
[INFO] [stdout]   |
[INFO] [stdout] 6 | trait Memtable {
[INFO] [stdout]   |       ^^^^^^^^
[INFO] [stdout]   |
[INFO] [stdout]   = note: `#[warn(dead_code)]` on by default
[INFO] [stdout] 
[INFO] [stdout] 
[INFO] [stdout] warning: variants `Red` and `Black` are never constructed
[INFO] [stdout]    --> src/memtable/src/rbtree.rs:413:5
[INFO] [stdout]     |
[INFO] [stdout] 412 | pub enum Color {
[INFO] [stdout]     |          ----- variants in this enum
[INFO] [stdout] 413 |     Red,
[INFO] [stdout]     |     ^^^
[INFO] [stdout] 414 |     Black,
[INFO] [stdout]     |     ^^^^^
[INFO] [stdout]     |
[INFO] [stdout]     = note: `Color` has derived impls for the traits `Clone` and `Debug`, but these are intentionally ignored during dead code analysis
[INFO] [stdout] 
[INFO] [stdout] 
[INFO] [stdout] warning: field `color` is never read
[INFO] [stdout]    --> src/memtable/src/rbtree.rs:421:5
[INFO] [stdout]     |
[INFO] [stdout] 418 | pub struct Node {
[INFO] [stdout]     |            ---- field in this struct
[INFO] [stdout] ...
[INFO] [stdout] 421 |     color: Color,
[INFO] [stdout]     |     ^^^^^
[INFO] [stdout]     |
[INFO] [stdout]     = note: `Node` has a derived impl for the trait `Debug`, but this is intentionally ignored during dead code analysis
[INFO] [stdout] 
[INFO] [stdout] 
[INFO] [stdout] warning: associated items `new`, `get_color`, and `update_color` are never used
[INFO] [stdout]    --> src/memtable/src/rbtree.rs:428:12
[INFO] [stdout]     |
[INFO] [stdout] 427 | impl Node {
[INFO] [stdout]     | --------- associated items in this implementation
[INFO] [stdout] 428 |     pub fn new(
[INFO] [stdout]     |            ^^^
[INFO] [stdout] ...
[INFO] [stdout] 457 |     pub fn get_color(&self) -> Color {
[INFO] [stdout]     |            ^^^^^^^^^
[INFO] [stdout] ...
[INFO] [stdout] 461 |     pub fn update_color(&mut self, new_color: Color) {
[INFO] [stdout]     |            ^^^^^^^^^^^^
[INFO] [stdout] 
[INFO] [stdout] 
[INFO] [stdout] warning: fields `root` and `adjacency_list` are never read
[INFO] [stdout]    --> src/memtable/src/rbtree.rs:484:5
[INFO] [stdout]     |
[INFO] [stdout] 483 | pub struct RBTree {
[INFO] [stdout]     |            ------ fields in this struct
[INFO] [stdout] 484 |     root: Option<Rc<RefCell<Node>>>,
[INFO] [stdout]     |     ^^^^
[INFO] [stdout] 485 |     adjacency_list: Vec<Rc<RefCell<Node>>>,
[INFO] [stdout]     |     ^^^^^^^^^^^^^^
[INFO] [stdout]     |
[INFO] [stdout]     = note: `RBTree` has a derived impl for the trait `Debug`, but this is intentionally ignored during dead code analysis
[INFO] [stdout] 
[INFO] [stdout] 
[INFO] [stdout] warning: multiple associated items are never used
[INFO] [stdout]    --> src/memtable/src/rbtree.rs:489:12
[INFO] [stdout]     |
[INFO] [stdout] 488 | impl RBTree {
[INFO] [stdout]     | ----------- associated items in this implementation
[INFO] [stdout] 489 |     pub fn new() -> RBTree {
[INFO] [stdout]     |            ^^^
[INFO] [stdout] ...
[INFO] [stdout] 496 |     pub fn len(&self) -> usize {
[INFO] [stdout]     |            ^^^
[INFO] [stdout] ...
[INFO] [stdout] 500 |     pub fn is_empty(&self) -> bool {
[INFO] [stdout]     |            ^^^^^^^^
[INFO] [stdout] ...
[INFO] [stdout] 504 |     fn search_node(&self, key: &str) -> Option<Rc<RefCell<Node>>> {
[INFO] [stdout]     |        ^^^^^^^^^^^
[INFO] [stdout] ...
[INFO] [stdout] 519 |     pub fn search(&self, key: &str) -> Option<(String, Option<String>)> {
[INFO] [stdout]     |            ^^^^^^
[INFO] [stdout] ...
[INFO] [stdout] 524 |     pub fn delete(&mut self, key: &str) {
[INFO] [stdout]     |            ^^^^^^
[INFO] [stdout] ...
[INFO] [stdout] 528 |     pub fn insert(&mut self, key: &str, val: &str) {
[INFO] [stdout]     |            ^^^^^^
[INFO] [stdout] ...
[INFO] [stdout] 532 |     fn insert_generic(&mut self, key: &str, val: Option<&str>) {
[INFO] [stdout]     |        ^^^^^^^^^^^^^^
[INFO] [stdout] ...
[INFO] [stdout] 575 |     fn insert_fixup(&mut self, new_node: Rc<RefCell<Node>>) {
[INFO] [stdout]     |        ^^^^^^^^^^^^
[INFO] [stdout] ...
[INFO] [stdout] 665 |     fn left_rotate(&mut self, parent_node: Rc<RefCell<Node>>) {
[INFO] [stdout]     |        ^^^^^^^^^^^
[INFO] [stdout] ...
[INFO] [stdout] 696 |     fn right_rotate(&mut self, parent_node: Rc<RefCell<Node>>) {
[INFO] [stdout]     |        ^^^^^^^^^^^^
[INFO] [stdout] ...
[INFO] [stdout] 727 |     pub fn iter(&self) -> Succesor {
[INFO] [stdout]     |            ^^^^
[INFO] [stdout] 
[INFO] [stdout] 
[INFO] [stdout] warning: associated function `new` is never used
[INFO] [stdout]    --> src/memtable/src/rbtree.rs:737:8
[INFO] [stdout]     |
[INFO] [stdout] 736 | impl Succesor {
[INFO] [stdout]     | ------------- associated function in this implementation
[INFO] [stdout] 737 |     fn new(node: Option<&Rc<RefCell<Node>>>) -> Succesor {
[INFO] [stdout]     |        ^^^
[INFO] [stdout] 
[INFO] [stdout] 
[INFO] [stdout] warning: function `get_node` is never used
[INFO] [stdout]   --> src/memtable/src/skiplist.rs:22:4
[INFO] [stdout]    |
[INFO] [stdout] 22 | fn get_node<ValueType>(ptr: *mut Node<ValueType>) -> *mut Node<ValueType>
[INFO] [stdout]    |    ^^^^^^^^
[INFO] [stdout] 
[INFO] [stdout] 
[INFO] [stdout] warning: function `get_marker` is never used
[INFO] [stdout]   --> src/memtable/src/skiplist.rs:29:4
[INFO] [stdout]    |
[INFO] [stdout] 29 | fn get_marker<ValueType>(ptr: *mut Node<ValueType>) -> bool
[INFO] [stdout]    |    ^^^^^^^^^^
[INFO] [stdout] 
[INFO] [stdout] 
[INFO] [stdout] warning: function `add_marker` is never used
[INFO] [stdout]   --> src/memtable/src/skiplist.rs:36:4
[INFO] [stdout]    |
[INFO] [stdout] 36 | fn add_marker<ValueType>(ptr: *mut Node<ValueType>, marker: bool) -> *mut Node<ValueType>
[INFO] [stdout]    |    ^^^^^^^^^^
[INFO] [stdout] 
[INFO] [stdout] 
[INFO] [stdout] warning: struct `SkipList` is never constructed
[INFO] [stdout]   --> src/memtable/src/skiplist.rs:47:8
[INFO] [stdout]    |
[INFO] [stdout] 47 | struct SkipList<ValueType>
[INFO] [stdout]    |        ^^^^^^^^
[INFO] [stdout] 
[INFO] [stdout] 
[INFO] [stdout] warning: multiple associated items are never used
[INFO] [stdout]    --> src/memtable/src/skiplist.rs:61:11
[INFO] [stdout]     |
[INFO] [stdout] 57  | / impl<ValueType> SkipList<ValueType>
[INFO] [stdout] 58  | | where
[INFO] [stdout] 59  | |     ValueType: Clone,
[INFO] [stdout]     | |_____________________- associated items in this implementation
[INFO] [stdout] 60  |   {
[INFO] [stdout] 61  |       const MAX_LEVEL: u64 = Node::<ValueType>::TOP_LEVEL as u64;
[INFO] [stdout]     |             ^^^^^^^^^
[INFO] [stdout] 62  |       const MAX_HP: u64 = 5;
[INFO] [stdout]     |             ^^^^^^
[INFO] [stdout] 63  |
[INFO] [stdout] 64  |       pub fn new() -> SkipList<ValueType> {
[INFO] [stdout]     |              ^^^
[INFO] [stdout] ...
[INFO] [stdout] 87  |       pub fn add(
[INFO] [stdout]     |              ^^^
[INFO] [stdout] ...
[INFO] [stdout] 160 |       pub fn remove(
[INFO] [stdout]     |              ^^^^^^
[INFO] [stdout] ...
[INFO] [stdout] 241 |       fn find(
[INFO] [stdout]     |          ^^^^
[INFO] [stdout] ...
[INFO] [stdout] 332 |       fn enter(&self) -> *mut HazarPointerRecord<Node<ValueType>> {
[INFO] [stdout]     |          ^^^^^
[INFO] [stdout] ...
[INFO] [stdout] 340 |       fn exit(&self, hp_record: *mut HazarPointerRecord<Node<ValueType>>) {
[INFO] [stdout]     |          ^^^^
[INFO] [stdout] 
[INFO] [stdout] 
[INFO] [stdout] warning: struct `FindResult` is never constructed
[INFO] [stdout]  --> src/memtable/src/skiplist/find_result.rs:3:12
[INFO] [stdout]   |
[INFO] [stdout] 3 | pub struct FindResult<ValueType>
[INFO] [stdout]   |            ^^^^^^^^^^
[INFO] [stdout] 
[INFO] [stdout] 
[INFO] [stdout] warning: type alias `KeyType` is never used
[INFO] [stdout]  --> src/memtable/src/skiplist/node.rs:4:10
[INFO] [stdout]   |
[INFO] [stdout] 4 | pub type KeyType = i128;
[INFO] [stdout]   |          ^^^^^^^
[INFO] [stdout] 
[INFO] [stdout] 
[INFO] [stdout] warning: struct `Node` is never constructed
[INFO] [stdout]  --> src/memtable/src/skiplist/node.rs:8:19
[INFO] [stdout]   |
[INFO] [stdout] 8 | pub(crate) struct Node<ValueType>
[INFO] [stdout]   |                   ^^^^
[INFO] [stdout] 
[INFO] [stdout] 
[INFO] [stdout] warning: associated items `TOP_LEVEL`, `new_sentinel`, and `new` are never used
[INFO] [stdout]   --> src/memtable/src/skiplist/node.rs:22:15
[INFO] [stdout]    |
[INFO] [stdout] 18 | / impl<ValueType> Node<ValueType>
[INFO] [stdout] 19 | | where
[INFO] [stdout] 20 | |     ValueType: Clone,
[INFO] [stdout]    | |_____________________- associated items in this implementation
[INFO] [stdout] 21 |   {
[INFO] [stdout] 22 |       pub const TOP_LEVEL: usize = 31;
[INFO] [stdout]    |                 ^^^^^^^^^
[INFO] [stdout] 23 |       pub fn new_sentinel(key: KeyType) -> *mut Node<ValueType> {
[INFO] [stdout]    |              ^^^^^^^^^^^^
[INFO] [stdout] ...
[INFO] [stdout] 35 |       pub fn new(key: KeyType, value: ValueType, height: usize) -> *mut Node<ValueType> {
[INFO] [stdout]    |              ^^^
[INFO] [stdout] 
[INFO] [stdout] 
[INFO] [stdout] warning: function `generate_random_lvl` is never used
[INFO] [stdout]  --> src/memtable/src/util.rs:5:8
[INFO] [stdout]   |
[INFO] [stdout] 5 | pub fn generate_random_lvl(max_lvl: u64) -> u64 {
[INFO] [stdout]   |        ^^^^^^^^^^^^^^^^^^^
[INFO] [stdout] 
[INFO] [stdout] 
[INFO] [stdout] warning: struct `HazarPointerRecord` is never constructed
[INFO] [stdout]   --> src/memtable/src/memory_management/hazard_pointers.rs:11:12
[INFO] [stdout]    |
[INFO] [stdout] 11 | pub struct HazarPointerRecord<T> {
[INFO] [stdout]    |            ^^^^^^^^^^^^^^^^^^
[INFO] [stdout] 
[INFO] [stdout] 
[INFO] [stdout] warning: associated functions `allocate_hp_record`, `retire_hp_record`, `retire_node`, `help_scan`, and `scan` are never used
[INFO] [stdout]    --> src/memtable/src/memory_management/hazard_pointers.rs:22:12
[INFO] [stdout]     |
[INFO] [stdout] 21  | impl<T> HazarPointerRecord<T> {
[INFO] [stdout]     | ----------------------------- associated functions in this implementation
[INFO] [stdout] 22  |     pub fn allocate_hp_record(
[INFO] [stdout]     |            ^^^^^^^^^^^^^^^^^^
[INFO] [stdout] ...
[INFO] [stdout] 92  |     pub fn retire_hp_record(rec_node: *mut HazarPointerRecord<T>) {
[INFO] [stdout]     |            ^^^^^^^^^^^^^^^^
[INFO] [stdout] ...
[INFO] [stdout] 112 |     pub fn retire_node(
[INFO] [stdout]     |            ^^^^^^^^^^^
[INFO] [stdout] ...
[INFO] [stdout] 135 |     pub fn help_scan(
[INFO] [stdout]     |            ^^^^^^^^^
[INFO] [stdout] ...
[INFO] [stdout] 172 |     fn scan(head: *mut HazarPointerRecord<T>, self_ptr: *mut HazarPointerRecord<T>) {
[INFO] [stdout]     |        ^^^^
[INFO] [stdout] 
[INFO] [stdout] 
[INFO] [stderr]    Compiling server v0.1.0 (/opt/rustwide/workdir/src/server)
[INFO] [stderr]     Finished `dev` profile [unoptimized + debuginfo] target(s) in 5.51s
[INFO] running `Command { std: "docker" "inspect" "1b75b3b8fc5f459121a5fbc7b9d105563aad4935a5068cf2c76ea30b2eec6800", kill_on_drop: false }`
[INFO] running `Command { std: "docker" "rm" "-f" "1b75b3b8fc5f459121a5fbc7b9d105563aad4935a5068cf2c76ea30b2eec6800", kill_on_drop: false }`
[INFO] [stdout] 1b75b3b8fc5f459121a5fbc7b9d105563aad4935a5068cf2c76ea30b2eec6800
[INFO] running `Command { std: "docker" "create" "-v" "/var/lib/crater-agent-workspace/builds/worker-4-tc1/target:/opt/rustwide/target:rw,Z" "-v" "/var/lib/crater-agent-workspace/builds/worker-4-tc1/source:/opt/rustwide/workdir:ro,Z" "-v" "/var/lib/crater-agent-workspace/cargo-home:/opt/rustwide/cargo-home:ro,Z" "-v" "/var/lib/crater-agent-workspace/rustup-home:/opt/rustwide/rustup-home:ro,Z" "-e" "SOURCE_DIR=/opt/rustwide/workdir" "-e" "CARGO_TARGET_DIR=/opt/rustwide/target" "-e" "CARGO_INCREMENTAL=0" "-e" "RUST_BACKTRACE=full" "-e" "RUSTFLAGS=--cap-lints=forbid" "-e" "RUSTDOCFLAGS=--cap-lints=forbid" "-e" "CARGO_HOME=/opt/rustwide/cargo-home" "-e" "RUSTUP_HOME=/opt/rustwide/rustup-home" "-w" "/opt/rustwide/workdir" "-m" "1610612736" "--user" "0:0" "--network" "none" "ghcr.io/rust-lang/crates-build-env/linux@sha256:819108c5571ea2e421544af4d832f968d213c87fbe3707a016657f43d2f853bc" "/opt/rustwide/cargo-home/bin/cargo" "+nightly-2025-01-18" "test" "--frozen" "--no-run" "--message-format=json", kill_on_drop: false }`
[INFO] [stdout] 48b00a72059f85ba584404bc6fab9e9388ab218ac6effe290728e90bd3364d52
[INFO] running `Command { std: "docker" "start" "-a" "48b00a72059f85ba584404bc6fab9e9388ab218ac6effe290728e90bd3364d52", kill_on_drop: false }`
[INFO] [stderr] warning: virtual workspace defaulting to `resolver = "1"` despite one or more workspace members being on edition 2021 which implies `resolver = "2"`
[INFO] [stderr] note: to keep the current resolver, specify `workspace.resolver = "1"` in the workspace root's manifest
[INFO] [stderr] note: to use the edition 2021 resolver, specify `workspace.resolver = "2"` in the workspace root's manifest
[INFO] [stderr] note: for more details see https://doc.rust-lang.org/cargo/reference/resolver.html#resolver-versions
[INFO] [stderr]    Compiling getrandom v0.1.15
[INFO] [stderr]    Compiling cfg-if v0.1.10
[INFO] [stderr]    Compiling file v0.1.0 (/opt/rustwide/workdir/src/file)
[INFO] [stdout] warning: unused import: `std::sync::Arc`
[INFO] [stdout]  --> src/memtable/src/skiplist/node.rs:1:5
[INFO] [stdout]   |
[INFO] [stdout] 1 | use std::sync::Arc;
[INFO] [stdout]   |     ^^^^^^^^^^^^^^
[INFO] [stdout]   |
[INFO] [stdout]   = note: `#[warn(unused_imports)]` on by default
[INFO] [stdout] 
[INFO] [stdout] 
[INFO] [stdout] warning: unused label
[INFO] [stdout]    --> src/memtable/src/skiplist.rs:168:9
[INFO] [stdout]     |
[INFO] [stdout] 168 |         'retry: loop {
[INFO] [stdout]     |         ^^^^^^
[INFO] [stdout]     |
[INFO] [stdout]     = note: `#[warn(unused_labels)]` on by default
[INFO] [stdout] 
[INFO] [stdout] 
[INFO] [stdout] warning: unnecessary parentheses around `while` condition
[INFO] [stdout]    --> src/memtable/src/skiplist.rs:352:19
[INFO] [stdout]     |
[INFO] [stdout] 352 |             while (record != std::ptr::null_mut()) {
[INFO] [stdout]     |                   ^                              ^
[INFO] [stdout]     |
[INFO] [stdout]     = note: `#[warn(unused_parens)]` on by default
[INFO] [stdout] help: remove these parentheses
[INFO] [stdout]     |
[INFO] [stdout] 352 -             while (record != std::ptr::null_mut()) {
[INFO] [stdout] 352 +             while record != std::ptr::null_mut() {
[INFO] [stdout]     |
[INFO] [stdout] 
[INFO] [stdout] 
[INFO] [stdout] warning: unused variable: `i`
[INFO] [stdout]   --> src/memtable/src/skiplist/node.rs:25:19
[INFO] [stdout]    |
[INFO] [stdout] 25 |             .map(|i| AtomicPtr::new(std::ptr::null_mut()))
[INFO] [stdout]    |                   ^ help: if this is intentional, prefix it with an underscore: `_i`
[INFO] [stdout]    |
[INFO] [stdout]    = note: `#[warn(unused_variables)]` on by default
[INFO] [stdout] 
[INFO] [stdout] 
[INFO] [stdout] warning: unused variable: `i`
[INFO] [stdout]   --> src/memtable/src/skiplist/node.rs:37:19
[INFO] [stdout]    |
[INFO] [stdout] 37 |             .map(|i| AtomicPtr::new(std::ptr::null_mut()))
[INFO] [stdout]    |                   ^ help: if this is intentional, prefix it with an underscore: `_i`
[INFO] [stdout] 
[INFO] [stdout] 
[INFO] [stdout] warning: unused variable: `hp_record`
[INFO] [stdout]   --> src/memtable/src/skiplist.rs:91:9
[INFO] [stdout]    |
[INFO] [stdout] 91 |         hp_record: *mut HazarPointerRecord<Node<ValueType>>,
[INFO] [stdout]    |         ^^^^^^^^^ help: if this is intentional, prefix it with an underscore: `_hp_record`
[INFO] [stdout] 
[INFO] [stdout] 
[INFO] [stdout] warning: value assigned to `marked` is never read
[INFO] [stdout]    --> src/memtable/src/skiplist.rs:209:21
[INFO] [stdout]     |
[INFO] [stdout] 209 |                     marked = get_marker(composite);
[INFO] [stdout]     |                     ^^^^^^
[INFO] [stdout]     |
[INFO] [stdout]     = help: maybe it is overwritten before being read?
[INFO] [stdout]     = note: `#[warn(unused_assignments)]` on by default
[INFO] [stdout] 
[INFO] [stdout] 
[INFO] [stdout] warning: unused variable: `hp_record`
[INFO] [stdout]    --> src/memtable/src/skiplist.rs:163:9
[INFO] [stdout]     |
[INFO] [stdout] 163 |         hp_record: *mut HazarPointerRecord<Node<ValueType>>,
[INFO] [stdout]     |         ^^^^^^^^^ help: if this is intentional, prefix it with an underscore: `_hp_record`
[INFO] [stdout] 
[INFO] [stdout] 
[INFO] [stdout] warning: unused variable: `hazard_pointer_record`
[INFO] [stdout]    --> src/memtable/src/skiplist.rs:244:9
[INFO] [stdout]     |
[INFO] [stdout] 244 |         hazard_pointer_record: *mut HazarPointerRecord<Node<ValueType>>,
[INFO] [stdout]     |         ^^^^^^^^^^^^^^^^^^^^^ help: if this is intentional, prefix it with an underscore: `_hazard_pointer_record`
[INFO] [stdout] 
[INFO] [stdout] 
[INFO] [stdout] warning: unnecessary `unsafe` block
[INFO] [stdout]   --> src/memtable/src/memory_management/hazard_pointers.rs:48:13
[INFO] [stdout]    |
[INFO] [stdout] 48 |             unsafe {
[INFO] [stdout]    |             ^^^^^^ unnecessary `unsafe` block
[INFO] [stdout]    |
[INFO] [stdout]    = note: `#[warn(unused_unsafe)]` on by default
[INFO] [stdout] 
[INFO] [stdout] 
[INFO] [stdout] warning: unnecessary `unsafe` block
[INFO] [stdout]   --> src/memtable/src/memory_management/hazard_pointers.rs:89:9
[INFO] [stdout]    |
[INFO] [stdout] 89 |         unsafe { hprec }
[INFO] [stdout]    |         ^^^^^^ unnecessary `unsafe` block
[INFO] [stdout] 
[INFO] [stdout] 
[INFO] [stdout] warning: variable does not need to be mutable
[INFO] [stdout]   --> src/memtable/src/memory_management/hazard_pointers.rs:65:13
[INFO] [stdout]    |
[INFO] [stdout] 65 |         let mut hprec = Box::into_raw(Box::new(HazarPointerRecord {
[INFO] [stdout]    |             ----^^^^^
[INFO] [stdout]    |             |
[INFO] [stdout]    |             help: remove this `mut`
[INFO] [stdout]    |
[INFO] [stdout]    = note: `#[warn(unused_mut)]` on by default
[INFO] [stdout] 
[INFO] [stdout] 
[INFO] [stdout] warning: unnecessary `unsafe` block
[INFO] [stdout]    --> src/memtable/src/memory_management/hazard_pointers.rs:127:13
[INFO] [stdout]     |
[INFO] [stdout] 127 |             unsafe {
[INFO] [stdout]     |             ^^^^^^ unnecessary `unsafe` block
[INFO] [stdout] 
[INFO] [stdout] 
[INFO] [stdout] warning: trait `Memtable` is never used
[INFO] [stdout]  --> src/memtable/src/lib.rs:6:7
[INFO] [stdout]   |
[INFO] [stdout] 6 | trait Memtable {
[INFO] [stdout]   |       ^^^^^^^^
[INFO] [stdout]   |
[INFO] [stdout]   = note: `#[warn(dead_code)]` on by default
[INFO] [stdout] 
[INFO] [stdout] 
[INFO] [stdout] warning: variants `Red` and `Black` are never constructed
[INFO] [stdout]    --> src/memtable/src/rbtree.rs:413:5
[INFO] [stdout]     |
[INFO] [stdout] 412 | pub enum Color {
[INFO] [stdout]     |          ----- variants in this enum
[INFO] [stdout] 413 |     Red,
[INFO] [stdout]     |     ^^^
[INFO] [stdout] 414 |     Black,
[INFO] [stdout]     |     ^^^^^
[INFO] [stdout]     |
[INFO] [stdout]     = note: `Color` has derived impls for the traits `Clone` and `Debug`, but these are intentionally ignored during dead code analysis
[INFO] [stdout] 
[INFO] [stdout] 
[INFO] [stdout] warning: field `color` is never read
[INFO] [stdout]    --> src/memtable/src/rbtree.rs:421:5
[INFO] [stdout]     |
[INFO] [stdout] 418 | pub struct Node {
[INFO] [stdout]     |            ---- field in this struct
[INFO] [stdout] ...
[INFO] [stdout] 421 |     color: Color,
[INFO] [stdout]     |     ^^^^^
[INFO] [stdout]     |
[INFO] [stdout]     = note: `Node` has a derived impl for the trait `Debug`, but this is intentionally ignored during dead code analysis
[INFO] [stdout] 
[INFO] [stdout] 
[INFO] [stdout] warning: associated items `new`, `get_color`, and `update_color` are never used
[INFO] [stdout]    --> src/memtable/src/rbtree.rs:428:12
[INFO] [stdout]     |
[INFO] [stdout] 427 | impl Node {
[INFO] [stdout]     | --------- associated items in this implementation
[INFO] [stdout] 428 |     pub fn new(
[INFO] [stdout]     |            ^^^
[INFO] [stdout] ...
[INFO] [stdout] 457 |     pub fn get_color(&self) -> Color {
[INFO] [stdout]     |            ^^^^^^^^^
[INFO] [stdout] ...
[INFO] [stdout] 461 |     pub fn update_color(&mut self, new_color: Color) {
[INFO] [stdout]     |            ^^^^^^^^^^^^
[INFO] [stdout] 
[INFO] [stdout] 
[INFO] [stdout] warning: fields `root` and `adjacency_list` are never read
[INFO] [stdout]    --> src/memtable/src/rbtree.rs:484:5
[INFO] [stdout]     |
[INFO] [stdout] 483 | pub struct RBTree {
[INFO] [stdout]     |            ------ fields in this struct
[INFO] [stdout] 484 |     root: Option<Rc<RefCell<Node>>>,
[INFO] [stdout]     |     ^^^^
[INFO] [stdout] 485 |     adjacency_list: Vec<Rc<RefCell<Node>>>,
[INFO] [stdout]     |     ^^^^^^^^^^^^^^
[INFO] [stdout]     |
[INFO] [stdout]     = note: `RBTree` has a derived impl for the trait `Debug`, but this is intentionally ignored during dead code analysis
[INFO] [stdout] 
[INFO] [stdout] 
[INFO] [stdout] warning: multiple associated items are never used
[INFO] [stdout]    --> src/memtable/src/rbtree.rs:489:12
[INFO] [stdout]     |
[INFO] [stdout] 488 | impl RBTree {
[INFO] [stdout]     | ----------- associated items in this implementation
[INFO] [stdout] 489 |     pub fn new() -> RBTree {
[INFO] [stdout]     |            ^^^
[INFO] [stdout] ...
[INFO] [stdout] 496 |     pub fn len(&self) -> usize {
[INFO] [stdout]     |            ^^^
[INFO] [stdout] ...
[INFO] [stdout] 500 |     pub fn is_empty(&self) -> bool {
[INFO] [stdout]     |            ^^^^^^^^
[INFO] [stdout] ...
[INFO] [stdout] 504 |     fn search_node(&self, key: &str) -> Option<Rc<RefCell<Node>>> {
[INFO] [stdout]     |        ^^^^^^^^^^^
[INFO] [stdout] ...
[INFO] [stdout] 519 |     pub fn search(&self, key: &str) -> Option<(String, Option<String>)> {
[INFO] [stdout]     |            ^^^^^^
[INFO] [stdout] ...
[INFO] [stdout] 524 |     pub fn delete(&mut self, key: &str) {
[INFO] [stdout]     |            ^^^^^^
[INFO] [stdout] ...
[INFO] [stdout] 528 |     pub fn insert(&mut self, key: &str, val: &str) {
[INFO] [stdout]     |            ^^^^^^
[INFO] [stdout] ...
[INFO] [stdout] 532 |     fn insert_generic(&mut self, key: &str, val: Option<&str>) {
[INFO] [stdout]     |        ^^^^^^^^^^^^^^
[INFO] [stdout] ...
[INFO] [stdout] 575 |     fn insert_fixup(&mut self, new_node: Rc<RefCell<Node>>) {
[INFO] [stdout]     |        ^^^^^^^^^^^^
[INFO] [stdout] ...
[INFO] [stdout] 665 |     fn left_rotate(&mut self, parent_node: Rc<RefCell<Node>>) {
[INFO] [stdout]     |        ^^^^^^^^^^^
[INFO] [stdout] ...
[INFO] [stdout] 696 |     fn right_rotate(&mut self, parent_node: Rc<RefCell<Node>>) {
[INFO] [stdout]     |        ^^^^^^^^^^^^
[INFO] [stdout] ...
[INFO] [stdout] 727 |     pub fn iter(&self) -> Succesor {
[INFO] [stdout]     |            ^^^^
[INFO] [stdout] 
[INFO] [stdout] 
[INFO] [stdout] warning: associated function `new` is never used
[INFO] [stdout]    --> src/memtable/src/rbtree.rs:737:8
[INFO] [stdout]     |
[INFO] [stdout] 736 | impl Succesor {
[INFO] [stdout]     | ------------- associated function in this implementation
[INFO] [stdout] 737 |     fn new(node: Option<&Rc<RefCell<Node>>>) -> Succesor {
[INFO] [stdout]     |        ^^^
[INFO] [stdout] 
[INFO] [stdout] 
[INFO] [stdout] warning: function `get_node` is never used
[INFO] [stdout]   --> src/memtable/src/skiplist.rs:22:4
[INFO] [stdout]    |
[INFO] [stdout] 22 | fn get_node<ValueType>(ptr: *mut Node<ValueType>) -> *mut Node<ValueType>
[INFO] [stdout]    |    ^^^^^^^^
[INFO] [stdout] 
[INFO] [stdout] 
[INFO] [stderr]    Compiling memtable v0.1.0 (/opt/rustwide/workdir/src/memtable)
[INFO] [stderr]    Compiling server v0.1.0 (/opt/rustwide/workdir/src/server)
[INFO] [stdout] warning: function `get_marker` is never used
[INFO] [stdout]   --> src/memtable/src/skiplist.rs:29:4
[INFO] [stdout]    |
[INFO] [stdout] 29 | fn get_marker<ValueType>(ptr: *mut Node<ValueType>) -> bool
[INFO] [stdout]    |    ^^^^^^^^^^
[INFO] [stdout] 
[INFO] [stdout] 
[INFO] [stdout] warning: function `add_marker` is never used
[INFO] [stdout]   --> src/memtable/src/skiplist.rs:36:4
[INFO] [stdout]    |
[INFO] [stdout] 36 | fn add_marker<ValueType>(ptr: *mut Node<ValueType>, marker: bool) -> *mut Node<ValueType>
[INFO] [stdout]    |    ^^^^^^^^^^
[INFO] [stdout] 
[INFO] [stdout] 
[INFO] [stdout] warning: struct `SkipList` is never constructed
[INFO] [stdout]   --> src/memtable/src/skiplist.rs:47:8
[INFO] [stdout]    |
[INFO] [stdout] 47 | struct SkipList<ValueType>
[INFO] [stdout]    |        ^^^^^^^^
[INFO] [stdout] 
[INFO] [stdout] 
[INFO] [stdout] warning: multiple associated items are never used
[INFO] [stdout]    --> src/memtable/src/skiplist.rs:61:11
[INFO] [stdout]     |
[INFO] [stdout] 57  | / impl<ValueType> SkipList<ValueType>
[INFO] [stdout] 58  | | where
[INFO] [stdout] 59  | |     ValueType: Clone,
[INFO] [stdout]     | |_____________________- associated items in this implementation
[INFO] [stdout] 60  |   {
[INFO] [stdout] 61  |       const MAX_LEVEL: u64 = Node::<ValueType>::TOP_LEVEL as u64;
[INFO] [stdout]     |             ^^^^^^^^^
[INFO] [stdout] 62  |       const MAX_HP: u64 = 5;
[INFO] [stdout]     |             ^^^^^^
[INFO] [stdout] 63  |
[INFO] [stdout] 64  |       pub fn new() -> SkipList<ValueType> {
[INFO] [stdout]     |              ^^^
[INFO] [stdout] ...
[INFO] [stdout] 87  |       pub fn add(
[INFO] [stdout]     |              ^^^
[INFO] [stdout] ...
[INFO] [stdout] 160 |       pub fn remove(
[INFO] [stdout]     |              ^^^^^^
[INFO] [stdout] ...
[INFO] [stdout] 241 |       fn find(
[INFO] [stdout]     |          ^^^^
[INFO] [stdout] ...
[INFO] [stdout] 332 |       fn enter(&self) -> *mut HazarPointerRecord<Node<ValueType>> {
[INFO] [stdout]     |          ^^^^^
[INFO] [stdout] ...
[INFO] [stdout] 340 |       fn exit(&self, hp_record: *mut HazarPointerRecord<Node<ValueType>>) {
[INFO] [stdout]     |          ^^^^
[INFO] [stdout] 
[INFO] [stdout] 
[INFO] [stdout] warning: struct `FindResult` is never constructed
[INFO] [stdout]  --> src/memtable/src/skiplist/find_result.rs:3:12
[INFO] [stdout]   |
[INFO] [stdout] 3 | pub struct FindResult<ValueType>
[INFO] [stdout]   |            ^^^^^^^^^^
[INFO] [stdout] 
[INFO] [stdout] 
[INFO] [stdout] warning: type alias `KeyType` is never used
[INFO] [stdout]  --> src/memtable/src/skiplist/node.rs:4:10
[INFO] [stdout]   |
[INFO] [stdout] 4 | pub type KeyType = i128;
[INFO] [stdout]   |          ^^^^^^^
[INFO] [stdout] 
[INFO] [stdout] 
[INFO] [stdout] warning: struct `Node` is never constructed
[INFO] [stdout]  --> src/memtable/src/skiplist/node.rs:8:19
[INFO] [stdout]   |
[INFO] [stdout] 8 | pub(crate) struct Node<ValueType>
[INFO] [stdout]   |                   ^^^^
[INFO] [stdout] 
[INFO] [stdout] 
[INFO] [stdout] warning: associated items `TOP_LEVEL`, `new_sentinel`, and `new` are never used
[INFO] [stdout]   --> src/memtable/src/skiplist/node.rs:22:15
[INFO] [stdout]    |
[INFO] [stdout] 18 | / impl<ValueType> Node<ValueType>
[INFO] [stdout] 19 | | where
[INFO] [stdout] 20 | |     ValueType: Clone,
[INFO] [stdout]    | |_____________________- associated items in this implementation
[INFO] [stdout] 21 |   {
[INFO] [stdout] 22 |       pub const TOP_LEVEL: usize = 31;
[INFO] [stdout]    |                 ^^^^^^^^^
[INFO] [stdout] 23 |       pub fn new_sentinel(key: KeyType) -> *mut Node<ValueType> {
[INFO] [stdout]    |              ^^^^^^^^^^^^
[INFO] [stdout] ...
[INFO] [stdout] 35 |       pub fn new(key: KeyType, value: ValueType, height: usize) -> *mut Node<ValueType> {
[INFO] [stdout]    |              ^^^
[INFO] [stdout] 
[INFO] [stdout] 
[INFO] [stdout] warning: function `generate_random_lvl` is never used
[INFO] [stdout]  --> src/memtable/src/util.rs:5:8
[INFO] [stdout]   |
[INFO] [stdout] 5 | pub fn generate_random_lvl(max_lvl: u64) -> u64 {
[INFO] [stdout]   |        ^^^^^^^^^^^^^^^^^^^
[INFO] [stdout] 
[INFO] [stdout] 
[INFO] [stdout] warning: struct `HazarPointerRecord` is never constructed
[INFO] [stdout]   --> src/memtable/src/memory_management/hazard_pointers.rs:11:12
[INFO] [stdout]    |
[INFO] [stdout] 11 | pub struct HazarPointerRecord<T> {
[INFO] [stdout]    |            ^^^^^^^^^^^^^^^^^^
[INFO] [stdout] 
[INFO] [stdout] 
[INFO] [stdout] warning: associated functions `allocate_hp_record`, `retire_hp_record`, `retire_node`, `help_scan`, and `scan` are never used
[INFO] [stdout]    --> src/memtable/src/memory_management/hazard_pointers.rs:22:12
[INFO] [stdout]     |
[INFO] [stdout] 21  | impl<T> HazarPointerRecord<T> {
[INFO] [stdout]     | ----------------------------- associated functions in this implementation
[INFO] [stdout] 22  |     pub fn allocate_hp_record(
[INFO] [stdout]     |            ^^^^^^^^^^^^^^^^^^
[INFO] [stdout] ...
[INFO] [stdout] 92  |     pub fn retire_hp_record(rec_node: *mut HazarPointerRecord<T>) {
[INFO] [stdout]     |            ^^^^^^^^^^^^^^^^
[INFO] [stdout] ...
[INFO] [stdout] 112 |     pub fn retire_node(
[INFO] [stdout]     |            ^^^^^^^^^^^
[INFO] [stdout] ...
[INFO] [stdout] 135 |     pub fn help_scan(
[INFO] [stdout]     |            ^^^^^^^^^
[INFO] [stdout] ...
[INFO] [stdout] 172 |     fn scan(head: *mut HazarPointerRecord<T>, self_ptr: *mut HazarPointerRecord<T>) {
[INFO] [stdout]     |        ^^^^
[INFO] [stdout] 
[INFO] [stdout] 
[INFO] [stdout] warning: unused import: `std::sync::Arc`
[INFO] [stdout]  --> src/memtable/src/skiplist/node.rs:1:5
[INFO] [stdout]   |
[INFO] [stdout] 1 | use std::sync::Arc;
[INFO] [stdout]   |     ^^^^^^^^^^^^^^
[INFO] [stdout]   |
[INFO] [stdout]   = note: `#[warn(unused_imports)]` on by default
[INFO] [stdout] 
[INFO] [stdout] 
[INFO] [stdout] warning: unused imports: `AtomicPtr`, `AtomicU32`, and `Ordering`
[INFO] [stdout]  --> src/memtable/src/skiplist/tests.rs:6:29
[INFO] [stdout]   |
[INFO] [stdout] 6 |     use std::sync::atomic::{AtomicPtr, AtomicU32, Ordering};
[INFO] [stdout]   |                             ^^^^^^^^^  ^^^^^^^^^  ^^^^^^^^
[INFO] [stdout] 
[INFO] [stdout] 
[INFO] [stdout] warning: unused label
[INFO] [stdout]    --> src/memtable/src/skiplist.rs:168:9
[INFO] [stdout]     |
[INFO] [stdout] 168 |         'retry: loop {
[INFO] [stdout]     |         ^^^^^^
[INFO] [stdout]     |
[INFO] [stdout]     = note: `#[warn(unused_labels)]` on by default
[INFO] [stdout] 
[INFO] [stdout] 
[INFO] [stdout] warning: unnecessary parentheses around `while` condition
[INFO] [stdout]    --> src/memtable/src/skiplist.rs:352:19
[INFO] [stdout]     |
[INFO] [stdout] 352 |             while (record != std::ptr::null_mut()) {
[INFO] [stdout]     |                   ^                              ^
[INFO] [stdout]     |
[INFO] [stdout]     = note: `#[warn(unused_parens)]` on by default
[INFO] [stdout] help: remove these parentheses
[INFO] [stdout]     |
[INFO] [stdout] 352 -             while (record != std::ptr::null_mut()) {
[INFO] [stdout] 352 +             while record != std::ptr::null_mut() {
[INFO] [stdout]     |
[INFO] [stdout] 
[INFO] [stdout] 
[INFO] [stdout] warning: unused variable: `i`
[INFO] [stdout]   --> src/memtable/src/skiplist/node.rs:25:19
[INFO] [stdout]    |
[INFO] [stdout] 25 |             .map(|i| AtomicPtr::new(std::ptr::null_mut()))
[INFO] [stdout]    |                   ^ help: if this is intentional, prefix it with an underscore: `_i`
[INFO] [stdout]    |
[INFO] [stdout]    = note: `#[warn(unused_variables)]` on by default
[INFO] [stdout] 
[INFO] [stdout] 
[INFO] [stdout] warning: unused variable: `i`
[INFO] [stdout]   --> src/memtable/src/skiplist/node.rs:37:19
[INFO] [stdout]    |
[INFO] [stdout] 37 |             .map(|i| AtomicPtr::new(std::ptr::null_mut()))
[INFO] [stdout]    |                   ^ help: if this is intentional, prefix it with an underscore: `_i`
[INFO] [stdout] 
[INFO] [stdout] 
[INFO] [stdout] warning: unused variable: `handle`
[INFO] [stdout]    --> src/memtable/src/skiplist/tests.rs:115:17
[INFO] [stdout]     |
[INFO] [stdout] 115 |             let handle = thread::Builder::new()
[INFO] [stdout]     |                 ^^^^^^ help: if this is intentional, prefix it with an underscore: `_handle`
[INFO] [stdout] 
[INFO] [stdout] 
[INFO] [stdout] warning: unused variable: `handle`
[INFO] [stdout]    --> src/memtable/src/skiplist/tests.rs:127:17
[INFO] [stdout]     |
[INFO] [stdout] 127 |             let handle = thread::Builder::new()
[INFO] [stdout]     |                 ^^^^^^ help: if this is intentional, prefix it with an underscore: `_handle`
[INFO] [stdout] 
[INFO] [stdout] 
[INFO] [stdout] warning: unused variable: `hp_record`
[INFO] [stdout]   --> src/memtable/src/skiplist.rs:91:9
[INFO] [stdout]    |
[INFO] [stdout] 91 |         hp_record: *mut HazarPointerRecord<Node<ValueType>>,
[INFO] [stdout]    |         ^^^^^^^^^ help: if this is intentional, prefix it with an underscore: `_hp_record`
[INFO] [stdout] 
[INFO] [stdout] 
[INFO] [stdout] warning: value assigned to `marked` is never read
[INFO] [stdout]    --> src/memtable/src/skiplist.rs:209:21
[INFO] [stdout]     |
[INFO] [stdout] 209 |                     marked = get_marker(composite);
[INFO] [stdout]     |                     ^^^^^^
[INFO] [stdout]     |
[INFO] [stdout]     = help: maybe it is overwritten before being read?
[INFO] [stdout]     = note: `#[warn(unused_assignments)]` on by default
[INFO] [stdout] 
[INFO] [stdout] 
[INFO] [stdout] warning: unused variable: `hp_record`
[INFO] [stdout]    --> src/memtable/src/skiplist.rs:163:9
[INFO] [stdout]     |
[INFO] [stdout] 163 |         hp_record: *mut HazarPointerRecord<Node<ValueType>>,
[INFO] [stdout]     |         ^^^^^^^^^ help: if this is intentional, prefix it with an underscore: `_hp_record`
[INFO] [stdout] 
[INFO] [stdout] 
[INFO] [stdout] warning: unused variable: `hazard_pointer_record`
[INFO] [stdout]    --> src/memtable/src/skiplist.rs:244:9
[INFO] [stdout]     |
[INFO] [stdout] 244 |         hazard_pointer_record: *mut HazarPointerRecord<Node<ValueType>>,
[INFO] [stdout]     |         ^^^^^^^^^^^^^^^^^^^^^ help: if this is intentional, prefix it with an underscore: `_hazard_pointer_record`
[INFO] [stdout] 
[INFO] [stdout] 
[INFO] [stdout] warning: unnecessary `unsafe` block
[INFO] [stdout]   --> src/memtable/src/memory_management/hazard_pointers.rs:48:13
[INFO] [stdout]    |
[INFO] [stdout] 48 |             unsafe {
[INFO] [stdout]    |             ^^^^^^ unnecessary `unsafe` block
[INFO] [stdout]    |
[INFO] [stdout]    = note: `#[warn(unused_unsafe)]` on by default
[INFO] [stdout] 
[INFO] [stdout] 
[INFO] [stdout] warning: unnecessary `unsafe` block
[INFO] [stdout]   --> src/memtable/src/memory_management/hazard_pointers.rs:89:9
[INFO] [stdout]    |
[INFO] [stdout] 89 |         unsafe { hprec }
[INFO] [stdout]    |         ^^^^^^ unnecessary `unsafe` block
[INFO] [stdout] 
[INFO] [stdout] 
[INFO] [stdout] warning: variable does not need to be mutable
[INFO] [stdout]   --> src/memtable/src/memory_management/hazard_pointers.rs:65:13
[INFO] [stdout]    |
[INFO] [stdout] 65 |         let mut hprec = Box::into_raw(Box::new(HazarPointerRecord {
[INFO] [stdout]    |             ----^^^^^
[INFO] [stdout]    |             |
[INFO] [stdout]    |             help: remove this `mut`
[INFO] [stdout]    |
[INFO] [stdout]    = note: `#[warn(unused_mut)]` on by default
[INFO] [stdout] 
[INFO] [stdout] 
[INFO] [stdout] warning: unnecessary `unsafe` block
[INFO] [stdout]    --> src/memtable/src/memory_management/hazard_pointers.rs:127:13
[INFO] [stdout]     |
[INFO] [stdout] 127 |             unsafe {
[INFO] [stdout]     |             ^^^^^^ unnecessary `unsafe` block
[INFO] [stdout] 
[INFO] [stdout] 
[INFO] [stdout] warning: unused variable: `hp_record`
[INFO] [stdout]   --> src/memtable/src/memory_management/tests.rs:41:13
[INFO] [stdout]    |
[INFO] [stdout] 41 |         let hp_record: *mut HazarPointerRecord<i32> =
[INFO] [stdout]    |             ^^^^^^^^^ help: if this is intentional, prefix it with an underscore: `_hp_record`
[INFO] [stdout] 
[INFO] [stdout] 
[INFO] [stdout] warning: unused variable: `i`
[INFO] [stdout]   --> src/memtable/src/memory_management/tests.rs:60:13
[INFO] [stdout]    |
[INFO] [stdout] 60 |         for i in 0..2 {
[INFO] [stdout]    |             ^ help: if this is intentional, prefix it with an underscore: `_i`
[INFO] [stdout] 
[INFO] [stdout] 
[INFO] [stdout] warning: unused variable: `i`
[INFO] [stdout]    --> src/memtable/src/memory_management/tests.rs:102:17
[INFO] [stdout]     |
[INFO] [stdout] 102 |             for i in 0..count {
[INFO] [stdout]     |                 ^ help: if this is intentional, prefix it with an underscore: `_i`
[INFO] [stdout] 
[INFO] [stdout] 
[INFO] [stdout] warning: unused variable: `handle`
[INFO] [stdout]    --> src/memtable/src/memory_management/tests.rs:103:21
[INFO] [stdout]     |
[INFO] [stdout] 103 |                 let handle = s.spawn({
[INFO] [stdout]     |                     ^^^^^^ help: if this is intentional, prefix it with an underscore: `_handle`
[INFO] [stdout] 
[INFO] [stdout] 
[INFO] [stdout] warning: unnecessary `unsafe` block
[INFO] [stdout]    --> src/memtable/src/memory_management/tests.rs:136:9
[INFO] [stdout]     |
[INFO] [stdout] 136 |         unsafe{
[INFO] [stdout]     |         ^^^^^^ unnecessary `unsafe` block
[INFO] [stdout] 
[INFO] [stdout] 
[INFO] [stdout] warning: unnecessary `unsafe` block
[INFO] [stdout]    --> src/memtable/src/memory_management/tests.rs:171:9
[INFO] [stdout]     |
[INFO] [stdout] 171 |         unsafe {
[INFO] [stdout]     |         ^^^^^^ unnecessary `unsafe` block
[INFO] [stdout] 
[INFO] [stdout] 
[INFO] [stdout] warning: unused variable: `i`
[INFO] [stdout]    --> src/memtable/src/memory_management/tests.rs:188:13
[INFO] [stdout]     |
[INFO] [stdout] 188 |         for i in 0..4 {
[INFO] [stdout]     |             ^ help: if this is intentional, prefix it with an underscore: `_i`
[INFO] [stdout] 
[INFO] [stdout] 
[INFO] [stdout] warning: trait `Memtable` is never used
[INFO] [stdout]  --> src/memtable/src/lib.rs:6:7
[INFO] [stdout]   |
[INFO] [stdout] 6 | trait Memtable {
[INFO] [stdout]   |       ^^^^^^^^
[INFO] [stdout]   |
[INFO] [stdout]   = note: `#[warn(dead_code)]` on by default
[INFO] [stdout] 
[INFO] [stdout] 
[INFO] [stdout] warning: method `is_empty` is never used
[INFO] [stdout]    --> src/memtable/src/rbtree.rs:500:12
[INFO] [stdout]     |
[INFO] [stdout] 488 | impl RBTree {
[INFO] [stdout]     | ----------- method in this implementation
[INFO] [stdout] ...
[INFO] [stdout] 500 |     pub fn is_empty(&self) -> bool {
[INFO] [stdout]     |            ^^^^^^^^
[INFO] [stdout] 
[INFO] [stdout] 
[INFO] [stdout] warning: field `value` is never read
[INFO] [stdout]   --> src/memtable/src/skiplist/node.rs:13:9
[INFO] [stdout]    |
[INFO] [stdout] 8  | pub(crate) struct Node<ValueType>
[INFO] [stdout]    |                   ---- field in this struct
[INFO] [stdout] ...
[INFO] [stdout] 13 |     pub value: Option<ValueType>,
[INFO] [stdout]    |         ^^^^^
[INFO] [stdout]    |
[INFO] [stdout]    = note: `Node` has a derived impl for the trait `Debug`, but this is intentionally ignored during dead code analysis
[INFO] [stdout] 
[INFO] [stdout] 
[INFO] [stdout] warning: fields `head` and `max_hp_count` are never read
[INFO] [stdout]   --> src/memtable/src/memory_management/hazard_pointers.rs:17:9
[INFO] [stdout]    |
[INFO] [stdout] 11 | pub struct HazarPointerRecord<T> {
[INFO] [stdout]    |            ------------------ fields in this struct
[INFO] [stdout] ...
[INFO] [stdout] 17 |     pub head: Arc<AtomicPtr<HazarPointerRecord<T>>>,
[INFO] [stdout]    |         ^^^^
[INFO] [stdout] 18 |     pub max_hp_count: Arc<AtomicU32>,
[INFO] [stdout]    |         ^^^^^^^^^^^^
[INFO] [stdout] 
[INFO] [stdout] 
[INFO] [stderr]    Compiling rand_core v0.5.1
[INFO] [stderr]    Compiling rand_chacha v0.2.2
[INFO] [stderr]    Compiling rand v0.7.3
[INFO] [stderr]    Compiling log v0.1.0 (/opt/rustwide/workdir/src/log)
[INFO] [stdout] warning: unused variable: `op_code`
[INFO] [stdout]    --> src/log/src/lib.rs:357:43
[INFO] [stdout]     |
[INFO] [stdout] 357 |                         Record::TypeValue(op_code, key_len, val_len, key, value)
[INFO] [stdout]     |                                           ^^^^^^^ help: if this is intentional, prefix it with an underscore: `_op_code`
[INFO] [stdout]     |
[INFO] [stdout]     = note: `#[warn(unused_variables)]` on by default
[INFO] [stdout] 
[INFO] [stdout] 
[INFO] [stdout] warning: unused variable: `key_len`
[INFO] [stdout]    --> src/log/src/lib.rs:357:52
[INFO] [stdout]     |
[INFO] [stdout] 357 |                         Record::TypeValue(op_code, key_len, val_len, key, value)
[INFO] [stdout]     |                                                    ^^^^^^^ help: if this is intentional, prefix it with an underscore: `_key_len`
[INFO] [stdout] 
[INFO] [stdout] 
[INFO] [stdout] warning: unused variable: `val_len`
[INFO] [stdout]    --> src/log/src/lib.rs:357:61
[INFO] [stdout]     |
[INFO] [stdout] 357 |                         Record::TypeValue(op_code, key_len, val_len, key, value)
[INFO] [stdout]     |                                                             ^^^^^^^ help: if this is intentional, prefix it with an underscore: `_val_len`
[INFO] [stdout] 
[INFO] [stdout] 
[INFO] [stdout] warning: unused variable: `key`
[INFO] [stdout]    --> src/log/src/lib.rs:357:70
[INFO] [stdout]     |
[INFO] [stdout] 357 |                         Record::TypeValue(op_code, key_len, val_len, key, value)
[INFO] [stdout]     |                                                                      ^^^ help: if this is intentional, prefix it with an underscore: `_key`
[INFO] [stdout] 
[INFO] [stdout] 
[INFO] [stdout] warning: unused variable: `value`
[INFO] [stdout]    --> src/log/src/lib.rs:357:75
[INFO] [stdout]     |
[INFO] [stdout] 357 |                         Record::TypeValue(op_code, key_len, val_len, key, value)
[INFO] [stdout]     |                                                                           ^^^^^ help: if this is intentional, prefix it with an underscore: `_value`
[INFO] [stdout] 
[INFO] [stdout] 
[INFO] [stdout] warning: unused variable: `op_code`
[INFO] [stdout]    --> src/log/src/lib.rs:371:62
[INFO] [stdout]     |
[INFO] [stdout] 371 |                     assert!(matches!(rec, Record::TypeDelete(op_code, key_len, key)));
[INFO] [stdout]     |                                                              ^^^^^^^ help: if this is intentional, prefix it with an underscore: `_op_code`
[INFO] [stdout] 
[INFO] [stdout] 
[INFO] [stdout] warning: unused variable: `key_len`
[INFO] [stdout]    --> src/log/src/lib.rs:371:71
[INFO] [stdout]     |
[INFO] [stdout] 371 |                     assert!(matches!(rec, Record::TypeDelete(op_code, key_len, key)));
[INFO] [stdout]     |                                                                       ^^^^^^^ help: if this is intentional, prefix it with an underscore: `_key_len`
[INFO] [stdout] 
[INFO] [stdout] 
[INFO] [stdout] warning: unused variable: `key`
[INFO] [stdout]    --> src/log/src/lib.rs:371:80
[INFO] [stdout]     |
[INFO] [stdout] 371 |                     assert!(matches!(rec, Record::TypeDelete(op_code, key_len, key)));
[INFO] [stdout]     |                                                                                ^^^ help: if this is intentional, prefix it with an underscore: `_key`
[INFO] [stdout] 
[INFO] [stdout] 
[INFO] [stderr]     Finished `test` profile [unoptimized + debuginfo] target(s) in 3.67s
[INFO] running `Command { std: "docker" "inspect" "48b00a72059f85ba584404bc6fab9e9388ab218ac6effe290728e90bd3364d52", kill_on_drop: false }`
[INFO] running `Command { std: "docker" "rm" "-f" "48b00a72059f85ba584404bc6fab9e9388ab218ac6effe290728e90bd3364d52", kill_on_drop: false }`
[INFO] [stdout] 48b00a72059f85ba584404bc6fab9e9388ab218ac6effe290728e90bd3364d52
[INFO] running `Command { std: "docker" "create" "-v" "/var/lib/crater-agent-workspace/builds/worker-4-tc1/target:/opt/rustwide/target:rw,Z" "-v" "/var/lib/crater-agent-workspace/builds/worker-4-tc1/source:/opt/rustwide/workdir:ro,Z" "-v" "/var/lib/crater-agent-workspace/cargo-home:/opt/rustwide/cargo-home:ro,Z" "-v" "/var/lib/crater-agent-workspace/rustup-home:/opt/rustwide/rustup-home:ro,Z" "-e" "SOURCE_DIR=/opt/rustwide/workdir" "-e" "CARGO_TARGET_DIR=/opt/rustwide/target" "-e" "CARGO_INCREMENTAL=0" "-e" "RUST_BACKTRACE=full" "-e" "RUSTFLAGS=--cap-lints=forbid" "-e" "RUSTDOCFLAGS=--cap-lints=forbid" "-e" "CARGO_HOME=/opt/rustwide/cargo-home" "-e" "RUSTUP_HOME=/opt/rustwide/rustup-home" "-w" "/opt/rustwide/workdir" "-m" "1610612736" "--user" "0:0" "--network" "none" "ghcr.io/rust-lang/crates-build-env/linux@sha256:819108c5571ea2e421544af4d832f968d213c87fbe3707a016657f43d2f853bc" "/opt/rustwide/cargo-home/bin/cargo" "+nightly-2025-01-18" "test" "--frozen", kill_on_drop: false }`
[INFO] [stdout] 376269ae493b577ccdec00b15a36849a11bd6b9a5730bb371e40c4f3e7ddfb85
[INFO] running `Command { std: "docker" "start" "-a" "376269ae493b577ccdec00b15a36849a11bd6b9a5730bb371e40c4f3e7ddfb85", kill_on_drop: false }`
[INFO] [stderr] warning: virtual workspace defaulting to `resolver = "1"` despite one or more workspace members being on edition 2021 which implies `resolver = "2"`
[INFO] [stderr] note: to keep the current resolver, specify `workspace.resolver = "1"` in the workspace root's manifest
[INFO] [stderr] note: to use the edition 2021 resolver, specify `workspace.resolver = "2"` in the workspace root's manifest
[INFO] [stderr] note: for more details see https://doc.rust-lang.org/cargo/reference/resolver.html#resolver-versions
[INFO] [stderr] warning: unused import: `std::sync::Arc`
[INFO] [stderr]  --> src/memtable/src/skiplist/node.rs:1:5
[INFO] [stderr]   |
[INFO] [stderr] 1 | use std::sync::Arc;
[INFO] [stderr]   |     ^^^^^^^^^^^^^^
[INFO] [stderr]   |
[INFO] [stderr]   = note: `#[warn(unused_imports)]` on by default
[INFO] [stderr] 
[INFO] [stderr] warning: unused label
[INFO] [stderr]    --> src/memtable/src/skiplist.rs:168:9
[INFO] [stderr]     |
[INFO] [stderr] 168 |         'retry: loop {
[INFO] [stderr]     |         ^^^^^^
[INFO] [stderr]     |
[INFO] [stderr]     = note: `#[warn(unused_labels)]` on by default
[INFO] [stderr] 
[INFO] [stderr] warning: unnecessary parentheses around `while` condition
[INFO] [stderr]    --> src/memtable/src/skiplist.rs:352:19
[INFO] [stderr]     |
[INFO] [stderr] 352 |             while (record != std::ptr::null_mut()) {
[INFO] [stderr]     |                   ^                              ^
[INFO] [stderr]     |
[INFO] [stderr]     = note: `#[warn(unused_parens)]` on by default
[INFO] [stderr] help: remove these parentheses
[INFO] [stderr]     |
[INFO] [stderr] 352 -             while (record != std::ptr::null_mut()) {
[INFO] [stderr] 352 +             while record != std::ptr::null_mut() {
[INFO] [stderr]     |
[INFO] [stderr] 
[INFO] [stderr] warning: unused variable: `i`
[INFO] [stderr]   --> src/memtable/src/skiplist/node.rs:25:19
[INFO] [stderr]    |
[INFO] [stderr] 25 |             .map(|i| AtomicPtr::new(std::ptr::null_mut()))
[INFO] [stderr]    |                   ^ help: if this is intentional, prefix it with an underscore: `_i`
[INFO] [stderr]    |
[INFO] [stderr]    = note: `#[warn(unused_variables)]` on by default
[INFO] [stderr] 
[INFO] [stderr] warning: unused variable: `i`
[INFO] [stderr]   --> src/memtable/src/skiplist/node.rs:37:19
[INFO] [stderr]    |
[INFO] [stderr] 37 |             .map(|i| AtomicPtr::new(std::ptr::null_mut()))
[INFO] [stderr]    |                   ^ help: if this is intentional, prefix it with an underscore: `_i`
[INFO] [stderr] 
[INFO] [stderr] warning: unused variable: `hp_record`
[INFO] [stderr]   --> src/memtable/src/skiplist.rs:91:9
[INFO] [stderr]    |
[INFO] [stderr] 91 |         hp_record: *mut HazarPointerRecord<Node<ValueType>>,
[INFO] [stderr]    |         ^^^^^^^^^ help: if this is intentional, prefix it with an underscore: `_hp_record`
[INFO] [stderr] 
[INFO] [stderr] warning: value assigned to `marked` is never read
[INFO] [stderr]    --> src/memtable/src/skiplist.rs:209:21
[INFO] [stderr]     |
[INFO] [stderr] 209 |                     marked = get_marker(composite);
[INFO] [stderr]     |                     ^^^^^^
[INFO] [stderr]     |
[INFO] [stderr]     = help: maybe it is overwritten before being read?
[INFO] [stderr]     = note: `#[warn(unused_assignments)]` on by default
[INFO] [stderr] 
[INFO] [stderr] warning: unused variable: `hp_record`
[INFO] [stderr]    --> src/memtable/src/skiplist.rs:163:9
[INFO] [stderr]     |
[INFO] [stderr] 163 |         hp_record: *mut HazarPointerRecord<Node<ValueType>>,
[INFO] [stderr]     |         ^^^^^^^^^ help: if this is intentional, prefix it with an underscore: `_hp_record`
[INFO] [stderr] 
[INFO] [stderr] warning: unused variable: `hazard_pointer_record`
[INFO] [stderr]    --> src/memtable/src/skiplist.rs:244:9
[INFO] [stderr]     |
[INFO] [stderr] 244 |         hazard_pointer_record: *mut HazarPointerRecord<Node<ValueType>>,
[INFO] [stderr]     |         ^^^^^^^^^^^^^^^^^^^^^ help: if this is intentional, prefix it with an underscore: `_hazard_pointer_record`
[INFO] [stderr] 
[INFO] [stderr] warning: unnecessary `unsafe` block
[INFO] [stderr]   --> src/memtable/src/memory_management/hazard_pointers.rs:48:13
[INFO] [stderr]    |
[INFO] [stderr] 48 |             unsafe {
[INFO] [stderr]    |             ^^^^^^ unnecessary `unsafe` block
[INFO] [stderr]    |
[INFO] [stderr]    = note: `#[warn(unused_unsafe)]` on by default
[INFO] [stderr] 
[INFO] [stderr] warning: unnecessary `unsafe` block
[INFO] [stderr]   --> src/memtable/src/memory_management/hazard_pointers.rs:89:9
[INFO] [stderr]    |
[INFO] [stderr] 89 |         unsafe { hprec }
[INFO] [stderr]    |         ^^^^^^ unnecessary `unsafe` block
[INFO] [stderr] 
[INFO] [stderr] warning: variable does not need to be mutable
[INFO] [stderr]   --> src/memtable/src/memory_management/hazard_pointers.rs:65:13
[INFO] [stderr]    |
[INFO] [stderr] 65 |         let mut hprec = Box::into_raw(Box::new(HazarPointerRecord {
[INFO] [stderr]    |             ----^^^^^
[INFO] [stderr]    |             |
[INFO] [stderr]    |             help: remove this `mut`
[INFO] [stderr]    |
[INFO] [stderr]    = note: `#[warn(unused_mut)]` on by default
[INFO] [stderr] 
[INFO] [stderr] warning: unnecessary `unsafe` block
[INFO] [stderr]    --> src/memtable/src/memory_management/hazard_pointers.rs:127:13
[INFO] [stderr]     |
[INFO] [stderr] 127 |             unsafe {
[INFO] [stderr]     |             ^^^^^^ unnecessary `unsafe` block
[INFO] [stderr] 
[INFO] [stderr] warning: trait `Memtable` is never used
[INFO] [stderr]  --> src/memtable/src/lib.rs:6:7
[INFO] [stderr]   |
[INFO] [stderr] 6 | trait Memtable {
[INFO] [stderr]   |       ^^^^^^^^
[INFO] [stderr]   |
[INFO] [stderr]   = note: `#[warn(dead_code)]` on by default
[INFO] [stderr] 
[INFO] [stderr] warning: variants `Red` and `Black` are never constructed
[INFO] [stderr]    --> src/memtable/src/rbtree.rs:413:5
[INFO] [stderr]     |
[INFO] [stderr] 412 | pub enum Color {
[INFO] [stderr]     |          ----- variants in this enum
[INFO] [stderr] 413 |     Red,
[INFO] [stderr]     |     ^^^
[INFO] [stderr] 414 |     Black,
[INFO] [stderr]     |     ^^^^^
[INFO] [stderr]     |
[INFO] [stderr]     = note: `Color` has derived impls for the traits `Clone` and `Debug`, but these are intentionally ignored during dead code analysis
[INFO] [stderr] 
[INFO] [stderr] warning: field `color` is never read
[INFO] [stderr]    --> src/memtable/src/rbtree.rs:421:5
[INFO] [stderr]     |
[INFO] [stderr] 418 | pub struct Node {
[INFO] [stderr]     |            ---- field in this struct
[INFO] [stderr] ...
[INFO] [stderr] 421 |     color: Color,
[INFO] [stderr]     |     ^^^^^
[INFO] [stderr]     |
[INFO] [stderr]     = note: `Node` has a derived impl for the trait `Debug`, but this is intentionally ignored during dead code analysis
[INFO] [stderr] 
[INFO] [stderr] warning: associated items `new`, `get_color`, and `update_color` are never used
[INFO] [stderr]    --> src/memtable/src/rbtree.rs:428:12
[INFO] [stderr]     |
[INFO] [stderr] 427 | impl Node {
[INFO] [stderr]     | --------- associated items in this implementation
[INFO] [stderr] 428 |     pub fn new(
[INFO] [stderr]     |            ^^^
[INFO] [stderr] ...
[INFO] [stderr] 457 |     pub fn get_color(&self) -> Color {
[INFO] [stderr]     |            ^^^^^^^^^
[INFO] [stderr] ...
[INFO] [stderr] 461 |     pub fn update_color(&mut self, new_color: Color) {
[INFO] [stderr]     |            ^^^^^^^^^^^^
[INFO] [stderr] 
[INFO] [stderr] warning: fields `root` and `adjacency_list` are never read
[INFO] [stderr]    --> src/memtable/src/rbtree.rs:484:5
[INFO] [stderr]     |
[INFO] [stderr] 483 | pub struct RBTree {
[INFO] [stderr]     |            ------ fields in this struct
[INFO] [stderr] 484 |     root: Option<Rc<RefCell<Node>>>,
[INFO] [stderr]     |     ^^^^
[INFO] [stderr] 485 |     adjacency_list: Vec<Rc<RefCell<Node>>>,
[INFO] [stderr]     |     ^^^^^^^^^^^^^^
[INFO] [stderr]     |
[INFO] [stderr]     = note: `RBTree` has a derived impl for the trait `Debug`, but this is intentionally ignored during dead code analysis
[INFO] [stderr] 
[INFO] [stderr] warning: multiple associated items are never used
[INFO] [stderr]    --> src/memtable/src/rbtree.rs:489:12
[INFO] [stderr]     |
[INFO] [stderr] 488 | impl RBTree {
[INFO] [stderr]     | ----------- associated items in this implementation
[INFO] [stderr] 489 |     pub fn new() -> RBTree {
[INFO] [stderr]     |            ^^^
[INFO] [stderr] ...
[INFO] [stderr] 496 |     pub fn len(&self) -> usize {
[INFO] [stderr]     |            ^^^
[INFO] [stderr] ...
[INFO] [stderr] 500 |     pub fn is_empty(&self) -> bool {
[INFO] [stderr]     |            ^^^^^^^^
[INFO] [stderr] ...
[INFO] [stderr] 504 |     fn search_node(&self, key: &str) -> Option<Rc<RefCell<Node>>> {
[INFO] [stderr]     |        ^^^^^^^^^^^
[INFO] [stderr] ...
[INFO] [stderr] 519 |     pub fn search(&self, key: &str) -> Option<(String, Option<String>)> {
[INFO] [stderr]     |            ^^^^^^
[INFO] [stderr] ...
[INFO] [stderr] 524 |     pub fn delete(&mut self, key: &str) {
[INFO] [stderr]     |            ^^^^^^
[INFO] [stderr] ...
[INFO] [stderr] 528 |     pub fn insert(&mut self, key: &str, val: &str) {
[INFO] [stderr]     |            ^^^^^^
[INFO] [stderr] ...
[INFO] [stderr] 532 |     fn insert_generic(&mut self, key: &str, val: Option<&str>) {
[INFO] [stderr]     |        ^^^^^^^^^^^^^^
[INFO] [stderr] ...
[INFO] [stderr] 575 |     fn insert_fixup(&mut self, new_node: Rc<RefCell<Node>>) {
[INFO] [stderr]     |        ^^^^^^^^^^^^
[INFO] [stderr] ...
[INFO] [stderr] 665 |     fn left_rotate(&mut self, parent_node: Rc<RefCell<Node>>) {
[INFO] [stderr]     |        ^^^^^^^^^^^
[INFO] [stderr] ...
[INFO] [stderr] 696 |     fn right_rotate(&mut self, parent_node: Rc<RefCell<Node>>) {
[INFO] [stderr]     |        ^^^^^^^^^^^^
[INFO] [stderr] ...
[INFO] [stderr] 727 |     pub fn iter(&self) -> Succesor {
[INFO] [stderr]     |            ^^^^
[INFO] [stderr] 
[INFO] [stderr] warning: associated function `new` is never used
[INFO] [stderr]    --> src/memtable/src/rbtree.rs:737:8
[INFO] [stderr]     |
[INFO] [stderr] 736 | impl Succesor {
[INFO] [stderr]     | ------------- associated function in this implementation
[INFO] [stderr] 737 |     fn new(node: Option<&Rc<RefCell<Node>>>) -> Succesor {
[INFO] [stderr]     |        ^^^
[INFO] [stderr] 
[INFO] [stderr] warning: function `get_node` is never used
[INFO] [stderr]   --> src/memtable/src/skiplist.rs:22:4
[INFO] [stderr]    |
[INFO] [stderr] 22 | fn get_node<ValueType>(ptr: *mut Node<ValueType>) -> *mut Node<ValueType>
[INFO] [stderr]    |    ^^^^^^^^
[INFO] [stderr] 
[INFO] [stderr] warning: function `get_marker` is never used
[INFO] [stderr]   --> src/memtable/src/skiplist.rs:29:4
[INFO] [stderr]    |
[INFO] [stderr] 29 | fn get_marker<ValueType>(ptr: *mut Node<ValueType>) -> bool
[INFO] [stderr]    |    ^^^^^^^^^^
[INFO] [stderr] 
[INFO] [stderr] warning: function `add_marker` is never used
[INFO] [stderr]   --> src/memtable/src/skiplist.rs:36:4
[INFO] [stderr]    |
[INFO] [stderr] 36 | fn add_marker<ValueType>(ptr: *mut Node<ValueType>, marker: bool) -> *mut Node<ValueType>
[INFO] [stderr]    |    ^^^^^^^^^^
[INFO] [stderr] 
[INFO] [stderr] warning: struct `SkipList` is never constructed
[INFO] [stderr]   --> src/memtable/src/skiplist.rs:47:8
[INFO] [stderr]    |
[INFO] [stderr] 47 | struct SkipList<ValueType>
[INFO] [stderr]    |        ^^^^^^^^
[INFO] [stderr] 
[INFO] [stderr] warning: multiple associated items are never used
[INFO] [stderr]    --> src/memtable/src/skiplist.rs:61:11
[INFO] [stderr]     |
[INFO] [stderr] 57  | / impl<ValueType> SkipList<ValueType>
[INFO] [stderr] 58  | | where
[INFO] [stderr] 59  | |     ValueType: Clone,
[INFO] [stderr]     | |_____________________- associated items in this implementation
[INFO] [stderr] 60  |   {
[INFO] [stderr] 61  |       const MAX_LEVEL: u64 = Node::<ValueType>::TOP_LEVEL as u64;
[INFO] [stderr]     |             ^^^^^^^^^
[INFO] [stderr] 62  |       const MAX_HP: u64 = 5;
[INFO] [stderr]     |             ^^^^^^
[INFO] [stderr] 63  |
[INFO] [stderr] 64  |       pub fn new() -> SkipList<ValueType> {
[INFO] [stderr]     |              ^^^
[INFO] [stderr] ...
[INFO] [stderr] 87  |       pub fn add(
[INFO] [stderr]     |              ^^^
[INFO] [stderr] ...
[INFO] [stderr] 160 |       pub fn remove(
[INFO] [stderr]     |              ^^^^^^
[INFO] [stderr] ...
[INFO] [stderr] 241 |       fn find(
[INFO] [stderr]     |          ^^^^
[INFO] [stderr] ...
[INFO] [stderr] 332 |       fn enter(&self) -> *mut HazarPointerRecord<Node<ValueType>> {
[INFO] [stderr]     |          ^^^^^
[INFO] [stderr] ...
[INFO] [stderr] 340 |       fn exit(&self, hp_record: *mut HazarPointerRecord<Node<ValueType>>) {
[INFO] [stderr]     |          ^^^^
[INFO] [stderr] 
[INFO] [stderr] warning: struct `FindResult` is never constructed
[INFO] [stderr]  --> src/memtable/src/skiplist/find_result.rs:3:12
[INFO] [stderr]   |
[INFO] [stderr] 3 | pub struct FindResult<ValueType>
[INFO] [stderr]   |            ^^^^^^^^^^
[INFO] [stderr] 
[INFO] [stderr] warning: type alias `KeyType` is never used
[INFO] [stderr]  --> src/memtable/src/skiplist/node.rs:4:10
[INFO] [stderr]   |
[INFO] [stderr] 4 | pub type KeyType = i128;
[INFO] [stderr]   |          ^^^^^^^
[INFO] [stderr] 
[INFO] [stderr] warning: struct `Node` is never constructed
[INFO] [stderr]  --> src/memtable/src/skiplist/node.rs:8:19
[INFO] [stderr]   |
[INFO] [stderr] 8 | pub(crate) struct Node<ValueType>
[INFO] [stderr]   |                   ^^^^
[INFO] [stderr] 
[INFO] [stderr] warning: associated items `TOP_LEVEL`, `new_sentinel`, and `new` are never used
[INFO] [stderr]   --> src/memtable/src/skiplist/node.rs:22:15
[INFO] [stderr]    |
[INFO] [stderr] 18 | / impl<ValueType> Node<ValueType>
[INFO] [stderr] 19 | | where
[INFO] [stderr] 20 | |     ValueType: Clone,
[INFO] [stderr]    | |_____________________- associated items in this implementation
[INFO] [stderr] 21 |   {
[INFO] [stderr] 22 |       pub const TOP_LEVEL: usize = 31;
[INFO] [stderr]    |                 ^^^^^^^^^
[INFO] [stderr] 23 |       pub fn new_sentinel(key: KeyType) -> *mut Node<ValueType> {
[INFO] [stderr]    |              ^^^^^^^^^^^^
[INFO] [stderr] ...
[INFO] [stderr] 35 |       pub fn new(key: KeyType, value: ValueType, height: usize) -> *mut Node<ValueType> {
[INFO] [stderr]    |              ^^^
[INFO] [stderr] 
[INFO] [stderr] warning: function `generate_random_lvl` is never used
[INFO] [stderr]  --> src/memtable/src/util.rs:5:8
[INFO] [stderr]   |
[INFO] [stderr] 5 | pub fn generate_random_lvl(max_lvl: u64) -> u64 {
[INFO] [stderr]   |        ^^^^^^^^^^^^^^^^^^^
[INFO] [stderr] 
[INFO] [stderr] warning: struct `HazarPointerRecord` is never constructed
[INFO] [stderr]   --> src/memtable/src/memory_management/hazard_pointers.rs:11:12
[INFO] [stderr]    |
[INFO] [stderr] 11 | pub struct HazarPointerRecord<T> {
[INFO] [stderr]    |            ^^^^^^^^^^^^^^^^^^
[INFO] [stderr] 
[INFO] [stderr] warning: associated functions `allocate_hp_record`, `retire_hp_record`, `retire_node`, `help_scan`, and `scan` are never used
[INFO] [stderr]    --> src/memtable/src/memory_management/hazard_pointers.rs:22:12
[INFO] [stderr]     |
[INFO] [stderr] 21  | impl<T> HazarPointerRecord<T> {
[INFO] [stderr]     | ----------------------------- associated functions in this implementation
[INFO] [stderr] 22  |     pub fn allocate_hp_record(
[INFO] [stderr]     |            ^^^^^^^^^^^^^^^^^^
[INFO] [stderr] ...
[INFO] [stderr] 92  |     pub fn retire_hp_record(rec_node: *mut HazarPointerRecord<T>) {
[INFO] [stderr]     |            ^^^^^^^^^^^^^^^^
[INFO] [stderr] ...
[INFO] [stderr] 112 |     pub fn retire_node(
[INFO] [stderr]     |            ^^^^^^^^^^^
[INFO] [stderr] ...
[INFO] [stderr] 135 |     pub fn help_scan(
[INFO] [stderr]     |            ^^^^^^^^^
[INFO] [stderr] ...
[INFO] [stderr] 172 |     fn scan(head: *mut HazarPointerRecord<T>, self_ptr: *mut HazarPointerRecord<T>) {
[INFO] [stderr]     |        ^^^^
[INFO] [stderr] 
[INFO] [stderr] warning: unused variable: `op_code`
[INFO] [stderr]    --> src/log/src/lib.rs:357:43
[INFO] [stderr]     |
[INFO] [stderr] 357 |                         Record::TypeValue(op_code, key_len, val_len, key, value)
[INFO] [stderr]     |                                           ^^^^^^^ help: if this is intentional, prefix it with an underscore: `_op_code`
[INFO] [stderr]     |
[INFO] [stderr]     = note: `#[warn(unused_variables)]` on by default
[INFO] [stderr] 
[INFO] [stderr] warning: unused variable: `key_len`
[INFO] [stderr]    --> src/log/src/lib.rs:357:52
[INFO] [stderr]     |
[INFO] [stderr] 357 |                         Record::TypeValue(op_code, key_len, val_len, key, value)
[INFO] [stderr]     |                                                    ^^^^^^^ help: if this is intentional, prefix it with an underscore: `_key_len`
[INFO] [stderr] 
[INFO] [stderr] warning: unused variable: `val_len`
[INFO] [stderr]    --> src/log/src/lib.rs:357:61
[INFO] [stderr]     |
[INFO] [stderr] 357 |                         Record::TypeValue(op_code, key_len, val_len, key, value)
[INFO] [stderr]     |                                                             ^^^^^^^ help: if this is intentional, prefix it with an underscore: `_val_len`
[INFO] [stderr] 
[INFO] [stderr] warning: unused variable: `key`
[INFO] [stderr]    --> src/log/src/lib.rs:357:70
[INFO] [stderr]     |
[INFO] [stderr] 357 |                         Record::TypeValue(op_code, key_len, val_len, key, value)
[INFO] [stderr]     |                                                                      ^^^ help: if this is intentional, prefix it with an underscore: `_key`
[INFO] [stderr] 
[INFO] [stderr] warning: unused variable: `value`
[INFO] [stderr]    --> src/log/src/lib.rs:357:75
[INFO] [stderr]     |
[INFO] [stderr] 357 |                         Record::TypeValue(op_code, key_len, val_len, key, value)
[INFO] [stderr]     |                                                                           ^^^^^ help: if this is intentional, prefix it with an underscore: `_value`
[INFO] [stderr] 
[INFO] [stderr] warning: unused variable: `op_code`
[INFO] [stderr]    --> src/log/src/lib.rs:371:62
[INFO] [stderr]     |
[INFO] [stderr] 371 |                     assert!(matches!(rec, Record::TypeDelete(op_code, key_len, key)));
[INFO] [stderr]     |                                                              ^^^^^^^ help: if this is intentional, prefix it with an underscore: `_op_code`
[INFO] [stderr] 
[INFO] [stderr] warning: unused variable: `key_len`
[INFO] [stderr]    --> src/log/src/lib.rs:371:71
[INFO] [stderr]     |
[INFO] [stderr] 371 |                     assert!(matches!(rec, Record::TypeDelete(op_code, key_len, key)));
[INFO] [stderr]     |                                                                       ^^^^^^^ help: if this is intentional, prefix it with an underscore: `_key_len`
[INFO] [stderr] 
[INFO] [stderr] warning: unused variable: `key`
[INFO] [stderr]    --> src/log/src/lib.rs:371:80
[INFO] [stderr]     |
[INFO] [stderr] 371 |                     assert!(matches!(rec, Record::TypeDelete(op_code, key_len, key)));
[INFO] [stderr]     |                                                                                ^^^ help: if this is intentional, prefix it with an underscore: `_key`
[INFO] [stderr] 
[INFO] [stderr] warning: unused imports: `AtomicPtr`, `AtomicU32`, and `Ordering`
[INFO] [stderr]  --> src/memtable/src/skiplist/tests.rs:6:29
[INFO] [stderr]   |
[INFO] [stderr] 6 |     use std::sync::atomic::{AtomicPtr, AtomicU32, Ordering};
[INFO] [stderr]   |                             ^^^^^^^^^  ^^^^^^^^^  ^^^^^^^^
[INFO] [stderr] 
[INFO] [stderr] warning: unused variable: `handle`
[INFO] [stderr]    --> src/memtable/src/skiplist/tests.rs:115:17
[INFO] [stderr]     |
[INFO] [stderr] 115 |             let handle = thread::Builder::new()
[INFO] [stderr]     |                 ^^^^^^ help: if this is intentional, prefix it with an underscore: `_handle`
[INFO] [stderr] 
[INFO] [stderr] warning: unused variable: `handle`
[INFO] [stderr]    --> src/memtable/src/skiplist/tests.rs:127:17
[INFO] [stderr]     |
[INFO] [stderr] 127 |             let handle = thread::Builder::new()
[INFO] [stderr]     |                 ^^^^^^ help: if this is intentional, prefix it with an underscore: `_handle`
[INFO] [stderr] 
[INFO] [stderr] warning: unused variable: `hp_record`
[INFO] [stderr]   --> src/memtable/src/memory_management/tests.rs:41:13
[INFO] [stderr]    |
[INFO] [stderr] 41 |         let hp_record: *mut HazarPointerRecord<i32> =
[INFO] [stderr]    |             ^^^^^^^^^ help: if this is intentional, prefix it with an underscore: `_hp_record`
[INFO] [stderr] 
[INFO] [stderr] warning: unused variable: `i`
[INFO] [stderr]   --> src/memtable/src/memory_management/tests.rs:60:13
[INFO] [stderr]    |
[INFO] [stderr] 60 |         for i in 0..2 {
[INFO] [stderr]    |             ^ help: if this is intentional, prefix it with an underscore: `_i`
[INFO] [stderr] 
[INFO] [stderr] warning: unused variable: `i`
[INFO] [stderr]    --> src/memtable/src/memory_management/tests.rs:102:17
[INFO] [stdout] 
[INFO] [stderr]     |
[INFO] [stdout] running 1 test
[INFO] [stderr] 102 |             for i in 0..count {
[INFO] [stderr]     |                 ^ help: if this is intentional, prefix it with an underscore: `_i`
[INFO] [stderr] 
[INFO] [stderr] warning: unused variable: `handle`
[INFO] [stderr]    --> src/memtable/src/memory_management/tests.rs:103:21
[INFO] [stderr]     |
[INFO] [stderr] 103 |                 let handle = s.spawn({
[INFO] [stderr]     |                     ^^^^^^ help: if this is intentional, prefix it with an underscore: `_handle`
[INFO] [stderr] 
[INFO] [stderr] warning: unnecessary `unsafe` block
[INFO] [stderr]    --> src/memtable/src/memory_management/tests.rs:136:9
[INFO] [stderr]     |
[INFO] [stderr] 136 |         unsafe{
[INFO] [stderr]     |         ^^^^^^ unnecessary `unsafe` block
[INFO] [stderr] 
[INFO] [stderr] warning: unnecessary `unsafe` block
[INFO] [stderr]    --> src/memtable/src/memory_management/tests.rs:171:9
[INFO] [stderr]     |
[INFO] [stderr] 171 |         unsafe {
[INFO] [stderr]     |         ^^^^^^ unnecessary `unsafe` block
[INFO] [stderr] 
[INFO] [stderr] warning: unused variable: `i`
[INFO] [stderr]    --> src/memtable/src/memory_management/tests.rs:188:13
[INFO] [stderr]     |
[INFO] [stderr] 188 |         for i in 0..4 {
[INFO] [stderr]     |             ^ help: if this is intentional, prefix it with an underscore: `_i`
[INFO] [stderr] 
[INFO] [stderr] warning: method `is_empty` is never used
[INFO] [stderr]    --> src/memtable/src/rbtree.rs:500:12
[INFO] [stderr]     |
[INFO] [stderr] 488 | impl RBTree {
[INFO] [stderr]     | ----------- method in this implementation
[INFO] [stderr] ...
[INFO] [stderr] 500 |     pub fn is_empty(&self) -> bool {
[INFO] [stderr]     |            ^^^^^^^^
[INFO] [stderr] 
[INFO] [stderr] warning: field `value` is never read
[INFO] [stderr]   --> src/memtable/src/skiplist/node.rs:13:9
[INFO] [stderr]    |
[INFO] [stderr] 8  | pub(crate) struct Node<ValueType>
[INFO] [stderr]    |                   ---- field in this struct
[INFO] [stderr] ...
[INFO] [stderr] 13 |     pub value: Option<ValueType>,
[INFO] [stderr]    |         ^^^^^
[INFO] [stderr]    |
[INFO] [stderr]    = note: `Node` has a derived impl for the trait `Debug`, but this is intentionally ignored during dead code analysis
[INFO] [stderr] 
[INFO] [stderr] warning: fields `head` and `max_hp_count` are never read
[INFO] [stderr]   --> src/memtable/src/memory_management/hazard_pointers.rs:17:9
[INFO] [stderr]    |
[INFO] [stderr] 11 | pub struct HazarPointerRecord<T> {
[INFO] [stderr]    |            ------------------ fields in this struct
[INFO] [stderr] ...
[INFO] [stderr] 17 |     pub head: Arc<AtomicPtr<HazarPointerRecord<T>>>,
[INFO] [stderr]    |         ^^^^
[INFO] [stderr] 18 |     pub max_hp_count: Arc<AtomicU32>,
[INFO] [stderr]    |         ^^^^^^^^^^^^
[INFO] [stderr] 
[INFO] [stderr] warning: `memtable` (lib) generated 32 warnings (run `cargo fix --lib -p memtable` to apply 3 suggestions)
[INFO] [stderr] warning: `log` (lib test) generated 8 warnings
[INFO] [stderr] warning: `memtable` (lib test) generated 27 warnings (14 duplicates) (run `cargo fix --lib -p memtable --tests` to apply 1 suggestion)
[INFO] [stderr]     Finished `test` profile [unoptimized + debuginfo] target(s) in 0.04s
[INFO] [stderr]      Running unittests src/lib.rs (/opt/rustwide/target/debug/deps/file-dc416e4918eb3fc1)
[INFO] [stdout] test tests::it_works ... ok
[INFO] [stdout] 
[INFO] [stdout] test result: ok. 1 passed; 0 failed; 0 ignored; 0 measured; 0 filtered out; finished in 0.01s
[INFO] [stdout] 
[INFO] [stderr]      Running unittests src/lib.rs (/opt/rustwide/target/debug/deps/log-2d69ad70d97a7b44)
[INFO] [stdout] 
[INFO] [stdout] running 8 tests
[INFO] [stdout] test tests::test_delete_val_to_file ... FAILED
[INFO] [stdout] test tests::test_delete_size_to_file ... FAILED
[INFO] [stdout] test tests::test_file_creation ... FAILED
[INFO] [stdout] test tests::test_iter_read_file ... FAILED
[INFO] [stdout] test tests::test_write_size_to_file ... FAILED
[INFO] [stdout] test tests::test_sequence_delete_val_to_file ... FAILED
[INFO] [stdout] test tests::test_write_val_to_file ... FAILED
[INFO] [stdout] test tests::test_sequence_write_val_to_file ... FAILED
[INFO] [stdout] 
[INFO] [stdout] failures:
[INFO] [stdout] 
[INFO] [stdout] ---- tests::test_delete_val_to_file stdout ----
[INFO] [stdout] 
[INFO] [stdout] thread 'tests::test_delete_val_to_file' panicked at src/log/src/lib.rs:30:40:
[INFO] [stdout] called `Result::unwrap()` on an `Err` value: Os { code: 30, kind: ReadOnlyFilesystem, message: "Read-only file system" }
[INFO] [stdout] stack backtrace:
[INFO] [stdout]    0:     0x60bdd6d887da - std::backtrace_rs::backtrace::libunwind::trace::hb059275cfc8d6126
[INFO] [stdout]                                at /rustc/6067b36314ab5eb2eb47cecc464545ba58e1ad24/library/std/src/../../backtrace/src/backtrace/libunwind.rs:116:5
[INFO] [stdout]    1:     0x60bdd6d887da - std::backtrace_rs::backtrace::trace_unsynchronized::h2da071e4327ce3ee
[INFO] [stdout]                                at /rustc/6067b36314ab5eb2eb47cecc464545ba58e1ad24/library/std/src/../../backtrace/src/backtrace/mod.rs:66:5
[INFO] [stdout]    2:     0x60bdd6d887da - std::sys::backtrace::_print_fmt::h842a1474e6f8d23f
[INFO] [stdout]                                at /rustc/6067b36314ab5eb2eb47cecc464545ba58e1ad24/library/std/src/sys/backtrace.rs:66:9
[INFO] [stdout]    3:     0x60bdd6d887da - <std::sys::backtrace::BacktraceLock::print::DisplayBacktrace as core::fmt::Display>::fmt::h71a62eb3b9696b12
[INFO] [stdout]                                at /rustc/6067b36314ab5eb2eb47cecc464545ba58e1ad24/library/std/src/sys/backtrace.rs:39:26
[INFO] [stdout]    4:     0x60bdd6db03d3 - core::fmt::rt::Argument::fmt::hdb6b616786b41dc1
[INFO] [stdout]                                at /rustc/6067b36314ab5eb2eb47cecc464545ba58e1ad24/library/core/src/fmt/rt.rs:177:76
[INFO] [stdout]    5:     0x60bdd6db03d3 - core::fmt::write::h2cc1698af7e2d686
[INFO] [stdout]                                at /rustc/6067b36314ab5eb2eb47cecc464545ba58e1ad24/library/core/src/fmt/mod.rs:1440:21
[INFO] [stdout]    6:     0x60bdd6d85333 - std::io::Write::write_fmt::hab1b4cd059a79022
[INFO] [stdout]                                at /rustc/6067b36314ab5eb2eb47cecc464545ba58e1ad24/library/std/src/io/mod.rs:1887:15
[INFO] [stdout]    7:     0x60bdd6d88622 - std::sys::backtrace::BacktraceLock::print::h147fe35b4ea13b08
[INFO] [stdout]                                at /rustc/6067b36314ab5eb2eb47cecc464545ba58e1ad24/library/std/src/sys/backtrace.rs:42:9
[INFO] [stdout]    8:     0x60bdd6d89bff - std::panicking::default_hook::{{closure}}::hbd44223dbdc0d208
[INFO] [stdout]                                at /rustc/6067b36314ab5eb2eb47cecc464545ba58e1ad24/library/std/src/panicking.rs:298:22
[INFO] [stdout]    9:     0x60bdd6d89a18 - std::panicking::default_hook::h20f81eb0576efcec
[INFO] [stdout]                                at /rustc/6067b36314ab5eb2eb47cecc464545ba58e1ad24/library/std/src/panicking.rs:322:9
[INFO] [stdout]   10:     0x60bdd6d1cc83 - <alloc::boxed::Box<F,A> as core::ops::function::Fn<Args>>::call::hdb53814c496a4d34
[INFO] [stdout]                                at /rustc/6067b36314ab5eb2eb47cecc464545ba58e1ad24/library/alloc/src/boxed.rs:2027:9
[INFO] [stdout]   11:     0x60bdd6d1cc83 - test::test_main::{{closure}}::hc0a4963c59427c24
[INFO] [stdout]                                at /rustc/6067b36314ab5eb2eb47cecc464545ba58e1ad24/library/test/src/lib.rs:134:21
[INFO] [stdout]   12:     0x60bdd6d8a6f3 - <alloc::boxed::Box<F,A> as core::ops::function::Fn<Args>>::call::h591b2225413a77e9
[INFO] [stdout]                                at /rustc/6067b36314ab5eb2eb47cecc464545ba58e1ad24/library/alloc/src/boxed.rs:2027:9
[INFO] [stdout]   13:     0x60bdd6d8a6f3 - std::panicking::rust_panic_with_hook::h625eea43051b2edc
[INFO] [stdout]                                at /rustc/6067b36314ab5eb2eb47cecc464545ba58e1ad24/library/std/src/panicking.rs:839:13
[INFO] [stdout]   14:     0x60bdd6d8a3aa - std::panicking::begin_panic_handler::{{closure}}::h4f9159cfbc3f6bd3
[INFO] [stdout]                                at /rustc/6067b36314ab5eb2eb47cecc464545ba58e1ad24/library/std/src/panicking.rs:704:13
[INFO] [stdout]   15:     0x60bdd6d88cd9 - std::sys::backtrace::__rust_end_short_backtrace::h0390abce48353151
[INFO] [stdout]                                at /rustc/6067b36314ab5eb2eb47cecc464545ba58e1ad24/library/std/src/sys/backtrace.rs:168:18
[INFO] [stdout]   16:     0x60bdd6d8a03d - rust_begin_unwind
[INFO] [stdout]                                at /rustc/6067b36314ab5eb2eb47cecc464545ba58e1ad24/library/std/src/panicking.rs:695:5
[INFO] [stdout]   17:     0x60bdd6daedb0 - core::panicking::panic_fmt::h9e7c637e9e5f29c9
[INFO] [stdout]                                at /rustc/6067b36314ab5eb2eb47cecc464545ba58e1ad24/library/core/src/panicking.rs:75:14
[INFO] [stdout]   18:     0x60bdd6daf226 - core::result::unwrap_failed::h7979f09313fe1849
[INFO] [stdout]                                at /rustc/6067b36314ab5eb2eb47cecc464545ba58e1ad24/library/core/src/result.rs:1704:5
[INFO] [stdout]   19:     0x60bdd6cdb00a - core::result::Result<T,E>::unwrap::h5ba3c05b4ab78c59
[INFO] [stdout]                                at /rustc/6067b36314ab5eb2eb47cecc464545ba58e1ad24/library/core/src/result.rs:1109:23
[INFO] [stdout]   20:     0x60bdd6cdb00a - log::LogWriter::new::h0a95867ddcd4768b
[INFO] [stdout]                                at /opt/rustwide/workdir/src/log/src/lib.rs:30:21
[INFO] [stdout]   21:     0x60bdd6ce03f4 - log::tests::test_delete_val_to_file::hed3e0b3c922ef97b
[INFO] [stdout]                                at /opt/rustwide/workdir/src/log/src/lib.rs:249:26
[INFO] [stdout]   22:     0x60bdd6ce03a7 - log::tests::test_delete_val_to_file::{{closure}}::h7741e5e9f85d814b
[INFO] [stdout]                                at /opt/rustwide/workdir/src/log/src/lib.rs:247:33
[INFO] [stdout]   23:     0x60bdd6cd8576 - core::ops::function::FnOnce::call_once::ha5ff578e59112639
[INFO] [stdout]                                at /rustc/6067b36314ab5eb2eb47cecc464545ba58e1ad24/library/core/src/ops/function.rs:250:5
[INFO] [stdout]   24:     0x60bdd6d223db - core::ops::function::FnOnce::call_once::he27718dfdd183f43
[INFO] [stdout]                                at /rustc/6067b36314ab5eb2eb47cecc464545ba58e1ad24/library/core/src/ops/function.rs:250:5
[INFO] [stdout]   25:     0x60bdd6d223db - test::__rust_begin_short_backtrace::h4e84902998457a5d
[INFO] [stdout]                                at /rustc/6067b36314ab5eb2eb47cecc464545ba58e1ad24/library/test/src/lib.rs:632:18
[INFO] [stdout]   26:     0x60bdd6d21313 - test::run_test_in_process::{{closure}}::h7176fd18fc1feca0
[INFO] [stdout]                                at /rustc/6067b36314ab5eb2eb47cecc464545ba58e1ad24/library/test/src/lib.rs:655:60
[INFO] [stdout]   27:     0x60bdd6d21313 - <core::panic::unwind_safe::AssertUnwindSafe<F> as core::ops::function::FnOnce<()>>::call_once::hf79cff2a624d8cf7
[INFO] [stdout]                                at /rustc/6067b36314ab5eb2eb47cecc464545ba58e1ad24/library/core/src/panic/unwind_safe.rs:272:9
[INFO] [stdout]   28:     0x60bdd6d21313 - std::panicking::try::do_call::h3da0561d9ab99c25
[INFO] [stdout]                                at /rustc/6067b36314ab5eb2eb47cecc464545ba58e1ad24/library/std/src/panicking.rs:587:40
[INFO] [stdout]   29:     0x60bdd6d21313 - std::panicking::try::h41c9fa508bc61df6
[INFO] [stdout]                                at /rustc/6067b36314ab5eb2eb47cecc464545ba58e1ad24/library/std/src/panicking.rs:550:19
[INFO] [stdout]   30:     0x60bdd6d21313 - std::panic::catch_unwind::h6b3ff07bb5afad93
[INFO] [stdout]                                at /rustc/6067b36314ab5eb2eb47cecc464545ba58e1ad24/library/std/src/panic.rs:358:14
[INFO] [stdout]   31:     0x60bdd6d21313 - test::run_test_in_process::hc7253dd11b39b9f4
[INFO] [stdout]                                at /rustc/6067b36314ab5eb2eb47cecc464545ba58e1ad24/library/test/src/lib.rs:655:27
[INFO] [stdout]   32:     0x60bdd6d21313 - test::run_test::{{closure}}::hfb2007f8649c30bb
[INFO] [stdout]                                at /rustc/6067b36314ab5eb2eb47cecc464545ba58e1ad24/library/test/src/lib.rs:576:43
[INFO] [stdout]   33:     0x60bdd6ce43f5 - test::run_test::{{closure}}::h56a17aa7a282a9f4
[INFO] [stdout]                                at /rustc/6067b36314ab5eb2eb47cecc464545ba58e1ad24/library/test/src/lib.rs:606:41
[INFO] [stdout]   34:     0x60bdd6ce43f5 - std::sys::backtrace::__rust_begin_short_backtrace::hd2d2d2fb8e8c6aac
[INFO] [stdout]                                at /rustc/6067b36314ab5eb2eb47cecc464545ba58e1ad24/library/std/src/sys/backtrace.rs:152:18
[INFO] [stdout]   35:     0x60bdd6ce7cda - std::thread::Builder::spawn_unchecked_::{{closure}}::{{closure}}::h4faa3f9db6133423
[INFO] [stdout]                                at /rustc/6067b36314ab5eb2eb47cecc464545ba58e1ad24/library/std/src/thread/mod.rs:559:17
[INFO] [stdout]   36:     0x60bdd6ce7cda - <core::panic::unwind_safe::AssertUnwindSafe<F> as core::ops::function::FnOnce<()>>::call_once::hf2e855a36a4ea846
[INFO] [stdout]                                at /rustc/6067b36314ab5eb2eb47cecc464545ba58e1ad24/library/core/src/panic/unwind_safe.rs:272:9
[INFO] [stdout]   37:     0x60bdd6ce7cda - std::panicking::try::do_call::h2f73af3616c35465
[INFO] [stdout]                                at /rustc/6067b36314ab5eb2eb47cecc464545ba58e1ad24/library/std/src/panicking.rs:587:40
[INFO] [stdout]   38:     0x60bdd6ce7cda - std::panicking::try::hd1660ce9efadef5a
[INFO] [stdout]                                at /rustc/6067b36314ab5eb2eb47cecc464545ba58e1ad24/library/std/src/panicking.rs:550:19
[INFO] [stdout]   39:     0x60bdd6ce7cda - std::panic::catch_unwind::h5ee8d7823b8ca744
[INFO] [stdout]                                at /rustc/6067b36314ab5eb2eb47cecc464545ba58e1ad24/library/std/src/panic.rs:358:14
[INFO] [stdout]   40:     0x60bdd6ce7cda - std::thread::Builder::spawn_unchecked_::{{closure}}::h53c3a1894dce8407
[INFO] [stdout]                                at /rustc/6067b36314ab5eb2eb47cecc464545ba58e1ad24/library/std/src/thread/mod.rs:557:30
[INFO] [stdout]   41:     0x60bdd6ce7cda - core::ops::function::FnOnce::call_once{{vtable.shim}}::h048ce291ad4f62bf
[INFO] [stdout]                                at /rustc/6067b36314ab5eb2eb47cecc464545ba58e1ad24/library/core/src/ops/function.rs:250:5
[INFO] [stdout]   42:     0x60bdd6d8e63b - <alloc::boxed::Box<F,A> as core::ops::function::FnOnce<Args>>::call_once::ha52bedf99a3b4981
[INFO] [stdout]                                at /rustc/6067b36314ab5eb2eb47cecc464545ba58e1ad24/library/alloc/src/boxed.rs:2013:9
[INFO] [stdout]   43:     0x60bdd6d8e63b - <alloc::boxed::Box<F,A> as core::ops::function::FnOnce<Args>>::call_once::h567748934d80ccf8
[INFO] [stdout]                                at /rustc/6067b36314ab5eb2eb47cecc464545ba58e1ad24/library/alloc/src/boxed.rs:2013:9
[INFO] [stdout]   44:     0x60bdd6d8e63b - std::sys::pal::unix::thread::Thread::new::thread_start::h2d970728ae887adc
[INFO] [stdout]                                at /rustc/6067b36314ab5eb2eb47cecc464545ba58e1ad24/library/std/src/sys/pal/unix/thread.rs:106:17
[INFO] [stdout]   45:     0x7a7d00fd1ac3 - <unknown>
[INFO] [stdout]   46:     0x7a7d01062a04 - clone
[INFO] [stdout]   47:                0x0 - <unknown>
[INFO] [stdout] 
[INFO] [stdout] ---- tests::test_delete_size_to_file stdout ----
[INFO] [stdout] 
[INFO] [stdout] thread 'tests::test_delete_size_to_file' panicked at src/log/src/lib.rs:30:40:
[INFO] [stdout] called `Result::unwrap()` on an `Err` value: Os { code: 30, kind: ReadOnlyFilesystem, message: "Read-only file system" }
[INFO] [stdout] stack backtrace:
[INFO] [stdout]    0:     0x60bdd6d887da - std::backtrace_rs::backtrace::libunwind::trace::hb059275cfc8d6126
[INFO] [stdout]                                at /rustc/6067b36314ab5eb2eb47cecc464545ba58e1ad24/library/std/src/../../backtrace/src/backtrace/libunwind.rs:116:5
[INFO] [stderr] error: test failed, to rerun pass `-p log --lib`
[INFO] [stdout]    1:     0x60bdd6d887da - std::backtrace_rs::backtrace::trace_unsynchronized::h2da071e4327ce3ee
[INFO] [stdout]                                at /rustc/6067b36314ab5eb2eb47cecc464545ba58e1ad24/library/std/src/../../backtrace/src/backtrace/mod.rs:66:5
[INFO] [stdout]    2:     0x60bdd6d887da - std::sys::backtrace::_print_fmt::h842a1474e6f8d23f
[INFO] [stdout]                                at /rustc/6067b36314ab5eb2eb47cecc464545ba58e1ad24/library/std/src/sys/backtrace.rs:66:9
[INFO] [stdout]    3:     0x60bdd6d887da - <std::sys::backtrace::BacktraceLock::print::DisplayBacktrace as core::fmt::Display>::fmt::h71a62eb3b9696b12
[INFO] [stdout]                                at /rustc/6067b36314ab5eb2eb47cecc464545ba58e1ad24/library/std/src/sys/backtrace.rs:39:26
[INFO] [stdout]    4:     0x60bdd6db03d3 - core::fmt::rt::Argument::fmt::hdb6b616786b41dc1
[INFO] [stdout]                                at /rustc/6067b36314ab5eb2eb47cecc464545ba58e1ad24/library/core/src/fmt/rt.rs:177:76
[INFO] [stdout]    5:     0x60bdd6db03d3 - core::fmt::write::h2cc1698af7e2d686
[INFO] [stdout]                                at /rustc/6067b36314ab5eb2eb47cecc464545ba58e1ad24/library/core/src/fmt/mod.rs:1440:21
[INFO] [stdout]    6:     0x60bdd6d85333 - std::io::Write::write_fmt::hab1b4cd059a79022
[INFO] [stdout]                                at /rustc/6067b36314ab5eb2eb47cecc464545ba58e1ad24/library/std/src/io/mod.rs:1887:15
[INFO] [stdout]    7:     0x60bdd6d88622 - std::sys::backtrace::BacktraceLock::print::h147fe35b4ea13b08
[INFO] [stdout]                                at /rustc/6067b36314ab5eb2eb47cecc464545ba58e1ad24/library/std/src/sys/backtrace.rs:42:9
[INFO] [stdout]    8:     0x60bdd6d89bff - std::panicking::default_hook::{{closure}}::hbd44223dbdc0d208
[INFO] [stdout]                                at /rustc/6067b36314ab5eb2eb47cecc464545ba58e1ad24/library/std/src/panicking.rs:298:22
[INFO] [stdout]    9:     0x60bdd6d89a18 - std::panicking::default_hook::h20f81eb0576efcec
[INFO] [stdout]                                at /rustc/6067b36314ab5eb2eb47cecc464545ba58e1ad24/library/std/src/panicking.rs:322:9
[INFO] [stdout]   10:     0x60bdd6d1cc83 - <alloc::boxed::Box<F,A> as core::ops::function::Fn<Args>>::call::hdb53814c496a4d34
[INFO] [stdout]                                at /rustc/6067b36314ab5eb2eb47cecc464545ba58e1ad24/library/alloc/src/boxed.rs:2027:9
[INFO] [stdout]   11:     0x60bdd6d1cc83 - test::test_main::{{closure}}::hc0a4963c59427c24
[INFO] [stdout]                                at /rustc/6067b36314ab5eb2eb47cecc464545ba58e1ad24/library/test/src/lib.rs:134:21
[INFO] [stdout]   12:     0x60bdd6d8a6f3 - <alloc::boxed::Box<F,A> as core::ops::function::Fn<Args>>::call::h591b2225413a77e9
[INFO] [stdout]                                at /rustc/6067b36314ab5eb2eb47cecc464545ba58e1ad24/library/alloc/src/boxed.rs:2027:9
[INFO] [stdout]   13:     0x60bdd6d8a6f3 - std::panicking::rust_panic_with_hook::h625eea43051b2edc
[INFO] [stdout]                                at /rustc/6067b36314ab5eb2eb47cecc464545ba58e1ad24/library/std/src/panicking.rs:839:13
[INFO] [stdout]   14:     0x60bdd6d8a3aa - std::panicking::begin_panic_handler::{{closure}}::h4f9159cfbc3f6bd3
[INFO] [stdout]                                at /rustc/6067b36314ab5eb2eb47cecc464545ba58e1ad24/library/std/src/panicking.rs:704:13
[INFO] [stdout]   15:     0x60bdd6d88cd9 - std::sys::backtrace::__rust_end_short_backtrace::h0390abce48353151
[INFO] [stdout]                                at /rustc/6067b36314ab5eb2eb47cecc464545ba58e1ad24/library/std/src/sys/backtrace.rs:168:18
[INFO] [stdout]   16:     0x60bdd6d8a03d - rust_begin_unwind
[INFO] [stdout]                                at /rustc/6067b36314ab5eb2eb47cecc464545ba58e1ad24/library/std/src/panicking.rs:695:5
[INFO] [stdout]   17:     0x60bdd6daedb0 - core::panicking::panic_fmt::h9e7c637e9e5f29c9
[INFO] [stdout]                                at /rustc/6067b36314ab5eb2eb47cecc464545ba58e1ad24/library/core/src/panicking.rs:75:14
[INFO] [stdout]   18:     0x60bdd6daf226 - core::result::unwrap_failed::h7979f09313fe1849
[INFO] [stdout]                                at /rustc/6067b36314ab5eb2eb47cecc464545ba58e1ad24/library/core/src/result.rs:1704:5
[INFO] [stdout]   19:     0x60bdd6cdb00a - core::result::Result<T,E>::unwrap::h5ba3c05b4ab78c59
[INFO] [stdout]                                at /rustc/6067b36314ab5eb2eb47cecc464545ba58e1ad24/library/core/src/result.rs:1109:23
[INFO] [stdout]   20:     0x60bdd6cdb00a - log::LogWriter::new::h0a95867ddcd4768b
[INFO] [stdout]                                at /opt/rustwide/workdir/src/log/src/lib.rs:30:21
[INFO] [stdout]   21:     0x60bdd6cde0a8 - log::tests::test_delete_size_to_file::hdf8fad37bc134752
[INFO] [stdout]                                at /opt/rustwide/workdir/src/log/src/lib.rs:163:26
[INFO] [stdout]   22:     0x60bdd6cde077 - log::tests::test_delete_size_to_file::{{closure}}::h56cf7f10946a7bb9
[INFO] [stdout]                                at /opt/rustwide/workdir/src/log/src/lib.rs:162:34
[INFO] [stdout]   23:     0x60bdd6cd8486 - core::ops::function::FnOnce::call_once::h590a4f8247a48565
[INFO] [stdout]                                at /rustc/6067b36314ab5eb2eb47cecc464545ba58e1ad24/library/core/src/ops/function.rs:250:5
[INFO] [stdout]   24:     0x60bdd6d223db - core::ops::function::FnOnce::call_once::he27718dfdd183f43
[INFO] [stdout]                                at /rustc/6067b36314ab5eb2eb47cecc464545ba58e1ad24/library/core/src/ops/function.rs:250:5
[INFO] [stdout]   25:     0x60bdd6d223db - test::__rust_begin_short_backtrace::h4e84902998457a5d
[INFO] [stdout]                                at /rustc/6067b36314ab5eb2eb47cecc464545ba58e1ad24/library/test/src/lib.rs:632:18
[INFO] [stdout]   26:     0x60bdd6d21313 - test::run_test_in_process::{{closure}}::h7176fd18fc1feca0
[INFO] [stdout]                                at /rustc/6067b36314ab5eb2eb47cecc464545ba58e1ad24/library/test/src/lib.rs:655:60
[INFO] [stdout]   27:     0x60bdd6d21313 - <core::panic::unwind_safe::AssertUnwindSafe<F> as core::ops::function::FnOnce<()>>::call_once::hf79cff2a624d8cf7
[INFO] [stdout]                                at /rustc/6067b36314ab5eb2eb47cecc464545ba58e1ad24/library/core/src/panic/unwind_safe.rs:272:9
[INFO] [stdout]   28:     0x60bdd6d21313 - std::panicking::try::do_call::h3da0561d9ab99c25
[INFO] [stdout]                                at /rustc/6067b36314ab5eb2eb47cecc464545ba58e1ad24/library/std/src/panicking.rs:587:40
[INFO] [stdout]   29:     0x60bdd6d21313 - std::panicking::try::h41c9fa508bc61df6
[INFO] [stdout]                                at /rustc/6067b36314ab5eb2eb47cecc464545ba58e1ad24/library/std/src/panicking.rs:550:19
[INFO] [stdout]   30:     0x60bdd6d21313 - std::panic::catch_unwind::h6b3ff07bb5afad93
[INFO] [stdout]                                at /rustc/6067b36314ab5eb2eb47cecc464545ba58e1ad24/library/std/src/panic.rs:358:14
[INFO] [stdout]   31:     0x60bdd6d21313 - test::run_test_in_process::hc7253dd11b39b9f4
[INFO] [stdout]                                at /rustc/6067b36314ab5eb2eb47cecc464545ba58e1ad24/library/test/src/lib.rs:655:27
[INFO] [stdout]   32:     0x60bdd6d21313 - test::run_test::{{closure}}::hfb2007f8649c30bb
[INFO] [stdout]                                at /rustc/6067b36314ab5eb2eb47cecc464545ba58e1ad24/library/test/src/lib.rs:576:43
[INFO] [stdout]   33:     0x60bdd6ce43f5 - test::run_test::{{closure}}::h56a17aa7a282a9f4
[INFO] [stdout]                                at /rustc/6067b36314ab5eb2eb47cecc464545ba58e1ad24/library/test/src/lib.rs:606:41
[INFO] [stdout]   34:     0x60bdd6ce43f5 - std::sys::backtrace::__rust_begin_short_backtrace::hd2d2d2fb8e8c6aac
[INFO] [stdout]                                at /rustc/6067b36314ab5eb2eb47cecc464545ba58e1ad24/library/std/src/sys/backtrace.rs:152:18
[INFO] [stdout]   35:     0x60bdd6ce7cda - std::thread::Builder::spawn_unchecked_::{{closure}}::{{closure}}::h4faa3f9db6133423
[INFO] [stdout]                                at /rustc/6067b36314ab5eb2eb47cecc464545ba58e1ad24/library/std/src/thread/mod.rs:559:17
[INFO] [stdout]   36:     0x60bdd6ce7cda - <core::panic::unwind_safe::AssertUnwindSafe<F> as core::ops::function::FnOnce<()>>::call_once::hf2e855a36a4ea846
[INFO] [stdout]                                at /rustc/6067b36314ab5eb2eb47cecc464545ba58e1ad24/library/core/src/panic/unwind_safe.rs:272:9
[INFO] [stdout]   37:     0x60bdd6ce7cda - std::panicking::try::do_call::h2f73af3616c35465
[INFO] [stdout]                                at /rustc/6067b36314ab5eb2eb47cecc464545ba58e1ad24/library/std/src/panicking.rs:587:40
[INFO] [stdout]   38:     0x60bdd6ce7cda - std::panicking::try::hd1660ce9efadef5a
[INFO] [stdout]                                at /rustc/6067b36314ab5eb2eb47cecc464545ba58e1ad24/library/std/src/panicking.rs:550:19
[INFO] [stdout]   39:     0x60bdd6ce7cda - std::panic::catch_unwind::h5ee8d7823b8ca744
[INFO] [stdout]                                at /rustc/6067b36314ab5eb2eb47cecc464545ba58e1ad24/library/std/src/panic.rs:358:14
[INFO] [stdout]   40:     0x60bdd6ce7cda - std::thread::Builder::spawn_unchecked_::{{closure}}::h53c3a1894dce8407
[INFO] [stdout]                                at /rustc/6067b36314ab5eb2eb47cecc464545ba58e1ad24/library/std/src/thread/mod.rs:557:30
[INFO] [stdout]   41:     0x60bdd6ce7cda - core::ops::function::FnOnce::call_once{{vtable.shim}}::h048ce291ad4f62bf
[INFO] [stdout]                                at /rustc/6067b36314ab5eb2eb47cecc464545ba58e1ad24/library/core/src/ops/function.rs:250:5
[INFO] [stdout]   42:     0x60bdd6d8e63b - <alloc::boxed::Box<F,A> as core::ops::function::FnOnce<Args>>::call_once::ha52bedf99a3b4981
[INFO] [stdout]                                at /rustc/6067b36314ab5eb2eb47cecc464545ba58e1ad24/library/alloc/src/boxed.rs:2013:9
[INFO] [stdout]   43:     0x60bdd6d8e63b - <alloc::boxed::Box<F,A> as core::ops::function::FnOnce<Args>>::call_once::h567748934d80ccf8
[INFO] [stdout]                                at /rustc/6067b36314ab5eb2eb47cecc464545ba58e1ad24/library/alloc/src/boxed.rs:2013:9
[INFO] [stdout]   44:     0x60bdd6d8e63b - std::sys::pal::unix::thread::Thread::new::thread_start::h2d970728ae887adc
[INFO] [stdout]                                at /rustc/6067b36314ab5eb2eb47cecc464545ba58e1ad24/library/std/src/sys/pal/unix/thread.rs:106:17
[INFO] [stdout]   45:     0x7a7d00fd1ac3 - <unknown>
[INFO] [stdout]   46:     0x7a7d01062a04 - clone
[INFO] [stdout]   47:                0x0 - <unknown>
[INFO] [stdout] 
[INFO] [stdout] ---- tests::test_file_creation stdout ----
[INFO] [stdout] 
[INFO] [stdout] thread 'tests::test_file_creation' panicked at src/log/src/lib.rs:30:40:
[INFO] [stdout] called `Result::unwrap()` on an `Err` value: Os { code: 30, kind: ReadOnlyFilesystem, message: "Read-only file system" }
[INFO] [stdout] stack backtrace:
[INFO] [stdout]    0:     0x60bdd6d887da - std::backtrace_rs::backtrace::libunwind::trace::hb059275cfc8d6126
[INFO] [stdout]                                at /rustc/6067b36314ab5eb2eb47cecc464545ba58e1ad24/library/std/src/../../backtrace/src/backtrace/libunwind.rs:116:5
[INFO] [stdout]    1:     0x60bdd6d887da - std::backtrace_rs::backtrace::trace_unsynchronized::h2da071e4327ce3ee
[INFO] [stdout]                                at /rustc/6067b36314ab5eb2eb47cecc464545ba58e1ad24/library/std/src/../../backtrace/src/backtrace/mod.rs:66:5
[INFO] [stdout]    2:     0x60bdd6d887da - std::sys::backtrace::_print_fmt::h842a1474e6f8d23f
[INFO] [stdout]                                at /rustc/6067b36314ab5eb2eb47cecc464545ba58e1ad24/library/std/src/sys/backtrace.rs:66:9
[INFO] [stdout]    3:     0x60bdd6d887da - <std::sys::backtrace::BacktraceLock::print::DisplayBacktrace as core::fmt::Display>::fmt::h71a62eb3b9696b12
[INFO] [stdout]                                at /rustc/6067b36314ab5eb2eb47cecc464545ba58e1ad24/library/std/src/sys/backtrace.rs:39:26
[INFO] [stdout]    4:     0x60bdd6db03d3 - core::fmt::rt::Argument::fmt::hdb6b616786b41dc1
[INFO] [stdout]                                at /rustc/6067b36314ab5eb2eb47cecc464545ba58e1ad24/library/core/src/fmt/rt.rs:177:76
[INFO] [stdout]    5:     0x60bdd6db03d3 - core::fmt::write::h2cc1698af7e2d686
[INFO] [stdout]                                at /rustc/6067b36314ab5eb2eb47cecc464545ba58e1ad24/library/core/src/fmt/mod.rs:1440:21
[INFO] [stdout]    6:     0x60bdd6d85333 - std::io::Write::write_fmt::hab1b4cd059a79022
[INFO] [stdout]                                at /rustc/6067b36314ab5eb2eb47cecc464545ba58e1ad24/library/std/src/io/mod.rs:1887:15
[INFO] [stdout]    7:     0x60bdd6d88622 - std::sys::backtrace::BacktraceLock::print::h147fe35b4ea13b08
[INFO] [stdout]                                at /rustc/6067b36314ab5eb2eb47cecc464545ba58e1ad24/library/std/src/sys/backtrace.rs:42:9
[INFO] [stdout]    8:     0x60bdd6d89bff - std::panicking::default_hook::{{closure}}::hbd44223dbdc0d208
[INFO] [stdout]                                at /rustc/6067b36314ab5eb2eb47cecc464545ba58e1ad24/library/std/src/panicking.rs:298:22
[INFO] [stdout]    9:     0x60bdd6d89a18 - std::panicking::default_hook::h20f81eb0576efcec
[INFO] [stdout]                                at /rustc/6067b36314ab5eb2eb47cecc464545ba58e1ad24/library/std/src/panicking.rs:322:9
[INFO] [stdout]   10:     0x60bdd6d1cc83 - <alloc::boxed::Box<F,A> as core::ops::function::Fn<Args>>::call::hdb53814c496a4d34
[INFO] [stdout]                                at /rustc/6067b36314ab5eb2eb47cecc464545ba58e1ad24/library/alloc/src/boxed.rs:2027:9
[INFO] [stdout]   11:     0x60bdd6d1cc83 - test::test_main::{{closure}}::hc0a4963c59427c24
[INFO] [stdout]                                at /rustc/6067b36314ab5eb2eb47cecc464545ba58e1ad24/library/test/src/lib.rs:134:21
[INFO] [stdout]   12:     0x60bdd6d8a6f3 - <alloc::boxed::Box<F,A> as core::ops::function::Fn<Args>>::call::h591b2225413a77e9
[INFO] [stdout]                                at /rustc/6067b36314ab5eb2eb47cecc464545ba58e1ad24/library/alloc/src/boxed.rs:2027:9
[INFO] [stdout]   13:     0x60bdd6d8a6f3 - std::panicking::rust_panic_with_hook::h625eea43051b2edc
[INFO] [stdout]                                at /rustc/6067b36314ab5eb2eb47cecc464545ba58e1ad24/library/std/src/panicking.rs:839:13
[INFO] [stdout]   14:     0x60bdd6d8a3aa - std::panicking::begin_panic_handler::{{closure}}::h4f9159cfbc3f6bd3
[INFO] [stdout]                                at /rustc/6067b36314ab5eb2eb47cecc464545ba58e1ad24/library/std/src/panicking.rs:704:13
[INFO] [stdout]   15:     0x60bdd6d88cd9 - std::sys::backtrace::__rust_end_short_backtrace::h0390abce48353151
[INFO] [stdout]                                at /rustc/6067b36314ab5eb2eb47cecc464545ba58e1ad24/library/std/src/sys/backtrace.rs:168:18
[INFO] [stdout]   16:     0x60bdd6d8a03d - rust_begin_unwind
[INFO] [stdout]                                at /rustc/6067b36314ab5eb2eb47cecc464545ba58e1ad24/library/std/src/panicking.rs:695:5
[INFO] [stdout]   17:     0x60bdd6daedb0 - core::panicking::panic_fmt::h9e7c637e9e5f29c9
[INFO] [stdout]                                at /rustc/6067b36314ab5eb2eb47cecc464545ba58e1ad24/library/core/src/panicking.rs:75:14
[INFO] [stdout]   18:     0x60bdd6daf226 - core::result::unwrap_failed::h7979f09313fe1849
[INFO] [stdout]                                at /rustc/6067b36314ab5eb2eb47cecc464545ba58e1ad24/library/core/src/result.rs:1704:5
[INFO] [stdout]   19:     0x60bdd6cdb00a - core::result::Result<T,E>::unwrap::h5ba3c05b4ab78c59
[INFO] [stdout]                                at /rustc/6067b36314ab5eb2eb47cecc464545ba58e1ad24/library/core/src/result.rs:1109:23
[INFO] [stdout]   20:     0x60bdd6cdb00a - log::LogWriter::new::h0a95867ddcd4768b
[INFO] [stdout]                                at /opt/rustwide/workdir/src/log/src/lib.rs:30:21
[INFO] [stdout]   21:     0x60bdd6cddd0d - log::tests::test_file_creation::hb5bdf28410dbb215
[INFO] [stdout]                                at /opt/rustwide/workdir/src/log/src/lib.rs:148:9
[INFO] [stdout]   22:     0x60bdd6cddcc7 - log::tests::test_file_creation::{{closure}}::hf609e1ecf776ba13
[INFO] [stdout]                                at /opt/rustwide/workdir/src/log/src/lib.rs:146:28
[INFO] [stdout]   23:     0x60bdd6cd8536 - core::ops::function::FnOnce::call_once::h93bec524cf74de97
[INFO] [stdout]                                at /rustc/6067b36314ab5eb2eb47cecc464545ba58e1ad24/library/core/src/ops/function.rs:250:5
[INFO] [stdout]   24:     0x60bdd6d223db - core::ops::function::FnOnce::call_once::he27718dfdd183f43
[INFO] [stdout]                                at /rustc/6067b36314ab5eb2eb47cecc464545ba58e1ad24/library/core/src/ops/function.rs:250:5
[INFO] [stdout]   25:     0x60bdd6d223db - test::__rust_begin_short_backtrace::h4e84902998457a5d
[INFO] [stdout]                                at /rustc/6067b36314ab5eb2eb47cecc464545ba58e1ad24/library/test/src/lib.rs:632:18
[INFO] [stdout]   26:     0x60bdd6d21313 - test::run_test_in_process::{{closure}}::h7176fd18fc1feca0
[INFO] [stdout]                                at /rustc/6067b36314ab5eb2eb47cecc464545ba58e1ad24/library/test/src/lib.rs:655:60
[INFO] [stdout]   27:     0x60bdd6d21313 - <core::panic::unwind_safe::AssertUnwindSafe<F> as core::ops::function::FnOnce<()>>::call_once::hf79cff2a624d8cf7
[INFO] [stdout]                                at /rustc/6067b36314ab5eb2eb47cecc464545ba58e1ad24/library/core/src/panic/unwind_safe.rs:272:9
[INFO] [stdout]   28:     0x60bdd6d21313 - std::panicking::try::do_call::h3da0561d9ab99c25
[INFO] [stdout]                                at /rustc/6067b36314ab5eb2eb47cecc464545ba58e1ad24/library/std/src/panicking.rs:587:40
[INFO] [stdout]   29:     0x60bdd6d21313 - std::panicking::try::h41c9fa508bc61df6
[INFO] [stdout]                                at /rustc/6067b36314ab5eb2eb47cecc464545ba58e1ad24/library/std/src/panicking.rs:550:19
[INFO] [stdout]   30:     0x60bdd6d21313 - std::panic::catch_unwind::h6b3ff07bb5afad93
[INFO] [stdout]                                at /rustc/6067b36314ab5eb2eb47cecc464545ba58e1ad24/library/std/src/panic.rs:358:14
[INFO] [stdout]   31:     0x60bdd6d21313 - test::run_test_in_process::hc7253dd11b39b9f4
[INFO] [stdout]                                at /rustc/6067b36314ab5eb2eb47cecc464545ba58e1ad24/library/test/src/lib.rs:655:27
[INFO] [stdout]   32:     0x60bdd6d21313 - test::run_test::{{closure}}::hfb2007f8649c30bb
[INFO] [stdout]                                at /rustc/6067b36314ab5eb2eb47cecc464545ba58e1ad24/library/test/src/lib.rs:576:43
[INFO] [stdout]   33:     0x60bdd6ce43f5 - test::run_test::{{closure}}::h56a17aa7a282a9f4
[INFO] [stdout]                                at /rustc/6067b36314ab5eb2eb47cecc464545ba58e1ad24/library/test/src/lib.rs:606:41
[INFO] [stdout]   34:     0x60bdd6ce43f5 - std::sys::backtrace::__rust_begin_short_backtrace::hd2d2d2fb8e8c6aac
[INFO] [stdout]                                at /rustc/6067b36314ab5eb2eb47cecc464545ba58e1ad24/library/std/src/sys/backtrace.rs:152:18
[INFO] [stdout]   35:     0x60bdd6ce7cda - std::thread::Builder::spawn_unchecked_::{{closure}}::{{closure}}::h4faa3f9db6133423
[INFO] [stdout]                                at /rustc/6067b36314ab5eb2eb47cecc464545ba58e1ad24/library/std/src/thread/mod.rs:559:17
[INFO] [stdout]   36:     0x60bdd6ce7cda - <core::panic::unwind_safe::AssertUnwindSafe<F> as core::ops::function::FnOnce<()>>::call_once::hf2e855a36a4ea846
[INFO] [stdout]                                at /rustc/6067b36314ab5eb2eb47cecc464545ba58e1ad24/library/core/src/panic/unwind_safe.rs:272:9
[INFO] [stdout]   37:     0x60bdd6ce7cda - std::panicking::try::do_call::h2f73af3616c35465
[INFO] [stdout]                                at /rustc/6067b36314ab5eb2eb47cecc464545ba58e1ad24/library/std/src/panicking.rs:587:40
[INFO] [stdout]   38:     0x60bdd6ce7cda - std::panicking::try::hd1660ce9efadef5a
[INFO] [stdout]                                at /rustc/6067b36314ab5eb2eb47cecc464545ba58e1ad24/library/std/src/panicking.rs:550:19
[INFO] [stdout]   39:     0x60bdd6ce7cda - std::panic::catch_unwind::h5ee8d7823b8ca744
[INFO] [stdout]                                at /rustc/6067b36314ab5eb2eb47cecc464545ba58e1ad24/library/std/src/panic.rs:358:14
[INFO] [stdout]   40:     0x60bdd6ce7cda - std::thread::Builder::spawn_unchecked_::{{closure}}::h53c3a1894dce8407
[INFO] [stdout]                                at /rustc/6067b36314ab5eb2eb47cecc464545ba58e1ad24/library/std/src/thread/mod.rs:557:30
[INFO] [stdout]   41:     0x60bdd6ce7cda - core::ops::function::FnOnce::call_once{{vtable.shim}}::h048ce291ad4f62bf
[INFO] [stdout]                                at /rustc/6067b36314ab5eb2eb47cecc464545ba58e1ad24/library/core/src/ops/function.rs:250:5
[INFO] [stdout]   42:     0x60bdd6d8e63b - <alloc::boxed::Box<F,A> as core::ops::function::FnOnce<Args>>::call_once::ha52bedf99a3b4981
[INFO] [stdout]                                at /rustc/6067b36314ab5eb2eb47cecc464545ba58e1ad24/library/alloc/src/boxed.rs:2013:9
[INFO] [stdout]   43:     0x60bdd6d8e63b - <alloc::boxed::Box<F,A> as core::ops::function::FnOnce<Args>>::call_once::h567748934d80ccf8
[INFO] [stdout]                                at /rustc/6067b36314ab5eb2eb47cecc464545ba58e1ad24/library/alloc/src/boxed.rs:2013:9
[INFO] [stdout]   44:     0x60bdd6d8e63b - std::sys::pal::unix::thread::Thread::new::thread_start::h2d970728ae887adc
[INFO] [stdout]                                at /rustc/6067b36314ab5eb2eb47cecc464545ba58e1ad24/library/std/src/sys/pal/unix/thread.rs:106:17
[INFO] [stdout]   45:     0x7a7d00fd1ac3 - <unknown>
[INFO] [stdout]   46:     0x7a7d01062a04 - clone
[INFO] [stdout]   47:                0x0 - <unknown>
[INFO] [stdout] 
[INFO] [stdout] ---- tests::test_iter_read_file stdout ----
[INFO] [stdout] 
[INFO] [stdout] thread 'tests::test_iter_read_file' panicked at src/log/src/lib.rs:30:40:
[INFO] [stdout] called `Result::unwrap()` on an `Err` value: Os { code: 30, kind: ReadOnlyFilesystem, message: "Read-only file system" }
[INFO] [stdout] stack backtrace:
[INFO] [stdout]    0:     0x60bdd6d887da - std::backtrace_rs::backtrace::libunwind::trace::hb059275cfc8d6126
[INFO] [stdout]                                at /rustc/6067b36314ab5eb2eb47cecc464545ba58e1ad24/library/std/src/../../backtrace/src/backtrace/libunwind.rs:116:5
[INFO] [stdout]    1:     0x60bdd6d887da - std::backtrace_rs::backtrace::trace_unsynchronized::h2da071e4327ce3ee
[INFO] [stdout]                                at /rustc/6067b36314ab5eb2eb47cecc464545ba58e1ad24/library/std/src/../../backtrace/src/backtrace/mod.rs:66:5
[INFO] [stdout]    2:     0x60bdd6d887da - std::sys::backtrace::_print_fmt::h842a1474e6f8d23f
[INFO] [stdout]                                at /rustc/6067b36314ab5eb2eb47cecc464545ba58e1ad24/library/std/src/sys/backtrace.rs:66:9
[INFO] [stdout]    3:     0x60bdd6d887da - <std::sys::backtrace::BacktraceLock::print::DisplayBacktrace as core::fmt::Display>::fmt::h71a62eb3b9696b12
[INFO] [stdout]                                at /rustc/6067b36314ab5eb2eb47cecc464545ba58e1ad24/library/std/src/sys/backtrace.rs:39:26
[INFO] [stdout]    4:     0x60bdd6db03d3 - core::fmt::rt::Argument::fmt::hdb6b616786b41dc1
[INFO] [stdout]                                at /rustc/6067b36314ab5eb2eb47cecc464545ba58e1ad24/library/core/src/fmt/rt.rs:177:76
[INFO] [stdout]    5:     0x60bdd6db03d3 - core::fmt::write::h2cc1698af7e2d686
[INFO] [stdout]                                at /rustc/6067b36314ab5eb2eb47cecc464545ba58e1ad24/library/core/src/fmt/mod.rs:1440:21
[INFO] [stdout]    6:     0x60bdd6d85333 - std::io::Write::write_fmt::hab1b4cd059a79022
[INFO] [stdout]                                at /rustc/6067b36314ab5eb2eb47cecc464545ba58e1ad24/library/std/src/io/mod.rs:1887:15
[INFO] [stdout]    7:     0x60bdd6d88622 - std::sys::backtrace::BacktraceLock::print::h147fe35b4ea13b08
[INFO] [stdout]                                at /rustc/6067b36314ab5eb2eb47cecc464545ba58e1ad24/library/std/src/sys/backtrace.rs:42:9
[INFO] [stdout]    8:     0x60bdd6d89bff - std::panicking::default_hook::{{closure}}::hbd44223dbdc0d208
[INFO] [stdout]                                at /rustc/6067b36314ab5eb2eb47cecc464545ba58e1ad24/library/std/src/panicking.rs:298:22
[INFO] [stdout]    9:     0x60bdd6d89a18 - std::panicking::default_hook::h20f81eb0576efcec
[INFO] [stdout]                                at /rustc/6067b36314ab5eb2eb47cecc464545ba58e1ad24/library/std/src/panicking.rs:322:9
[INFO] [stdout]   10:     0x60bdd6d1cc83 - <alloc::boxed::Box<F,A> as core::ops::function::Fn<Args>>::call::hdb53814c496a4d34
[INFO] [stdout]                                at /rustc/6067b36314ab5eb2eb47cecc464545ba58e1ad24/library/alloc/src/boxed.rs:2027:9
[INFO] [stdout]   11:     0x60bdd6d1cc83 - test::test_main::{{closure}}::hc0a4963c59427c24
[INFO] [stdout]                                at /rustc/6067b36314ab5eb2eb47cecc464545ba58e1ad24/library/test/src/lib.rs:134:21
[INFO] [stdout]   12:     0x60bdd6d8a6f3 - <alloc::boxed::Box<F,A> as core::ops::function::Fn<Args>>::call::h591b2225413a77e9
[INFO] [stdout]                                at /rustc/6067b36314ab5eb2eb47cecc464545ba58e1ad24/library/alloc/src/boxed.rs:2027:9
[INFO] [stdout]   13:     0x60bdd6d8a6f3 - std::panicking::rust_panic_with_hook::h625eea43051b2edc
[INFO] [stdout]                                at /rustc/6067b36314ab5eb2eb47cecc464545ba58e1ad24/library/std/src/panicking.rs:839:13
[INFO] [stdout]   14:     0x60bdd6d8a3aa - std::panicking::begin_panic_handler::{{closure}}::h4f9159cfbc3f6bd3
[INFO] [stdout]                                at /rustc/6067b36314ab5eb2eb47cecc464545ba58e1ad24/library/std/src/panicking.rs:704:13
[INFO] [stdout]   15:     0x60bdd6d88cd9 - std::sys::backtrace::__rust_end_short_backtrace::h0390abce48353151
[INFO] [stdout]                                at /rustc/6067b36314ab5eb2eb47cecc464545ba58e1ad24/library/std/src/sys/backtrace.rs:168:18
[INFO] [stdout]   16:     0x60bdd6d8a03d - rust_begin_unwind
[INFO] [stdout]                                at /rustc/6067b36314ab5eb2eb47cecc464545ba58e1ad24/library/std/src/panicking.rs:695:5
[INFO] [stdout]   17:     0x60bdd6daedb0 - core::panicking::panic_fmt::h9e7c637e9e5f29c9
[INFO] [stdout]                                at /rustc/6067b36314ab5eb2eb47cecc464545ba58e1ad24/library/core/src/panicking.rs:75:14
[INFO] [stdout]   18:     0x60bdd6daf226 - core::result::unwrap_failed::h7979f09313fe1849
[INFO] [stdout]                                at /rustc/6067b36314ab5eb2eb47cecc464545ba58e1ad24/library/core/src/result.rs:1704:5
[INFO] [stdout]   19:     0x60bdd6cdb00a - core::result::Result<T,E>::unwrap::h5ba3c05b4ab78c59
[INFO] [stdout]                                at /rustc/6067b36314ab5eb2eb47cecc464545ba58e1ad24/library/core/src/result.rs:1109:23
[INFO] [stdout]   20:     0x60bdd6cdb00a - log::LogWriter::new::h0a95867ddcd4768b
[INFO] [stdout]                                at /opt/rustwide/workdir/src/log/src/lib.rs:30:21
[INFO] [stdout]   21:     0x60bdd6ce1c6e - log::tests::test_iter_read_file::h9a96b06d15af1ca5
[INFO] [stdout]                                at /opt/rustwide/workdir/src/log/src/lib.rs:327:26
[INFO] [stdout]   22:     0x60bdd6ce19b7 - log::tests::test_iter_read_file::{{closure}}::h1ce38c42260a193b
[INFO] [stdout]                                at /opt/rustwide/workdir/src/log/src/lib.rs:314:29
[INFO] [stdout]   23:     0x60bdd6cd8626 - core::ops::function::FnOnce::call_once::hda6518280dbcae5a
[INFO] [stdout]                                at /rustc/6067b36314ab5eb2eb47cecc464545ba58e1ad24/library/core/src/ops/function.rs:250:5
[INFO] [stdout]   24:     0x60bdd6d223db - core::ops::function::FnOnce::call_once::he27718dfdd183f43
[INFO] [stdout]                                at /rustc/6067b36314ab5eb2eb47cecc464545ba58e1ad24/library/core/src/ops/function.rs:250:5
[INFO] [stdout]   25:     0x60bdd6d223db - test::__rust_begin_short_backtrace::h4e84902998457a5d
[INFO] [stdout]                                at /rustc/6067b36314ab5eb2eb47cecc464545ba58e1ad24/library/test/src/lib.rs:632:18
[INFO] [stdout]   26:     0x60bdd6d21313 - test::run_test_in_process::{{closure}}::h7176fd18fc1feca0
[INFO] [stdout]                                at /rustc/6067b36314ab5eb2eb47cecc464545ba58e1ad24/library/test/src/lib.rs:655:60
[INFO] [stdout]   27:     0x60bdd6d21313 - <core::panic::unwind_safe::AssertUnwindSafe<F> as core::ops::function::FnOnce<()>>::call_once::hf79cff2a624d8cf7
[INFO] [stdout]                                at /rustc/6067b36314ab5eb2eb47cecc464545ba58e1ad24/library/core/src/panic/unwind_safe.rs:272:9
[INFO] [stdout]   28:     0x60bdd6d21313 - std::panicking::try::do_call::h3da0561d9ab99c25
[INFO] [stdout]                                at /rustc/6067b36314ab5eb2eb47cecc464545ba58e1ad24/library/std/src/panicking.rs:587:40
[INFO] [stdout]   29:     0x60bdd6d21313 - std::panicking::try::h41c9fa508bc61df6
[INFO] [stdout]                                at /rustc/6067b36314ab5eb2eb47cecc464545ba58e1ad24/library/std/src/panicking.rs:550:19
[INFO] [stdout]   30:     0x60bdd6d21313 - std::panic::catch_unwind::h6b3ff07bb5afad93
[INFO] [stdout]                                at /rustc/6067b36314ab5eb2eb47cecc464545ba58e1ad24/library/std/src/panic.rs:358:14
[INFO] [stdout]   31:     0x60bdd6d21313 - test::run_test_in_process::hc7253dd11b39b9f4
[INFO] [stdout]                                at /rustc/6067b36314ab5eb2eb47cecc464545ba58e1ad24/library/test/src/lib.rs:655:27
[INFO] [stdout]   32:     0x60bdd6d21313 - test::run_test::{{closure}}::hfb2007f8649c30bb
[INFO] [stdout]                                at /rustc/6067b36314ab5eb2eb47cecc464545ba58e1ad24/library/test/src/lib.rs:576:43
[INFO] [stdout]   33:     0x60bdd6ce43f5 - test::run_test::{{closure}}::h56a17aa7a282a9f4
[INFO] [stdout]                                at /rustc/6067b36314ab5eb2eb47cecc464545ba58e1ad24/library/test/src/lib.rs:606:41
[INFO] [stdout]   34:     0x60bdd6ce43f5 - std::sys::backtrace::__rust_begin_short_backtrace::hd2d2d2fb8e8c6aac
[INFO] [stdout]                                at /rustc/6067b36314ab5eb2eb47cecc464545ba58e1ad24/library/std/src/sys/backtrace.rs:152:18
[INFO] [stdout]   35:     0x60bdd6ce7cda - std::thread::Builder::spawn_unchecked_::{{closure}}::{{closure}}::h4faa3f9db6133423
[INFO] [stdout]                                at /rustc/6067b36314ab5eb2eb47cecc464545ba58e1ad24/library/std/src/thread/mod.rs:559:17
[INFO] [stdout]   36:     0x60bdd6ce7cda - <core::panic::unwind_safe::AssertUnwindSafe<F> as core::ops::function::FnOnce<()>>::call_once::hf2e855a36a4ea846
[INFO] [stdout]                                at /rustc/6067b36314ab5eb2eb47cecc464545ba58e1ad24/library/core/src/panic/unwind_safe.rs:272:9
[INFO] [stdout]   37:     0x60bdd6ce7cda - std::panicking::try::do_call::h2f73af3616c35465
[INFO] [stdout]                                at /rustc/6067b36314ab5eb2eb47cecc464545ba58e1ad24/library/std/src/panicking.rs:587:40
[INFO] [stdout]   38:     0x60bdd6ce7cda - std::panicking::try::hd1660ce9efadef5a
[INFO] [stdout]                                at /rustc/6067b36314ab5eb2eb47cecc464545ba58e1ad24/library/std/src/panicking.rs:550:19
[INFO] [stdout]   39:     0x60bdd6ce7cda - std::panic::catch_unwind::h5ee8d7823b8ca744
[INFO] [stdout]                                at /rustc/6067b36314ab5eb2eb47cecc464545ba58e1ad24/library/std/src/panic.rs:358:14
[INFO] [stdout]   40:     0x60bdd6ce7cda - std::thread::Builder::spawn_unchecked_::{{closure}}::h53c3a1894dce8407
[INFO] [stdout]                                at /rustc/6067b36314ab5eb2eb47cecc464545ba58e1ad24/library/std/src/thread/mod.rs:557:30
[INFO] [stdout]   41:     0x60bdd6ce7cda - core::ops::function::FnOnce::call_once{{vtable.shim}}::h048ce291ad4f62bf
[INFO] [stdout]                                at /rustc/6067b36314ab5eb2eb47cecc464545ba58e1ad24/library/core/src/ops/function.rs:250:5
[INFO] [stdout]   42:     0x60bdd6d8e63b - <alloc::boxed::Box<F,A> as core::ops::function::FnOnce<Args>>::call_once::ha52bedf99a3b4981
[INFO] [stdout]                                at /rustc/6067b36314ab5eb2eb47cecc464545ba58e1ad24/library/alloc/src/boxed.rs:2013:9
[INFO] [stdout]   43:     0x60bdd6d8e63b - <alloc::boxed::Box<F,A> as core::ops::function::FnOnce<Args>>::call_once::h567748934d80ccf8
[INFO] [stdout]                                at /rustc/6067b36314ab5eb2eb47cecc464545ba58e1ad24/library/alloc/src/boxed.rs:2013:9
[INFO] [stdout]   44:     0x60bdd6d8e63b - std::sys::pal::unix::thread::Thread::new::thread_start::h2d970728ae887adc
[INFO] [stdout]                                at /rustc/6067b36314ab5eb2eb47cecc464545ba58e1ad24/library/std/src/sys/pal/unix/thread.rs:106:17
[INFO] [stdout]   45:     0x7a7d00fd1ac3 - <unknown>
[INFO] [stdout]   46:     0x7a7d01062a04 - clone
[INFO] [stdout]   47:                0x0 - <unknown>
[INFO] [stdout] 
[INFO] [stdout] ---- tests::test_write_size_to_file stdout ----
[INFO] [stdout] 
[INFO] [stdout] thread 'tests::test_write_size_to_file' panicked at src/log/src/lib.rs:30:40:
[INFO] [stdout] called `Result::unwrap()` on an `Err` value: Os { code: 30, kind: ReadOnlyFilesystem, message: "Read-only file system" }
[INFO] [stdout] stack backtrace:
[INFO] [stdout]    0:     0x60bdd6d887da - std::backtrace_rs::backtrace::libunwind::trace::hb059275cfc8d6126
[INFO] [stdout]                                at /rustc/6067b36314ab5eb2eb47cecc464545ba58e1ad24/library/std/src/../../backtrace/src/backtrace/libunwind.rs:116:5
[INFO] [stdout]    1:     0x60bdd6d887da - std::backtrace_rs::backtrace::trace_unsynchronized::h2da071e4327ce3ee
[INFO] [stdout]                                at /rustc/6067b36314ab5eb2eb47cecc464545ba58e1ad24/library/std/src/../../backtrace/src/backtrace/mod.rs:66:5
[INFO] [stdout]    2:     0x60bdd6d887da - std::sys::backtrace::_print_fmt::h842a1474e6f8d23f
[INFO] [stdout]                                at /rustc/6067b36314ab5eb2eb47cecc464545ba58e1ad24/library/std/src/sys/backtrace.rs:66:9
[INFO] [stdout]    3:     0x60bdd6d887da - <std::sys::backtrace::BacktraceLock::print::DisplayBacktrace as core::fmt::Display>::fmt::h71a62eb3b9696b12
[INFO] [stdout]                                at /rustc/6067b36314ab5eb2eb47cecc464545ba58e1ad24/library/std/src/sys/backtrace.rs:39:26
[INFO] [stdout]    4:     0x60bdd6db03d3 - core::fmt::rt::Argument::fmt::hdb6b616786b41dc1
[INFO] [stdout]                                at /rustc/6067b36314ab5eb2eb47cecc464545ba58e1ad24/library/core/src/fmt/rt.rs:177:76
[INFO] [stdout]    5:     0x60bdd6db03d3 - core::fmt::write::h2cc1698af7e2d686
[INFO] [stdout]                                at /rustc/6067b36314ab5eb2eb47cecc464545ba58e1ad24/library/core/src/fmt/mod.rs:1440:21
[INFO] [stdout]    6:     0x60bdd6d85333 - std::io::Write::write_fmt::hab1b4cd059a79022
[INFO] [stdout]                                at /rustc/6067b36314ab5eb2eb47cecc464545ba58e1ad24/library/std/src/io/mod.rs:1887:15
[INFO] [stdout]    7:     0x60bdd6d88622 - std::sys::backtrace::BacktraceLock::print::h147fe35b4ea13b08
[INFO] [stdout]                                at /rustc/6067b36314ab5eb2eb47cecc464545ba58e1ad24/library/std/src/sys/backtrace.rs:42:9
[INFO] [stdout]    8:     0x60bdd6d89bff - std::panicking::default_hook::{{closure}}::hbd44223dbdc0d208
[INFO] [stdout]                                at /rustc/6067b36314ab5eb2eb47cecc464545ba58e1ad24/library/std/src/panicking.rs:298:22
[INFO] [stdout]    9:     0x60bdd6d89a18 - std::panicking::default_hook::h20f81eb0576efcec
[INFO] [stdout]                                at /rustc/6067b36314ab5eb2eb47cecc464545ba58e1ad24/library/std/src/panicking.rs:322:9
[INFO] [stdout]   10:     0x60bdd6d1cc83 - <alloc::boxed::Box<F,A> as core::ops::function::Fn<Args>>::call::hdb53814c496a4d34
[INFO] [stdout]                                at /rustc/6067b36314ab5eb2eb47cecc464545ba58e1ad24/library/alloc/src/boxed.rs:2027:9
[INFO] [stdout]   11:     0x60bdd6d1cc83 - test::test_main::{{closure}}::hc0a4963c59427c24
[INFO] [stdout]                                at /rustc/6067b36314ab5eb2eb47cecc464545ba58e1ad24/library/test/src/lib.rs:134:21
[INFO] [stdout]   12:     0x60bdd6d8a6f3 - <alloc::boxed::Box<F,A> as core::ops::function::Fn<Args>>::call::h591b2225413a77e9
[INFO] [stdout]                                at /rustc/6067b36314ab5eb2eb47cecc464545ba58e1ad24/library/alloc/src/boxed.rs:2027:9
[INFO] [stdout]   13:     0x60bdd6d8a6f3 - std::panicking::rust_panic_with_hook::h625eea43051b2edc
[INFO] [stdout]                                at /rustc/6067b36314ab5eb2eb47cecc464545ba58e1ad24/library/std/src/panicking.rs:839:13
[INFO] [stdout]   14:     0x60bdd6d8a3aa - std::panicking::begin_panic_handler::{{closure}}::h4f9159cfbc3f6bd3
[INFO] [stdout]                                at /rustc/6067b36314ab5eb2eb47cecc464545ba58e1ad24/library/std/src/panicking.rs:704:13
[INFO] [stdout]   15:     0x60bdd6d88cd9 - std::sys::backtrace::__rust_end_short_backtrace::h0390abce48353151
[INFO] [stdout]                                at /rustc/6067b36314ab5eb2eb47cecc464545ba58e1ad24/library/std/src/sys/backtrace.rs:168:18
[INFO] [stdout]   16:     0x60bdd6d8a03d - rust_begin_unwind
[INFO] [stdout]                                at /rustc/6067b36314ab5eb2eb47cecc464545ba58e1ad24/library/std/src/panicking.rs:695:5
[INFO] [stdout]   17:     0x60bdd6daedb0 - core::panicking::panic_fmt::h9e7c637e9e5f29c9
[INFO] [stdout]                                at /rustc/6067b36314ab5eb2eb47cecc464545ba58e1ad24/library/core/src/panicking.rs:75:14
[INFO] [stdout]   18:     0x60bdd6daf226 - core::result::unwrap_failed::h7979f09313fe1849
[INFO] [stdout]                                at /rustc/6067b36314ab5eb2eb47cecc464545ba58e1ad24/library/core/src/result.rs:1704:5
[INFO] [stdout]   19:     0x60bdd6cdb00a - core::result::Result<T,E>::unwrap::h5ba3c05b4ab78c59
[INFO] [stdout]                                at /rustc/6067b36314ab5eb2eb47cecc464545ba58e1ad24/library/core/src/result.rs:1109:23
[INFO] [stdout]   20:     0x60bdd6cdb00a - log::LogWriter::new::h0a95867ddcd4768b
[INFO] [stdout]                                at /opt/rustwide/workdir/src/log/src/lib.rs:30:21
[INFO] [stdout]   21:     0x60bdd6cdddf8 - log::tests::test_write_size_to_file::hfecd04ea76c4f741
[INFO] [stdout]                                at /opt/rustwide/workdir/src/log/src/lib.rs:155:26
[INFO] [stdout]   22:     0x60bdd6cdddc7 - log::tests::test_write_size_to_file::{{closure}}::h796ad3a1fdc7766b
[INFO] [stdout]                                at /opt/rustwide/workdir/src/log/src/lib.rs:154:33
[INFO] [stdout]   23:     0x60bdd6cd85b6 - core::ops::function::FnOnce::call_once::hb88f36f80f022e03
[INFO] [stdout]                                at /rustc/6067b36314ab5eb2eb47cecc464545ba58e1ad24/library/core/src/ops/function.rs:250:5
[INFO] [stdout]   24:     0x60bdd6d223db - core::ops::function::FnOnce::call_once::he27718dfdd183f43
[INFO] [stdout]                                at /rustc/6067b36314ab5eb2eb47cecc464545ba58e1ad24/library/core/src/ops/function.rs:250:5
[INFO] [stdout]   25:     0x60bdd6d223db - test::__rust_begin_short_backtrace::h4e84902998457a5d
[INFO] [stdout]                                at /rustc/6067b36314ab5eb2eb47cecc464545ba58e1ad24/library/test/src/lib.rs:632:18
[INFO] [stdout]   26:     0x60bdd6d21313 - test::run_test_in_process::{{closure}}::h7176fd18fc1feca0
[INFO] [stdout]                                at /rustc/6067b36314ab5eb2eb47cecc464545ba58e1ad24/library/test/src/lib.rs:655:60
[INFO] [stdout]   27:     0x60bdd6d21313 - <core::panic::unwind_safe::AssertUnwindSafe<F> as core::ops::function::FnOnce<()>>::call_once::hf79cff2a624d8cf7
[INFO] [stdout]                                at /rustc/6067b36314ab5eb2eb47cecc464545ba58e1ad24/library/core/src/panic/unwind_safe.rs:272:9
[INFO] [stdout]   28:     0x60bdd6d21313 - std::panicking::try::do_call::h3da0561d9ab99c25
[INFO] [stdout]                                at /rustc/6067b36314ab5eb2eb47cecc464545ba58e1ad24/library/std/src/panicking.rs:587:40
[INFO] [stdout]   29:     0x60bdd6d21313 - std::panicking::try::h41c9fa508bc61df6
[INFO] [stdout]                                at /rustc/6067b36314ab5eb2eb47cecc464545ba58e1ad24/library/std/src/panicking.rs:550:19
[INFO] [stdout]   30:     0x60bdd6d21313 - std::panic::catch_unwind::h6b3ff07bb5afad93
[INFO] [stdout]                                at /rustc/6067b36314ab5eb2eb47cecc464545ba58e1ad24/library/std/src/panic.rs:358:14
[INFO] [stdout]   31:     0x60bdd6d21313 - test::run_test_in_process::hc7253dd11b39b9f4
[INFO] [stdout]                                at /rustc/6067b36314ab5eb2eb47cecc464545ba58e1ad24/library/test/src/lib.rs:655:27
[INFO] [stdout]   32:     0x60bdd6d21313 - test::run_test::{{closure}}::hfb2007f8649c30bb
[INFO] [stdout]                                at /rustc/6067b36314ab5eb2eb47cecc464545ba58e1ad24/library/test/src/lib.rs:576:43
[INFO] [stdout]   33:     0x60bdd6ce43f5 - test::run_test::{{closure}}::h56a17aa7a282a9f4
[INFO] [stdout]                                at /rustc/6067b36314ab5eb2eb47cecc464545ba58e1ad24/library/test/src/lib.rs:606:41
[INFO] [stdout]   34:     0x60bdd6ce43f5 - std::sys::backtrace::__rust_begin_short_backtrace::hd2d2d2fb8e8c6aac
[INFO] [stdout]                                at /rustc/6067b36314ab5eb2eb47cecc464545ba58e1ad24/library/std/src/sys/backtrace.rs:152:18
[INFO] [stdout]   35:     0x60bdd6ce7cda - std::thread::Builder::spawn_unchecked_::{{closure}}::{{closure}}::h4faa3f9db6133423
[INFO] [stdout]                                at /rustc/6067b36314ab5eb2eb47cecc464545ba58e1ad24/library/std/src/thread/mod.rs:559:17
[INFO] [stdout]   36:     0x60bdd6ce7cda - <core::panic::unwind_safe::AssertUnwindSafe<F> as core::ops::function::FnOnce<()>>::call_once::hf2e855a36a4ea846
[INFO] [stdout]                                at /rustc/6067b36314ab5eb2eb47cecc464545ba58e1ad24/library/core/src/panic/unwind_safe.rs:272:9
[INFO] [stdout]   37:     0x60bdd6ce7cda - std::panicking::try::do_call::h2f73af3616c35465
[INFO] [stdout]                                at /rustc/6067b36314ab5eb2eb47cecc464545ba58e1ad24/library/std/src/panicking.rs:587:40
[INFO] [stdout]   38:     0x60bdd6ce7cda - std::panicking::try::hd1660ce9efadef5a
[INFO] [stdout]                                at /rustc/6067b36314ab5eb2eb47cecc464545ba58e1ad24/library/std/src/panicking.rs:550:19
[INFO] [stdout]   39:     0x60bdd6ce7cda - std::panic::catch_unwind::h5ee8d7823b8ca744
[INFO] [stdout]                                at /rustc/6067b36314ab5eb2eb47cecc464545ba58e1ad24/library/std/src/panic.rs:358:14
[INFO] [stdout]   40:     0x60bdd6ce7cda - std::thread::Builder::spawn_unchecked_::{{closure}}::h53c3a1894dce8407
[INFO] [stdout]                                at /rustc/6067b36314ab5eb2eb47cecc464545ba58e1ad24/library/std/src/thread/mod.rs:557:30
[INFO] [stdout]   41:     0x60bdd6ce7cda - core::ops::function::FnOnce::call_once{{vtable.shim}}::h048ce291ad4f62bf
[INFO] [stdout]                                at /rustc/6067b36314ab5eb2eb47cecc464545ba58e1ad24/library/core/src/ops/function.rs:250:5
[INFO] [stdout]   42:     0x60bdd6d8e63b - <alloc::boxed::Box<F,A> as core::ops::function::FnOnce<Args>>::call_once::ha52bedf99a3b4981
[INFO] [stdout]                                at /rustc/6067b36314ab5eb2eb47cecc464545ba58e1ad24/library/alloc/src/boxed.rs:2013:9
[INFO] [stdout]   43:     0x60bdd6d8e63b - <alloc::boxed::Box<F,A> as core::ops::function::FnOnce<Args>>::call_once::h567748934d80ccf8
[INFO] [stdout]                                at /rustc/6067b36314ab5eb2eb47cecc464545ba58e1ad24/library/alloc/src/boxed.rs:2013:9
[INFO] [stdout]   44:     0x60bdd6d8e63b - std::sys::pal::unix::thread::Thread::new::thread_start::h2d970728ae887adc
[INFO] [stdout]                                at /rustc/6067b36314ab5eb2eb47cecc464545ba58e1ad24/library/std/src/sys/pal/unix/thread.rs:106:17
[INFO] [stdout]   45:     0x7a7d00fd1ac3 - <unknown>
[INFO] [stdout]   46:     0x7a7d01062a04 - clone
[INFO] [stdout]   47:                0x0 - <unknown>
[INFO] [stdout] 
[INFO] [stdout] ---- tests::test_sequence_delete_val_to_file stdout ----
[INFO] [stdout] 
[INFO] [stdout] thread 'tests::test_sequence_delete_val_to_file' panicked at src/log/src/lib.rs:30:40:
[INFO] [stdout] called `Result::unwrap()` on an `Err` value: Os { code: 30, kind: ReadOnlyFilesystem, message: "Read-only file system" }
[INFO] [stdout] stack backtrace:
[INFO] [stdout]    0:     0x60bdd6d887da - std::backtrace_rs::backtrace::libunwind::trace::hb059275cfc8d6126
[INFO] [stdout]                                at /rustc/6067b36314ab5eb2eb47cecc464545ba58e1ad24/library/std/src/../../backtrace/src/backtrace/libunwind.rs:116:5
[INFO] [stdout]    1:     0x60bdd6d887da - std::backtrace_rs::backtrace::trace_unsynchronized::h2da071e4327ce3ee
[INFO] [stdout]                                at /rustc/6067b36314ab5eb2eb47cecc464545ba58e1ad24/library/std/src/../../backtrace/src/backtrace/mod.rs:66:5
[INFO] [stdout]    2:     0x60bdd6d887da - std::sys::backtrace::_print_fmt::h842a1474e6f8d23f
[INFO] [stdout]                                at /rustc/6067b36314ab5eb2eb47cecc464545ba58e1ad24/library/std/src/sys/backtrace.rs:66:9
[INFO] [stdout]    3:     0x60bdd6d887da - <std::sys::backtrace::BacktraceLock::print::DisplayBacktrace as core::fmt::Display>::fmt::h71a62eb3b9696b12
[INFO] [stdout]                                at /rustc/6067b36314ab5eb2eb47cecc464545ba58e1ad24/library/std/src/sys/backtrace.rs:39:26
[INFO] [stdout]    4:     0x60bdd6db03d3 - core::fmt::rt::Argument::fmt::hdb6b616786b41dc1
[INFO] [stdout]                                at /rustc/6067b36314ab5eb2eb47cecc464545ba58e1ad24/library/core/src/fmt/rt.rs:177:76
[INFO] [stdout]    5:     0x60bdd6db03d3 - core::fmt::write::h2cc1698af7e2d686
[INFO] [stdout]                                at /rustc/6067b36314ab5eb2eb47cecc464545ba58e1ad24/library/core/src/fmt/mod.rs:1440:21
[INFO] [stdout]    6:     0x60bdd6d85333 - std::io::Write::write_fmt::hab1b4cd059a79022
[INFO] [stdout]                                at /rustc/6067b36314ab5eb2eb47cecc464545ba58e1ad24/library/std/src/io/mod.rs:1887:15
[INFO] [stdout]    7:     0x60bdd6d88622 - std::sys::backtrace::BacktraceLock::print::h147fe35b4ea13b08
[INFO] [stdout]                                at /rustc/6067b36314ab5eb2eb47cecc464545ba58e1ad24/library/std/src/sys/backtrace.rs:42:9
[INFO] [stdout]    8:     0x60bdd6d89bff - std::panicking::default_hook::{{closure}}::hbd44223dbdc0d208
[INFO] [stdout]                                at /rustc/6067b36314ab5eb2eb47cecc464545ba58e1ad24/library/std/src/panicking.rs:298:22
[INFO] [stdout]    9:     0x60bdd6d89a18 - std::panicking::default_hook::h20f81eb0576efcec
[INFO] [stdout]                                at /rustc/6067b36314ab5eb2eb47cecc464545ba58e1ad24/library/std/src/panicking.rs:322:9
[INFO] [stdout]   10:     0x60bdd6d1cc83 - <alloc::boxed::Box<F,A> as core::ops::function::Fn<Args>>::call::hdb53814c496a4d34
[INFO] [stdout]                                at /rustc/6067b36314ab5eb2eb47cecc464545ba58e1ad24/library/alloc/src/boxed.rs:2027:9
[INFO] [stdout]   11:     0x60bdd6d1cc83 - test::test_main::{{closure}}::hc0a4963c59427c24
[INFO] [stdout]                                at /rustc/6067b36314ab5eb2eb47cecc464545ba58e1ad24/library/test/src/lib.rs:134:21
[INFO] [stdout]   12:     0x60bdd6d8a6f3 - <alloc::boxed::Box<F,A> as core::ops::function::Fn<Args>>::call::h591b2225413a77e9
[INFO] [stdout]                                at /rustc/6067b36314ab5eb2eb47cecc464545ba58e1ad24/library/alloc/src/boxed.rs:2027:9
[INFO] [stdout]   13:     0x60bdd6d8a6f3 - std::panicking::rust_panic_with_hook::h625eea43051b2edc
[INFO] [stdout]                                at /rustc/6067b36314ab5eb2eb47cecc464545ba58e1ad24/library/std/src/panicking.rs:839:13
[INFO] [stdout]   14:     0x60bdd6d8a3aa - std::panicking::begin_panic_handler::{{closure}}::h4f9159cfbc3f6bd3
[INFO] [stdout]                                at /rustc/6067b36314ab5eb2eb47cecc464545ba58e1ad24/library/std/src/panicking.rs:704:13
[INFO] [stdout]   15:     0x60bdd6d88cd9 - std::sys::backtrace::__rust_end_short_backtrace::h0390abce48353151
[INFO] [stdout]                                at /rustc/6067b36314ab5eb2eb47cecc464545ba58e1ad24/library/std/src/sys/backtrace.rs:168:18
[INFO] [stdout]   16:     0x60bdd6d8a03d - rust_begin_unwind
[INFO] [stdout]                                at /rustc/6067b36314ab5eb2eb47cecc464545ba58e1ad24/library/std/src/panicking.rs:695:5
[INFO] [stdout]   17:     0x60bdd6daedb0 - core::panicking::panic_fmt::h9e7c637e9e5f29c9
[INFO] [stdout]                                at /rustc/6067b36314ab5eb2eb47cecc464545ba58e1ad24/library/core/src/panicking.rs:75:14
[INFO] [stdout]   18:     0x60bdd6daf226 - core::result::unwrap_failed::h7979f09313fe1849
[INFO] [stdout]                                at /rustc/6067b36314ab5eb2eb47cecc464545ba58e1ad24/library/core/src/result.rs:1704:5
[INFO] [stdout]   19:     0x60bdd6cdb00a - core::result::Result<T,E>::unwrap::h5ba3c05b4ab78c59
[INFO] [stdout]                                at /rustc/6067b36314ab5eb2eb47cecc464545ba58e1ad24/library/core/src/result.rs:1109:23
[INFO] [stdout]   20:     0x60bdd6cdb00a - log::LogWriter::new::h0a95867ddcd4768b
[INFO] [stdout]                                at /opt/rustwide/workdir/src/log/src/lib.rs:30:21
[INFO] [stdout]   21:     0x60bdd6ce0e5e - log::tests::test_sequence_delete_val_to_file::hbbd3099af2b5fd61
[INFO] [stdout]                                at /opt/rustwide/workdir/src/log/src/lib.rs:289:26
[INFO] [stdout]   22:     0x60bdd6ce0c97 - log::tests::test_sequence_delete_val_to_file::{{closure}}::h873b63ac441bc2f0
[INFO] [stdout]                                at /opt/rustwide/workdir/src/log/src/lib.rs:269:42
[INFO] [stdout]   23:     0x60bdd6cd83c6 - core::ops::function::FnOnce::call_once::h1bedafa6b3c372fc
[INFO] [stdout]                                at /rustc/6067b36314ab5eb2eb47cecc464545ba58e1ad24/library/core/src/ops/function.rs:250:5
[INFO] [stdout]   24:     0x60bdd6d223db - core::ops::function::FnOnce::call_once::he27718dfdd183f43
[INFO] [stdout]                                at /rustc/6067b36314ab5eb2eb47cecc464545ba58e1ad24/library/core/src/ops/function.rs:250:5
[INFO] [stdout]   25:     0x60bdd6d223db - test::__rust_begin_short_backtrace::h4e84902998457a5d
[INFO] [stdout]                                at /rustc/6067b36314ab5eb2eb47cecc464545ba58e1ad24/library/test/src/lib.rs:632:18
[INFO] [stdout]   26:     0x60bdd6d21313 - test::run_test_in_process::{{closure}}::h7176fd18fc1feca0
[INFO] [stdout]                                at /rustc/6067b36314ab5eb2eb47cecc464545ba58e1ad24/library/test/src/lib.rs:655:60
[INFO] [stdout]   27:     0x60bdd6d21313 - <core::panic::unwind_safe::AssertUnwindSafe<F> as core::ops::function::FnOnce<()>>::call_once::hf79cff2a624d8cf7
[INFO] [stdout]                                at /rustc/6067b36314ab5eb2eb47cecc464545ba58e1ad24/library/core/src/panic/unwind_safe.rs:272:9
[INFO] [stdout]   28:     0x60bdd6d21313 - std::panicking::try::do_call::h3da0561d9ab99c25
[INFO] [stdout]                                at /rustc/6067b36314ab5eb2eb47cecc464545ba58e1ad24/library/std/src/panicking.rs:587:40
[INFO] [stdout]   29:     0x60bdd6d21313 - std::panicking::try::h41c9fa508bc61df6
[INFO] [stdout]                                at /rustc/6067b36314ab5eb2eb47cecc464545ba58e1ad24/library/std/src/panicking.rs:550:19
[INFO] [stdout]   30:     0x60bdd6d21313 - std::panic::catch_unwind::h6b3ff07bb5afad93
[INFO] [stdout]                                at /rustc/6067b36314ab5eb2eb47cecc464545ba58e1ad24/library/std/src/panic.rs:358:14
[INFO] [stdout]   31:     0x60bdd6d21313 - test::run_test_in_process::hc7253dd11b39b9f4
[INFO] [stdout]                                at /rustc/6067b36314ab5eb2eb47cecc464545ba58e1ad24/library/test/src/lib.rs:655:27
[INFO] [stdout]   32:     0x60bdd6d21313 - test::run_test::{{closure}}::hfb2007f8649c30bb
[INFO] [stdout]                                at /rustc/6067b36314ab5eb2eb47cecc464545ba58e1ad24/library/test/src/lib.rs:576:43
[INFO] [stdout]   33:     0x60bdd6ce43f5 - test::run_test::{{closure}}::h56a17aa7a282a9f4
[INFO] [stdout]                                at /rustc/6067b36314ab5eb2eb47cecc464545ba58e1ad24/library/test/src/lib.rs:606:41
[INFO] [stdout]   34:     0x60bdd6ce43f5 - std::sys::backtrace::__rust_begin_short_backtrace::hd2d2d2fb8e8c6aac
[INFO] [stdout]                                at /rustc/6067b36314ab5eb2eb47cecc464545ba58e1ad24/library/std/src/sys/backtrace.rs:152:18
[INFO] [stdout]   35:     0x60bdd6ce7cda - std::thread::Builder::spawn_unchecked_::{{closure}}::{{closure}}::h4faa3f9db6133423
[INFO] [stdout]                                at /rustc/6067b36314ab5eb2eb47cecc464545ba58e1ad24/library/std/src/thread/mod.rs:559:17
[INFO] [stdout]   36:     0x60bdd6ce7cda - <core::panic::unwind_safe::AssertUnwindSafe<F> as core::ops::function::FnOnce<()>>::call_once::hf2e855a36a4ea846
[INFO] [stdout]                                at /rustc/6067b36314ab5eb2eb47cecc464545ba58e1ad24/library/core/src/panic/unwind_safe.rs:272:9
[INFO] [stdout]   37:     0x60bdd6ce7cda - std::panicking::try::do_call::h2f73af3616c35465
[INFO] [stdout]                                at /rustc/6067b36314ab5eb2eb47cecc464545ba58e1ad24/library/std/src/panicking.rs:587:40
[INFO] [stdout]   38:     0x60bdd6ce7cda - std::panicking::try::hd1660ce9efadef5a
[INFO] [stdout]                                at /rustc/6067b36314ab5eb2eb47cecc464545ba58e1ad24/library/std/src/panicking.rs:550:19
[INFO] [stdout]   39:     0x60bdd6ce7cda - std::panic::catch_unwind::h5ee8d7823b8ca744
[INFO] [stdout]                                at /rustc/6067b36314ab5eb2eb47cecc464545ba58e1ad24/library/std/src/panic.rs:358:14
[INFO] [stdout]   40:     0x60bdd6ce7cda - std::thread::Builder::spawn_unchecked_::{{closure}}::h53c3a1894dce8407
[INFO] [stdout]                                at /rustc/6067b36314ab5eb2eb47cecc464545ba58e1ad24/library/std/src/thread/mod.rs:557:30
[INFO] [stdout]   41:     0x60bdd6ce7cda - core::ops::function::FnOnce::call_once{{vtable.shim}}::h048ce291ad4f62bf
[INFO] [stdout]                                at /rustc/6067b36314ab5eb2eb47cecc464545ba58e1ad24/library/core/src/ops/function.rs:250:5
[INFO] [stdout]   42:     0x60bdd6d8e63b - <alloc::boxed::Box<F,A> as core::ops::function::FnOnce<Args>>::call_once::ha52bedf99a3b4981
[INFO] [stdout]                                at /rustc/6067b36314ab5eb2eb47cecc464545ba58e1ad24/library/alloc/src/boxed.rs:2013:9
[INFO] [stdout]   43:     0x60bdd6d8e63b - <alloc::boxed::Box<F,A> as core::ops::function::FnOnce<Args>>::call_once::h567748934d80ccf8
[INFO] [stdout]                                at /rustc/6067b36314ab5eb2eb47cecc464545ba58e1ad24/library/alloc/src/boxed.rs:2013:9
[INFO] [stdout]   44:     0x60bdd6d8e63b - std::sys::pal::unix::thread::Thread::new::thread_start::h2d970728ae887adc
[INFO] [stdout]                                at /rustc/6067b36314ab5eb2eb47cecc464545ba58e1ad24/library/std/src/sys/pal/unix/thread.rs:106:17
[INFO] [stdout]   45:     0x7a7d00fd1ac3 - <unknown>
[INFO] [stdout]   46:     0x7a7d01062a04 - clone
[INFO] [stdout]   47:                0x0 - <unknown>
[INFO] [stdout] 
[INFO] [stdout] ---- tests::test_write_val_to_file stdout ----
[INFO] [stdout] 
[INFO] [stdout] thread 'tests::test_write_val_to_file' panicked at src/log/src/lib.rs:30:40:
[INFO] [stdout] called `Result::unwrap()` on an `Err` value: Os { code: 30, kind: ReadOnlyFilesystem, message: "Read-only file system" }
[INFO] [stdout] stack backtrace:
[INFO] [stdout]    0:     0x60bdd6d887da - std::backtrace_rs::backtrace::libunwind::trace::hb059275cfc8d6126
[INFO] [stdout]                                at /rustc/6067b36314ab5eb2eb47cecc464545ba58e1ad24/library/std/src/../../backtrace/src/backtrace/libunwind.rs:116:5
[INFO] [stdout]    1:     0x60bdd6d887da - std::backtrace_rs::backtrace::trace_unsynchronized::h2da071e4327ce3ee
[INFO] [stdout]                                at /rustc/6067b36314ab5eb2eb47cecc464545ba58e1ad24/library/std/src/../../backtrace/src/backtrace/mod.rs:66:5
[INFO] [stdout]    2:     0x60bdd6d887da - std::sys::backtrace::_print_fmt::h842a1474e6f8d23f
[INFO] [stdout]                                at /rustc/6067b36314ab5eb2eb47cecc464545ba58e1ad24/library/std/src/sys/backtrace.rs:66:9
[INFO] [stdout]    3:     0x60bdd6d887da - <std::sys::backtrace::BacktraceLock::print::DisplayBacktrace as core::fmt::Display>::fmt::h71a62eb3b9696b12
[INFO] [stdout]                                at /rustc/6067b36314ab5eb2eb47cecc464545ba58e1ad24/library/std/src/sys/backtrace.rs:39:26
[INFO] [stdout]    4:     0x60bdd6db03d3 - core::fmt::rt::Argument::fmt::hdb6b616786b41dc1
[INFO] [stdout]                                at /rustc/6067b36314ab5eb2eb47cecc464545ba58e1ad24/library/core/src/fmt/rt.rs:177:76
[INFO] [stdout]    5:     0x60bdd6db03d3 - core::fmt::write::h2cc1698af7e2d686
[INFO] [stdout]                                at /rustc/6067b36314ab5eb2eb47cecc464545ba58e1ad24/library/core/src/fmt/mod.rs:1440:21
[INFO] [stdout]    6:     0x60bdd6d85333 - std::io::Write::write_fmt::hab1b4cd059a79022
[INFO] [stdout]                                at /rustc/6067b36314ab5eb2eb47cecc464545ba58e1ad24/library/std/src/io/mod.rs:1887:15
[INFO] [stdout]    7:     0x60bdd6d88622 - std::sys::backtrace::BacktraceLock::print::h147fe35b4ea13b08
[INFO] [stdout]                                at /rustc/6067b36314ab5eb2eb47cecc464545ba58e1ad24/library/std/src/sys/backtrace.rs:42:9
[INFO] [stdout]    8:     0x60bdd6d89bff - std::panicking::default_hook::{{closure}}::hbd44223dbdc0d208
[INFO] [stdout]                                at /rustc/6067b36314ab5eb2eb47cecc464545ba58e1ad24/library/std/src/panicking.rs:298:22
[INFO] [stdout]    9:     0x60bdd6d89a18 - std::panicking::default_hook::h20f81eb0576efcec
[INFO] [stdout]                                at /rustc/6067b36314ab5eb2eb47cecc464545ba58e1ad24/library/std/src/panicking.rs:322:9
[INFO] [stdout]   10:     0x60bdd6d1cc83 - <alloc::boxed::Box<F,A> as core::ops::function::Fn<Args>>::call::hdb53814c496a4d34
[INFO] [stdout]                                at /rustc/6067b36314ab5eb2eb47cecc464545ba58e1ad24/library/alloc/src/boxed.rs:2027:9
[INFO] [stdout]   11:     0x60bdd6d1cc83 - test::test_main::{{closure}}::hc0a4963c59427c24
[INFO] [stdout]                                at /rustc/6067b36314ab5eb2eb47cecc464545ba58e1ad24/library/test/src/lib.rs:134:21
[INFO] [stdout]   12:     0x60bdd6d8a6f3 - <alloc::boxed::Box<F,A> as core::ops::function::Fn<Args>>::call::h591b2225413a77e9
[INFO] [stdout]                                at /rustc/6067b36314ab5eb2eb47cecc464545ba58e1ad24/library/alloc/src/boxed.rs:2027:9
[INFO] [stdout]   13:     0x60bdd6d8a6f3 - std::panicking::rust_panic_with_hook::h625eea43051b2edc
[INFO] [stdout]                                at /rustc/6067b36314ab5eb2eb47cecc464545ba58e1ad24/library/std/src/panicking.rs:839:13
[INFO] [stdout]   14:     0x60bdd6d8a3aa - std::panicking::begin_panic_handler::{{closure}}::h4f9159cfbc3f6bd3
[INFO] [stdout]                                at /rustc/6067b36314ab5eb2eb47cecc464545ba58e1ad24/library/std/src/panicking.rs:704:13
[INFO] [stdout]   15:     0x60bdd6d88cd9 - std::sys::backtrace::__rust_end_short_backtrace::h0390abce48353151
[INFO] [stdout]                                at /rustc/6067b36314ab5eb2eb47cecc464545ba58e1ad24/library/std/src/sys/backtrace.rs:168:18
[INFO] [stdout]   16:     0x60bdd6d8a03d - rust_begin_unwind
[INFO] [stdout]                                at /rustc/6067b36314ab5eb2eb47cecc464545ba58e1ad24/library/std/src/panicking.rs:695:5
[INFO] [stdout]   17:     0x60bdd6daedb0 - core::panicking::panic_fmt::h9e7c637e9e5f29c9
[INFO] [stdout]                                at /rustc/6067b36314ab5eb2eb47cecc464545ba58e1ad24/library/core/src/panicking.rs:75:14
[INFO] [stdout]   18:     0x60bdd6daf226 - core::result::unwrap_failed::h7979f09313fe1849
[INFO] [stdout]                                at /rustc/6067b36314ab5eb2eb47cecc464545ba58e1ad24/library/core/src/result.rs:1704:5
[INFO] [stdout]   19:     0x60bdd6cdb00a - core::result::Result<T,E>::unwrap::h5ba3c05b4ab78c59
[INFO] [stdout]                                at /rustc/6067b36314ab5eb2eb47cecc464545ba58e1ad24/library/core/src/result.rs:1109:23
[INFO] [stdout]   20:     0x60bdd6cdb00a - log::LogWriter::new::h0a95867ddcd4768b
[INFO] [stdout]                                at /opt/rustwide/workdir/src/log/src/lib.rs:30:21
[INFO] [stdout]   21:     0x60bdd6cde31c - log::tests::test_write_val_to_file::hd4302bc1251b1c7e
[INFO] [stdout]                                at /opt/rustwide/workdir/src/log/src/lib.rs:172:26
[INFO] [stdout]   22:     0x60bdd6cde2c7 - log::tests::test_write_val_to_file::{{closure}}::hd07f186774ffa7f0
[INFO] [stdout]                                at /opt/rustwide/workdir/src/log/src/lib.rs:170:32
[INFO] [stdout]   23:     0x60bdd6cd8406 - core::ops::function::FnOnce::call_once::h3552ae000dc7cf4a
[INFO] [stdout]                                at /rustc/6067b36314ab5eb2eb47cecc464545ba58e1ad24/library/core/src/ops/function.rs:250:5
[INFO] [stdout]   24:     0x60bdd6d223db - core::ops::function::FnOnce::call_once::he27718dfdd183f43
[INFO] [stdout]                                at /rustc/6067b36314ab5eb2eb47cecc464545ba58e1ad24/library/core/src/ops/function.rs:250:5
[INFO] [stdout]   25:     0x60bdd6d223db - test::__rust_begin_short_backtrace::h4e84902998457a5d
[INFO] [stdout]                                at /rustc/6067b36314ab5eb2eb47cecc464545ba58e1ad24/library/test/src/lib.rs:632:18
[INFO] [stdout]   26:     0x60bdd6d21313 - test::run_test_in_process::{{closure}}::h7176fd18fc1feca0
[INFO] [stdout]                                at /rustc/6067b36314ab5eb2eb47cecc464545ba58e1ad24/library/test/src/lib.rs:655:60
[INFO] [stdout]   27:     0x60bdd6d21313 - <core::panic::unwind_safe::AssertUnwindSafe<F> as core::ops::function::FnOnce<()>>::call_once::hf79cff2a624d8cf7
[INFO] [stdout]                                at /rustc/6067b36314ab5eb2eb47cecc464545ba58e1ad24/library/core/src/panic/unwind_safe.rs:272:9
[INFO] [stdout]   28:     0x60bdd6d21313 - std::panicking::try::do_call::h3da0561d9ab99c25
[INFO] [stdout]                                at /rustc/6067b36314ab5eb2eb47cecc464545ba58e1ad24/library/std/src/panicking.rs:587:40
[INFO] [stdout]   29:     0x60bdd6d21313 - std::panicking::try::h41c9fa508bc61df6
[INFO] [stdout]                                at /rustc/6067b36314ab5eb2eb47cecc464545ba58e1ad24/library/std/src/panicking.rs:550:19
[INFO] [stdout]   30:     0x60bdd6d21313 - std::panic::catch_unwind::h6b3ff07bb5afad93
[INFO] [stdout]                                at /rustc/6067b36314ab5eb2eb47cecc464545ba58e1ad24/library/std/src/panic.rs:358:14
[INFO] [stdout]   31:     0x60bdd6d21313 - test::run_test_in_process::hc7253dd11b39b9f4
[INFO] [stdout]                                at /rustc/6067b36314ab5eb2eb47cecc464545ba58e1ad24/library/test/src/lib.rs:655:27
[INFO] [stdout]   32:     0x60bdd6d21313 - test::run_test::{{closure}}::hfb2007f8649c30bb
[INFO] [stdout]                                at /rustc/6067b36314ab5eb2eb47cecc464545ba58e1ad24/library/test/src/lib.rs:576:43
[INFO] [stdout]   33:     0x60bdd6ce43f5 - test::run_test::{{closure}}::h56a17aa7a282a9f4
[INFO] [stdout]                                at /rustc/6067b36314ab5eb2eb47cecc464545ba58e1ad24/library/test/src/lib.rs:606:41
[INFO] [stdout]   34:     0x60bdd6ce43f5 - std::sys::backtrace::__rust_begin_short_backtrace::hd2d2d2fb8e8c6aac
[INFO] [stdout]                                at /rustc/6067b36314ab5eb2eb47cecc464545ba58e1ad24/library/std/src/sys/backtrace.rs:152:18
[INFO] [stdout]   35:     0x60bdd6ce7cda - std::thread::Builder::spawn_unchecked_::{{closure}}::{{closure}}::h4faa3f9db6133423
[INFO] [stdout]                                at /rustc/6067b36314ab5eb2eb47cecc464545ba58e1ad24/library/std/src/thread/mod.rs:559:17
[INFO] [stdout]   36:     0x60bdd6ce7cda - <core::panic::unwind_safe::AssertUnwindSafe<F> as core::ops::function::FnOnce<()>>::call_once::hf2e855a36a4ea846
[INFO] [stdout]                                at /rustc/6067b36314ab5eb2eb47cecc464545ba58e1ad24/library/core/src/panic/unwind_safe.rs:272:9
[INFO] [stdout]   37:     0x60bdd6ce7cda - std::panicking::try::do_call::h2f73af3616c35465
[INFO] [stdout]                                at /rustc/6067b36314ab5eb2eb47cecc464545ba58e1ad24/library/std/src/panicking.rs:587:40
[INFO] [stdout]   38:     0x60bdd6ce7cda - std::panicking::try::hd1660ce9efadef5a
[INFO] [stdout]                                at /rustc/6067b36314ab5eb2eb47cecc464545ba58e1ad24/library/std/src/panicking.rs:550:19
[INFO] [stdout]   39:     0x60bdd6ce7cda - std::panic::catch_unwind::h5ee8d7823b8ca744
[INFO] [stdout]                                at /rustc/6067b36314ab5eb2eb47cecc464545ba58e1ad24/library/std/src/panic.rs:358:14
[INFO] [stdout]   40:     0x60bdd6ce7cda - std::thread::Builder::spawn_unchecked_::{{closure}}::h53c3a1894dce8407
[INFO] [stdout]                                at /rustc/6067b36314ab5eb2eb47cecc464545ba58e1ad24/library/std/src/thread/mod.rs:557:30
[INFO] [stdout]   41:     0x60bdd6ce7cda - core::ops::function::FnOnce::call_once{{vtable.shim}}::h048ce291ad4f62bf
[INFO] [stdout]                                at /rustc/6067b36314ab5eb2eb47cecc464545ba58e1ad24/library/core/src/ops/function.rs:250:5
[INFO] [stdout]   42:     0x60bdd6d8e63b - <alloc::boxed::Box<F,A> as core::ops::function::FnOnce<Args>>::call_once::ha52bedf99a3b4981
[INFO] [stdout]                                at /rustc/6067b36314ab5eb2eb47cecc464545ba58e1ad24/library/alloc/src/boxed.rs:2013:9
[INFO] [stdout]   43:     0x60bdd6d8e63b - <alloc::boxed::Box<F,A> as core::ops::function::FnOnce<Args>>::call_once::h567748934d80ccf8
[INFO] [stdout]                                at /rustc/6067b36314ab5eb2eb47cecc464545ba58e1ad24/library/alloc/src/boxed.rs:2013:9
[INFO] [stdout]   44:     0x60bdd6d8e63b - std::sys::pal::unix::thread::Thread::new::thread_start::h2d970728ae887adc
[INFO] [stdout]                                at /rustc/6067b36314ab5eb2eb47cecc464545ba58e1ad24/library/std/src/sys/pal/unix/thread.rs:106:17
[INFO] [stdout]   45:     0x7a7d00fd1ac3 - <unknown>
[INFO] [stdout]   46:     0x7a7d01062a04 - clone
[INFO] [stdout]   47:                0x0 - <unknown>
[INFO] [stdout] 
[INFO] [stdout] ---- tests::test_sequence_write_val_to_file stdout ----
[INFO] [stdout] 
[INFO] [stdout] thread 'tests::test_sequence_write_val_to_file' panicked at src/log/src/lib.rs:30:40:
[INFO] [stdout] called `Result::unwrap()` on an `Err` value: Os { code: 30, kind: ReadOnlyFilesystem, message: "Read-only file system" }
[INFO] [stdout] stack backtrace:
[INFO] [stdout]    0:     0x60bdd6d887da - std::backtrace_rs::backtrace::libunwind::trace::hb059275cfc8d6126
[INFO] [stdout]                                at /rustc/6067b36314ab5eb2eb47cecc464545ba58e1ad24/library/std/src/../../backtrace/src/backtrace/libunwind.rs:116:5
[INFO] [stdout]    1:     0x60bdd6d887da - std::backtrace_rs::backtrace::trace_unsynchronized::h2da071e4327ce3ee
[INFO] [stdout]                                at /rustc/6067b36314ab5eb2eb47cecc464545ba58e1ad24/library/std/src/../../backtrace/src/backtrace/mod.rs:66:5
[INFO] [stdout]    2:     0x60bdd6d887da - std::sys::backtrace::_print_fmt::h842a1474e6f8d23f
[INFO] [stdout]                                at /rustc/6067b36314ab5eb2eb47cecc464545ba58e1ad24/library/std/src/sys/backtrace.rs:66:9
[INFO] [stdout]    3:     0x60bdd6d887da - <std::sys::backtrace::BacktraceLock::print::DisplayBacktrace as core::fmt::Display>::fmt::h71a62eb3b9696b12
[INFO] [stdout]                                at /rustc/6067b36314ab5eb2eb47cecc464545ba58e1ad24/library/std/src/sys/backtrace.rs:39:26
[INFO] [stdout]    4:     0x60bdd6db03d3 - core::fmt::rt::Argument::fmt::hdb6b616786b41dc1
[INFO] [stdout]                                at /rustc/6067b36314ab5eb2eb47cecc464545ba58e1ad24/library/core/src/fmt/rt.rs:177:76
[INFO] [stdout]    5:     0x60bdd6db03d3 - core::fmt::write::h2cc1698af7e2d686
[INFO] [stdout]                                at /rustc/6067b36314ab5eb2eb47cecc464545ba58e1ad24/library/core/src/fmt/mod.rs:1440:21
[INFO] [stdout]    6:     0x60bdd6d85333 - std::io::Write::write_fmt::hab1b4cd059a79022
[INFO] [stdout]                                at /rustc/6067b36314ab5eb2eb47cecc464545ba58e1ad24/library/std/src/io/mod.rs:1887:15
[INFO] [stdout]    7:     0x60bdd6d88622 - std::sys::backtrace::BacktraceLock::print::h147fe35b4ea13b08
[INFO] [stdout]                                at /rustc/6067b36314ab5eb2eb47cecc464545ba58e1ad24/library/std/src/sys/backtrace.rs:42:9
[INFO] [stdout]    8:     0x60bdd6d89bff - std::panicking::default_hook::{{closure}}::hbd44223dbdc0d208
[INFO] [stdout]                                at /rustc/6067b36314ab5eb2eb47cecc464545ba58e1ad24/library/std/src/panicking.rs:298:22
[INFO] [stdout]    9:     0x60bdd6d89a18 - std::panicking::default_hook::h20f81eb0576efcec
[INFO] [stdout]                                at /rustc/6067b36314ab5eb2eb47cecc464545ba58e1ad24/library/std/src/panicking.rs:322:9
[INFO] [stdout]   10:     0x60bdd6d1cc83 - <alloc::boxed::Box<F,A> as core::ops::function::Fn<Args>>::call::hdb53814c496a4d34
[INFO] [stdout]                                at /rustc/6067b36314ab5eb2eb47cecc464545ba58e1ad24/library/alloc/src/boxed.rs:2027:9
[INFO] [stdout]   11:     0x60bdd6d1cc83 - test::test_main::{{closure}}::hc0a4963c59427c24
[INFO] [stdout]                                at /rustc/6067b36314ab5eb2eb47cecc464545ba58e1ad24/library/test/src/lib.rs:134:21
[INFO] [stdout]   12:     0x60bdd6d8a6f3 - <alloc::boxed::Box<F,A> as core::ops::function::Fn<Args>>::call::h591b2225413a77e9
[INFO] [stdout]                                at /rustc/6067b36314ab5eb2eb47cecc464545ba58e1ad24/library/alloc/src/boxed.rs:2027:9
[INFO] [stdout]   13:     0x60bdd6d8a6f3 - std::panicking::rust_panic_with_hook::h625eea43051b2edc
[INFO] [stdout]                                at /rustc/6067b36314ab5eb2eb47cecc464545ba58e1ad24/library/std/src/panicking.rs:839:13
[INFO] [stdout]   14:     0x60bdd6d8a3aa - std::panicking::begin_panic_handler::{{closure}}::h4f9159cfbc3f6bd3
[INFO] [stdout]                                at /rustc/6067b36314ab5eb2eb47cecc464545ba58e1ad24/library/std/src/panicking.rs:704:13
[INFO] [stdout]   15:     0x60bdd6d88cd9 - std::sys::backtrace::__rust_end_short_backtrace::h0390abce48353151
[INFO] [stdout]                                at /rustc/6067b36314ab5eb2eb47cecc464545ba58e1ad24/library/std/src/sys/backtrace.rs:168:18
[INFO] [stdout]   16:     0x60bdd6d8a03d - rust_begin_unwind
[INFO] [stdout]                                at /rustc/6067b36314ab5eb2eb47cecc464545ba58e1ad24/library/std/src/panicking.rs:695:5
[INFO] [stdout]   17:     0x60bdd6daedb0 - core::panicking::panic_fmt::h9e7c637e9e5f29c9
[INFO] [stdout]                                at /rustc/6067b36314ab5eb2eb47cecc464545ba58e1ad24/library/core/src/panicking.rs:75:14
[INFO] [stdout]   18:     0x60bdd6daf226 - core::result::unwrap_failed::h7979f09313fe1849
[INFO] [stdout]                                at /rustc/6067b36314ab5eb2eb47cecc464545ba58e1ad24/library/core/src/result.rs:1704:5
[INFO] [stdout]   19:     0x60bdd6cdb00a - core::result::Result<T,E>::unwrap::h5ba3c05b4ab78c59
[INFO] [stdout]                                at /rustc/6067b36314ab5eb2eb47cecc464545ba58e1ad24/library/core/src/result.rs:1109:23
[INFO] [stdout]   20:     0x60bdd6cdb00a - log::LogWriter::new::h0a95867ddcd4768b
[INFO] [stdout]                                at /opt/rustwide/workdir/src/log/src/lib.rs:30:21
[INFO] [stdout]   21:     0x60bdd6cdf2b6 - log::tests::test_sequence_write_val_to_file::h2293394599eb5654
[INFO] [stdout]                                at /opt/rustwide/workdir/src/log/src/lib.rs:213:26
[INFO] [stdout]   22:     0x60bdd6cdf007 - log::tests::test_sequence_write_val_to_file::{{closure}}::he47b64f6fb7757ef
[INFO] [stdout]                                at /opt/rustwide/workdir/src/log/src/lib.rs:200:41
[INFO] [stdout]   23:     0x60bdd6cd84e6 - core::ops::function::FnOnce::call_once::h7f31c56be6277ca8
[INFO] [stdout]                                at /rustc/6067b36314ab5eb2eb47cecc464545ba58e1ad24/library/core/src/ops/function.rs:250:5
[INFO] [stdout]   24:     0x60bdd6d223db - core::ops::function::FnOnce::call_once::he27718dfdd183f43
[INFO] [stdout]                                at /rustc/6067b36314ab5eb2eb47cecc464545ba58e1ad24/library/core/src/ops/function.rs:250:5
[INFO] [stdout]   25:     0x60bdd6d223db - test::__rust_begin_short_backtrace::h4e84902998457a5d
[INFO] [stdout]                                at /rustc/6067b36314ab5eb2eb47cecc464545ba58e1ad24/library/test/src/lib.rs:632:18
[INFO] [stdout]   26:     0x60bdd6d21313 - test::run_test_in_process::{{closure}}::h7176fd18fc1feca0
[INFO] [stdout]                                at /rustc/6067b36314ab5eb2eb47cecc464545ba58e1ad24/library/test/src/lib.rs:655:60
[INFO] [stdout]   27:     0x60bdd6d21313 - <core::panic::unwind_safe::AssertUnwindSafe<F> as core::ops::function::FnOnce<()>>::call_once::hf79cff2a624d8cf7
[INFO] [stdout]                                at /rustc/6067b36314ab5eb2eb47cecc464545ba58e1ad24/library/core/src/panic/unwind_safe.rs:272:9
[INFO] [stdout]   28:     0x60bdd6d21313 - std::panicking::try::do_call::h3da0561d9ab99c25
[INFO] [stdout]                                at /rustc/6067b36314ab5eb2eb47cecc464545ba58e1ad24/library/std/src/panicking.rs:587:40
[INFO] [stdout]   29:     0x60bdd6d21313 - std::panicking::try::h41c9fa508bc61df6
[INFO] [stdout]                                at /rustc/6067b36314ab5eb2eb47cecc464545ba58e1ad24/library/std/src/panicking.rs:550:19
[INFO] [stdout]   30:     0x60bdd6d21313 - std::panic::catch_unwind::h6b3ff07bb5afad93
[INFO] [stdout]                                at /rustc/6067b36314ab5eb2eb47cecc464545ba58e1ad24/library/std/src/panic.rs:358:14
[INFO] [stdout]   31:     0x60bdd6d21313 - test::run_test_in_process::hc7253dd11b39b9f4
[INFO] [stdout]                                at /rustc/6067b36314ab5eb2eb47cecc464545ba58e1ad24/library/test/src/lib.rs:655:27
[INFO] [stdout]   32:     0x60bdd6d21313 - test::run_test::{{closure}}::hfb2007f8649c30bb
[INFO] [stdout]                                at /rustc/6067b36314ab5eb2eb47cecc464545ba58e1ad24/library/test/src/lib.rs:576:43
[INFO] [stdout]   33:     0x60bdd6ce43f5 - test::run_test::{{closure}}::h56a17aa7a282a9f4
[INFO] [stdout]                                at /rustc/6067b36314ab5eb2eb47cecc464545ba58e1ad24/library/test/src/lib.rs:606:41
[INFO] [stdout]   34:     0x60bdd6ce43f5 - std::sys::backtrace::__rust_begin_short_backtrace::hd2d2d2fb8e8c6aac
[INFO] [stdout]                                at /rustc/6067b36314ab5eb2eb47cecc464545ba58e1ad24/library/std/src/sys/backtrace.rs:152:18
[INFO] [stdout]   35:     0x60bdd6ce7cda - std::thread::Builder::spawn_unchecked_::{{closure}}::{{closure}}::h4faa3f9db6133423
[INFO] [stdout]                                at /rustc/6067b36314ab5eb2eb47cecc464545ba58e1ad24/library/std/src/thread/mod.rs:559:17
[INFO] [stdout]   36:     0x60bdd6ce7cda - <core::panic::unwind_safe::AssertUnwindSafe<F> as core::ops::function::FnOnce<()>>::call_once::hf2e855a36a4ea846
[INFO] [stdout]                                at /rustc/6067b36314ab5eb2eb47cecc464545ba58e1ad24/library/core/src/panic/unwind_safe.rs:272:9
[INFO] [stdout]   37:     0x60bdd6ce7cda - std::panicking::try::do_call::h2f73af3616c35465
[INFO] [stdout]                                at /rustc/6067b36314ab5eb2eb47cecc464545ba58e1ad24/library/std/src/panicking.rs:587:40
[INFO] [stdout]   38:     0x60bdd6ce7cda - std::panicking::try::hd1660ce9efadef5a
[INFO] [stdout]                                at /rustc/6067b36314ab5eb2eb47cecc464545ba58e1ad24/library/std/src/panicking.rs:550:19
[INFO] [stdout]   39:     0x60bdd6ce7cda - std::panic::catch_unwind::h5ee8d7823b8ca744
[INFO] [stdout]                                at /rustc/6067b36314ab5eb2eb47cecc464545ba58e1ad24/library/std/src/panic.rs:358:14
[INFO] [stdout]   40:     0x60bdd6ce7cda - std::thread::Builder::spawn_unchecked_::{{closure}}::h53c3a1894dce8407
[INFO] [stdout]                                at /rustc/6067b36314ab5eb2eb47cecc464545ba58e1ad24/library/std/src/thread/mod.rs:557:30
[INFO] [stdout]   41:     0x60bdd6ce7cda - core::ops::function::FnOnce::call_once{{vtable.shim}}::h048ce291ad4f62bf
[INFO] [stdout]                                at /rustc/6067b36314ab5eb2eb47cecc464545ba58e1ad24/library/core/src/ops/function.rs:250:5
[INFO] [stdout]   42:     0x60bdd6d8e63b - <alloc::boxed::Box<F,A> as core::ops::function::FnOnce<Args>>::call_once::ha52bedf99a3b4981
[INFO] [stdout]                                at /rustc/6067b36314ab5eb2eb47cecc464545ba58e1ad24/library/alloc/src/boxed.rs:2013:9
[INFO] [stdout]   43:     0x60bdd6d8e63b - <alloc::boxed::Box<F,A> as core::ops::function::FnOnce<Args>>::call_once::h567748934d80ccf8
[INFO] [stdout]                                at /rustc/6067b36314ab5eb2eb47cecc464545ba58e1ad24/library/alloc/src/boxed.rs:2013:9
[INFO] [stdout]   44:     0x60bdd6d8e63b - std::sys::pal::unix::thread::Thread::new::thread_start::h2d970728ae887adc
[INFO] [stdout]                                at /rustc/6067b36314ab5eb2eb47cecc464545ba58e1ad24/library/std/src/sys/pal/unix/thread.rs:106:17
[INFO] [stdout]   45:     0x7a7d00fd1ac3 - <unknown>
[INFO] [stdout]   46:     0x7a7d01062a04 - clone
[INFO] [stdout]   47:                0x0 - <unknown>
[INFO] [stdout] 
[INFO] [stdout] 
[INFO] [stdout] failures:
[INFO] [stdout]     tests::test_delete_size_to_file
[INFO] [stdout]     tests::test_delete_val_to_file
[INFO] [stdout]     tests::test_file_creation
[INFO] [stdout]     tests::test_iter_read_file
[INFO] [stdout]     tests::test_sequence_delete_val_to_file
[INFO] [stdout]     tests::test_sequence_write_val_to_file
[INFO] [stdout]     tests::test_write_size_to_file
[INFO] [stdout]     tests::test_write_val_to_file
[INFO] [stdout] 
[INFO] [stdout] test result: FAILED. 0 passed; 8 failed; 0 ignored; 0 measured; 0 filtered out; finished in 0.04s
[INFO] [stdout] 
[INFO] running `Command { std: "docker" "inspect" "376269ae493b577ccdec00b15a36849a11bd6b9a5730bb371e40c4f3e7ddfb85", kill_on_drop: false }`
[INFO] running `Command { std: "docker" "rm" "-f" "376269ae493b577ccdec00b15a36849a11bd6b9a5730bb371e40c4f3e7ddfb85", kill_on_drop: false }`
[INFO] [stdout] 376269ae493b577ccdec00b15a36849a11bd6b9a5730bb371e40c4f3e7ddfb85
