[INFO] cloning repository https://github.com/hsanpaz/abap-tokenizer
[INFO] running `Command { std: "git" "-c" "credential.helper=" "-c" "credential.helper=/workspace/cargo-home/bin/git-credential-null" "clone" "--bare" "https://github.com/hsanpaz/abap-tokenizer" "/workspace/cache/git-repos/https%3A%2F%2Fgithub.com%2Fhsanpaz%2Fabap-tokenizer", kill_on_drop: false }`
[INFO] [stderr] Cloning into bare repository '/workspace/cache/git-repos/https%3A%2F%2Fgithub.com%2Fhsanpaz%2Fabap-tokenizer'...
[INFO] running `Command { std: "git" "rev-parse" "HEAD", kill_on_drop: false }`
[INFO] [stdout] 90bf9af3441003e2f978c225f04c8ec2dc51b5e1
[INFO] testing hsanpaz/abap-tokenizer against nightly-2025-01-18+rustflags=-Zrandomize-layout for randomize-layout-2
[INFO] running `Command { std: "git" "clone" "/workspace/cache/git-repos/https%3A%2F%2Fgithub.com%2Fhsanpaz%2Fabap-tokenizer" "/workspace/builds/worker-2-tc2/source", kill_on_drop: false }`
[INFO] [stderr] Cloning into '/workspace/builds/worker-2-tc2/source'...
[INFO] [stderr] done.
[INFO] validating manifest of git repo https://github.com/hsanpaz/abap-tokenizer on toolchain nightly-2025-01-18
[INFO] running `Command { std: CARGO_HOME="/workspace/cargo-home" RUSTUP_HOME="/workspace/rustup-home" "/workspace/cargo-home/bin/cargo" "+nightly-2025-01-18" "metadata" "--manifest-path" "Cargo.toml" "--no-deps", kill_on_drop: false }`
[INFO] started tweaking git repo https://github.com/hsanpaz/abap-tokenizer
[INFO] finished tweaking git repo https://github.com/hsanpaz/abap-tokenizer
[INFO] tweaked toml for git repo https://github.com/hsanpaz/abap-tokenizer written to /workspace/builds/worker-2-tc2/source/Cargo.toml
[INFO] crate git repo https://github.com/hsanpaz/abap-tokenizer already has a lockfile, it will not be regenerated
[INFO] running `Command { std: CARGO_HOME="/workspace/cargo-home" RUSTUP_HOME="/workspace/rustup-home" "/workspace/cargo-home/bin/cargo" "+nightly-2025-01-18" "fetch" "--manifest-path" "Cargo.toml", kill_on_drop: false }`
[INFO] running `Command { std: "docker" "create" "-v" "/var/lib/crater-agent-workspace/builds/worker-2-tc2/target:/opt/rustwide/target:rw,Z" "-v" "/var/lib/crater-agent-workspace/builds/worker-2-tc2/source:/opt/rustwide/workdir:ro,Z" "-v" "/var/lib/crater-agent-workspace/cargo-home:/opt/rustwide/cargo-home:ro,Z" "-v" "/var/lib/crater-agent-workspace/rustup-home:/opt/rustwide/rustup-home:ro,Z" "-e" "SOURCE_DIR=/opt/rustwide/workdir" "-e" "CARGO_TARGET_DIR=/opt/rustwide/target" "-e" "CARGO_HOME=/opt/rustwide/cargo-home" "-e" "RUSTUP_HOME=/opt/rustwide/rustup-home" "-w" "/opt/rustwide/workdir" "-m" "1610612736" "--user" "0:0" "--network" "none" "ghcr.io/rust-lang/crates-build-env/linux@sha256:819108c5571ea2e421544af4d832f968d213c87fbe3707a016657f43d2f853bc" "/opt/rustwide/cargo-home/bin/cargo" "+nightly-2025-01-18" "metadata" "--no-deps" "--format-version=1", kill_on_drop: false }`
[INFO] [stdout] 8d7cf2affdc065757e52b4f02092b1285cb0d4cad9b7963af8ecb1a253ba23ab
[INFO] running `Command { std: "docker" "start" "-a" "8d7cf2affdc065757e52b4f02092b1285cb0d4cad9b7963af8ecb1a253ba23ab", kill_on_drop: false }`
[INFO] running `Command { std: "docker" "inspect" "8d7cf2affdc065757e52b4f02092b1285cb0d4cad9b7963af8ecb1a253ba23ab", kill_on_drop: false }`
[INFO] running `Command { std: "docker" "rm" "-f" "8d7cf2affdc065757e52b4f02092b1285cb0d4cad9b7963af8ecb1a253ba23ab", kill_on_drop: false }`
[INFO] [stdout] 8d7cf2affdc065757e52b4f02092b1285cb0d4cad9b7963af8ecb1a253ba23ab
[INFO] running `Command { std: "docker" "create" "-v" "/var/lib/crater-agent-workspace/builds/worker-2-tc2/target:/opt/rustwide/target:rw,Z" "-v" "/var/lib/crater-agent-workspace/builds/worker-2-tc2/source:/opt/rustwide/workdir:ro,Z" "-v" "/var/lib/crater-agent-workspace/cargo-home:/opt/rustwide/cargo-home:ro,Z" "-v" "/var/lib/crater-agent-workspace/rustup-home:/opt/rustwide/rustup-home:ro,Z" "-e" "SOURCE_DIR=/opt/rustwide/workdir" "-e" "CARGO_TARGET_DIR=/opt/rustwide/target" "-e" "CARGO_INCREMENTAL=0" "-e" "RUST_BACKTRACE=full" "-e" "RUSTFLAGS=--cap-lints=forbid -Zrandomize-layout" "-e" "RUSTDOCFLAGS=--cap-lints=forbid" "-e" "CARGO_HOME=/opt/rustwide/cargo-home" "-e" "RUSTUP_HOME=/opt/rustwide/rustup-home" "-w" "/opt/rustwide/workdir" "-m" "1610612736" "--user" "0:0" "--network" "none" "ghcr.io/rust-lang/crates-build-env/linux@sha256:819108c5571ea2e421544af4d832f968d213c87fbe3707a016657f43d2f853bc" "/opt/rustwide/cargo-home/bin/cargo" "+nightly-2025-01-18" "build" "--frozen" "--message-format=json", kill_on_drop: false }`
[INFO] [stdout] 4dd0c342b5f21c165ce5c8f445851d20322ee65fdd31c106aef2f2985f84b68c
[INFO] running `Command { std: "docker" "start" "-a" "4dd0c342b5f21c165ce5c8f445851d20322ee65fdd31c106aef2f2985f84b68c", kill_on_drop: false }`
[INFO] [stderr]    Compiling proc-macro2 v1.0.86
[INFO] [stderr]    Compiling unicode-ident v1.0.12
[INFO] [stderr]    Compiling serde v1.0.204
[INFO] [stderr]    Compiling memchr v2.7.4
[INFO] [stderr]    Compiling utf8parse v0.2.2
[INFO] [stderr]    Compiling anstyle-query v1.1.0
[INFO] [stderr]    Compiling regex-syntax v0.8.4
[INFO] [stderr]    Compiling colorchoice v1.0.1
[INFO] [stderr]    Compiling anstyle-parse v0.2.4
[INFO] [stderr]    Compiling is_terminal_polyfill v1.70.0
[INFO] [stderr]    Compiling anstyle v1.0.7
[INFO] [stderr]    Compiling hashbrown v0.14.5
[INFO] [stderr]    Compiling equivalent v1.0.1
[INFO] [stderr]    Compiling strsim v0.11.1
[INFO] [stderr]    Compiling log v0.4.22
[INFO] [stderr]    Compiling winnow v0.6.13
[INFO] [stderr]    Compiling anstream v0.6.14
[INFO] [stderr]    Compiling clap_lex v0.7.1
[INFO] [stderr]    Compiling heck v0.5.0
[INFO] [stderr]    Compiling aho-corasick v1.1.3
[INFO] [stderr]    Compiling indexmap v2.2.6
[INFO] [stderr]    Compiling thiserror v1.0.62
[INFO] [stderr]    Compiling quote v1.0.36
[INFO] [stderr]    Compiling syn v2.0.70
[INFO] [stderr]    Compiling clap_builder v4.5.9
[INFO] [stderr]    Compiling humantime v2.1.0
[INFO] [stderr]    Compiling regex-automata v0.4.7
[INFO] [stderr]    Compiling serde_derive v1.0.204
[INFO] [stderr]    Compiling clap_derive v4.5.8
[INFO] [stderr]    Compiling thiserror-impl v1.0.62
[INFO] [stderr]    Compiling regex v1.10.5
[INFO] [stderr]    Compiling env_filter v0.1.0
[INFO] [stderr]    Compiling env_logger v0.11.3
[INFO] [stderr]    Compiling clap v4.5.9
[INFO] [stderr]    Compiling serde_spanned v0.6.6
[INFO] [stderr]    Compiling toml_datetime v0.6.6
[INFO] [stderr]    Compiling toml_edit v0.22.15
[INFO] [stderr]    Compiling toml v0.8.14
[INFO] [stderr]    Compiling abap-tokenizer v0.1.0 (/opt/rustwide/workdir)
[INFO] [stdout] warning: multiple fields are never read
[INFO] [stdout]    --> src/config/tokenizer_config.rs:114:9
[INFO] [stdout]     |
[INFO] [stdout] 112 | pub struct RawSpecialRule {
[INFO] [stdout]     |            -------------- fields in this struct
[INFO] [stdout] 113 |     /// Name of the special rule.
[INFO] [stdout] 114 |     pub name: String,
[INFO] [stdout]     |         ^^^^
[INFO] [stdout] 115 |     /// String that marks the start of the special pattern.
[INFO] [stdout] 116 |     pub start: String,
[INFO] [stdout]     |         ^^^^^
[INFO] [stdout] 117 |     /// Optional string that marks the end of the special pattern.
[INFO] [stdout] 118 |     pub end: Option<String>,
[INFO] [stdout]     |         ^^^
[INFO] [stdout] 119 |     /// Optional column where the pattern must start to be valid.
[INFO] [stdout] 120 |     pub start_column: Option<usize>,
[INFO] [stdout]     |         ^^^^^^^^^^^^
[INFO] [stdout] 121 |     /// Optional minimum length for the pattern to be valid.
[INFO] [stdout] 122 |     pub min_length: Option<usize>,
[INFO] [stdout]     |         ^^^^^^^^^^
[INFO] [stdout] 123 |     /// Optional regex for additional pattern matching.
[INFO] [stdout] 124 |     pub regex: Option<String>,
[INFO] [stdout]     |         ^^^^^
[INFO] [stdout] 125 |     /// Type of token to be created when this rule matches.
[INFO] [stdout] 126 |     pub token_type: String,
[INFO] [stdout]     |         ^^^^^^^^^^
[INFO] [stdout]     |
[INFO] [stdout]     = note: `RawSpecialRule` has a derived impl for the trait `Clone`, but this is intentionally ignored during dead code analysis
[INFO] [stdout]     = note: `#[warn(dead_code)]` on by default
[INFO] [stdout] 
[INFO] [stdout] 
[INFO] [stderr]     Finished `dev` profile [unoptimized + debuginfo] target(s) in 28.36s
[INFO] running `Command { std: "docker" "inspect" "4dd0c342b5f21c165ce5c8f445851d20322ee65fdd31c106aef2f2985f84b68c", kill_on_drop: false }`
[INFO] running `Command { std: "docker" "rm" "-f" "4dd0c342b5f21c165ce5c8f445851d20322ee65fdd31c106aef2f2985f84b68c", kill_on_drop: false }`
[INFO] [stdout] 4dd0c342b5f21c165ce5c8f445851d20322ee65fdd31c106aef2f2985f84b68c
[INFO] running `Command { std: "docker" "create" "-v" "/var/lib/crater-agent-workspace/builds/worker-2-tc2/target:/opt/rustwide/target:rw,Z" "-v" "/var/lib/crater-agent-workspace/builds/worker-2-tc2/source:/opt/rustwide/workdir:ro,Z" "-v" "/var/lib/crater-agent-workspace/cargo-home:/opt/rustwide/cargo-home:ro,Z" "-v" "/var/lib/crater-agent-workspace/rustup-home:/opt/rustwide/rustup-home:ro,Z" "-e" "SOURCE_DIR=/opt/rustwide/workdir" "-e" "CARGO_TARGET_DIR=/opt/rustwide/target" "-e" "CARGO_INCREMENTAL=0" "-e" "RUST_BACKTRACE=full" "-e" "RUSTFLAGS=--cap-lints=forbid -Zrandomize-layout" "-e" "RUSTDOCFLAGS=--cap-lints=forbid" "-e" "CARGO_HOME=/opt/rustwide/cargo-home" "-e" "RUSTUP_HOME=/opt/rustwide/rustup-home" "-w" "/opt/rustwide/workdir" "-m" "1610612736" "--user" "0:0" "--network" "none" "ghcr.io/rust-lang/crates-build-env/linux@sha256:819108c5571ea2e421544af4d832f968d213c87fbe3707a016657f43d2f853bc" "/opt/rustwide/cargo-home/bin/cargo" "+nightly-2025-01-18" "test" "--frozen" "--no-run" "--message-format=json", kill_on_drop: false }`
[INFO] [stdout] 0c1a011f6bd36ac84d8d4d0ebfc9edb8c1b6c41977089ab950f3528836c38b36
[INFO] running `Command { std: "docker" "start" "-a" "0c1a011f6bd36ac84d8d4d0ebfc9edb8c1b6c41977089ab950f3528836c38b36", kill_on_drop: false }`
[INFO] [stderr]    Compiling serde v1.0.204
[INFO] [stderr]    Compiling crossbeam-utils v0.8.20
[INFO] [stderr]    Compiling autocfg v1.3.0
[INFO] [stderr]    Compiling libc v0.2.155
[INFO] [stderr]    Compiling either v1.13.0
[INFO] [stderr]    Compiling cfg-if v1.0.0
[INFO] [stderr]    Compiling rayon-core v1.12.1
[INFO] [stderr]    Compiling serde_json v1.0.120
[INFO] [stderr]    Compiling half v2.4.1
[INFO] [stderr]    Compiling plotters-backend v0.3.6
[INFO] [stderr]    Compiling ciborium-io v0.2.2
[INFO] [stderr]    Compiling itoa v1.0.11
[INFO] [stderr]    Compiling ryu v1.0.18
[INFO] [stderr]    Compiling ciborium-ll v0.2.2
[INFO] [stderr]    Compiling itertools v0.10.5
[INFO] [stderr]    Compiling num-traits v0.2.19
[INFO] [stderr]    Compiling plotters-svg v0.3.6
[INFO] [stderr]    Compiling cast v0.3.0
[INFO] [stderr]    Compiling same-file v1.0.6
[INFO] [stderr]    Compiling walkdir v2.5.0
[INFO] [stderr]    Compiling oorandom v11.1.4
[INFO] [stderr]    Compiling anes v0.1.6
[INFO] [stderr]    Compiling once_cell v1.19.0
[INFO] [stderr]    Compiling crossbeam-epoch v0.9.18
[INFO] [stderr]    Compiling is-terminal v0.4.12
[INFO] [stderr]    Compiling crossbeam-deque v0.8.5
[INFO] [stderr]    Compiling plotters v0.3.6
[INFO] [stderr]    Compiling criterion-plot v0.5.0
[INFO] [stderr]    Compiling rayon v1.10.0
[INFO] [stderr]    Compiling toml_datetime v0.6.6
[INFO] [stderr]    Compiling serde_spanned v0.6.6
[INFO] [stderr]    Compiling ciborium v0.2.2
[INFO] [stderr]    Compiling toml_edit v0.22.15
[INFO] [stderr]    Compiling tinytemplate v1.2.1
[INFO] [stderr]    Compiling criterion v0.5.1
[INFO] [stderr]    Compiling toml v0.8.14
[INFO] [stderr]    Compiling abap-tokenizer v0.1.0 (/opt/rustwide/workdir)
[INFO] [stdout] warning: multiple fields are never read
[INFO] [stdout]    --> src/config/tokenizer_config.rs:114:9
[INFO] [stdout]     |
[INFO] [stdout] 112 | pub struct RawSpecialRule {
[INFO] [stdout]     |            -------------- fields in this struct
[INFO] [stdout] 113 |     /// Name of the special rule.
[INFO] [stdout] 114 |     pub name: String,
[INFO] [stdout]     |         ^^^^
[INFO] [stdout] 115 |     /// String that marks the start of the special pattern.
[INFO] [stdout] 116 |     pub start: String,
[INFO] [stdout]     |         ^^^^^
[INFO] [stdout] 117 |     /// Optional string that marks the end of the special pattern.
[INFO] [stdout] 118 |     pub end: Option<String>,
[INFO] [stdout]     |         ^^^
[INFO] [stdout] 119 |     /// Optional column where the pattern must start to be valid.
[INFO] [stdout] 120 |     pub start_column: Option<usize>,
[INFO] [stdout]     |         ^^^^^^^^^^^^
[INFO] [stdout] 121 |     /// Optional minimum length for the pattern to be valid.
[INFO] [stdout] 122 |     pub min_length: Option<usize>,
[INFO] [stdout]     |         ^^^^^^^^^^
[INFO] [stdout] 123 |     /// Optional regex for additional pattern matching.
[INFO] [stdout] 124 |     pub regex: Option<String>,
[INFO] [stdout]     |         ^^^^^
[INFO] [stdout] 125 |     /// Type of token to be created when this rule matches.
[INFO] [stdout] 126 |     pub token_type: String,
[INFO] [stdout]     |         ^^^^^^^^^^
[INFO] [stdout]     |
[INFO] [stdout]     = note: `RawSpecialRule` has a derived impl for the trait `Clone`, but this is intentionally ignored during dead code analysis
[INFO] [stdout]     = note: `#[warn(dead_code)]` on by default
[INFO] [stdout] 
[INFO] [stdout] 
[INFO] [stdout] warning: multiple fields are never read
[INFO] [stdout]    --> src/config/tokenizer_config.rs:114:9
[INFO] [stdout]     |
[INFO] [stdout] 112 | pub struct RawSpecialRule {
[INFO] [stdout]     |            -------------- fields in this struct
[INFO] [stdout] 113 |     /// Name of the special rule.
[INFO] [stdout] 114 |     pub name: String,
[INFO] [stdout]     |         ^^^^
[INFO] [stdout] 115 |     /// String that marks the start of the special pattern.
[INFO] [stdout] 116 |     pub start: String,
[INFO] [stdout]     |         ^^^^^
[INFO] [stdout] 117 |     /// Optional string that marks the end of the special pattern.
[INFO] [stdout] 118 |     pub end: Option<String>,
[INFO] [stdout]     |         ^^^
[INFO] [stdout] 119 |     /// Optional column where the pattern must start to be valid.
[INFO] [stdout] 120 |     pub start_column: Option<usize>,
[INFO] [stdout]     |         ^^^^^^^^^^^^
[INFO] [stdout] 121 |     /// Optional minimum length for the pattern to be valid.
[INFO] [stdout] 122 |     pub min_length: Option<usize>,
[INFO] [stdout]     |         ^^^^^^^^^^
[INFO] [stdout] 123 |     /// Optional regex for additional pattern matching.
[INFO] [stdout] 124 |     pub regex: Option<String>,
[INFO] [stdout]     |         ^^^^^
[INFO] [stdout] 125 |     /// Type of token to be created when this rule matches.
[INFO] [stdout] 126 |     pub token_type: String,
[INFO] [stdout]     |         ^^^^^^^^^^
[INFO] [stdout]     |
[INFO] [stdout]     = note: `RawSpecialRule` has a derived impl for the trait `Clone`, but this is intentionally ignored during dead code analysis
[INFO] [stdout]     = note: `#[warn(dead_code)]` on by default
[INFO] [stdout] 
[INFO] [stdout] 
[INFO] [stderr]     Finished `test` profile [unoptimized + debuginfo] target(s) in 25.97s
[INFO] running `Command { std: "docker" "inspect" "0c1a011f6bd36ac84d8d4d0ebfc9edb8c1b6c41977089ab950f3528836c38b36", kill_on_drop: false }`
[INFO] running `Command { std: "docker" "rm" "-f" "0c1a011f6bd36ac84d8d4d0ebfc9edb8c1b6c41977089ab950f3528836c38b36", kill_on_drop: false }`
[INFO] [stdout] 0c1a011f6bd36ac84d8d4d0ebfc9edb8c1b6c41977089ab950f3528836c38b36
[INFO] running `Command { std: "docker" "create" "-v" "/var/lib/crater-agent-workspace/builds/worker-2-tc2/target:/opt/rustwide/target:rw,Z" "-v" "/var/lib/crater-agent-workspace/builds/worker-2-tc2/source:/opt/rustwide/workdir:ro,Z" "-v" "/var/lib/crater-agent-workspace/cargo-home:/opt/rustwide/cargo-home:ro,Z" "-v" "/var/lib/crater-agent-workspace/rustup-home:/opt/rustwide/rustup-home:ro,Z" "-e" "SOURCE_DIR=/opt/rustwide/workdir" "-e" "CARGO_TARGET_DIR=/opt/rustwide/target" "-e" "CARGO_INCREMENTAL=0" "-e" "RUST_BACKTRACE=full" "-e" "RUSTFLAGS=--cap-lints=forbid -Zrandomize-layout" "-e" "RUSTDOCFLAGS=--cap-lints=forbid" "-e" "CARGO_HOME=/opt/rustwide/cargo-home" "-e" "RUSTUP_HOME=/opt/rustwide/rustup-home" "-w" "/opt/rustwide/workdir" "-m" "1610612736" "--user" "0:0" "--network" "none" "ghcr.io/rust-lang/crates-build-env/linux@sha256:819108c5571ea2e421544af4d832f968d213c87fbe3707a016657f43d2f853bc" "/opt/rustwide/cargo-home/bin/cargo" "+nightly-2025-01-18" "test" "--frozen", kill_on_drop: false }`
[INFO] [stdout] 2c1a4542cd323ad0b2f5d0630f3b9b4fce22f6fba80058c8a6456fc558150e0a
[INFO] running `Command { std: "docker" "start" "-a" "2c1a4542cd323ad0b2f5d0630f3b9b4fce22f6fba80058c8a6456fc558150e0a", kill_on_drop: false }`
[INFO] [stderr] warning: multiple fields are never read
[INFO] [stderr]    --> src/config/tokenizer_config.rs:114:9
[INFO] [stderr]     |
[INFO] [stderr] 112 | pub struct RawSpecialRule {
[INFO] [stderr]     |            -------------- fields in this struct
[INFO] [stderr] 113 |     /// Name of the special rule.
[INFO] [stderr] 114 |     pub name: String,
[INFO] [stderr]     |         ^^^^
[INFO] [stderr] 115 |     /// String that marks the start of the special pattern.
[INFO] [stderr] 116 |     pub start: String,
[INFO] [stderr]     |         ^^^^^
[INFO] [stderr] 117 |     /// Optional string that marks the end of the special pattern.
[INFO] [stderr] 118 |     pub end: Option<String>,
[INFO] [stderr]     |         ^^^
[INFO] [stderr] 119 |     /// Optional column where the pattern must start to be valid.
[INFO] [stderr] 120 |     pub start_column: Option<usize>,
[INFO] [stderr]     |         ^^^^^^^^^^^^
[INFO] [stderr] 121 |     /// Optional minimum length for the pattern to be valid.
[INFO] [stderr] 122 |     pub min_length: Option<usize>,
[INFO] [stderr]     |         ^^^^^^^^^^
[INFO] [stderr] 123 |     /// Optional regex for additional pattern matching.
[INFO] [stderr] 124 |     pub regex: Option<String>,
[INFO] [stderr]     |         ^^^^^
[INFO] [stderr] 125 |     /// Type of token to be created when this rule matches.
[INFO] [stderr] 126 |     pub token_type: String,
[INFO] [stderr]     |         ^^^^^^^^^^
[INFO] [stderr]     |
[INFO] [stderr]     = note: `RawSpecialRule` has a derived impl for the trait `Clone`, but this is intentionally ignored during dead code analysis
[INFO] [stderr]     = note: `#[warn(dead_code)]` on by default
[INFO] [stderr] 
[INFO] [stderr] warning: `abap-tokenizer` (lib) generated 1 warning
[INFO] [stderr] warning: `abap-tokenizer` (lib test) generated 1 warning (1 duplicate)
[INFO] [stderr]     Finished `test` profile [unoptimized + debuginfo] target(s) in 0.13s
[INFO] [stderr]      Running unittests src/lib.rs (/opt/rustwide/target/debug/deps/abap_tokenizer-66ba09e782b831a5)
[INFO] [stdout] 
[INFO] [stdout] running 0 tests
[INFO] [stdout] 
[INFO] [stdout] test result: ok. 0 passed; 0 failed; 0 ignored; 0 measured; 0 filtered out; finished in 0.00s
[INFO] [stdout] 
[INFO] [stderr]      Running unittests src/main.rs (/opt/rustwide/target/debug/deps/abap_tokenizer-1865c7f495eb66d5)
[INFO] [stdout] 
[INFO] [stdout] running 0 tests
[INFO] [stdout] 
[INFO] [stdout] test result: ok. 0 passed; 0 failed; 0 ignored; 0 measured; 0 filtered out; finished in 0.00s
[INFO] [stdout] 
[INFO] [stderr]    Doc-tests abap_tokenizer
[INFO] [stdout] 
[INFO] [stdout] running 1 test
[INFO] [stdout] test src/lib.rs - (line 20) ... FAILED
[INFO] [stdout] 
[INFO] [stdout] failures:
[INFO] [stdout] 
[INFO] [stdout] ---- src/lib.rs - (line 20) stdout ----
[INFO] [stdout] error[E0425]: cannot find value `input` in this scope
[INFO] [stdout]  --> src/lib.rs:26:44
[INFO] [stdout]   |
[INFO] [stdout] 9 | let mut tokenizer = FlexibleTokenizer::new(input, config);
[INFO] [stdout]   |                                            ^^^^^ not found in this scope
[INFO] [stdout] 
[INFO] [stdout] error[E0277]: the `?` operator can only be used in a function that returns `Result` or `Option` (or another type that implements `FromResidual`)
[INFO] [stdout]  --> src/lib.rs:25:53
[INFO] [stdout]   |
[INFO] [stdout] 4 | fn main() { #[allow(non_snake_case)] fn _doctest_main_src_lib_rs_20_0() {
[INFO] [stdout]   |                                      ---------------------------------- this function should return `Result` or `Option` to accept `?`
[INFO] [stdout] ...
[INFO] [stdout] 8 | let config = load_toml_config("path/to/config.toml")?;
[INFO] [stdout]   |                                                     ^ cannot use the `?` operator in a function that returns `()`
[INFO] [stdout]   |
[INFO] [stdout]   = help: the trait `FromResidual<Result<Infallible, abap_tokenizer::ConfigError>>` is not implemented for `()`
[INFO] [stdout] help: consider adding return type
[INFO] [stdout]   |
[INFO] [stdout] 4 | fn main() { #[allow(non_snake_case)] fn _doctest_main_src_lib_rs_20_0() -> Result<(), Box<dyn std::error::Error>> {
[INFO] [stdout]   |                                                                         +++++++++++++++++++++++++++++++++++++++++
[INFO] [stdout] 
[INFO] [stdout] error: aborting due to 2 previous errors
[INFO] [stdout] 
[INFO] [stdout] Some errors have detailed explanations: E0277, E0425.
[INFO] [stdout] For more information about an error, try `rustc --explain E0277`.
[INFO] [stdout] Couldn't compile the test.
[INFO] [stdout] 
[INFO] [stdout] failures:
[INFO] [stdout]     src/lib.rs - (line 20)
[INFO] [stdout] 
[INFO] [stdout] test result: FAILED. 0 passed; 1 failed; 0 ignored; 0 measured; 0 filtered out; finished in 0.09s
[INFO] [stdout] 
[INFO] [stderr] error: doctest failed, to rerun pass `--doc`
[INFO] running `Command { std: "docker" "inspect" "2c1a4542cd323ad0b2f5d0630f3b9b4fce22f6fba80058c8a6456fc558150e0a", kill_on_drop: false }`
[INFO] running `Command { std: "docker" "rm" "-f" "2c1a4542cd323ad0b2f5d0630f3b9b4fce22f6fba80058c8a6456fc558150e0a", kill_on_drop: false }`
[INFO] [stdout] 2c1a4542cd323ad0b2f5d0630f3b9b4fce22f6fba80058c8a6456fc558150e0a
