[INFO] cloning repository https://github.com/howderek/advent24
[INFO] running `Command { std: "git" "-c" "credential.helper=" "-c" "credential.helper=/workspace/cargo-home/bin/git-credential-null" "clone" "--bare" "https://github.com/howderek/advent24" "/workspace/cache/git-repos/https%3A%2F%2Fgithub.com%2Fhowderek%2Fadvent24", kill_on_drop: false }`
[INFO] [stderr] Cloning into bare repository '/workspace/cache/git-repos/https%3A%2F%2Fgithub.com%2Fhowderek%2Fadvent24'...
[INFO] running `Command { std: "git" "rev-parse" "HEAD", kill_on_drop: false }`
[INFO] [stdout] f0737b1161dca71bb54ac7eeda14ca9f6c562b8e
[INFO] testing howderek/advent24 against nightly-2025-01-18+rustflags=-Zrandomize-layout for randomize-layout-2
[INFO] running `Command { std: "git" "clone" "/workspace/cache/git-repos/https%3A%2F%2Fgithub.com%2Fhowderek%2Fadvent24" "/workspace/builds/worker-6-tc2/source", kill_on_drop: false }`
[INFO] [stderr] Cloning into '/workspace/builds/worker-6-tc2/source'...
[INFO] [stderr] done.
[INFO] validating manifest of git repo https://github.com/howderek/advent24 on toolchain nightly-2025-01-18
[INFO] running `Command { std: CARGO_HOME="/workspace/cargo-home" RUSTUP_HOME="/workspace/rustup-home" "/workspace/cargo-home/bin/cargo" "+nightly-2025-01-18" "metadata" "--manifest-path" "Cargo.toml" "--no-deps", kill_on_drop: false }`
[INFO] started tweaking git repo https://github.com/howderek/advent24
[INFO] finished tweaking git repo https://github.com/howderek/advent24
[INFO] tweaked toml for git repo https://github.com/howderek/advent24 written to /workspace/builds/worker-6-tc2/source/Cargo.toml
[INFO] crate git repo https://github.com/howderek/advent24 already has a lockfile, it will not be regenerated
[INFO] running `Command { std: CARGO_HOME="/workspace/cargo-home" RUSTUP_HOME="/workspace/rustup-home" "/workspace/cargo-home/bin/cargo" "+nightly-2025-01-18" "fetch" "--manifest-path" "Cargo.toml", kill_on_drop: false }`
[INFO] [stderr]     Blocking waiting for file lock on package cache
[INFO] running `Command { std: "docker" "create" "-v" "/var/lib/crater-agent-workspace/builds/worker-6-tc2/target:/opt/rustwide/target:rw,Z" "-v" "/var/lib/crater-agent-workspace/builds/worker-6-tc2/source:/opt/rustwide/workdir:ro,Z" "-v" "/var/lib/crater-agent-workspace/cargo-home:/opt/rustwide/cargo-home:ro,Z" "-v" "/var/lib/crater-agent-workspace/rustup-home:/opt/rustwide/rustup-home:ro,Z" "-e" "SOURCE_DIR=/opt/rustwide/workdir" "-e" "CARGO_TARGET_DIR=/opt/rustwide/target" "-e" "CARGO_HOME=/opt/rustwide/cargo-home" "-e" "RUSTUP_HOME=/opt/rustwide/rustup-home" "-w" "/opt/rustwide/workdir" "-m" "1610612736" "--user" "0:0" "--network" "none" "ghcr.io/rust-lang/crates-build-env/linux@sha256:819108c5571ea2e421544af4d832f968d213c87fbe3707a016657f43d2f853bc" "/opt/rustwide/cargo-home/bin/cargo" "+nightly-2025-01-18" "metadata" "--no-deps" "--format-version=1", kill_on_drop: false }`
[INFO] [stdout] ff5a992e2f3baf59aba8ba086245a35e83bbad1bc0a9aece98054c23b0bf4135
[INFO] running `Command { std: "docker" "start" "-a" "ff5a992e2f3baf59aba8ba086245a35e83bbad1bc0a9aece98054c23b0bf4135", kill_on_drop: false }`
[INFO] running `Command { std: "docker" "inspect" "ff5a992e2f3baf59aba8ba086245a35e83bbad1bc0a9aece98054c23b0bf4135", kill_on_drop: false }`
[INFO] running `Command { std: "docker" "rm" "-f" "ff5a992e2f3baf59aba8ba086245a35e83bbad1bc0a9aece98054c23b0bf4135", kill_on_drop: false }`
[INFO] [stdout] ff5a992e2f3baf59aba8ba086245a35e83bbad1bc0a9aece98054c23b0bf4135
[INFO] running `Command { std: "docker" "create" "-v" "/var/lib/crater-agent-workspace/builds/worker-6-tc2/target:/opt/rustwide/target:rw,Z" "-v" "/var/lib/crater-agent-workspace/builds/worker-6-tc2/source:/opt/rustwide/workdir:ro,Z" "-v" "/var/lib/crater-agent-workspace/cargo-home:/opt/rustwide/cargo-home:ro,Z" "-v" "/var/lib/crater-agent-workspace/rustup-home:/opt/rustwide/rustup-home:ro,Z" "-e" "SOURCE_DIR=/opt/rustwide/workdir" "-e" "CARGO_TARGET_DIR=/opt/rustwide/target" "-e" "CARGO_INCREMENTAL=0" "-e" "RUST_BACKTRACE=full" "-e" "RUSTFLAGS=--cap-lints=forbid -Zrandomize-layout" "-e" "RUSTDOCFLAGS=--cap-lints=forbid" "-e" "CARGO_HOME=/opt/rustwide/cargo-home" "-e" "RUSTUP_HOME=/opt/rustwide/rustup-home" "-w" "/opt/rustwide/workdir" "-m" "1610612736" "--user" "0:0" "--network" "none" "ghcr.io/rust-lang/crates-build-env/linux@sha256:819108c5571ea2e421544af4d832f968d213c87fbe3707a016657f43d2f853bc" "/opt/rustwide/cargo-home/bin/cargo" "+nightly-2025-01-18" "build" "--frozen" "--message-format=json", kill_on_drop: false }`
[INFO] [stdout] 78ae9ddee4ce12aee6f34eeb9d19c5a4c582f8a5543f08d4dac43a165ded5ef3
[INFO] running `Command { std: "docker" "start" "-a" "78ae9ddee4ce12aee6f34eeb9d19c5a4c582f8a5543f08d4dac43a165ded5ef3", kill_on_drop: false }`
[INFO] [stderr]    Compiling autocfg v1.4.0
[INFO] [stderr]    Compiling proc-macro2 v1.0.92
[INFO] [stderr]    Compiling unicode-ident v1.0.6
[INFO] [stderr]    Compiling bytemuck v1.20.0
[INFO] [stderr]    Compiling semver v1.0.23
[INFO] [stderr]    Compiling utf8parse v0.2.2
[INFO] [stderr]    Compiling paste v1.0.15
[INFO] [stderr]    Compiling anstyle v1.0.10
[INFO] [stderr]    Compiling anstyle-parse v0.2.6
[INFO] [stderr]    Compiling typenum v1.17.0
[INFO] [stderr]    Compiling is_terminal_polyfill v1.70.1
[INFO] [stderr]    Compiling thiserror v1.0.69
[INFO] [stderr]    Compiling safe_arch v0.7.2
[INFO] [stderr]    Compiling anstyle-query v1.1.2
[INFO] [stderr]    Compiling memchr v2.6.4
[INFO] [stderr]    Compiling colorchoice v1.0.3
[INFO] [stderr]    Compiling anstream v0.6.18
[INFO] [stderr]    Compiling num-traits v0.2.19
[INFO] [stderr]    Compiling matrixmultiply v0.3.9
[INFO] [stderr]    Compiling clap_lex v0.7.3
[INFO] [stderr]    Compiling wide v0.7.30
[INFO] [stderr]    Compiling rawpointer v0.2.1
[INFO] [stderr]    Compiling equivalent v1.0.1
[INFO] [stderr]    Compiling heck v0.5.0
[INFO] [stderr]    Compiling hashbrown v0.15.2
[INFO] [stderr]    Compiling quote v1.0.37
[INFO] [stderr]    Compiling strsim v0.11.1
[INFO] [stderr]    Compiling aho-corasick v1.1.2
[INFO] [stderr]    Compiling syn v2.0.90
[INFO] [stderr]    Compiling regex-syntax v0.8.5
[INFO] [stderr]    Compiling clap_builder v4.5.21
[INFO] [stderr]    Compiling num-complex v0.4.6
[INFO] [stderr]    Compiling num-integer v0.1.46
[INFO] [stderr]    Compiling approx v0.5.1
[INFO] [stderr]    Compiling num-rational v0.4.2
[INFO] [stderr]    Compiling integer-sqrt v0.1.5
[INFO] [stderr]    Compiling indexmap v2.7.0
[INFO] [stderr]    Compiling simba v0.9.0
[INFO] [stderr]    Compiling either v1.13.0
[INFO] [stderr]    Compiling rustc-hash v2.1.0
[INFO] [stderr]    Compiling atoi v2.0.0
[INFO] [stderr]    Compiling min-max-heap v1.3.0
[INFO] [stderr]    Compiling itertools v0.13.0
[INFO] [stderr]    Compiling regex-automata v0.4.9
[INFO] [stderr]    Compiling thiserror-impl v1.0.69
[INFO] [stderr]    Compiling clap_derive v4.5.18
[INFO] [stderr]    Compiling nalgebra-macros v0.2.2
[INFO] [stderr]    Compiling deprecate-until v0.1.1
[INFO] [stderr]    Compiling regex v1.11.1
[INFO] [stderr]    Compiling pathfinding v4.11.0
[INFO] [stderr]    Compiling clap v4.5.21
[INFO] [stderr]    Compiling nalgebra v0.33.2
[INFO] [stderr]    Compiling advent24 v0.1.0 (/opt/rustwide/workdir)
[INFO] [stdout] warning: unused import: `builder::Str`
[INFO] [stdout]  --> src/challenges/day19.rs:1:18
[INFO] [stdout]   |
[INFO] [stdout] 1 | use clap::{self, builder::Str};
[INFO] [stdout]   |                  ^^^^^^^^^^^^
[INFO] [stdout]   |
[INFO] [stdout]   = note: `#[warn(unused_imports)]` on by default
[INFO] [stdout] 
[INFO] [stdout] 
[INFO] [stdout] warning: unused import: `VecDeque`
[INFO] [stdout]  --> src/challenges/day19.rs:4:28
[INFO] [stdout]   |
[INFO] [stdout] 4 |     collections::{HashMap, VecDeque},
[INFO] [stdout]   |                            ^^^^^^^^
[INFO] [stdout] 
[INFO] [stdout] 
[INFO] [stderr]     Finished `dev` profile [unoptimized + debuginfo] target(s) in 1m 00s
[INFO] running `Command { std: "docker" "inspect" "78ae9ddee4ce12aee6f34eeb9d19c5a4c582f8a5543f08d4dac43a165ded5ef3", kill_on_drop: false }`
[INFO] running `Command { std: "docker" "rm" "-f" "78ae9ddee4ce12aee6f34eeb9d19c5a4c582f8a5543f08d4dac43a165ded5ef3", kill_on_drop: false }`
[INFO] [stdout] 78ae9ddee4ce12aee6f34eeb9d19c5a4c582f8a5543f08d4dac43a165ded5ef3
[INFO] running `Command { std: "docker" "create" "-v" "/var/lib/crater-agent-workspace/builds/worker-6-tc2/target:/opt/rustwide/target:rw,Z" "-v" "/var/lib/crater-agent-workspace/builds/worker-6-tc2/source:/opt/rustwide/workdir:ro,Z" "-v" "/var/lib/crater-agent-workspace/cargo-home:/opt/rustwide/cargo-home:ro,Z" "-v" "/var/lib/crater-agent-workspace/rustup-home:/opt/rustwide/rustup-home:ro,Z" "-e" "SOURCE_DIR=/opt/rustwide/workdir" "-e" "CARGO_TARGET_DIR=/opt/rustwide/target" "-e" "CARGO_INCREMENTAL=0" "-e" "RUST_BACKTRACE=full" "-e" "RUSTFLAGS=--cap-lints=forbid -Zrandomize-layout" "-e" "RUSTDOCFLAGS=--cap-lints=forbid" "-e" "CARGO_HOME=/opt/rustwide/cargo-home" "-e" "RUSTUP_HOME=/opt/rustwide/rustup-home" "-w" "/opt/rustwide/workdir" "-m" "1610612736" "--user" "0:0" "--network" "none" "ghcr.io/rust-lang/crates-build-env/linux@sha256:819108c5571ea2e421544af4d832f968d213c87fbe3707a016657f43d2f853bc" "/opt/rustwide/cargo-home/bin/cargo" "+nightly-2025-01-18" "test" "--frozen" "--no-run" "--message-format=json", kill_on_drop: false }`
[INFO] [stdout] df66848690a8ab1acfe79b28736678156aa5a2fe25434cd1bf8024e53d094e57
[INFO] running `Command { std: "docker" "start" "-a" "df66848690a8ab1acfe79b28736678156aa5a2fe25434cd1bf8024e53d094e57", kill_on_drop: false }`
[INFO] [stderr]    Compiling advent24 v0.1.0 (/opt/rustwide/workdir)
[INFO] [stdout] warning: unused import: `builder::Str`
[INFO] [stdout]  --> src/challenges/day19.rs:1:18
[INFO] [stdout]   |
[INFO] [stdout] 1 | use clap::{self, builder::Str};
[INFO] [stdout]   |                  ^^^^^^^^^^^^
[INFO] [stdout]   |
[INFO] [stdout]   = note: `#[warn(unused_imports)]` on by default
[INFO] [stdout] 
[INFO] [stdout] 
[INFO] [stdout] warning: unused import: `VecDeque`
[INFO] [stdout]  --> src/challenges/day19.rs:4:28
[INFO] [stdout]   |
[INFO] [stdout] 4 |     collections::{HashMap, VecDeque},
[INFO] [stdout]   |                            ^^^^^^^^
[INFO] [stdout] 
[INFO] [stdout] 
[INFO] [stderr]     Finished `test` profile [unoptimized + debuginfo] target(s) in 2.94s
[INFO] running `Command { std: "docker" "inspect" "df66848690a8ab1acfe79b28736678156aa5a2fe25434cd1bf8024e53d094e57", kill_on_drop: false }`
[INFO] running `Command { std: "docker" "rm" "-f" "df66848690a8ab1acfe79b28736678156aa5a2fe25434cd1bf8024e53d094e57", kill_on_drop: false }`
[INFO] [stdout] df66848690a8ab1acfe79b28736678156aa5a2fe25434cd1bf8024e53d094e57
[INFO] running `Command { std: "docker" "create" "-v" "/var/lib/crater-agent-workspace/builds/worker-6-tc2/target:/opt/rustwide/target:rw,Z" "-v" "/var/lib/crater-agent-workspace/builds/worker-6-tc2/source:/opt/rustwide/workdir:ro,Z" "-v" "/var/lib/crater-agent-workspace/cargo-home:/opt/rustwide/cargo-home:ro,Z" "-v" "/var/lib/crater-agent-workspace/rustup-home:/opt/rustwide/rustup-home:ro,Z" "-e" "SOURCE_DIR=/opt/rustwide/workdir" "-e" "CARGO_TARGET_DIR=/opt/rustwide/target" "-e" "CARGO_INCREMENTAL=0" "-e" "RUST_BACKTRACE=full" "-e" "RUSTFLAGS=--cap-lints=forbid -Zrandomize-layout" "-e" "RUSTDOCFLAGS=--cap-lints=forbid" "-e" "CARGO_HOME=/opt/rustwide/cargo-home" "-e" "RUSTUP_HOME=/opt/rustwide/rustup-home" "-w" "/opt/rustwide/workdir" "-m" "1610612736" "--user" "0:0" "--network" "none" "ghcr.io/rust-lang/crates-build-env/linux@sha256:819108c5571ea2e421544af4d832f968d213c87fbe3707a016657f43d2f853bc" "/opt/rustwide/cargo-home/bin/cargo" "+nightly-2025-01-18" "test" "--frozen", kill_on_drop: false }`
[INFO] [stdout] ac40c918e8114c3d2436f7283fd1284accaaa19f6fde3d0e70ea1c380bdcd6c8
[INFO] running `Command { std: "docker" "start" "-a" "ac40c918e8114c3d2436f7283fd1284accaaa19f6fde3d0e70ea1c380bdcd6c8", kill_on_drop: false }`
[INFO] [stderr] warning: unused import: `builder::Str`
[INFO] [stderr]  --> src/challenges/day19.rs:1:18
[INFO] [stderr]   |
[INFO] [stderr] 1 | use clap::{self, builder::Str};
[INFO] [stderr]   |                  ^^^^^^^^^^^^
[INFO] [stderr]   |
[INFO] [stderr]   = note: `#[warn(unused_imports)]` on by default
[INFO] [stderr] 
[INFO] [stderr] warning: unused import: `VecDeque`
[INFO] [stderr]  --> src/challenges/day19.rs:4:28
[INFO] [stderr]   |
[INFO] [stderr] 4 |     collections::{HashMap, VecDeque},
[INFO] [stderr]   |                            ^^^^^^^^
[INFO] [stderr] 
[INFO] [stderr] warning: `advent24` (bin "advent24" test) generated 2 warnings (run `cargo fix --bin "advent24" --tests` to apply 2 suggestions)
[INFO] [stderr]     Finished `test` profile [unoptimized + debuginfo] target(s) in 0.13s
[INFO] [stderr]      Running unittests src/lib.rs (/opt/rustwide/target/debug/deps/advent24-aa82a6f92954cd61)
[INFO] [stdout] 
[INFO] [stdout] running 3 tests
[INFO] [stdout] test bytegrid::tests::test_point ... ok
[INFO] [stdout] test bytegrid::tests::test_u8_grid ... ok
[INFO] [stdout] test bytegrid::tests::bench_flood ... ok
[INFO] [stdout] 
[INFO] [stdout] test result: ok. 3 passed; 0 failed; 0 ignored; 0 measured; 0 filtered out; finished in 0.00s
[INFO] [stdout] 
[INFO] [stderr]      Running unittests src/main.rs (/opt/rustwide/target/debug/deps/advent24-052a1b4a615ccde4)
[INFO] [stdout] 
[INFO] [stdout] running 13 tests
[INFO] [stdout] test challenges::day08::tests::test_day8 ... ok
[INFO] [stdout] test challenges::day14::tests::test_day9 ... ok
[INFO] [stdout] test challenges::day10::tests::test_day9 ... ok
[INFO] [stdout] test challenges::day12::tests::test_day12 ... ok
[INFO] [stdout] test challenges::day11::tests::test_day11 ... ok
[INFO] [stdout] test challenges::day09::tests::test_day9_part1 ... ok
[INFO] [stdout] test challenges::day09::tests::test_day9_part2 ... ok
[INFO] [stdout] test challenges::day13::tests::test_day9 ... ok
[INFO] [stdout] test challenges::day18::tests::test ... ok
[INFO] [stdout] test challenges::day15::tests::test_day9 ... ok
[INFO] [stdout] test challenges::day19::tests::test ... ok
[INFO] [stdout] test challenges::day16::tests::test_day9 ... ok
[INFO] [stdout] test challenges::day17::tests::test_day17 ... FAILED
[INFO] [stdout] 
[INFO] [stdout] failures:
[INFO] [stdout] 
[INFO] [stdout] ---- challenges::day17::tests::test_day17 stdout ----
[INFO] [stdout] program [ [0;32m0 1 [0m5 4 3 0 ]     registers [A      729]  [B        0]  [C        0]
[INFO] [stdout] adv Literal(1) (1): storing 364 == 729 / 2 in A
[INFO] [stdout] 
[INFO] [stdout] program [ 0 1 [0;32m5 4 [0m3 0 ]     registers [A      364]  [B        0]  [C        0]
[INFO] [stdout] out: storing 4 == 364 % 8 in output [  [0;32m4[0;0m ]
[INFO] [stdout] 
[INFO] [stdout] program [ 0 1 5 4 [0;32m3 0 [0m]     registers [A      364]  [B        0]  [C        0]
[INFO] [stdout] jnz: jumping to 0
[INFO] [stdout] 
[INFO] [stdout] program [ [0;32m0 1 [0m5 4 3 0 ]     registers [A      364]  [B        0]  [C        0]
[INFO] [stdout] adv Literal(1) (1): storing 182 == 364 / 2 in A
[INFO] [stdout] 
[INFO] [stdout] program [ 0 1 [0;32m5 4 [0m3 0 ]     registers [A      182]  [B        0]  [C        0]
[INFO] [stdout] out: storing 6 == 182 % 8 in output [ 4 [0;32m6[0;0m ]
[INFO] [stdout] 
[INFO] [stdout] program [ 0 1 5 4 [0;32m3 0 [0m]     registers [A      182]  [B        0]  [C        0]
[INFO] [stdout] jnz: jumping to 0
[INFO] [stdout] 
[INFO] [stdout] program [ [0;32m0 1 [0m5 4 3 0 ]     registers [A      182]  [B        0]  [C        0]
[INFO] [stdout] adv Literal(1) (1): storing 91 == 182 / 2 in A
[INFO] [stdout] 
[INFO] [stdout] program [ 0 1 [0;32m5 4 [0m3 0 ]     registers [A       91]  [B        0]  [C        0]
[INFO] [stdout] out: storing 3 == 91 % 8 in output [ 4 6 [0;32m3[0;0m ]
[INFO] [stdout] 
[INFO] [stdout] program [ 0 1 5 4 [0;32m3 0 [0m]     registers [A       91]  [B        0]  [C        0]
[INFO] [stdout] jnz: jumping to 0
[INFO] [stdout] 
[INFO] [stdout] program [ [0;32m0 1 [0m5 4 3 0 ]     registers [A       91]  [B        0]  [C        0]
[INFO] [stdout] adv Literal(1) (1): storing 45 == 91 / 2 in A
[INFO] [stdout] 
[INFO] [stdout] program [ 0 1 [0;32m5 4 [0m3 0 ]     registers [A       45]  [B        0]  [C        0]
[INFO] [stdout] out: storing 5 == 45 % 8 in output [ 4 6 3 [0;32m5[0;0m ]
[INFO] [stdout] 
[INFO] [stdout] program [ 0 1 5 4 [0;32m3 0 [0m]     registers [A       45]  [B        0]  [C        0]
[INFO] [stdout] jnz: jumping to 0
[INFO] [stdout] 
[INFO] [stdout] program [ [0;32m0 1 [0m5 4 3 0 ]     registers [A       45]  [B        0]  [C        0]
[INFO] [stdout] adv Literal(1) (1): storing 22 == 45 / 2 in A
[INFO] [stdout] 
[INFO] [stdout] program [ 0 1 [0;32m5 4 [0m3 0 ]     registers [A       22]  [B        0]  [C        0]
[INFO] [stdout] out: storing 6 == 22 % 8 in output [ 4 6 3 5 [0;32m6[0;0m ]
[INFO] [stdout] 
[INFO] [stdout] program [ 0 1 5 4 [0;32m3 0 [0m]     registers [A       22]  [B        0]  [C        0]
[INFO] [stdout] jnz: jumping to 0
[INFO] [stdout] 
[INFO] [stdout] program [ [0;32m0 1 [0m5 4 3 0 ]     registers [A       22]  [B        0]  [C        0]
[INFO] [stdout] adv Literal(1) (1): storing 11 == 22 / 2 in A
[INFO] [stdout] 
[INFO] [stdout] program [ 0 1 [0;32m5 4 [0m3 0 ]     registers [A       11]  [B        0]  [C        0]
[INFO] [stdout] out: storing 3 == 11 % 8 in output [ 4 6 3 5 6 [0;32m3[0;0m ]
[INFO] [stdout] 
[INFO] [stdout] program [ 0 1 5 4 [0;32m3 0 [0m]     registers [A       11]  [B        0]  [C        0]
[INFO] [stdout] jnz: jumping to 0
[INFO] [stdout] 
[INFO] [stdout] program [ [0;32m0 1 [0m5 4 3 0 ]     registers [A       11]  [B        0]  [C        0]
[INFO] [stdout] adv Literal(1) (1): storing 5 == 11 / 2 in A
[INFO] [stdout] 
[INFO] [stdout] program [ 0 1 [0;32m5 4 [0m3 0 ]     registers [A        5]  [B        0]  [C        0]
[INFO] [stdout] out: storing 5 == 5 % 8 in output [ 4 6 3 5 6 3 [0;32m5[0;0m ]
[INFO] [stdout] 
[INFO] [stdout] program [ 0 1 5 4 [0;32m3 0 [0m]     registers [A        5]  [B        0]  [C        0]
[INFO] [stdout] jnz: jumping to 0
[INFO] [stdout] 
[INFO] [stdout] program [ [0;32m0 1 [0m5 4 3 0 ]     registers [A        5]  [B        0]  [C        0]
[INFO] [stdout] adv Literal(1) (1): storing 2 == 5 / 2 in A
[INFO] [stdout] 
[INFO] [stdout] program [ 0 1 [0;32m5 4 [0m3 0 ]     registers [A        2]  [B        0]  [C        0]
[INFO] [stdout] out: storing 2 == 2 % 8 in output [ 4 6 3 5 6 3 5 [0;32m2[0;0m ]
[INFO] [stdout] 
[INFO] [stdout] program [ 0 1 5 4 [0;32m3 0 [0m]     registers [A        2]  [B        0]  [C        0]
[INFO] [stdout] jnz: jumping to 0
[INFO] [stdout] 
[INFO] [stdout] program [ [0;32m0 1 [0m5 4 3 0 ]     registers [A        2]  [B        0]  [C        0]
[INFO] [stdout] adv Literal(1) (1): storing 1 == 2 / 2 in A
[INFO] [stdout] 
[INFO] [stdout] program [ 0 1 [0;32m5 4 [0m3 0 ]     registers [A        1]  [B        0]  [C        0]
[INFO] [stdout] out: storing 1 == 1 % 8 in output [ 4 6 3 5 6 3 5 2 [0;32m1[0;0m ]
[INFO] [stdout] 
[INFO] [stdout] program [ 0 1 5 4 [0;32m3 0 [0m]     registers [A        1]  [B        0]  [C        0]
[INFO] [stdout] jnz: jumping to 0
[INFO] [stdout] 
[INFO] [stdout] program [ [0;32m0 1 [0m5 4 3 0 ]     registers [A        1]  [B        0]  [C        0]
[INFO] [stdout] adv Literal(1) (1): storing 0 == 1 / 2 in A
[INFO] [stdout] 
[INFO] [stdout] program [ 0 1 [0;32m5 4 [0m3 0 ]     registers [A        0]  [B        0]  [C        0]
[INFO] [stdout] out: storing 0 == 0 % 8 in output [ 4 6 3 5 6 3 5 2 1 [0;32m0[0;0m ]
[INFO] [stdout] 
[INFO] [stdout] program [ 0 1 5 4 [0;32m3 0 [0m]     registers [A        0]  [B        0]  [C        0]
[INFO] [stdout] jnz: skipping jump
[INFO] [stdout] 
[INFO] [stdout] 
[INFO] [stdout] thread 'challenges::day17::tests::test_day17' panicked at src/challenges/day17.rs:383:9:
[INFO] [stdout] assertion `left == right` failed
[INFO] [stdout]   left: "4,6,3,5,6,3,5,2,1,0"
[INFO] [stdout]  right: "4635635210"
[INFO] [stdout] stack backtrace:
[INFO] [stdout]    0:     0x570b22672baa - std::backtrace_rs::backtrace::libunwind::trace::hb059275cfc8d6126
[INFO] [stdout]                                at /rustc/6067b36314ab5eb2eb47cecc464545ba58e1ad24/library/std/src/../../backtrace/src/backtrace/libunwind.rs:116:5
[INFO] [stdout]    1:     0x570b22672baa - std::backtrace_rs::backtrace::trace_unsynchronized::h2da071e4327ce3ee
[INFO] [stdout]                                at /rustc/6067b36314ab5eb2eb47cecc464545ba58e1ad24/library/std/src/../../backtrace/src/backtrace/mod.rs:66:5
[INFO] [stdout]    2:     0x570b22672baa - std::sys::backtrace::_print_fmt::h842a1474e6f8d23f
[INFO] [stdout]                                at /rustc/6067b36314ab5eb2eb47cecc464545ba58e1ad24/library/std/src/sys/backtrace.rs:66:9
[INFO] [stdout]    3:     0x570b22672baa - <std::sys::backtrace::BacktraceLock::print::DisplayBacktrace as core::fmt::Display>::fmt::h71a62eb3b9696b12
[INFO] [stdout]                                at /rustc/6067b36314ab5eb2eb47cecc464545ba58e1ad24/library/std/src/sys/backtrace.rs:39:26
[INFO] [stdout]    4:     0x570b2269a873 - core::fmt::rt::Argument::fmt::hdb6b616786b41dc1
[INFO] [stdout]                                at /rustc/6067b36314ab5eb2eb47cecc464545ba58e1ad24/library/core/src/fmt/rt.rs:177:76
[INFO] [stdout]    5:     0x570b2269a873 - core::fmt::write::h2cc1698af7e2d686
[INFO] [stdout]                                at /rustc/6067b36314ab5eb2eb47cecc464545ba58e1ad24/library/core/src/fmt/mod.rs:1440:21
[INFO] [stdout]    6:     0x570b2266f703 - std::io::Write::write_fmt::hab1b4cd059a79022
[INFO] [stdout]                                at /rustc/6067b36314ab5eb2eb47cecc464545ba58e1ad24/library/std/src/io/mod.rs:1887:15
[INFO] [stdout]    7:     0x570b226729f2 - std::sys::backtrace::BacktraceLock::print::h147fe35b4ea13b08
[INFO] [stdout]                                at /rustc/6067b36314ab5eb2eb47cecc464545ba58e1ad24/library/std/src/sys/backtrace.rs:42:9
[INFO] [stdout]    8:     0x570b22673fcf - std::panicking::default_hook::{{closure}}::hbd44223dbdc0d208
[INFO] [stdout]                                at /rustc/6067b36314ab5eb2eb47cecc464545ba58e1ad24/library/std/src/panicking.rs:298:22
[INFO] [stdout]    9:     0x570b22673de8 - std::panicking::default_hook::h20f81eb0576efcec
[INFO] [stdout]                                at /rustc/6067b36314ab5eb2eb47cecc464545ba58e1ad24/library/std/src/panicking.rs:322:9
[INFO] [stdout]   10:     0x570b2262e8d3 - <alloc::boxed::Box<F,A> as core::ops::function::Fn<Args>>::call::hdb53814c496a4d34
[INFO] [stdout]                                at /rustc/6067b36314ab5eb2eb47cecc464545ba58e1ad24/library/alloc/src/boxed.rs:2027:9
[INFO] [stdout]   11:     0x570b2262e8d3 - test::test_main::{{closure}}::hc0a4963c59427c24
[INFO] [stdout]                                at /rustc/6067b36314ab5eb2eb47cecc464545ba58e1ad24/library/test/src/lib.rs:134:21
[INFO] [stdout]   12:     0x570b22674ac3 - <alloc::boxed::Box<F,A> as core::ops::function::Fn<Args>>::call::h591b2225413a77e9
[INFO] [stdout]                                at /rustc/6067b36314ab5eb2eb47cecc464545ba58e1ad24/library/alloc/src/boxed.rs:2027:9
[INFO] [stdout]   13:     0x570b22674ac3 - std::panicking::rust_panic_with_hook::h625eea43051b2edc
[INFO] [stdout]                                at /rustc/6067b36314ab5eb2eb47cecc464545ba58e1ad24/library/std/src/panicking.rs:839:13
[INFO] [stdout]   14:     0x570b2267477a - std::panicking::begin_panic_handler::{{closure}}::h4f9159cfbc3f6bd3
[INFO] [stdout]                                at /rustc/6067b36314ab5eb2eb47cecc464545ba58e1ad24/library/std/src/panicking.rs:704:13
[INFO] [stdout]   15:     0x570b226730a9 - std::sys::backtrace::__rust_end_short_backtrace::h0390abce48353151
[INFO] [stdout]                                at /rustc/6067b36314ab5eb2eb47cecc464545ba58e1ad24/library/std/src/sys/backtrace.rs:168:18
[INFO] [stdout]   16:     0x570b2267440d - rust_begin_unwind
[INFO] [stdout]                                at /rustc/6067b36314ab5eb2eb47cecc464545ba58e1ad24/library/std/src/panicking.rs:695:5
[INFO] [stdout]   17:     0x570b22698d00 - core::panicking::panic_fmt::h9e7c637e9e5f29c9
[INFO] [stdout]                                at /rustc/6067b36314ab5eb2eb47cecc464545ba58e1ad24/library/core/src/panicking.rs:75:14
[INFO] [stdout]   18:     0x570b226990f2 - core::panicking::assert_failed_inner::h538bec7c1374cd9c
[INFO] [stdout]   19:     0x570b225d9658 - core::panicking::assert_failed::ha33d241772120b8f
[INFO] [stdout]                                at /rustc/6067b36314ab5eb2eb47cecc464545ba58e1ad24/library/core/src/panicking.rs:364:5
[INFO] [stdout]   20:     0x570b225c518d - advent24::challenges::day17::tests::test_day17::h65a3bb05598281bb
[INFO] [stdout]                                at /opt/rustwide/workdir/src/challenges/day17.rs:383:9
[INFO] [stdout]   21:     0x570b225c50a7 - advent24::challenges::day17::tests::test_day17::{{closure}}::hd2a9b772dc7c3988
[INFO] [stdout]                                at /opt/rustwide/workdir/src/challenges/day17.rs:382:20
[INFO] [stdout]   22:     0x570b225aec26 - core::ops::function::FnOnce::call_once::h79ce85155f8077f3
[INFO] [stdout]                                at /rustc/6067b36314ab5eb2eb47cecc464545ba58e1ad24/library/core/src/ops/function.rs:250:5
[INFO] [stdout]   23:     0x570b2263402b - core::ops::function::FnOnce::call_once::he27718dfdd183f43
[INFO] [stdout]                                at /rustc/6067b36314ab5eb2eb47cecc464545ba58e1ad24/library/core/src/ops/function.rs:250:5
[INFO] [stdout]   24:     0x570b2263402b - test::__rust_begin_short_backtrace::h4e84902998457a5d
[INFO] [stdout]                                at /rustc/6067b36314ab5eb2eb47cecc464545ba58e1ad24/library/test/src/lib.rs:632:18
[INFO] [stdout]   25:     0x570b22632f63 - test::run_test_in_process::{{closure}}::h7176fd18fc1feca0
[INFO] [stdout]                                at /rustc/6067b36314ab5eb2eb47cecc464545ba58e1ad24/library/test/src/lib.rs:655:60
[INFO] [stdout]   26:     0x570b22632f63 - <core::panic::unwind_safe::AssertUnwindSafe<F> as core::ops::function::FnOnce<()>>::call_once::hf79cff2a624d8cf7
[INFO] [stdout]                                at /rustc/6067b36314ab5eb2eb47cecc464545ba58e1ad24/library/core/src/panic/unwind_safe.rs:272:9
[INFO] [stdout]   27:     0x570b22632f63 - std::panicking::try::do_call::h3da0561d9ab99c25
[INFO] [stdout]                                at /rustc/6067b36314ab5eb2eb47cecc464545ba58e1ad24/library/std/src/panicking.rs:587:40
[INFO] [stdout]   28:     0x570b22632f63 - std::panicking::try::h41c9fa508bc61df6
[INFO] [stdout]                                at /rustc/6067b36314ab5eb2eb47cecc464545ba58e1ad24/library/std/src/panicking.rs:550:19
[INFO] [stdout]   29:     0x570b22632f63 - std::panic::catch_unwind::h6b3ff07bb5afad93
[INFO] [stdout]                                at /rustc/6067b36314ab5eb2eb47cecc464545ba58e1ad24/library/std/src/panic.rs:358:14
[INFO] [stdout]   30:     0x570b22632f63 - test::run_test_in_process::hc7253dd11b39b9f4
[INFO] [stdout]                                at /rustc/6067b36314ab5eb2eb47cecc464545ba58e1ad24/library/test/src/lib.rs:655:27
[INFO] [stdout]   31:     0x570b22632f63 - test::run_test::{{closure}}::hfb2007f8649c30bb
[INFO] [stdout]                                at /rustc/6067b36314ab5eb2eb47cecc464545ba58e1ad24/library/test/src/lib.rs:576:43
[INFO] [stdout]   32:     0x570b225f6045 - test::run_test::{{closure}}::h56a17aa7a282a9f4
[INFO] [stdout]                                at /rustc/6067b36314ab5eb2eb47cecc464545ba58e1ad24/library/test/src/lib.rs:606:41
[INFO] [stdout]   33:     0x570b225f6045 - std::sys::backtrace::__rust_begin_short_backtrace::hd2d2d2fb8e8c6aac
[INFO] [stdout]                                at /rustc/6067b36314ab5eb2eb47cecc464545ba58e1ad24/library/std/src/sys/backtrace.rs:152:18
[INFO] [stdout]   34:     0x570b225f992a - std::thread::Builder::spawn_unchecked_::{{closure}}::{{closure}}::h4faa3f9db6133423
[INFO] [stdout]                                at /rustc/6067b36314ab5eb2eb47cecc464545ba58e1ad24/library/std/src/thread/mod.rs:559:17
[INFO] [stdout]   35:     0x570b225f992a - <core::panic::unwind_safe::AssertUnwindSafe<F> as core::ops::function::FnOnce<()>>::call_once::hf2e855a36a4ea846
[INFO] [stdout]                                at /rustc/6067b36314ab5eb2eb47cecc464545ba58e1ad24/library/core/src/panic/unwind_safe.rs:272:9
[INFO] [stdout]   36:     0x570b225f992a - std::panicking::try::do_call::h2f73af3616c35465
[INFO] [stdout]                                at /rustc/6067b36314ab5eb2eb47cecc464545ba58e1ad24/library/std/src/panicking.rs:587:40
[INFO] [stdout]   37:     0x570b225f992a - std::panicking::try::hd1660ce9efadef5a
[INFO] [stdout]                                at /rustc/6067b36314ab5eb2eb47cecc464545ba58e1ad24/library/std/src/panicking.rs:550:19
[INFO] [stdout]   38:     0x570b225f992a - std::panic::catch_unwind::h5ee8d7823b8ca744
[INFO] [stdout]                                at /rustc/6067b36314ab5eb2eb47cecc464545ba58e1ad24/library/std/src/panic.rs:358:14
[INFO] [stdout]   39:     0x570b225f992a - std::thread::Builder::spawn_unchecked_::{{closure}}::h53c3a1894dce8407
[INFO] [stdout]                                at /rustc/6067b36314ab5eb2eb47cecc464545ba58e1ad24/library/std/src/thread/mod.rs:557:30
[INFO] [stdout]   40:     0x570b225f992a - core::ops::function::FnOnce::call_once{{vtable.shim}}::h048ce291ad4f62bf
[INFO] [stdout]                                at /rustc/6067b36314ab5eb2eb47cecc464545ba58e1ad24/library/core/src/ops/function.rs:250:5
[INFO] [stdout]   41:     0x570b226789fb - <alloc::boxed::Box<F,A> as core::ops::function::FnOnce<Args>>::call_once::ha52bedf99a3b4981
[INFO] [stdout]                                at /rustc/6067b36314ab5eb2eb47cecc464545ba58e1ad24/library/alloc/src/boxed.rs:2013:9
[INFO] [stdout]   42:     0x570b226789fb - <alloc::boxed::Box<F,A> as core::ops::function::FnOnce<Args>>::call_once::h567748934d80ccf8
[INFO] [stdout]                                at /rustc/6067b36314ab5eb2eb47cecc464545ba58e1ad24/library/alloc/src/boxed.rs:2013:9
[INFO] [stdout]   43:     0x570b226789fb - std::sys::pal::unix::thread::Thread::new::thread_start::h2d970728ae887adc
[INFO] [stdout]                                at /rustc/6067b36314ab5eb2eb47cecc464545ba58e1ad24/library/std/src/sys/pal/unix/thread.rs:106:17
[INFO] [stdout]   44:     0x7e2e1eb9aac3 - <unknown>
[INFO] [stdout]   45:     0x7e2e1ec2ba04 - clone
[INFO] [stdout]   46:                0x0 - <unknown>
[INFO] [stdout] 
[INFO] [stdout] 
[INFO] [stdout] failures:
[INFO] [stdout]     challenges::day17::tests::test_day17
[INFO] [stdout] 
[INFO] [stdout] test result: FAILED. 12 passed; 1 failed; 0 ignored; 0 measured; 0 filtered out; finished in 0.07s
[INFO] [stdout] 
[INFO] [stderr] error: test failed, to rerun pass `--bin advent24`
[INFO] running `Command { std: "docker" "inspect" "ac40c918e8114c3d2436f7283fd1284accaaa19f6fde3d0e70ea1c380bdcd6c8", kill_on_drop: false }`
[INFO] running `Command { std: "docker" "rm" "-f" "ac40c918e8114c3d2436f7283fd1284accaaa19f6fde3d0e70ea1c380bdcd6c8", kill_on_drop: false }`
[INFO] [stdout] ac40c918e8114c3d2436f7283fd1284accaaa19f6fde3d0e70ea1c380bdcd6c8
