[INFO] cloning repository https://github.com/hook0/hook0
[INFO] running `Command { std: "git" "-c" "credential.helper=" "-c" "credential.helper=/workspace/cargo-home/bin/git-credential-null" "clone" "--bare" "https://github.com/hook0/hook0" "/workspace/cache/git-repos/https%3A%2F%2Fgithub.com%2Fhook0%2Fhook0", kill_on_drop: false }`
[INFO] [stderr] Cloning into bare repository '/workspace/cache/git-repos/https%3A%2F%2Fgithub.com%2Fhook0%2Fhook0'...
[INFO] running `Command { std: "git" "rev-parse" "HEAD", kill_on_drop: false }`
[INFO] [stdout] 04f2058338026d5f4dc14d39f2c91afa3459e59c
[INFO] testing hook0/hook0 against nightly-2025-01-18 for randomize-layout-2
[INFO] running `Command { std: "git" "clone" "/workspace/cache/git-repos/https%3A%2F%2Fgithub.com%2Fhook0%2Fhook0" "/workspace/builds/worker-7-tc1/source", kill_on_drop: false }`
[INFO] [stderr] Cloning into '/workspace/builds/worker-7-tc1/source'...
[INFO] [stderr] done.
[INFO] validating manifest of git repo https://github.com/hook0/hook0 on toolchain nightly-2025-01-18
[INFO] running `Command { std: CARGO_HOME="/workspace/cargo-home" RUSTUP_HOME="/workspace/rustup-home" "/workspace/cargo-home/bin/cargo" "+nightly-2025-01-18" "metadata" "--manifest-path" "Cargo.toml" "--no-deps", kill_on_drop: false }`
[INFO] started tweaking git repo https://github.com/hook0/hook0
[INFO] finished tweaking git repo https://github.com/hook0/hook0
[INFO] tweaked toml for git repo https://github.com/hook0/hook0 written to /workspace/builds/worker-7-tc1/source/Cargo.toml
[INFO] crate git repo https://github.com/hook0/hook0 already has a lockfile, it will not be regenerated
[INFO] running `Command { std: CARGO_HOME="/workspace/cargo-home" RUSTUP_HOME="/workspace/rustup-home" "/workspace/cargo-home/bin/cargo" "+nightly-2025-01-18" "fetch" "--manifest-path" "Cargo.toml", kill_on_drop: false }`
[INFO] [stderr]     Updating crates.io index
[INFO] [stderr]  Downloading crates ...
[INFO] [stderr]   Downloaded lazy-regex-proc_macros v3.4.1
[INFO] [stderr]   Downloaded sentry-anyhow v0.36.0
[INFO] [stderr]   Downloaded sentry-log v0.36.0
[INFO] [stderr]   Downloaded biscuit-quote v0.2.2
[INFO] [stderr]   Downloaded nom-regex v0.2.0
[INFO] [stderr]   Downloaded mrml-json-macros v0.1.4
[INFO] [stderr]   Downloaded biscuit-parser v0.1.2
[INFO] [stderr]   Downloaded actix-files v0.6.6
[INFO] [stderr]   Downloaded actix-governor v0.8.0
[INFO] [stderr]   Downloaded http-api-problem v0.57.0
[INFO] [stderr]   Downloaded paperclip-core v0.7.2
[INFO] [stderr]   Downloaded mrml v4.0.1
[INFO] [stderr]   Downloaded hickory-resolver v0.24.2
[INFO] [stderr]   Downloaded biscuit-auth v5.0.0
[INFO] [stderr]   Downloaded governor v0.8.0
[INFO] [stderr]   Downloaded paperclip-macros v0.7.0
[INFO] [stderr]   Downloaded sentry-actix v0.36.0
[INFO] [stderr]   Downloaded test-log-macros v0.2.17
[INFO] [stderr]   Downloaded unic-ucd-common v0.9.0
[INFO] [stderr]   Downloaded lazy-regex v3.4.1
[INFO] [stderr]   Downloaded hickory-proto v0.24.2
[INFO] [stderr]   Downloaded test-log v0.2.17
[INFO] [stderr]   Downloaded openapiv3-paper v2.0.2
[INFO] [stderr]   Downloaded openapiv3 v1.0.4
[INFO] [stderr]   Downloaded paperclip v0.9.4
[INFO] [stderr]   Downloaded paperclip-actix v0.7.2
[INFO] running `Command { std: "docker" "create" "-v" "/var/lib/crater-agent-workspace/builds/worker-7-tc1/target:/opt/rustwide/target:rw,Z" "-v" "/var/lib/crater-agent-workspace/builds/worker-7-tc1/source:/opt/rustwide/workdir:ro,Z" "-v" "/var/lib/crater-agent-workspace/cargo-home:/opt/rustwide/cargo-home:ro,Z" "-v" "/var/lib/crater-agent-workspace/rustup-home:/opt/rustwide/rustup-home:ro,Z" "-e" "SOURCE_DIR=/opt/rustwide/workdir" "-e" "CARGO_TARGET_DIR=/opt/rustwide/target" "-e" "CARGO_HOME=/opt/rustwide/cargo-home" "-e" "RUSTUP_HOME=/opt/rustwide/rustup-home" "-w" "/opt/rustwide/workdir" "-m" "1610612736" "--user" "0:0" "--network" "none" "ghcr.io/rust-lang/crates-build-env/linux@sha256:819108c5571ea2e421544af4d832f968d213c87fbe3707a016657f43d2f853bc" "/opt/rustwide/cargo-home/bin/cargo" "+nightly-2025-01-18" "metadata" "--no-deps" "--format-version=1", kill_on_drop: false }`
[INFO] [stdout] 9675f7f64151fe8b4f73f847651b564ab15d69fbbc9870d83828f1ef82d904f6
[INFO] running `Command { std: "docker" "start" "-a" "9675f7f64151fe8b4f73f847651b564ab15d69fbbc9870d83828f1ef82d904f6", kill_on_drop: false }`
[INFO] running `Command { std: "docker" "inspect" "9675f7f64151fe8b4f73f847651b564ab15d69fbbc9870d83828f1ef82d904f6", kill_on_drop: false }`
[INFO] running `Command { std: "docker" "rm" "-f" "9675f7f64151fe8b4f73f847651b564ab15d69fbbc9870d83828f1ef82d904f6", kill_on_drop: false }`
[INFO] [stdout] 9675f7f64151fe8b4f73f847651b564ab15d69fbbc9870d83828f1ef82d904f6
[INFO] running `Command { std: "docker" "create" "-v" "/var/lib/crater-agent-workspace/builds/worker-7-tc1/target:/opt/rustwide/target:rw,Z" "-v" "/var/lib/crater-agent-workspace/builds/worker-7-tc1/source:/opt/rustwide/workdir:ro,Z" "-v" "/var/lib/crater-agent-workspace/cargo-home:/opt/rustwide/cargo-home:ro,Z" "-v" "/var/lib/crater-agent-workspace/rustup-home:/opt/rustwide/rustup-home:ro,Z" "-e" "SOURCE_DIR=/opt/rustwide/workdir" "-e" "CARGO_TARGET_DIR=/opt/rustwide/target" "-e" "CARGO_INCREMENTAL=0" "-e" "RUST_BACKTRACE=full" "-e" "RUSTFLAGS=--cap-lints=forbid" "-e" "RUSTDOCFLAGS=--cap-lints=forbid" "-e" "CARGO_HOME=/opt/rustwide/cargo-home" "-e" "RUSTUP_HOME=/opt/rustwide/rustup-home" "-w" "/opt/rustwide/workdir" "-m" "1610612736" "--user" "0:0" "--network" "none" "ghcr.io/rust-lang/crates-build-env/linux@sha256:819108c5571ea2e421544af4d832f968d213c87fbe3707a016657f43d2f853bc" "/opt/rustwide/cargo-home/bin/cargo" "+nightly-2025-01-18" "build" "--frozen" "--message-format=json", kill_on_drop: false }`
[INFO] [stdout] 7c159920b7d2f141080d0414e5f56f4218cd11e89fe649d320edcab3e737e05a
[INFO] running `Command { std: "docker" "start" "-a" "7c159920b7d2f141080d0414e5f56f4218cd11e89fe649d320edcab3e737e05a", kill_on_drop: false }`
[INFO] [stderr]    Compiling proc-macro2 v1.0.93
[INFO] [stderr]    Compiling unicode-ident v1.0.14
[INFO] [stderr]    Compiling libc v0.2.169
[INFO] [stderr]    Compiling cfg-if v1.0.0
[INFO] [stderr]    Compiling serde v1.0.217
[INFO] [stderr]    Compiling memchr v2.7.4
[INFO] [stderr]    Compiling autocfg v1.4.0
[INFO] [stderr]    Compiling once_cell v1.20.2
[INFO] [stderr]    Compiling pin-project-lite v0.2.16
[INFO] [stderr]    Compiling version_check v0.9.5
[INFO] [stderr]    Compiling itoa v1.0.14
[INFO] [stderr]    Compiling bytes v1.9.0
[INFO] [stderr]    Compiling parking_lot_core v0.9.10
[INFO] [stderr]    Compiling futures-core v0.3.31
[INFO] [stderr]    Compiling scopeguard v1.2.0
[INFO] [stderr]    Compiling log v0.4.25
[INFO] [stderr]    Compiling lock_api v0.4.12
[INFO] [stderr]    Compiling byteorder v1.5.0
[INFO] [stderr]    Compiling stable_deref_trait v1.2.0
[INFO] [stderr]    Compiling shlex v1.3.0
[INFO] [stderr]    Compiling litemap v0.7.4
[INFO] [stderr]    Compiling writeable v0.5.5
[INFO] [stderr]    Compiling icu_locid_transform_data v1.5.0
[INFO] [stderr]    Compiling slab v0.4.9
[INFO] [stderr]    Compiling quote v1.0.38
[INFO] [stderr]    Compiling icu_properties_data v1.5.0
[INFO] [stderr]    Compiling utf16_iter v1.0.5
[INFO] [stderr]    Compiling syn v2.0.96
[INFO] [stderr]    Compiling icu_normalizer_data v1.5.0
[INFO] [stderr]    Compiling write16 v1.0.0
[INFO] [stderr]    Compiling utf8_iter v1.0.4
[INFO] [stderr]    Compiling percent-encoding v2.3.1
[INFO] [stderr]    Compiling subtle v2.6.1
[INFO] [stderr]    Compiling getrandom v0.2.15
[INFO] [stderr]    Compiling jobserver v0.1.32
[INFO] [stderr]    Compiling socket2 v0.5.8
[INFO] [stderr]    Compiling allocator-api2 v0.2.21
[INFO] [stderr]    Compiling futures-sink v0.3.31
[INFO] [stderr]    Compiling rand_core v0.6.4
[INFO] [stderr]    Compiling futures-io v0.3.31
[INFO] [stderr]    Compiling futures-task v0.3.31
[INFO] [stderr]    Compiling cc v1.2.10
[INFO] [stderr]    Compiling pin-utils v0.1.0
[INFO] [stderr]    Compiling typenum v1.17.0
[INFO] [stderr]    Compiling generic-array v0.14.7
[INFO] [stderr]    Compiling tracing-core v0.1.33
[INFO] [stderr]    Compiling signal-hook-registry v1.4.2
[INFO] [stderr]    Compiling mio v1.0.3
[INFO] [stderr]    Compiling ryu v1.0.18
[INFO] [stderr]    Compiling equivalent v1.0.1
[INFO] [stderr]    Compiling foldhash v0.1.4
[INFO] [stderr]    Compiling serde_json v1.0.137
[INFO] [stderr]    Compiling hashbrown v0.15.2
[INFO] [stderr]    Compiling futures-channel v0.3.31
[INFO] [stderr]    Compiling fnv v1.0.7
[INFO] [stderr]    Compiling form_urlencoded v1.2.1
[INFO] [stderr]    Compiling aho-corasick v1.1.3
[INFO] [stderr]    Compiling regex-syntax v0.8.5
[INFO] [stderr]    Compiling num-conv v0.1.0
[INFO] [stderr]    Compiling powerfmt v0.2.0
[INFO] [stderr]    Compiling time-core v0.1.2
[INFO] [stderr]    Compiling bitflags v2.8.0
[INFO] [stderr]    Compiling deranged v0.3.11
[INFO] [stderr]    Compiling cpufeatures v0.2.16
[INFO] [stderr]    Compiling thiserror v1.0.69
[INFO] [stderr]    Compiling time-macros v0.2.19
[INFO] [stderr]    Compiling rustls-pki-types v1.10.1
[INFO] [stderr]    Compiling httparse v1.9.5
[INFO] [stderr]    Compiling ring v0.17.8
[INFO] [stderr]    Compiling hex v0.4.3
[INFO] [stderr]    Compiling adler2 v2.0.0
[INFO] [stderr]    Compiling zeroize v1.8.1
[INFO] [stderr]    Compiling miniz_oxide v0.8.3
[INFO] [stderr]    Compiling base64 v0.22.1
[INFO] [stderr]    Compiling crypto-common v0.1.6
[INFO] [stderr]    Compiling block-buffer v0.10.4
[INFO] [stderr]    Compiling digest v0.10.7
[INFO] [stderr]    Compiling spin v0.9.8
[INFO] [stderr]    Compiling regex-automata v0.4.9
[INFO] [stderr]    Compiling time v0.3.37
[INFO] [stderr]    Compiling untrusted v0.9.0
[INFO] [stderr]    Compiling mime v0.3.17
[INFO] [stderr]    Compiling num-traits v0.2.19
[INFO] [stderr]    Compiling ahash v0.8.11
[INFO] [stderr]    Compiling heck v0.5.0
[INFO] [stderr]    Compiling pkg-config v0.3.31
[INFO] [stderr]    Compiling crossbeam-utils v0.8.21
[INFO] [stderr]    Compiling synstructure v0.13.1
[INFO] [stderr]    Compiling zstd-sys v2.0.13+zstd.1.5.6
[INFO] [stderr]    Compiling encoding_rs v0.8.35
[INFO] [stderr]    Compiling semver v1.0.25
[INFO] [stderr]    Compiling tinyvec_macros v0.1.1
[INFO] [stderr]    Compiling tinyvec v1.8.1
[INFO] [stderr]    Compiling regex v1.11.1
[INFO] [stderr]    Compiling webpki-roots v0.26.7
[INFO] [stderr]    Compiling iana-time-zone v0.1.61
[INFO] [stderr]    Compiling serde_derive v1.0.217
[INFO] [stderr]    Compiling zerocopy-derive v0.7.35
[INFO] [stderr]    Compiling zerofrom-derive v0.1.5
[INFO] [stderr]    Compiling yoke-derive v0.7.5
[INFO] [stderr]    Compiling zerovec-derive v0.10.3
[INFO] [stderr]    Compiling zerocopy v0.7.35
[INFO] [stderr]    Compiling displaydoc v0.2.5
[INFO] [stderr]    Compiling zerofrom v0.1.5
[INFO] [stderr]    Compiling icu_provider_macros v1.5.0
[INFO] [stderr]    Compiling yoke v0.7.5
[INFO] [stderr]    Compiling tracing-attributes v0.1.28
[INFO] [stderr]    Compiling tokio-macros v2.5.0
[INFO] [stderr]    Compiling futures-macro v0.3.31
[INFO] [stderr]    Compiling ppv-lite86 v0.2.20
[INFO] [stderr]    Compiling thiserror-impl v1.0.69
[INFO] [stderr]    Compiling zerovec v0.10.4
[INFO] [stderr]    Compiling rustls-webpki v0.102.8
[INFO] [stderr]    Compiling rand_chacha v0.3.1
[INFO] [stderr]    Compiling futures-util v0.3.31
[INFO] [stderr]    Compiling tracing v0.1.41
[INFO] [stderr]    Compiling rand v0.8.5
[INFO] [stderr]    Compiling tinystr v0.7.6
[INFO] [stderr]    Compiling icu_locid v1.5.0
[INFO] [stderr]    Compiling icu_collections v1.5.0
[INFO] [stderr]    Compiling paste v1.0.15
[INFO] [stderr]    Compiling httpdate v1.0.3
[INFO] [stderr]    Compiling rustls-pemfile v2.2.0
[INFO] [stderr]    Compiling http v0.2.12
[INFO] [stderr]    Compiling icu_provider v1.5.0
[INFO] [stderr]    Compiling bytestring v1.4.0
[INFO] [stderr]    Compiling alloc-no-stdlib v2.0.4
[INFO] [stderr]    Compiling local-waker v0.1.4
[INFO] [stderr]    Compiling rustls v0.23.21
[INFO] [stderr]    Compiling syn v1.0.109
[INFO] [stderr]    Compiling zstd-safe v7.2.1
[INFO] [stderr]    Compiling icu_locid_transform v1.5.0
[INFO] [stderr]    Compiling alloc-stdlib v0.2.2
[INFO] [stderr]    Compiling regex-lite v0.1.6
[INFO] [stderr]    Compiling thiserror v2.0.11
[INFO] [stderr]    Compiling brotli-decompressor v4.0.1
[INFO] [stderr]    Compiling actix-service v2.0.2
[INFO] [stderr]    Compiling icu_properties v1.5.1
[INFO] [stderr]    Compiling actix-utils v3.0.1
[INFO] [stderr]    Compiling rustc_version v0.4.1
[INFO] [stderr]    Compiling thiserror-impl v2.0.11
[INFO] [stderr]    Compiling http v1.2.0
[INFO] [stderr]    Compiling cookie v0.16.2
[INFO] [stderr]    Compiling crc32fast v1.4.2
[INFO] [stderr]    Compiling convert_case v0.4.0
[INFO] [stderr]    Compiling smallvec v1.13.2
[INFO] [stderr]    Compiling parking_lot v0.12.3
[INFO] [stderr]    Compiling indexmap v2.7.1
[INFO] [stderr]    Compiling tokio v1.43.0
[INFO] [stderr]    Compiling icu_normalizer v1.5.0
[INFO] [stderr]    Compiling uuid v1.12.0
[INFO] [stderr]    Compiling either v1.13.0
[INFO] [stderr]    Compiling idna_adapter v1.2.0
[INFO] [stderr]    Compiling idna v1.0.3
[INFO] [stderr]    Compiling serde_urlencoded v0.7.1
[INFO] [stderr]    Compiling debugid v0.8.0
[INFO] [stderr]    Compiling object v0.36.7
[INFO] [stderr]    Compiling derive_more v0.99.18
[INFO] [stderr]    Compiling url v2.5.4
[INFO] [stderr]    Compiling actix-router v0.5.3
[INFO] [stderr]    Compiling flate2 v1.0.35
[INFO] [stderr]    Compiling sentry-types v0.36.0
[INFO] [stderr]    Compiling brotli v6.0.0
[INFO] [stderr]    Compiling local-channel v0.1.5
[INFO] [stderr]    Compiling actix-macros v0.2.4
[INFO] [stderr]    Compiling zstd v0.13.2
[INFO] [stderr]    Compiling sha1 v0.10.6
[INFO] [stderr]    Compiling sha2 v0.10.8
[INFO] [stderr]    Compiling language-tags v0.3.2
[INFO] [stderr]    Compiling strsim v0.11.1
[INFO] [stderr]    Compiling linux-raw-sys v0.4.15
[INFO] [stderr]    Compiling rustversion v1.0.19
[INFO] [stderr]    Compiling siphasher v1.0.1
[INFO] [stderr]    Compiling gimli v0.31.1
[INFO] [stderr]    Compiling parking v2.2.1
[INFO] [stderr]    Compiling actix-web-codegen v4.3.0
[INFO] [stderr]    Compiling sentry-core v0.36.0
[INFO] [stderr]    Compiling tokio-util v0.7.13
[INFO] [stderr]    Compiling actix-rt v2.10.0
[INFO] [stderr]    Compiling actix-server v2.5.0
[INFO] [stderr]    Compiling h2 v0.3.26
[INFO] [stderr]    Compiling actix-codec v0.5.2
[INFO] [stderr]    Compiling addr2line v0.24.2
[INFO] [stderr]    Compiling http-body v1.0.1
[INFO] [stderr]    Compiling atomic-waker v1.1.2
[INFO] [stderr]    Compiling crc-catalog v2.4.0
[INFO] [stderr]    Compiling try-lock v0.2.5
[INFO] [stderr]    Compiling rustc-demangle v0.1.24
[INFO] [stderr]    Compiling impl-more v0.1.9
[INFO] [stderr]    Compiling siphasher v0.3.11
[INFO] [stderr]    Compiling want v0.3.1
[INFO] [stderr]    Compiling crc v3.2.1
[INFO] [stderr]    Compiling h2 v0.4.7
[INFO] [stderr]    Compiling phf_shared v0.10.0
[INFO] [stderr]    Compiling ipnetwork v0.20.0
[INFO] [stderr]    Compiling chrono v0.4.39
[INFO] [stderr]    Compiling enum-as-inner v0.6.1
[INFO] [stderr]    Compiling async-trait v0.1.85
[INFO] [stderr]    Compiling hashlink v0.10.0
[INFO] [stderr]    Compiling backtrace v0.3.74
[INFO] [stderr]    Compiling tower-service v0.3.3
[INFO] [stderr]    Compiling minimal-lexical v0.2.1
[INFO] [stderr]    Compiling match_cfg v0.1.0
[INFO] [stderr]    Compiling hostname v0.3.1
[INFO] [stderr]    Compiling nom v7.1.3
[INFO] [stderr]    Compiling tokio-rustls v0.26.1
[INFO] [stderr]    Compiling concurrent-queue v2.5.0
[INFO] [stderr]    Compiling phf_shared v0.11.3
[INFO] [stderr]    Compiling unicode-normalization v0.1.24
[INFO] [stderr]    Compiling hmac v0.12.1
[INFO] [stderr]    Compiling proc-macro-error-attr2 v2.0.0
[INFO] [stderr]    Compiling data-encoding v2.7.0
[INFO] [stderr]    Compiling lazy_static v1.5.0
[INFO] [stderr]    Compiling utf8parse v0.2.2
[INFO] [stderr]    Compiling actix-http v3.9.0
[INFO] [stderr]    Compiling ipnet v2.11.0
[INFO] [stderr]    Compiling quick-error v1.2.3
[INFO] [stderr]    Compiling ident_case v1.0.1
[INFO] [stderr]    Compiling unicode-properties v0.1.3
[INFO] [stderr]    Compiling unicode-bidi v0.3.18
[INFO] [stderr]    Compiling rustix v0.38.43
[INFO] [stderr]    Compiling anyhow v1.0.95
[INFO] [stderr]    Compiling linked-hash-map v0.5.6
[INFO] [stderr]    Compiling hyper v1.5.2
[INFO] [stderr]    Compiling stringprep v0.1.5
[INFO] [stderr]    Compiling lru-cache v0.1.2
[INFO] [stderr]    Compiling darling_core v0.20.10
[INFO] [stderr]    Compiling resolv-conf v0.7.0
[INFO] [stderr]    Compiling hickory-proto v0.24.2
[INFO] [stderr]    Compiling proc-macro-error2 v2.0.1
[INFO] [stderr]    Compiling anstyle-parse v0.2.6
[INFO] [stderr]    Compiling hyper-util v0.1.10
[INFO] [stderr]    Compiling actix-web v4.9.0
[INFO] [stderr]    Compiling hkdf v0.12.4
[INFO] [stderr]    Compiling phf_generator v0.11.3
[INFO] [stderr]    Compiling event-listener v5.4.0
[INFO] [stderr]    Compiling futures-intrusive v0.5.0
[INFO] [stderr]    Compiling tokio-stream v0.1.17
[INFO] [stderr]    Compiling phf_generator v0.10.0
[INFO] [stderr]    Compiling crossbeam-queue v0.3.12
[INFO] [stderr]    Compiling atoi v2.0.0
[INFO] [stderr]    Compiling md-5 v0.10.6
[INFO] [stderr]    Compiling sync_wrapper v1.0.2
[INFO] [stderr]    Compiling indexmap v1.9.3
[INFO] [stderr]    Compiling whoami v1.5.2
[INFO] [stderr]    Compiling anstyle v1.0.10
[INFO] [stderr]    Compiling fastrand v2.3.0
[INFO] [stderr]    Compiling is_terminal_polyfill v1.70.1
[INFO] [stderr]    Compiling dotenvy v0.15.7
[INFO] [stderr]    Compiling home v0.5.11
[INFO] [stderr]    Compiling colorchoice v1.0.3
[INFO] [stderr]    Compiling new_debug_unreachable v1.0.6
[INFO] [stderr]    Compiling unicase v2.8.1
[INFO] [stderr]    Compiling anstyle-query v1.1.2
[INFO] [stderr]    Compiling tower-layer v0.3.3
[INFO] [stderr]    Compiling anstream v0.6.18
[INFO] [stderr]    Compiling mime_guess v2.0.5
[INFO] [stderr]    Compiling hickory-resolver v0.24.2
[INFO] [stderr]    Compiling tower v0.5.2
[INFO] [stderr]    Compiling darling_macro v0.20.10
[INFO] [stderr]    Compiling string_cache_codegen v0.5.2
[INFO] [stderr]    Compiling hyper-rustls v0.27.5
[INFO] [stderr]    Compiling phf_codegen v0.11.3
[INFO] [stderr]    Compiling sentry-backtrace v0.36.0
[INFO] [stderr]    Compiling sqlx-core v0.8.3
[INFO] [stderr]    Compiling http-body-util v0.1.2
[INFO] [stderr]    Compiling itertools v0.10.5
[INFO] [stderr]    Compiling sentry-contexts v0.36.0
[INFO] [stderr]    Compiling hashbrown v0.14.5
[INFO] [stderr]    Compiling psm v0.1.24
[INFO] [stderr]    Compiling proc-macro-error-attr v1.0.4
[INFO] [stderr]    Compiling hashbrown v0.12.3
[INFO] [stderr]    Compiling heck v0.4.1
[INFO] [stderr]    Compiling mac v0.1.1
[INFO] [stderr]    Compiling futf v0.1.5
[INFO] [stderr]    Compiling strum_macros v0.24.3
[INFO] [stderr]    Compiling reqwest v0.12.12
[INFO] [stderr]    Compiling tempfile v3.15.0
[INFO] [stderr]    Compiling markup5ever v0.14.0
[INFO] [stderr]    Compiling darling v0.20.10
[INFO] [stderr]    Compiling curve25519-dalek v4.1.3
[INFO] [stderr]    Compiling sqlx-postgres v0.8.3
[INFO] [stderr]    Compiling futures-executor v0.3.31
[INFO] [stderr]    Compiling stacker v0.1.17
[INFO] [stderr]    Compiling uname v0.1.1
[INFO] [stderr]    Compiling hostname v0.4.0
[INFO] [stderr]    Compiling proc-macro-error v1.0.4
[INFO] [stderr]    Compiling strum v0.24.1
[INFO] [stderr]    Compiling utf-8 v0.7.6
[INFO] [stderr]    Compiling portable-atomic v1.10.0
[INFO] [stderr]    Compiling precomputed-hash v0.1.1
[INFO] [stderr]    Compiling unsafe-libyaml v0.2.11
[INFO] [stderr]    Compiling string_cache v0.8.7
[INFO] [stderr]    Compiling paperclip-macros v0.7.0
[INFO] [stderr]    Compiling tendril v0.4.3
[INFO] [stderr]    Compiling terminal_size v0.4.1
[INFO] [stderr]    Compiling futures v0.3.31
[INFO] [stderr]    Compiling phf v0.11.3
[INFO] [stderr]    Compiling prost-derive v0.10.1
[INFO] [stderr]    Compiling serde_yaml v0.9.34+deprecated
[INFO] [stderr]    Compiling openapiv3 v1.0.4
[INFO] [stderr]    Compiling sentry-anyhow v0.36.0
[INFO] [stderr]    Compiling sentry-panic v0.36.0
[INFO] [stderr]    Compiling sentry-log v0.36.0
[INFO] [stderr]    Compiling html5ever v0.29.0
[INFO] [stderr]    Compiling curve25519-dalek-derive v0.1.1
[INFO] [stderr]    Compiling env_filter v0.1.3
[INFO] [stderr]    Compiling raw-cpuid v11.3.0
[INFO] [stderr]    Compiling unic-common v0.9.0
[INFO] [stderr]    Compiling signature v2.2.0
[INFO] [stderr]    Compiling getrandom v0.1.16
[INFO] [stderr]    Compiling humantime v2.1.0
[INFO] [stderr]    Compiling unic-char-range v0.9.0
[INFO] [stderr]    Compiling v_htmlescape v0.15.8
[INFO] [stderr]    Compiling clap_lex v0.7.4
[INFO] [stderr]    Compiling uuid v0.8.2
[INFO] [stderr]    Compiling clap_builder v4.5.26
[INFO] [stderr]    Compiling unic-char-property v0.9.0
[INFO] [stderr]    Compiling env_logger v0.11.6
[INFO] [stderr]    Compiling paperclip-core v0.7.2
[INFO] [stderr]    Compiling quanta v0.12.5
[INFO] [stderr]    Compiling ed25519 v2.2.3
[INFO] [stderr]    Compiling biscuit-parser v0.1.2
[INFO] [stderr]    Compiling unic-ucd-version v0.9.0
[INFO] [stderr]    Compiling sqlx-macros-core v0.8.3
[INFO] [stderr]    Compiling prost v0.10.4
[INFO] [stderr]    Compiling sentry v0.36.0
[INFO] [stderr]    Compiling dashmap v6.1.0
[INFO] [stderr]    Compiling Inflector v0.11.4
[INFO] [stderr]    Compiling strum_macros v0.26.4
[INFO] [stderr]    Compiling lazy-regex-proc_macros v3.4.1
[INFO] [stderr]    Compiling clap_derive v4.5.24
[INFO] [stderr]    Compiling actix_derive v0.6.2
[INFO] [stderr]    Compiling crossbeam-channel v0.5.14
[INFO] [stderr]    Compiling sqlx-macros v0.8.3
[INFO] [stderr]    Compiling block-buffer v0.9.0
[INFO] [stderr]    Compiling digest v0.9.0
[INFO] [stderr]    Compiling spinning_top v0.3.0
[INFO] [stderr]    Compiling opaque-debug v0.3.1
[INFO] [stderr]    Compiling paperclip v0.9.4
[INFO] [stderr]    Compiling futures-timer v3.0.3
[INFO] [stderr]    Compiling base64ct v1.6.0
[INFO] [stderr]    Compiling nonzero_ext v0.3.0
[INFO] [stderr]    Compiling no-std-compat v0.4.1
[INFO] [stderr]    Compiling biscuit-auth v5.0.0
[INFO] [stderr]    Compiling governor v0.8.0
[INFO] [stderr]    Compiling password-hash v0.5.0
[INFO] [stderr]    Compiling actix v0.13.5
[INFO] [stderr]    Compiling sha2 v0.9.9
[INFO] [stderr]    Compiling lazy-regex v3.4.1
[INFO] [stderr]    Compiling mrml-json-macros v0.1.4
[INFO] [stderr]    Compiling strum v0.26.3
[INFO] [stderr]    Compiling chumsky v0.9.3
[INFO] [stderr]    Compiling biscuit-quote v0.2.2
[INFO] [stderr]    Compiling ed25519-dalek v2.1.1
[INFO] [stderr]    Compiling clap v4.5.26
[INFO] [stderr]    Compiling hook0-sentry-integration v0.1.0 (/opt/rustwide/workdir/sentry-integration)
[INFO] [stderr]    Compiling paperclip-actix v0.7.2
[INFO] [stderr]    Compiling prost-types v0.10.1
[INFO] [stderr]    Compiling unic-ucd-common v0.9.0
[INFO] [stderr]    Compiling validator_derive v0.19.0
[INFO] [stderr]    Compiling itertools v0.13.0
[INFO] [stderr]    Compiling openapiv3-paper v2.0.2
[INFO] [stderr]    Compiling enum_dispatch v0.3.13
[INFO] [stderr]    Compiling email-encoding v0.3.1
[INFO] [stderr]    Compiling blake2 v0.10.6
[INFO] [stderr]    Compiling http-range v0.1.5
[INFO] [stderr]    Compiling rustc-hash v2.1.0
[INFO] [stderr]    Compiling hook0-api v0.1.0 (/opt/rustwide/workdir/api)
[INFO] [stderr]    Compiling quoted_printable v0.5.1
[INFO] [stderr]    Compiling unicode-width v0.2.0
[INFO] [stderr]    Compiling xmlparser v0.13.6
[INFO] [stderr]    Compiling email_address v0.2.9
[INFO] [stderr]    Compiling base64 v0.13.1
[INFO] [stderr]    Compiling html2text v0.13.6
[INFO] [stderr]    Compiling lettre v0.11.11
[INFO] [stderr]    Compiling argon2 v0.5.3
[INFO] [stderr]    Compiling mrml v4.0.1
[INFO] [stderr]    Compiling actix-files v0.6.6
[INFO] [stderr]    Compiling validator v0.19.0
[INFO] [stderr]    Compiling http-api-problem v0.57.0
[INFO] [stderr]    Compiling actix-governor v0.8.0
[INFO] [stderr]    Compiling hook0-client v0.1.0 (/opt/rustwide/workdir/clients/rust)
[INFO] [stderr]    Compiling sentry-actix v0.36.0
[INFO] [stderr]    Compiling actix-cors v0.7.0
[INFO] [stderr]    Compiling nom-regex v0.2.0
[INFO] [stderr]    Compiling itertools v0.14.0
[INFO] [stderr]    Compiling async-recursion v1.1.1
[INFO] [stderr]    Compiling sqlx v0.8.3
[INFO] [stderr]    Compiling hook0-output-worker v0.3.0 (/opt/rustwide/workdir/output-worker)
[INFO] [stderr]     Finished `dev` profile [unoptimized + debuginfo] target(s) in 7m 10s
[INFO] running `Command { std: "docker" "inspect" "7c159920b7d2f141080d0414e5f56f4218cd11e89fe649d320edcab3e737e05a", kill_on_drop: false }`
[INFO] running `Command { std: "docker" "rm" "-f" "7c159920b7d2f141080d0414e5f56f4218cd11e89fe649d320edcab3e737e05a", kill_on_drop: false }`
[INFO] [stdout] 7c159920b7d2f141080d0414e5f56f4218cd11e89fe649d320edcab3e737e05a
[INFO] running `Command { std: "docker" "create" "-v" "/var/lib/crater-agent-workspace/builds/worker-7-tc1/target:/opt/rustwide/target:rw,Z" "-v" "/var/lib/crater-agent-workspace/builds/worker-7-tc1/source:/opt/rustwide/workdir:ro,Z" "-v" "/var/lib/crater-agent-workspace/cargo-home:/opt/rustwide/cargo-home:ro,Z" "-v" "/var/lib/crater-agent-workspace/rustup-home:/opt/rustwide/rustup-home:ro,Z" "-e" "SOURCE_DIR=/opt/rustwide/workdir" "-e" "CARGO_TARGET_DIR=/opt/rustwide/target" "-e" "CARGO_INCREMENTAL=0" "-e" "RUST_BACKTRACE=full" "-e" "RUSTFLAGS=--cap-lints=forbid" "-e" "RUSTDOCFLAGS=--cap-lints=forbid" "-e" "CARGO_HOME=/opt/rustwide/cargo-home" "-e" "RUSTUP_HOME=/opt/rustwide/rustup-home" "-w" "/opt/rustwide/workdir" "-m" "1610612736" "--user" "0:0" "--network" "none" "ghcr.io/rust-lang/crates-build-env/linux@sha256:819108c5571ea2e421544af4d832f968d213c87fbe3707a016657f43d2f853bc" "/opt/rustwide/cargo-home/bin/cargo" "+nightly-2025-01-18" "test" "--frozen" "--no-run" "--message-format=json", kill_on_drop: false }`
[INFO] [stdout] 361040d01986decf393bb757c99d19f98fc1fa0a954b62fae2d69618be167df0
[INFO] running `Command { std: "docker" "start" "-a" "361040d01986decf393bb757c99d19f98fc1fa0a954b62fae2d69618be167df0", kill_on_drop: false }`
[INFO] [stderr]    Compiling test-log-macros v0.2.17
[INFO] [stderr]    Compiling hook0-output-worker v0.3.0 (/opt/rustwide/workdir/output-worker)
[INFO] [stderr]    Compiling hook0-client v0.1.0 (/opt/rustwide/workdir/clients/rust)
[INFO] [stderr]    Compiling hook0-sentry-integration v0.1.0 (/opt/rustwide/workdir/sentry-integration)
[INFO] [stderr]    Compiling test-log v0.2.17
[INFO] [stderr]    Compiling hook0-api v0.1.0 (/opt/rustwide/workdir/api)
[INFO] [stderr]     Finished `test` profile [unoptimized + debuginfo] target(s) in 13.56s
[INFO] running `Command { std: "docker" "inspect" "361040d01986decf393bb757c99d19f98fc1fa0a954b62fae2d69618be167df0", kill_on_drop: false }`
[INFO] running `Command { std: "docker" "rm" "-f" "361040d01986decf393bb757c99d19f98fc1fa0a954b62fae2d69618be167df0", kill_on_drop: false }`
[INFO] [stdout] 361040d01986decf393bb757c99d19f98fc1fa0a954b62fae2d69618be167df0
[INFO] running `Command { std: "docker" "create" "-v" "/var/lib/crater-agent-workspace/builds/worker-7-tc1/target:/opt/rustwide/target:rw,Z" "-v" "/var/lib/crater-agent-workspace/builds/worker-7-tc1/source:/opt/rustwide/workdir:ro,Z" "-v" "/var/lib/crater-agent-workspace/cargo-home:/opt/rustwide/cargo-home:ro,Z" "-v" "/var/lib/crater-agent-workspace/rustup-home:/opt/rustwide/rustup-home:ro,Z" "-e" "SOURCE_DIR=/opt/rustwide/workdir" "-e" "CARGO_TARGET_DIR=/opt/rustwide/target" "-e" "CARGO_INCREMENTAL=0" "-e" "RUST_BACKTRACE=full" "-e" "RUSTFLAGS=--cap-lints=forbid" "-e" "RUSTDOCFLAGS=--cap-lints=forbid" "-e" "CARGO_HOME=/opt/rustwide/cargo-home" "-e" "RUSTUP_HOME=/opt/rustwide/rustup-home" "-w" "/opt/rustwide/workdir" "-m" "1610612736" "--user" "0:0" "--network" "none" "ghcr.io/rust-lang/crates-build-env/linux@sha256:819108c5571ea2e421544af4d832f968d213c87fbe3707a016657f43d2f853bc" "/opt/rustwide/cargo-home/bin/cargo" "+nightly-2025-01-18" "test" "--frozen", kill_on_drop: false }`
[INFO] [stdout] 2d5a05d8b65aa5c2b1d4a94f88ca6fb833c82b569ab76b78c8897a28bfb45e63
[INFO] running `Command { std: "docker" "start" "-a" "2d5a05d8b65aa5c2b1d4a94f88ca6fb833c82b569ab76b78c8897a28bfb45e63", kill_on_drop: false }`
[INFO] [stderr]     Finished `test` profile [unoptimized + debuginfo] target(s) in 0.53s
[INFO] [stderr]      Running unittests src/main.rs (/opt/rustwide/target/debug/deps/hook0_api-a386b5ed72994161)
[INFO] [stdout] 
[INFO] [stdout] running 44 tests
[INFO] [stdout] test handlers::events::tests::payload_content_type_parsing ... ok
[INFO] [stdout] test handlers::events::tests::validate_binary_payload ... ok
[INFO] [stdout] test handlers::events::tests::validate_json_payload ... ok
[INFO] [stdout] test handlers::subscriptions::tests::test_deserialize_http_target_no_host ... ok
[INFO] [stdout] test handlers::subscriptions::tests::test_deserialize_http_target_valid ... ok
[INFO] [stdout] test handlers::subscriptions::tests::test_deserialize_http_target_wrong_scheme ... ok
[INFO] [stdout] test iam::tests::service_access_token_authorization_wrong_organization ... ok
[INFO] [stdout] test iam::tests::refresh_token_authorization ... ok
[INFO] [stdout] test iam::tests::service_access_token_authorization_no_organization_id ... ok
[INFO] [stdout] test iam::tests::service_access_token_authorization_root_token ... ok
[INFO] [stdout] test iam::tests::service_access_token_authorization_expiration ... ok
[INFO] [stdout] test iam::tests::service_access_token_authorization_application ... ok
[INFO] [stdout] test middleware_get_user_ip::tests::parse_ip_v4_invalid_separation ... ok
[INFO] [stdout] test middleware_get_user_ip::tests::parse_ip_v4_valid ... ok
[INFO] [stdout] test middleware_get_user_ip::tests::parse_ip_v4_no_port ... ok
[INFO] [stdout] test middleware_get_user_ip::tests::parse_ip_v6_invalid_ip ... ok
[INFO] [stdout] test middleware_get_user_ip::tests::parse_ip_v6_invalid_separation ... ok
[INFO] [stdout] test middleware_get_user_ip::tests::parse_ip_v4_invalid_ip ... ok
[INFO] [stdout] test validators::tests::event_types_invalid_name_length2 ... ok
[INFO] [stdout] test validators::tests::event_types_invalid_size ... ok
[INFO] [stdout] test middleware_get_user_ip::tests::parse_ip_v6_valid ... ok
[INFO] [stdout] test validators::tests::event_types_valid ... ok
[INFO] [stdout] test validators::tests::labels_empty ... ok
[INFO] [stdout] test validators::tests::labels_invalid_property_length2 ... ok
[INFO] [stdout] test validators::tests::labels_invalid_property_length3 ... ok
[INFO] [stdout] test validators::tests::event_types_empty ... ok
[INFO] [stdout] test validators::tests::labels_invalid_property_length1 ... ok
[INFO] [stdout] test validators::tests::labels_invalid_size ... ok
[INFO] [stdout] test validators::tests::event_types_invalid_name_length1 ... ok
[INFO] [stdout] test validators::tests::labels_valid ... ok
[INFO] [stdout] test validators::tests::labels_invalid_property_length4 ... ok
[INFO] [stdout] test validators::tests::labels_invalid_property_types ... ok
[INFO] [stdout] test validators::tests::metadata_empty ... ok
[INFO] [stdout] test validators::tests::metadata_invalid_property_length1 ... ok
[INFO] [stdout] test middleware_get_user_ip::tests::parse_ip_v6_no_port ... ok
[INFO] [stdout] test validators::tests::metadata_invalid_property_length4 ... ok
[INFO] [stdout] test validators::tests::metadata_invalid_property_length2 ... ok
[INFO] [stdout] test validators::tests::metadata_valid ... ok
[INFO] [stdout] test validators::tests::metadata_invalid_size ... ok
[INFO] [stdout] test validators::tests::metadata_invalid_property_length3 ... ok
[INFO] [stdout] test validators::tests::metadata_invalid_property_types ... ok
[INFO] [stdout] test iam::tests::refreshh_token_authorization_expiration ... FAILED
[INFO] [stdout] test iam::tests::user_access_token_authorization_editor ... FAILED
[INFO] [stdout] test iam::tests::user_access_token_authorization_roles ... FAILED
[INFO] [stdout] 
[INFO] [stdout] failures:
[INFO] [stdout] 
[INFO] [stdout] ---- iam::tests::refreshh_token_authorization_expiration stdout ----
[INFO] [stdout] [2025-01-20T13:57:35Z TRACE hook0_api::iam] Authorizer state:
[INFO] [stdout]     // Facts:
[INFO] [stdout]     // origin: 0
[INFO] [stdout]     created_at(2025-01-20T13:57:35Z);
[INFO] [stdout]     session_id(hex:35ccca9a67e840b4b08b8216cb0ede25);
[INFO] [stdout]     token_id(hex:d2fc0eb145ef4ee481eef4c160986a37);
[INFO] [stdout]     type("refresh");
[INFO] [stdout]     user_id(hex:6d89c427e98041d0be36d4c7a396983a);
[INFO] [stdout]     version(1);
[INFO] [stdout]     // origin: 0, authorizer
[INFO] [stdout]     valid_version("refresh", 1);
[INFO] [stdout]     // origin: authorizer
[INFO] [stdout]     supported_version("refresh", 1);
[INFO] [stdout]     time(2025-01-20T13:57:35Z);
[INFO] [stdout]     
[INFO] [stdout]     // Rules:
[INFO] [stdout]     // origin: authorizer
[INFO] [stdout]     expired($t) <- expired_at($exp), time($t), $exp < $t;
[INFO] [stdout]     valid_version($t, $v) <- type($t), version($v), supported_version($t, $v);
[INFO] [stdout]     
[INFO] [stdout]     // Checks:
[INFO] [stdout]     // origin: 0
[INFO] [stdout]     check if time($t), $t < 2025-01-20T14:27:35Z;
[INFO] [stdout]     // origin: 1
[INFO] [stdout]     check if time($time), $time <= 2025-01-20T13:57:36Z;
[INFO] [stdout]     // origin: authorizer
[INFO] [stdout]     check if valid_version($t, $v);
[INFO] [stdout]     
[INFO] [stdout]     // Policies:
[INFO] [stdout]     deny if expired($t);
[INFO] [stdout]     allow if true;
[INFO] [stdout]     
[INFO] [stdout] [api/src/iam.rs:1481:17] authorize_refresh_token(&not_yet_expired_biscuit) = Err(
[INFO] [stdout]     RunLimit(
[INFO] [stdout]         Timeout,
[INFO] [stdout]     ),
[INFO] [stdout] )
[INFO] [stdout] 
[INFO] [stdout] thread 'iam::tests::refreshh_token_authorization_expiration' panicked at api/src/iam.rs:1481:9:
[INFO] [stdout] assertion failed: dbg!(authorize_refresh_token(&not_yet_expired_biscuit)).is_ok()
[INFO] [stdout] stack backtrace:
[INFO] [stdout]    0:     0x5f717dbd53ba - std::backtrace_rs::backtrace::libunwind::trace::hb059275cfc8d6126
[INFO] [stdout]                                at /rustc/6067b36314ab5eb2eb47cecc464545ba58e1ad24/library/std/src/../../backtrace/src/backtrace/libunwind.rs:116:5
[INFO] [stdout]    1:     0x5f717dbd53ba - std::backtrace_rs::backtrace::trace_unsynchronized::h2da071e4327ce3ee
[INFO] [stdout]                                at /rustc/6067b36314ab5eb2eb47cecc464545ba58e1ad24/library/std/src/../../backtrace/src/backtrace/mod.rs:66:5
[INFO] [stdout]    2:     0x5f717dbd53ba - std::sys::backtrace::_print_fmt::h842a1474e6f8d23f
[INFO] [stdout]                                at /rustc/6067b36314ab5eb2eb47cecc464545ba58e1ad24/library/std/src/sys/backtrace.rs:66:9
[INFO] [stdout]    3:     0x5f717dbd53ba - <std::sys::backtrace::BacktraceLock::print::DisplayBacktrace as core::fmt::Display>::fmt::h71a62eb3b9696b12
[INFO] [stdout]                                at /rustc/6067b36314ab5eb2eb47cecc464545ba58e1ad24/library/std/src/sys/backtrace.rs:39:26
[INFO] [stdout]    4:     0x5f717dbff103 - core::fmt::rt::Argument::fmt::hdb6b616786b41dc1
[INFO] [stdout]                                at /rustc/6067b36314ab5eb2eb47cecc464545ba58e1ad24/library/core/src/fmt/rt.rs:177:76
[INFO] [stdout]    5:     0x5f717dbff103 - core::fmt::write::h2cc1698af7e2d686
[INFO] [stdout]                                at /rustc/6067b36314ab5eb2eb47cecc464545ba58e1ad24/library/core/src/fmt/mod.rs:1440:21
[INFO] [stdout]    6:     0x5f717dbd1e33 - std::io::Write::write_fmt::hab1b4cd059a79022
[INFO] [stdout]                                at /rustc/6067b36314ab5eb2eb47cecc464545ba58e1ad24/library/std/src/io/mod.rs:1887:15
[INFO] [stdout]    7:     0x5f717dbd5202 - std::sys::backtrace::BacktraceLock::print::h147fe35b4ea13b08
[INFO] [stdout]                                at /rustc/6067b36314ab5eb2eb47cecc464545ba58e1ad24/library/std/src/sys/backtrace.rs:42:9
[INFO] [stdout]    8:     0x5f717dbd67df - std::panicking::default_hook::{{closure}}::hbd44223dbdc0d208
[INFO] [stdout]                                at /rustc/6067b36314ab5eb2eb47cecc464545ba58e1ad24/library/std/src/panicking.rs:298:22
[INFO] [stdout]    9:     0x5f717dbd65f8 - std::panicking::default_hook::h20f81eb0576efcec
[INFO] [stdout]                                at /rustc/6067b36314ab5eb2eb47cecc464545ba58e1ad24/library/std/src/panicking.rs:322:9
[INFO] [stdout]   10:     0x5f717d65ba13 - <alloc::boxed::Box<F,A> as core::ops::function::Fn<Args>>::call::hdb53814c496a4d34
[INFO] [stdout]                                at /rustc/6067b36314ab5eb2eb47cecc464545ba58e1ad24/library/alloc/src/boxed.rs:2027:9
[INFO] [stdout]   11:     0x5f717d65ba13 - test::test_main::{{closure}}::hc0a4963c59427c24
[INFO] [stdout]                                at /rustc/6067b36314ab5eb2eb47cecc464545ba58e1ad24/library/test/src/lib.rs:134:21
[INFO] [stdout]   12:     0x5f717dbd72d3 - <alloc::boxed::Box<F,A> as core::ops::function::Fn<Args>>::call::h591b2225413a77e9
[INFO] [stdout]                                at /rustc/6067b36314ab5eb2eb47cecc464545ba58e1ad24/library/alloc/src/boxed.rs:2027:9
[INFO] [stdout]   13:     0x5f717dbd72d3 - std::panicking::rust_panic_with_hook::h625eea43051b2edc
[INFO] [stdout]                                at /rustc/6067b36314ab5eb2eb47cecc464545ba58e1ad24/library/std/src/panicking.rs:839:13
[INFO] [stdout]   14:     0x5f717dbd6f56 - std::panicking::begin_panic_handler::{{closure}}::h4f9159cfbc3f6bd3
[INFO] [stdout]                                at /rustc/6067b36314ab5eb2eb47cecc464545ba58e1ad24/library/std/src/panicking.rs:697:13
[INFO] [stdout]   15:     0x5f717dbd58b9 - std::sys::backtrace::__rust_end_short_backtrace::h0390abce48353151
[INFO] [stdout]                                at /rustc/6067b36314ab5eb2eb47cecc464545ba58e1ad24/library/std/src/sys/backtrace.rs:168:18
[INFO] [stdout]   16:     0x5f717dbd6c1d - rust_begin_unwind
[INFO] [stdout]                                at /rustc/6067b36314ab5eb2eb47cecc464545ba58e1ad24/library/std/src/panicking.rs:695:5
[INFO] [stdout]   17:     0x5f717dbfd570 - core::panicking::panic_fmt::h9e7c637e9e5f29c9
[INFO] [stdout]                                at /rustc/6067b36314ab5eb2eb47cecc464545ba58e1ad24/library/core/src/panicking.rs:75:14
[INFO] [stdout]   18:     0x5f717dbfd5fc - core::panicking::panic::haa3255ea20181a33
[INFO] [stdout]                                at /rustc/6067b36314ab5eb2eb47cecc464545ba58e1ad24/library/core/src/panicking.rs:145:5
[INFO] [stdout]   19:     0x5f717d5e75fa - hook0_api::iam::tests::refreshh_token_authorization_expiration::h12318b343045ebba
[INFO] [stdout]                                at /opt/rustwide/workdir/api/src/iam.rs:1481:9
[INFO] [stdout]   20:     0x5f717d5e6b17 - hook0_api::iam::tests::refreshh_token_authorization_expiration::{{closure}}::h2efa64a7c50e5ecd
[INFO] [stdout]                                at /opt/rustwide/workdir/api/src/iam.rs:1458:49
[INFO] [stdout]   21:     0x5f717d5da986 - core::ops::function::FnOnce::call_once::h38f8a9a591cf3294
[INFO] [stdout]                                at /rustc/6067b36314ab5eb2eb47cecc464545ba58e1ad24/library/core/src/ops/function.rs:250:5
[INFO] [stdout]   22:     0x5f717d66116b - core::ops::function::FnOnce::call_once::he27718dfdd183f43
[INFO] [stdout]                                at /rustc/6067b36314ab5eb2eb47cecc464545ba58e1ad24/library/core/src/ops/function.rs:250:5
[INFO] [stdout]   23:     0x5f717d66116b - test::__rust_begin_short_backtrace::h4e84902998457a5d
[INFO] [stdout]                                at /rustc/6067b36314ab5eb2eb47cecc464545ba58e1ad24/library/test/src/lib.rs:632:18
[INFO] [stdout]   24:     0x5f717d6600a3 - test::run_test_in_process::{{closure}}::h7176fd18fc1feca0
[INFO] [stdout]                                at /rustc/6067b36314ab5eb2eb47cecc464545ba58e1ad24/library/test/src/lib.rs:655:60
[INFO] [stdout]   25:     0x5f717d6600a3 - <core::panic::unwind_safe::AssertUnwindSafe<F> as core::ops::function::FnOnce<()>>::call_once::hf79cff2a624d8cf7
[INFO] [stdout]                                at /rustc/6067b36314ab5eb2eb47cecc464545ba58e1ad24/library/core/src/panic/unwind_safe.rs:272:9
[INFO] [stdout]   26:     0x5f717d6600a3 - std::panicking::try::do_call::h3da0561d9ab99c25
[INFO] [stdout]                                at /rustc/6067b36314ab5eb2eb47cecc464545ba58e1ad24/library/std/src/panicking.rs:587:40
[INFO] [stdout]   27:     0x5f717d6600a3 - std::panicking::try::h41c9fa508bc61df6
[INFO] [stdout]                                at /rustc/6067b36314ab5eb2eb47cecc464545ba58e1ad24/library/std/src/panicking.rs:550:19
[INFO] [stdout]   28:     0x5f717d6600a3 - std::panic::catch_unwind::h6b3ff07bb5afad93
[INFO] [stdout]                                at /rustc/6067b36314ab5eb2eb47cecc464545ba58e1ad24/library/std/src/panic.rs:358:14
[INFO] [stdout]   29:     0x5f717d6600a3 - test::run_test_in_process::hc7253dd11b39b9f4
[INFO] [stdout]                                at /rustc/6067b36314ab5eb2eb47cecc464545ba58e1ad24/library/test/src/lib.rs:655:27
[INFO] [stdout]   30:     0x5f717d6600a3 - test::run_test::{{closure}}::hfb2007f8649c30bb
[INFO] [stdout]                                at /rustc/6067b36314ab5eb2eb47cecc464545ba58e1ad24/library/test/src/lib.rs:576:43
[INFO] [stdout]   31:     0x5f717d623185 - test::run_test::{{closure}}::h56a17aa7a282a9f4
[INFO] [stdout]                                at /rustc/6067b36314ab5eb2eb47cecc464545ba58e1ad24/library/test/src/lib.rs:606:41
[INFO] [stdout]   32:     0x5f717d623185 - std::sys::backtrace::__rust_begin_short_backtrace::hd2d2d2fb8e8c6aac
[INFO] [stdout]                                at /rustc/6067b36314ab5eb2eb47cecc464545ba58e1ad24/library/std/src/sys/backtrace.rs:152:18
[INFO] [stdout]   33:     0x5f717d626a6a - std::thread::Builder::spawn_unchecked_::{{closure}}::{{closure}}::h4faa3f9db6133423
[INFO] [stdout]                                at /rustc/6067b36314ab5eb2eb47cecc464545ba58e1ad24/library/std/src/thread/mod.rs:559:17
[INFO] [stdout]   34:     0x5f717d626a6a - <core::panic::unwind_safe::AssertUnwindSafe<F> as core::ops::function::FnOnce<()>>::call_once::hf2e855a36a4ea846
[INFO] [stdout]                                at /rustc/6067b36314ab5eb2eb47cecc464545ba58e1ad24/library/core/src/panic/unwind_safe.rs:272:9
[INFO] [stdout]   35:     0x5f717d626a6a - std::panicking::try::do_call::h2f73af3616c35465
[INFO] [stdout]                                at /rustc/6067b36314ab5eb2eb47cecc464545ba58e1ad24/library/std/src/panicking.rs:587:40
[INFO] [stdout]   36:     0x5f717d626a6a - std::panicking::try::hd1660ce9efadef5a
[INFO] [stdout]                                at /rustc/6067b36314ab5eb2eb47cecc464545ba58e1ad24/library/std/src/panicking.rs:550:19
[INFO] [stdout]   37:     0x5f717d626a6a - std::panic::catch_unwind::h5ee8d7823b8ca744
[INFO] [stdout]                                at /rustc/6067b36314ab5eb2eb47cecc464545ba58e1ad24/library/std/src/panic.rs:358:14
[INFO] [stdout]   38:     0x5f717d626a6a - std::thread::Builder::spawn_unchecked_::{{closure}}::h53c3a1894dce8407
[INFO] [stdout]                                at /rustc/6067b36314ab5eb2eb47cecc464545ba58e1ad24/library/std/src/thread/mod.rs:557:30
[INFO] [stdout]   39:     0x5f717d626a6a - core::ops::function::FnOnce::call_once{{vtable.shim}}::h048ce291ad4f62bf
[INFO] [stdout]                                at /rustc/6067b36314ab5eb2eb47cecc464545ba58e1ad24/library/core/src/ops/function.rs:250:5
[INFO] [stdout]   40:     0x5f717dbdb20b - <alloc::boxed::Box<F,A> as core::ops::function::FnOnce<Args>>::call_once::ha52bedf99a3b4981
[INFO] [stdout]                                at /rustc/6067b36314ab5eb2eb47cecc464545ba58e1ad24/library/alloc/src/boxed.rs:2013:9
[INFO] [stdout]   41:     0x5f717dbdb20b - <alloc::boxed::Box<F,A> as core::ops::function::FnOnce<Args>>::call_once::h567748934d80ccf8
[INFO] [stdout]                                at /rustc/6067b36314ab5eb2eb47cecc464545ba58e1ad24/library/alloc/src/boxed.rs:2013:9
[INFO] [stdout]   42:     0x5f717dbdb20b - std::sys::pal::unix::thread::Thread::new::thread_start::h2d970728ae887adc
[INFO] [stdout]                                at /rustc/6067b36314ab5eb2eb47cecc464545ba58e1ad24/library/std/src/sys/pal/unix/thread.rs:106:17
[INFO] [stdout]   43:     0x76832f96eac3 - <unknown>
[INFO] [stdout]   44:     0x76832f9ffa04 - clone
[INFO] [stdout]   45:                0x0 - <unknown>
[INFO] [stdout] 
[INFO] [stdout] ---- iam::tests::user_access_token_authorization_editor stdout ----
[INFO] [stdout] [2025-01-20T13:57:35Z TRACE hook0_api::iam] Authorizer state:
[INFO] [stdout]     // Facts:
[INFO] [stdout]     // origin: 0
[INFO] [stdout]     created_at(2025-01-20T13:57:35Z);
[INFO] [stdout]     email("email");
[INFO] [stdout]     first_name("first_name");
[INFO] [stdout]     last_name("last_name");
[INFO] [stdout]     organization_role(hex:a5bd072c10a14e96ab1d40b672ab4a7e, "editor");
[INFO] [stdout]     session_id(hex:ab3b30fb1e9b404ab60640f10e83d4bd);
[INFO] [stdout]     token_id(hex:23a449669bbe4702a7917e9db009bfc3);
[INFO] [stdout]     type("user_access");
[INFO] [stdout]     user_id(hex:067f80c120104b6fa416bc062de4713c);
[INFO] [stdout]     version(1);
[INFO] [stdout]     // origin: 0, authorizer
[INFO] [stdout]     organization_id(hex:a5bd072c10a14e96ab1d40b672ab4a7e);
[INFO] [stdout]     role("editor");
[INFO] [stdout]     valid_role("editor");
[INFO] [stdout]     valid_type("user_access");
[INFO] [stdout]     valid_version("user_access", 1);
[INFO] [stdout]     // origin: authorizer
[INFO] [stdout]     action("test:simple");
[INFO] [stdout]     allowed_role("editor");
[INFO] [stdout]     allowed_role("viewer");
[INFO] [stdout]     supported_version("service_access", 1);
[INFO] [stdout]     supported_version("user_access", 1);
[INFO] [stdout]     time(2025-01-20T13:57:35Z);
[INFO] [stdout]     valid_types(["master_access", "service_access", "user_access"]);
[INFO] [stdout]     valid_types(["user_access", "master_access", "service_access"]);
[INFO] [stdout]     
[INFO] [stdout]     // Rules:
[INFO] [stdout]     // origin: authorizer
[INFO] [stdout]     expired($t) <- expired_at($exp), time($t), $exp < $t;
[INFO] [stdout]     organization_id($id) <- type("user_access"), organization_role($id, $r), $id == hex:a5bd072c10a14e96ab1d40b672ab4a7e;
[INFO] [stdout]     organization_id(hex:a5bd072c10a14e96ab1d40b672ab4a7e) <- type("master_access");
[INFO] [stdout]     role($r) <- type("user_access"), organization_id($id), organization_role($id, $r);
[INFO] [stdout]     valid_role("master") <- type("master_access");
[INFO] [stdout]     valid_role("service") <- type("service_access");
[INFO] [stdout]     valid_role($r) <- role($r), allowed_role($r);
[INFO] [stdout]     valid_type($t) <- type($t), valid_types($vt), $vt.contains($t);
[INFO] [stdout]     valid_version("master_access", 0) <- type("master_access");
[INFO] [stdout]     valid_version($t, $v) <- type($t), version($v), supported_version($t, $v);
[INFO] [stdout]     
[INFO] [stdout]     // Checks:
[INFO] [stdout]     // origin: 0
[INFO] [stdout]     check if time($t), $t < 2025-01-20T14:02:35Z;
[INFO] [stdout]     // origin: authorizer
[INFO] [stdout]     check if valid_type($t);
[INFO] [stdout]     check if valid_version($t, $v);
[INFO] [stdout]     check if valid_role($r);
[INFO] [stdout]     check if organization_id(hex:a5bd072c10a14e96ab1d40b672ab4a7e);
[INFO] [stdout]     
[INFO] [stdout]     // Policies:
[INFO] [stdout]     deny if expired($t);
[INFO] [stdout]     allow if true;
[INFO] [stdout]     
[INFO] [stdout] [api/src/iam.rs:1346:13] authorize(&biscuit, Some(organization_id), Action::TestSimple,
[INFO] [stdout] MAX_DURATION_TIME_IN_MS) = Err(
[INFO] [stdout]     RunLimit(
[INFO] [stdout]         Timeout,
[INFO] [stdout]     ),
[INFO] [stdout] )
[INFO] [stdout] 
[INFO] [stdout] thread 'iam::tests::user_access_token_authorization_editor' panicked at api/src/iam.rs:1345:9:
[INFO] [stdout] assertion `left == right` failed
[INFO] [stdout]   left: Err(RunLimit(Timeout))
[INFO] [stdout]  right: Ok(User(AuthorizedUserToken { session_id: ab3b30fb-1e9b-404a-b606-40f10e83d4bd, user_id: 067f80c1-2010-4b6f-a416-bc062de4713c, organizations: [(a5bd072c-10a1-4e96-ab1d-40b672ab4a7e, Editor)], email: "email", first_name: "first_name", last_name: "last_name" }))
[INFO] [stdout] stack backtrace:
[INFO] [stdout]    0:     0x5f717dbd53ba - std::backtrace_rs::backtrace::libunwind::trace::hb059275cfc8d6126
[INFO] [stdout]                                at /rustc/6067b36314ab5eb2eb47cecc464545ba58e1ad24/library/std/src/../../backtrace/src/backtrace/libunwind.rs:116:5
[INFO] [stdout]    1:     0x5f717dbd53ba - std::backtrace_rs::backtrace::trace_unsynchronized::h2da071e4327ce3ee
[INFO] [stdout]                                at /rustc/6067b36314ab5eb2eb47cecc464545ba58e1ad24/library/std/src/../../backtrace/src/backtrace/mod.rs:66:5
[INFO] [stdout]    2:     0x5f717dbd53ba - std::sys::backtrace::_print_fmt::h842a1474e6f8d23f
[INFO] [stdout]                                at /rustc/6067b36314ab5eb2eb47cecc464545ba58e1ad24/library/std/src/sys/backtrace.rs:66:9
[INFO] [stdout]    3:     0x5f717dbd53ba - <std::sys::backtrace::BacktraceLock::print::DisplayBacktrace as core::fmt::Display>::fmt::h71a62eb3b9696b12
[INFO] [stdout]                                at /rustc/6067b36314ab5eb2eb47cecc464545ba58e1ad24/library/std/src/sys/backtrace.rs:39:26
[INFO] [stdout]    4:     0x5f717dbff103 - core::fmt::rt::Argument::fmt::hdb6b616786b41dc1
[INFO] [stdout]                                at /rustc/6067b36314ab5eb2eb47cecc464545ba58e1ad24/library/core/src/fmt/rt.rs:177:76
[INFO] [stdout]    5:     0x5f717dbff103 - core::fmt::write::h2cc1698af7e2d686
[INFO] [stdout]                                at /rustc/6067b36314ab5eb2eb47cecc464545ba58e1ad24/library/core/src/fmt/mod.rs:1440:21
[INFO] [stdout]    6:     0x5f717dbd1e33 - std::io::Write::write_fmt::hab1b4cd059a79022
[INFO] [stdout]                                at /rustc/6067b36314ab5eb2eb47cecc464545ba58e1ad24/library/std/src/io/mod.rs:1887:15
[INFO] [stdout]    7:     0x5f717dbd5202 - std::sys::backtrace::BacktraceLock::print::h147fe35b4ea13b08
[INFO] [stdout]                                at /rustc/6067b36314ab5eb2eb47cecc464545ba58e1ad24/library/std/src/sys/backtrace.rs:42:9
[INFO] [stdout]    8:     0x5f717dbd67df - std::panicking::default_hook::{{closure}}::hbd44223dbdc0d208
[INFO] [stdout]                                at /rustc/6067b36314ab5eb2eb47cecc464545ba58e1ad24/library/std/src/panicking.rs:298:22
[INFO] [stdout]    9:     0x5f717dbd65f8 - std::panicking::default_hook::h20f81eb0576efcec
[INFO] [stdout]                                at /rustc/6067b36314ab5eb2eb47cecc464545ba58e1ad24/library/std/src/panicking.rs:322:9
[INFO] [stdout]   10:     0x5f717d65ba13 - <alloc::boxed::Box<F,A> as core::ops::function::Fn<Args>>::call::hdb53814c496a4d34
[INFO] [stdout]                                at /rustc/6067b36314ab5eb2eb47cecc464545ba58e1ad24/library/alloc/src/boxed.rs:2027:9
[INFO] [stdout]   11:     0x5f717d65ba13 - test::test_main::{{closure}}::hc0a4963c59427c24
[INFO] [stdout]                                at /rustc/6067b36314ab5eb2eb47cecc464545ba58e1ad24/library/test/src/lib.rs:134:21
[INFO] [stdout]   12:     0x5f717dbd72d3 - <alloc::boxed::Box<F,A> as core::ops::function::Fn<Args>>::call::h591b2225413a77e9
[INFO] [stdout]                                at /rustc/6067b36314ab5eb2eb47cecc464545ba58e1ad24/library/alloc/src/boxed.rs:2027:9
[INFO] [stdout]   13:     0x5f717dbd72d3 - std::panicking::rust_panic_with_hook::h625eea43051b2edc
[INFO] [stdout]                                at /rustc/6067b36314ab5eb2eb47cecc464545ba58e1ad24/library/std/src/panicking.rs:839:13
[INFO] [stdout]   14:     0x5f717dbd6f8a - std::panicking::begin_panic_handler::{{closure}}::h4f9159cfbc3f6bd3
[INFO] [stdout]                                at /rustc/6067b36314ab5eb2eb47cecc464545ba58e1ad24/library/std/src/panicking.rs:704:13
[INFO] [stdout]   15:     0x5f717dbd58b9 - std::sys::backtrace::__rust_end_short_backtrace::h0390abce48353151
[INFO] [stdout]                                at /rustc/6067b36314ab5eb2eb47cecc464545ba58e1ad24/library/std/src/sys/backtrace.rs:168:18
[INFO] [stdout]   16:     0x5f717dbd6c1d - rust_begin_unwind
[INFO] [stdout]                                at /rustc/6067b36314ab5eb2eb47cecc464545ba58e1ad24/library/std/src/panicking.rs:695:5
[INFO] [stdout]   17:     0x5f717dbfd570 - core::panicking::panic_fmt::h9e7c637e9e5f29c9
[INFO] [stdout]                                at /rustc/6067b36314ab5eb2eb47cecc464545ba58e1ad24/library/core/src/panicking.rs:75:14
[INFO] [stdout]   18:     0x5f717dbfd962 - core::panicking::assert_failed_inner::h538bec7c1374cd9c
[INFO] [stdout]   19:     0x5f717d5d3045 - core::panicking::assert_failed::h865c9b2e76cd72df
[INFO] [stdout]                                at /rustc/6067b36314ab5eb2eb47cecc464545ba58e1ad24/library/core/src/panicking.rs:364:5
[INFO] [stdout]   20:     0x5f717d5e45dc - hook0_api::iam::tests::user_access_token_authorization_editor::h15676dde87eadf64
[INFO] [stdout]                                at /opt/rustwide/workdir/api/src/iam.rs:1345:9
[INFO] [stdout]   21:     0x5f717d5e3a57 - hook0_api::iam::tests::user_access_token_authorization_editor::{{closure}}::h7e7da3352eb5bb8a
[INFO] [stdout]                                at /opt/rustwide/workdir/api/src/iam.rs:1326:48
[INFO] [stdout]   22:     0x5f717d5da706 - core::ops::function::FnOnce::call_once::h1710f10edc1418c5
[INFO] [stdout]                                at /rustc/6067b36314ab5eb2eb47cecc464545ba58e1ad24/library/core/src/ops/function.rs:250:5
[INFO] [stdout]   23:     0x5f717d66116b - core::ops::function::FnOnce::call_once::he27718dfdd183f43
[INFO] [stdout]                                at /rustc/6067b36314ab5eb2eb47cecc464545ba58e1ad24/library/core/src/ops/function.rs:250:5
[INFO] [stdout]   24:     0x5f717d66116b - test::__rust_begin_short_backtrace::h4e84902998457a5d
[INFO] [stdout]                                at /rustc/6067b36314ab5eb2eb47cecc464545ba58e1ad24/library/test/src/lib.rs:632:18
[INFO] [stdout]   25:     0x5f717d6600a3 - test::run_test_in_process::{{closure}}::h7176fd18fc1feca0
[INFO] [stdout]                                at /rustc/6067b36314ab5eb2eb47cecc464545ba58e1ad24/library/test/src/lib.rs:655:60
[INFO] [stdout]   26:     0x5f717d6600a3 - <core::panic::unwind_safe::AssertUnwindSafe<F> as core::ops::function::FnOnce<()>>::call_once::hf79cff2a624d8cf7
[INFO] [stdout]                                at /rustc/6067b36314ab5eb2eb47cecc464545ba58e1ad24/library/core/src/panic/unwind_safe.rs:272:9
[INFO] [stdout]   27:     0x5f717d6600a3 - std::panicking::try::do_call::h3da0561d9ab99c25
[INFO] [stdout]                                at /rustc/6067b36314ab5eb2eb47cecc464545ba58e1ad24/library/std/src/panicking.rs:587:40
[INFO] [stdout]   28:     0x5f717d6600a3 - std::panicking::try::h41c9fa508bc61df6
[INFO] [stdout]                                at /rustc/6067b36314ab5eb2eb47cecc464545ba58e1ad24/library/std/src/panicking.rs:550:19
[INFO] [stdout]   29:     0x5f717d6600a3 - std::panic::catch_unwind::h6b3ff07bb5afad93
[INFO] [stdout]                                at /rustc/6067b36314ab5eb2eb47cecc464545ba58e1ad24/library/std/src/panic.rs:358:14
[INFO] [stdout]   30:     0x5f717d6600a3 - test::run_test_in_process::hc7253dd11b39b9f4
[INFO] [stdout]                                at /rustc/6067b36314ab5eb2eb47cecc464545ba58e1ad24/library/test/src/lib.rs:655:27
[INFO] [stdout]   31:     0x5f717d6600a3 - test::run_test::{{closure}}::hfb2007f8649c30bb
[INFO] [stdout]                                at /rustc/6067b36314ab5eb2eb47cecc464545ba58e1ad24/library/test/src/lib.rs:576:43
[INFO] [stdout]   32:     0x5f717d623185 - test::run_test::{{closure}}::h56a17aa7a282a9f4
[INFO] [stdout]                                at /rustc/6067b36314ab5eb2eb47cecc464545ba58e1ad24/library/test/src/lib.rs:606:41
[INFO] [stdout]   33:     0x5f717d623185 - std::sys::backtrace::__rust_begin_short_backtrace::hd2d2d2fb8e8c6aac
[INFO] [stdout]                                at /rustc/6067b36314ab5eb2eb47cecc464545ba58e1ad24/library/std/src/sys/backtrace.rs:152:18
[INFO] [stdout]   34:     0x5f717d626a6a - std::thread::Builder::spawn_unchecked_::{{closure}}::{{closure}}::h4faa3f9db6133423
[INFO] [stdout]                                at /rustc/6067b36314ab5eb2eb47cecc464545ba58e1ad24/library/std/src/thread/mod.rs:559:17
[INFO] [stdout]   35:     0x5f717d626a6a - <core::panic::unwind_safe::AssertUnwindSafe<F> as core::ops::function::FnOnce<()>>::call_once::hf2e855a36a4ea846
[INFO] [stdout]                                at /rustc/6067b36314ab5eb2eb47cecc464545ba58e1ad24/library/core/src/panic/unwind_safe.rs:272:9
[INFO] [stdout]   36:     0x5f717d626a6a - std::panicking::try::do_call::h2f73af3616c35465
[INFO] [stdout]                                at /rustc/6067b36314ab5eb2eb47cecc464545ba58e1ad24/library/std/src/panicking.rs:587:40
[INFO] [stdout]   37:     0x5f717d626a6a - std::panicking::try::hd1660ce9efadef5a
[INFO] [stdout]                                at /rustc/6067b36314ab5eb2eb47cecc464545ba58e1ad24/library/std/src/panicking.rs:550:19
[INFO] [stdout]   38:     0x5f717d626a6a - std::panic::catch_unwind::h5ee8d7823b8ca744
[INFO] [stdout]                                at /rustc/6067b36314ab5eb2eb47cecc464545ba58e1ad24/library/std/src/panic.rs:358:14
[INFO] [stdout]   39:     0x5f717d626a6a - std::thread::Builder::spawn_unchecked_::{{closure}}::h53c3a1894dce8407
[INFO] [stdout]                                at /rustc/6067b36314ab5eb2eb47cecc464545ba58e1ad24/library/std/src/thread/mod.rs:557:30
[INFO] [stdout]   40:     0x5f717d626a6a - core::ops::function::FnOnce::call_once{{vtable.shim}}::h048ce291ad4f62bf
[INFO] [stdout]                                at /rustc/6067b36314ab5eb2eb47cecc464545ba58e1ad24/library/core/src/ops/function.rs:250:5
[INFO] [stdout]   41:     0x5f717dbdb20b - <alloc::boxed::Box<F,A> as core::ops::function::FnOnce<Args>>::call_once::ha52bedf99a3b4981
[INFO] [stdout]                                at /rustc/6067b36314ab5eb2eb47cecc464545ba58e1ad24/library/alloc/src/boxed.rs:2013:9
[INFO] [stdout]   42:     0x5f717dbdb20b - <alloc::boxed::Box<F,A> as core::ops::function::FnOnce<Args>>::call_once::h567748934d80ccf8
[INFO] [stdout]                                at /rustc/6067b36314ab5eb2eb47cecc464545ba58e1ad24/library/alloc/src/boxed.rs:2013:9
[INFO] [stdout]   43:     0x5f717dbdb20b - std::sys::pal::unix::thread::Thread::new::thread_start::h2d970728ae887adc
[INFO] [stdout]                                at /rustc/6067b36314ab5eb2eb47cecc464545ba58e1ad24/library/std/src/sys/pal/unix/thread.rs:106:17
[INFO] [stdout]   44:     0x76832f96eac3 - <unknown>
[INFO] [stdout]   45:     0x76832f9ffa04 - clone
[INFO] [stdout]   46:                0x0 - <unknown>
[INFO] [stdout] 
[INFO] [stdout] ---- iam::tests::user_access_token_authorization_roles stdout ----
[INFO] [stdout] [2025-01-20T13:57:35Z TRACE hook0_api::iam] Authorizer state:
[INFO] [stdout]     // Facts:
[INFO] [stdout]     // origin: 0
[INFO] [stdout]     created_at(2025-01-20T13:57:35Z);
[INFO] [stdout]     email("");
[INFO] [stdout]     first_name("");
[INFO] [stdout]     last_name("");
[INFO] [stdout]     organization_role(hex:558e3c0f9c194ffea3255624c31aec28, "viewer");
[INFO] [stdout]     organization_role(hex:8c4f46ce4cf04a31a95840c8767d7989, "editor");
[INFO] [stdout]     session_id(hex:2708bfaeb377439895d783c17d50f39d);
[INFO] [stdout]     token_id(hex:72c076f1eaa14e09921e70841753ac9e);
[INFO] [stdout]     type("user_access");
[INFO] [stdout]     user_id(hex:180ed9c590b74c1bbfce4be688af2c6c);
[INFO] [stdout]     version(1);
[INFO] [stdout]     // origin: 0, authorizer
[INFO] [stdout]     organization_id(hex:8c4f46ce4cf04a31a95840c8767d7989);
[INFO] [stdout]     role("editor");
[INFO] [stdout]     valid_role("editor");
[INFO] [stdout]     valid_type("user_access");
[INFO] [stdout]     valid_version("user_access", 1);
[INFO] [stdout]     // origin: authorizer
[INFO] [stdout]     action("test:simple");
[INFO] [stdout]     allowed_role("editor");
[INFO] [stdout]     allowed_role("viewer");
[INFO] [stdout]     supported_version("service_access", 1);
[INFO] [stdout]     supported_version("user_access", 1);
[INFO] [stdout]     time(2025-01-20T13:57:35Z);
[INFO] [stdout]     valid_types(["master_access", "service_access", "user_access"]);
[INFO] [stdout]     valid_types(["user_access", "master_access", "service_access"]);
[INFO] [stdout]     
[INFO] [stdout]     // Rules:
[INFO] [stdout]     // origin: authorizer
[INFO] [stdout]     expired($t) <- expired_at($exp), time($t), $exp < $t;
[INFO] [stdout]     organization_id($id) <- type("user_access"), organization_role($id, $r), $id == hex:8c4f46ce4cf04a31a95840c8767d7989;
[INFO] [stdout]     organization_id(hex:8c4f46ce4cf04a31a95840c8767d7989) <- type("master_access");
[INFO] [stdout]     role($r) <- type("user_access"), organization_id($id), organization_role($id, $r);
[INFO] [stdout]     valid_role("master") <- type("master_access");
[INFO] [stdout]     valid_role("service") <- type("service_access");
[INFO] [stdout]     valid_role($r) <- role($r), allowed_role($r);
[INFO] [stdout]     valid_type($t) <- type($t), valid_types($vt), $vt.contains($t);
[INFO] [stdout]     valid_version("master_access", 0) <- type("master_access");
[INFO] [stdout]     valid_version($t, $v) <- type($t), version($v), supported_version($t, $v);
[INFO] [stdout]     
[INFO] [stdout]     // Checks:
[INFO] [stdout]     // origin: 0
[INFO] [stdout]     check if time($t), $t < 2025-01-20T14:02:35Z;
[INFO] [stdout]     // origin: authorizer
[INFO] [stdout]     check if valid_type($t);
[INFO] [stdout]     check if valid_version($t, $v);
[INFO] [stdout]     check if valid_role($r);
[INFO] [stdout]     check if organization_id(hex:8c4f46ce4cf04a31a95840c8767d7989);
[INFO] [stdout]     
[INFO] [stdout]     // Policies:
[INFO] [stdout]     deny if expired($t);
[INFO] [stdout]     allow if true;
[INFO] [stdout]     
[INFO] [stdout] [api/src/iam.rs:1389:17] authorize(&biscuit, Some(organization_id1), Action::TestSimple,
[INFO] [stdout] MAX_DURATION_TIME_IN_MS) = Ok(
[INFO] [stdout]     User(
[INFO] [stdout]         AuthorizedUserToken {
[INFO] [stdout]             session_id: 2708bfae-b377-4398-95d7-83c17d50f39d,
[INFO] [stdout]             user_id: 180ed9c5-90b7-4c1b-bfce-4be688af2c6c,
[INFO] [stdout]             organizations: [
[INFO] [stdout]                 (
[INFO] [stdout]                     8c4f46ce-4cf0-4a31-a958-40c8767d7989,
[INFO] [stdout]                     Editor,
[INFO] [stdout]                 ),
[INFO] [stdout]                 (
[INFO] [stdout]                     558e3c0f-9c19-4ffe-a325-5624c31aec28,
[INFO] [stdout]                     Viewer,
[INFO] [stdout]                 ),
[INFO] [stdout]             ],
[INFO] [stdout]             email: "",
[INFO] [stdout]             first_name: "",
[INFO] [stdout]             last_name: "",
[INFO] [stdout]         },
[INFO] [stdout]     ),
[INFO] [stdout] )
[INFO] [stdout] [2025-01-20T13:57:35Z TRACE hook0_api::iam] Authorizer state:
[INFO] [stdout]     // Facts:
[INFO] [stdout]     // origin: 0
[INFO] [stdout]     created_at(2025-01-20T13:57:35Z);
[INFO] [stdout]     email("");
[INFO] [stdout]     first_name("");
[INFO] [stdout]     last_name("");
[INFO] [stdout]     organization_role(hex:558e3c0f9c194ffea3255624c31aec28, "viewer");
[INFO] [stdout]     organization_role(hex:8c4f46ce4cf04a31a95840c8767d7989, "editor");
[INFO] [stdout]     session_id(hex:2708bfaeb377439895d783c17d50f39d);
[INFO] [stdout]     token_id(hex:72c076f1eaa14e09921e70841753ac9e);
[INFO] [stdout]     type("user_access");
[INFO] [stdout]     user_id(hex:180ed9c590b74c1bbfce4be688af2c6c);
[INFO] [stdout]     version(1);
[INFO] [stdout]     // origin: 0, authorizer
[INFO] [stdout]     organization_id(hex:558e3c0f9c194ffea3255624c31aec28);
[INFO] [stdout]     valid_type("user_access");
[INFO] [stdout]     valid_version("user_access", 1);
[INFO] [stdout]     // origin: authorizer
[INFO] [stdout]     action("test:simple");
[INFO] [stdout]     allowed_role("editor");
[INFO] [stdout]     allowed_role("viewer");
[INFO] [stdout]     supported_version("service_access", 1);
[INFO] [stdout]     supported_version("user_access", 1);
[INFO] [stdout]     time(2025-01-20T13:57:35Z);
[INFO] [stdout]     valid_types(["master_access", "service_access", "user_access"]);
[INFO] [stdout]     valid_types(["user_access", "master_access", "service_access"]);
[INFO] [stdout]     
[INFO] [stdout]     // Rules:
[INFO] [stdout]     // origin: authorizer
[INFO] [stdout]     expired($t) <- expired_at($exp), time($t), $exp < $t;
[INFO] [stdout]     organization_id($id) <- type("user_access"), organization_role($id, $r), $id == hex:558e3c0f9c194ffea3255624c31aec28;
[INFO] [stdout]     organization_id(hex:558e3c0f9c194ffea3255624c31aec28) <- type("master_access");
[INFO] [stdout]     role($r) <- type("user_access"), organization_id($id), organization_role($id, $r);
[INFO] [stdout]     valid_role("master") <- type("master_access");
[INFO] [stdout]     valid_role("service") <- type("service_access");
[INFO] [stdout]     valid_role($r) <- role($r), allowed_role($r);
[INFO] [stdout]     valid_type($t) <- type($t), valid_types($vt), $vt.contains($t);
[INFO] [stdout]     valid_version("master_access", 0) <- type("master_access");
[INFO] [stdout]     valid_version($t, $v) <- type($t), version($v), supported_version($t, $v);
[INFO] [stdout]     
[INFO] [stdout]     // Checks:
[INFO] [stdout]     // origin: 0
[INFO] [stdout]     check if time($t), $t < 2025-01-20T14:02:35Z;
[INFO] [stdout]     // origin: authorizer
[INFO] [stdout]     check if valid_type($t);
[INFO] [stdout]     check if valid_version($t, $v);
[INFO] [stdout]     check if valid_role($r);
[INFO] [stdout]     check if organization_id(hex:558e3c0f9c194ffea3255624c31aec28);
[INFO] [stdout]     
[INFO] [stdout]     // Policies:
[INFO] [stdout]     deny if expired($t);
[INFO] [stdout]     allow if true;
[INFO] [stdout]     
[INFO] [stdout] [api/src/iam.rs:1396:17] authorize(&biscuit, Some(organization_id2), Action::TestSimple,
[INFO] [stdout] MAX_DURATION_TIME_IN_MS) = Err(
[INFO] [stdout]     RunLimit(
[INFO] [stdout]         Timeout,
[INFO] [stdout]     ),
[INFO] [stdout] )
[INFO] [stdout] 
[INFO] [stdout] thread 'iam::tests::user_access_token_authorization_roles' panicked at api/src/iam.rs:1396:9:
[INFO] [stdout] assertion failed: dbg!(authorize(&biscuit, Some(organization_id2), Action::TestSimple,
[INFO] [stdout]         MAX_DURATION_TIME_IN_MS)).is_ok()
[INFO] [stdout] stack backtrace:
[INFO] [stdout]    0:     0x5f717dbd53ba - std::backtrace_rs::backtrace::libunwind::trace::hb059275cfc8d6126
[INFO] [stdout]                                at /rustc/6067b36314ab5eb2eb47cecc464545ba58e1ad24/library/std/src/../../backtrace/src/backtrace/libunwind.rs:116:5
[INFO] [stdout]    1:     0x5f717dbd53ba - std::backtrace_rs::backtrace::trace_unsynchronized::h2da071e4327ce3ee
[INFO] [stdout]                                at /rustc/6067b36314ab5eb2eb47cecc464545ba58e1ad24/library/std/src/../../backtrace/src/backtrace/mod.rs:66:5
[INFO] [stdout]    2:     0x5f717dbd53ba - std::sys::backtrace::_print_fmt::h842a1474e6f8d23f
[INFO] [stdout]                                at /rustc/6067b36314ab5eb2eb47cecc464545ba58e1ad24/library/std/src/sys/backtrace.rs:66:9
[INFO] [stdout]    3:     0x5f717dbd53ba - <std::sys::backtrace::BacktraceLock::print::DisplayBacktrace as core::fmt::Display>::fmt::h71a62eb3b9696b12
[INFO] [stdout]                                at /rustc/6067b36314ab5eb2eb47cecc464545ba58e1ad24/library/std/src/sys/backtrace.rs:39:26
[INFO] [stdout]    4:     0x5f717dbff103 - core::fmt::rt::Argument::fmt::hdb6b616786b41dc1
[INFO] [stdout]                                at /rustc/6067b36314ab5eb2eb47cecc464545ba58e1ad24/library/core/src/fmt/rt.rs:177:76
[INFO] [stdout]    5:     0x5f717dbff103 - core::fmt::write::h2cc1698af7e2d686
[INFO] [stdout]                                at /rustc/6067b36314ab5eb2eb47cecc464545ba58e1ad24/library/core/src/fmt/mod.rs:1440:21
[INFO] [stdout]    6:     0x5f717dbd1e33 - std::io::Write::write_fmt::hab1b4cd059a79022
[INFO] [stdout]                                at /rustc/6067b36314ab5eb2eb47cecc464545ba58e1ad24/library/std/src/io/mod.rs:1887:15
[INFO] [stdout]    7:     0x5f717dbd5202 - std::sys::backtrace::BacktraceLock::print::h147fe35b4ea13b08
[INFO] [stdout]                                at /rustc/6067b36314ab5eb2eb47cecc464545ba58e1ad24/library/std/src/sys/backtrace.rs:42:9
[INFO] [stdout]    8:     0x5f717dbd67df - std::panicking::default_hook::{{closure}}::hbd44223dbdc0d208
[INFO] [stdout]                                at /rustc/6067b36314ab5eb2eb47cecc464545ba58e1ad24/library/std/src/panicking.rs:298:22
[INFO] [stdout]    9:     0x5f717dbd65f8 - std::panicking::default_hook::h20f81eb0576efcec
[INFO] [stdout]                                at /rustc/6067b36314ab5eb2eb47cecc464545ba58e1ad24/library/std/src/panicking.rs:322:9
[INFO] [stdout]   10:     0x5f717d65ba13 - <alloc::boxed::Box<F,A> as core::ops::function::Fn<Args>>::call::hdb53814c496a4d34
[INFO] [stdout]                                at /rustc/6067b36314ab5eb2eb47cecc464545ba58e1ad24/library/alloc/src/boxed.rs:2027:9
[INFO] [stdout]   11:     0x5f717d65ba13 - test::test_main::{{closure}}::hc0a4963c59427c24
[INFO] [stdout]                                at /rustc/6067b36314ab5eb2eb47cecc464545ba58e1ad24/library/test/src/lib.rs:134:21
[INFO] [stdout]   12:     0x5f717dbd72d3 - <alloc::boxed::Box<F,A> as core::ops::function::Fn<Args>>::call::h591b2225413a77e9
[INFO] [stdout]                                at /rustc/6067b36314ab5eb2eb47cecc464545ba58e1ad24/library/alloc/src/boxed.rs:2027:9
[INFO] [stdout]   13:     0x5f717dbd72d3 - std::panicking::rust_panic_with_hook::h625eea43051b2edc
[INFO] [stdout]                                at /rustc/6067b36314ab5eb2eb47cecc464545ba58e1ad24/library/std/src/panicking.rs:839:13
[INFO] [stdout]   14:     0x5f717dbd6f56 - std::panicking::begin_panic_handler::{{closure}}::h4f9159cfbc3f6bd3
[INFO] [stdout]                                at /rustc/6067b36314ab5eb2eb47cecc464545ba58e1ad24/library/std/src/panicking.rs:697:13
[INFO] [stdout]   15:     0x5f717dbd58b9 - std::sys::backtrace::__rust_end_short_backtrace::h0390abce48353151
[INFO] [stdout]                                at /rustc/6067b36314ab5eb2eb47cecc464545ba58e1ad24/library/std/src/sys/backtrace.rs:168:18
[INFO] [stdout]   16:     0x5f717dbd6c1d - rust_begin_unwind
[INFO] [stdout]                                at /rustc/6067b36314ab5eb2eb47cecc464545ba58e1ad24/library/std/src/panicking.rs:695:5
[INFO] [stdout]   17:     0x5f717dbfd570 - core::panicking::panic_fmt::h9e7c637e9e5f29c9
[INFO] [stdout]                                at /rustc/6067b36314ab5eb2eb47cecc464545ba58e1ad24/library/core/src/panicking.rs:75:14
[INFO] [stdout]   18:     0x5f717dbfd5fc - core::panicking::panic::haa3255ea20181a33
[INFO] [stdout]                                at /rustc/6067b36314ab5eb2eb47cecc464545ba58e1ad24/library/core/src/panicking.rs:145:5
[INFO] [stdout]   19:     0x5f717d5e5397 - hook0_api::iam::tests::user_access_token_authorization_roles::h4a5f02a639910ed7
[INFO] [stdout]                                at /opt/rustwide/workdir/api/src/iam.rs:1396:9
[INFO] [stdout]   20:     0x5f717d5e4777 - hook0_api::iam::tests::user_access_token_authorization_roles::{{closure}}::hf74511afa1a71ea9
[INFO] [stdout]                                at /opt/rustwide/workdir/api/src/iam.rs:1365:47
[INFO] [stdout]   21:     0x5f717d5da7f6 - core::ops::function::FnOnce::call_once::h1eca708c8b56020e
[INFO] [stdout]                                at /rustc/6067b36314ab5eb2eb47cecc464545ba58e1ad24/library/core/src/ops/function.rs:250:5
[INFO] [stdout]   22:     0x5f717d66116b - core::ops::function::FnOnce::call_once::he27718dfdd183f43
[INFO] [stdout]                                at /rustc/6067b36314ab5eb2eb47cecc464545ba58e1ad24/library/core/src/ops/function.rs:250:5
[INFO] [stdout]   23:     0x5f717d66116b - test::__rust_begin_short_backtrace::h4e84902998457a5d
[INFO] [stdout]                                at /rustc/6067b36314ab5eb2eb47cecc464545ba58e1ad24/library/test/src/lib.rs:632:18
[INFO] [stdout]   24:     0x5f717d6600a3 - test::run_test_in_process::{{closure}}::h7176fd18fc1feca0
[INFO] [stdout]                                at /rustc/6067b36314ab5eb2eb47cecc464545ba58e1ad24/library/test/src/lib.rs:655:60
[INFO] [stdout]   25:     0x5f717d6600a3 - <core::panic::unwind_safe::AssertUnwindSafe<F> as core::ops::function::FnOnce<()>>::call_once::hf79cff2a624d8cf7
[INFO] [stdout]                                at /rustc/6067b36314ab5eb2eb47cecc464545ba58e1ad24/library/core/src/panic/unwind_safe.rs:272:9
[INFO] [stdout]   26:     0x5f717d6600a3 - std::panicking::try::do_call::h3da0561d9ab99c25
[INFO] [stdout]                                at /rustc/6067b36314ab5eb2eb47cecc464545ba58e1ad24/library/std/src/panicking.rs:587:40
[INFO] [stdout]   27:     0x5f717d6600a3 - std::panicking::try::h41c9fa508bc61df6
[INFO] [stdout]                                at /rustc/6067b36314ab5eb2eb47cecc464545ba58e1ad24/library/std/src/panicking.rs:550:19
[INFO] [stdout]   28:     0x5f717d6600a3 - std::panic::catch_unwind::h6b3ff07bb5afad93
[INFO] [stdout]                                at /rustc/6067b36314ab5eb2eb47cecc464545ba58e1ad24/library/std/src/panic.rs:358:14
[INFO] [stdout]   29:     0x5f717d6600a3 - test::run_test_in_process::hc7253dd11b39b9f4
[INFO] [stdout]                                at /rustc/6067b36314ab5eb2eb47cecc464545ba58e1ad24/library/test/src/lib.rs:655:27
[INFO] [stdout]   30:     0x5f717d6600a3 - test::run_test::{{closure}}::hfb2007f8649c30bb
[INFO] [stdout]                                at /rustc/6067b36314ab5eb2eb47cecc464545ba58e1ad24/library/test/src/lib.rs:576:43
[INFO] [stdout]   31:     0x5f717d623185 - test::run_test::{{closure}}::h56a17aa7a282a9f4
[INFO] [stdout]                                at /rustc/6067b36314ab5eb2eb47cecc464545ba58e1ad24/library/test/src/lib.rs:606:41
[INFO] [stdout]   32:     0x5f717d623185 - std::sys::backtrace::__rust_begin_short_backtrace::hd2d2d2fb8e8c6aac
[INFO] [stdout]                                at /rustc/6067b36314ab5eb2eb47cecc464545ba58e1ad24/library/std/src/sys/backtrace.rs:152:18
[INFO] [stdout]   33:     0x5f717d626a6a - std::thread::Builder::spawn_unchecked_::{{closure}}::{{closure}}::h4faa3f9db6133423
[INFO] [stdout]                                at /rustc/6067b36314ab5eb2eb47cecc464545ba58e1ad24/library/std/src/thread/mod.rs:559:17
[INFO] [stdout]   34:     0x5f717d626a6a - <core::panic::unwind_safe::AssertUnwindSafe<F> as core::ops::function::FnOnce<()>>::call_once::hf2e855a36a4ea846
[INFO] [stdout]                                at /rustc/6067b36314ab5eb2eb47cecc464545ba58e1ad24/library/core/src/panic/unwind_safe.rs:272:9
[INFO] [stdout]   35:     0x5f717d626a6a - std::panicking::try::do_call::h2f73af3616c35465
[INFO] [stdout]                                at /rustc/6067b36314ab5eb2eb47cecc464545ba58e1ad24/library/std/src/panicking.rs:587:40
[INFO] [stdout]   36:     0x5f717d626a6a - std::panicking::try::hd1660ce9efadef5a
[INFO] [stdout]                                at /rustc/6067b36314ab5eb2eb47cecc464545ba58e1ad24/library/std/src/panicking.rs:550:19
[INFO] [stdout]   37:     0x5f717d626a6a - std::panic::catch_unwind::h5ee8d7823b8ca744
[INFO] [stdout]                                at /rustc/6067b36314ab5eb2eb47cecc464545ba58e1ad24/library/std/src/panic.rs:358:14
[INFO] [stdout]   38:     0x5f717d626a6a - std::thread::Builder::spawn_unchecked_::{{closure}}::h53c3a1894dce8407
[INFO] [stdout]                                at /rustc/6067b36314ab5eb2eb47cecc464545ba58e1ad24/library/std/src/thread/mod.rs:557:30
[INFO] [stdout]   39:     0x5f717d626a6a - core::ops::function::FnOnce::call_once{{vtable.shim}}::h048ce291ad4f62bf
[INFO] [stdout]                                at /rustc/6067b36314ab5eb2eb47cecc464545ba58e1ad24/library/core/src/ops/function.rs:250:5
[INFO] [stdout]   40:     0x5f717dbdb20b - <alloc::boxed::Box<F,A> as core::ops::function::FnOnce<Args>>::call_once::ha52bedf99a3b4981
[INFO] [stdout]                                at /rustc/6067b36314ab5eb2eb47cecc464545ba58e1ad24/library/alloc/src/boxed.rs:2013:9
[INFO] [stdout]   41:     0x5f717dbdb20b - <alloc::boxed::Box<F,A> as core::ops::function::FnOnce<Args>>::call_once::h567748934d80ccf8
[INFO] [stdout]                                at /rustc/6067b36314ab5eb2eb47cecc464545ba58e1ad24/library/alloc/src/boxed.rs:2013:9
[INFO] [stdout]   42:     0x5f717dbdb20b - std::sys::pal::unix::thread::Thread::new::thread_start::h2d970728ae887adc
[INFO] [stdout]                                at /rustc/6067b36314ab5eb2eb47cecc464545ba58e1ad24/library/std/src/sys/pal/unix/thread.rs:106:17
[INFO] [stdout]   43:     0x76832f96eac3 - <unknown>
[INFO] [stdout]   44:     0x76832f9ffa04 - clone
[INFO] [stdout]   45:                0x0 - <unknown>
[INFO] [stdout] 
[INFO] [stdout] 
[INFO] [stdout] failures:
[INFO] [stdout]     iam::tests::refreshh_token_authorization_expiration
[INFO] [stdout]     iam::tests::user_access_token_authorization_editor
[INFO] [stdout]     iam::tests::user_access_token_authorization_roles
[INFO] [stdout] 
[INFO] [stdout] test result: FAILED. 41 passed; 3 failed; 0 ignored; 0 measured; 0 filtered out; finished in 0.34s
[INFO] [stdout] 
[INFO] [stderr] error: test failed, to rerun pass `-p hook0-api --bin hook0-api`
[INFO] running `Command { std: "docker" "inspect" "2d5a05d8b65aa5c2b1d4a94f88ca6fb833c82b569ab76b78c8897a28bfb45e63", kill_on_drop: false }`
[INFO] running `Command { std: "docker" "rm" "-f" "2d5a05d8b65aa5c2b1d4a94f88ca6fb833c82b569ab76b78c8897a28bfb45e63", kill_on_drop: false }`
[INFO] [stdout] 2d5a05d8b65aa5c2b1d4a94f88ca6fb833c82b569ab76b78c8897a28bfb45e63
