[INFO] cloning repository https://github.com/home-anthill/online
[INFO] running `Command { std: "git" "-c" "credential.helper=" "-c" "credential.helper=/workspace/cargo-home/bin/git-credential-null" "clone" "--bare" "https://github.com/home-anthill/online" "/workspace/cache/git-repos/https%3A%2F%2Fgithub.com%2Fhome-anthill%2Fonline", kill_on_drop: false }`
[INFO] [stderr] Cloning into bare repository '/workspace/cache/git-repos/https%3A%2F%2Fgithub.com%2Fhome-anthill%2Fonline'...
[INFO] running `Command { std: "git" "rev-parse" "HEAD", kill_on_drop: false }`
[INFO] [stdout] f887669553ee112a48640bd373d7f8d3ff7dd125
[INFO] testing home-anthill/online against nightly-2025-01-18+rustflags=-Zrandomize-layout for randomize-layout-2
[INFO] running `Command { std: "git" "clone" "/workspace/cache/git-repos/https%3A%2F%2Fgithub.com%2Fhome-anthill%2Fonline" "/workspace/builds/worker-7-tc2/source", kill_on_drop: false }`
[INFO] [stderr] Cloning into '/workspace/builds/worker-7-tc2/source'...
[INFO] [stderr] done.
[INFO] validating manifest of git repo https://github.com/home-anthill/online on toolchain nightly-2025-01-18
[INFO] running `Command { std: CARGO_HOME="/workspace/cargo-home" RUSTUP_HOME="/workspace/rustup-home" "/workspace/cargo-home/bin/cargo" "+nightly-2025-01-18" "metadata" "--manifest-path" "Cargo.toml" "--no-deps", kill_on_drop: false }`
[INFO] started tweaking git repo https://github.com/home-anthill/online
[INFO] finished tweaking git repo https://github.com/home-anthill/online
[INFO] tweaked toml for git repo https://github.com/home-anthill/online written to /workspace/builds/worker-7-tc2/source/Cargo.toml
[INFO] crate git repo https://github.com/home-anthill/online already has a lockfile, it will not be regenerated
[INFO] running `Command { std: CARGO_HOME="/workspace/cargo-home" RUSTUP_HOME="/workspace/rustup-home" "/workspace/cargo-home/bin/cargo" "+nightly-2025-01-18" "fetch" "--manifest-path" "Cargo.toml", kill_on_drop: false }`
[INFO] running `Command { std: "docker" "create" "-v" "/var/lib/crater-agent-workspace/builds/worker-7-tc2/target:/opt/rustwide/target:rw,Z" "-v" "/var/lib/crater-agent-workspace/builds/worker-7-tc2/source:/opt/rustwide/workdir:ro,Z" "-v" "/var/lib/crater-agent-workspace/cargo-home:/opt/rustwide/cargo-home:ro,Z" "-v" "/var/lib/crater-agent-workspace/rustup-home:/opt/rustwide/rustup-home:ro,Z" "-e" "SOURCE_DIR=/opt/rustwide/workdir" "-e" "CARGO_TARGET_DIR=/opt/rustwide/target" "-e" "CARGO_HOME=/opt/rustwide/cargo-home" "-e" "RUSTUP_HOME=/opt/rustwide/rustup-home" "-w" "/opt/rustwide/workdir" "-m" "1610612736" "--user" "0:0" "--network" "none" "ghcr.io/rust-lang/crates-build-env/linux@sha256:819108c5571ea2e421544af4d832f968d213c87fbe3707a016657f43d2f853bc" "/opt/rustwide/cargo-home/bin/cargo" "+nightly-2025-01-18" "metadata" "--no-deps" "--format-version=1", kill_on_drop: false }`
[INFO] [stdout] 061ea63da4d3ad04ab7abefedee03f0e87c7773a8b95f5b3b8b8ea2ba203d760
[INFO] running `Command { std: "docker" "start" "-a" "061ea63da4d3ad04ab7abefedee03f0e87c7773a8b95f5b3b8b8ea2ba203d760", kill_on_drop: false }`
[INFO] running `Command { std: "docker" "inspect" "061ea63da4d3ad04ab7abefedee03f0e87c7773a8b95f5b3b8b8ea2ba203d760", kill_on_drop: false }`
[INFO] running `Command { std: "docker" "rm" "-f" "061ea63da4d3ad04ab7abefedee03f0e87c7773a8b95f5b3b8b8ea2ba203d760", kill_on_drop: false }`
[INFO] [stdout] 061ea63da4d3ad04ab7abefedee03f0e87c7773a8b95f5b3b8b8ea2ba203d760
[INFO] running `Command { std: "docker" "create" "-v" "/var/lib/crater-agent-workspace/builds/worker-7-tc2/target:/opt/rustwide/target:rw,Z" "-v" "/var/lib/crater-agent-workspace/builds/worker-7-tc2/source:/opt/rustwide/workdir:ro,Z" "-v" "/var/lib/crater-agent-workspace/cargo-home:/opt/rustwide/cargo-home:ro,Z" "-v" "/var/lib/crater-agent-workspace/rustup-home:/opt/rustwide/rustup-home:ro,Z" "-e" "SOURCE_DIR=/opt/rustwide/workdir" "-e" "CARGO_TARGET_DIR=/opt/rustwide/target" "-e" "CARGO_INCREMENTAL=0" "-e" "RUST_BACKTRACE=full" "-e" "RUSTFLAGS=--cap-lints=forbid -Zrandomize-layout" "-e" "RUSTDOCFLAGS=--cap-lints=forbid" "-e" "CARGO_HOME=/opt/rustwide/cargo-home" "-e" "RUSTUP_HOME=/opt/rustwide/rustup-home" "-w" "/opt/rustwide/workdir" "-m" "1610612736" "--user" "0:0" "--network" "none" "ghcr.io/rust-lang/crates-build-env/linux@sha256:819108c5571ea2e421544af4d832f968d213c87fbe3707a016657f43d2f853bc" "/opt/rustwide/cargo-home/bin/cargo" "+nightly-2025-01-18" "build" "--frozen" "--message-format=json", kill_on_drop: false }`
[INFO] [stdout] 98d0013cf7cceaafae254825a2fd3a783a81dd4a52d9d4bfea23a6200b1efcc1
[INFO] running `Command { std: "docker" "start" "-a" "98d0013cf7cceaafae254825a2fd3a783a81dd4a52d9d4bfea23a6200b1efcc1", kill_on_drop: false }`
[INFO] [stderr]    Compiling proc-macro2 v1.0.92
[INFO] [stderr]    Compiling unicode-ident v1.0.14
[INFO] [stderr]    Compiling version_check v0.9.5
[INFO] [stderr]    Compiling libc v0.2.169
[INFO] [stderr]    Compiling cfg-if v1.0.0
[INFO] [stderr]    Compiling pin-project-lite v0.2.16
[INFO] [stderr]    Compiling autocfg v1.4.0
[INFO] [stderr]    Compiling typenum v1.17.0
[INFO] [stderr]    Compiling serde v1.0.217
[INFO] [stderr]    Compiling bytes v1.9.0
[INFO] [stderr]    Compiling itoa v1.0.14
[INFO] [stderr]    Compiling memchr v2.7.4
[INFO] [stderr]    Compiling pin-utils v0.1.0
[INFO] [stderr]    Compiling futures-core v0.3.31
[INFO] [stderr]    Compiling stable_deref_trait v1.2.0
[INFO] [stderr]    Compiling yansi v1.0.1
[INFO] [stderr]    Compiling futures-sink v0.3.31
[INFO] [stderr]    Compiling equivalent v1.0.1
[INFO] [stderr]    Compiling smallvec v1.13.2
[INFO] [stderr]    Compiling hashbrown v0.15.2
[INFO] [stderr]    Compiling fnv v1.0.7
[INFO] [stderr]    Compiling once_cell v1.20.2
[INFO] [stderr]    Compiling subtle v2.6.1
[INFO] [stderr]    Compiling percent-encoding v2.3.1
[INFO] [stderr]    Compiling futures-channel v0.3.31
[INFO] [stderr]    Compiling litemap v0.7.4
[INFO] [stderr]    Compiling futures-io v0.3.31
[INFO] [stderr]    Compiling futures-task v0.3.31
[INFO] [stderr]    Compiling writeable v0.5.5
[INFO] [stderr]    Compiling generic-array v0.14.7
[INFO] [stderr]    Compiling proc-macro2-diagnostics v0.10.1
[INFO] [stderr]    Compiling httparse v1.9.5
[INFO] [stderr]    Compiling slab v0.4.9
[INFO] [stderr]    Compiling tracing-core v0.1.33
[INFO] [stderr]    Compiling powerfmt v0.2.0
[INFO] [stderr]    Compiling icu_locid_transform_data v1.5.0
[INFO] [stderr]    Compiling cpufeatures v0.2.16
[INFO] [stderr]    Compiling byteorder v1.5.0
[INFO] [stderr]    Compiling num-conv v0.1.0
[INFO] [stderr]    Compiling http v0.2.12
[INFO] [stderr]    Compiling time-core v0.1.2
[INFO] [stderr]    Compiling deranged v0.3.11
[INFO] [stderr]    Compiling try-lock v0.2.5
[INFO] [stderr]    Compiling icu_properties_data v1.5.0
[INFO] [stderr]    Compiling time-macros v0.2.19
[INFO] [stderr]    Compiling inlinable_string v0.1.15
[INFO] [stderr]    Compiling want v0.3.1
[INFO] [stderr]    Compiling opaque-debug v0.3.1
[INFO] [stderr]    Compiling tower-service v0.3.3
[INFO] [stderr]    Compiling write16 v1.0.0
[INFO] [stderr]    Compiling bitflags v2.6.0
[INFO] [stderr]    Compiling utf8_iter v1.0.4
[INFO] [stderr]    Compiling ref-cast v1.0.23
[INFO] [stderr]    Compiling httpdate v1.0.3
[INFO] [stderr]    Compiling icu_normalizer_data v1.5.0
[INFO] [stderr]    Compiling ryu v1.0.18
[INFO] [stderr]    Compiling utf16_iter v1.0.5
[INFO] [stderr]    Compiling futures-util v0.3.31
[INFO] [stderr]    Compiling lock_api v0.4.12
[INFO] [stderr]    Compiling num-traits v0.2.19
[INFO] [stderr]    Compiling cookie v0.18.1
[INFO] [stderr]    Compiling uncased v0.9.10
[INFO] [stderr]    Compiling parking_lot_core v0.9.10
[INFO] [stderr]    Compiling quote v1.0.38
[INFO] [stderr]    Compiling stable-pattern v0.1.0
[INFO] [stderr]    Compiling tracing v0.1.41
[INFO] [stderr]    Compiling syn v2.0.95
[INFO] [stderr]    Compiling state v0.6.0
[INFO] [stderr]    Compiling either v1.13.0
[INFO] [stderr]    Compiling winnow v0.6.22
[INFO] [stderr]    Compiling scopeguard v1.2.0
[INFO] [stderr]    Compiling rustix v0.38.43
[INFO] [stderr]    Compiling serde_json v1.0.135
[INFO] [stderr]    Compiling indexmap v2.7.0
[INFO] [stderr]    Compiling form_urlencoded v1.2.1
[INFO] [stderr]    Compiling multer v3.1.0
[INFO] [stderr]    Compiling figment v0.10.19
[INFO] [stderr]    Compiling syn v1.0.109
[INFO] [stderr]    Compiling log v0.4.22
[INFO] [stderr]    Compiling getrandom v0.2.15
[INFO] [stderr]    Compiling mio v1.0.3
[INFO] [stderr]    Compiling socket2 v0.5.8
[INFO] [stderr]    Compiling signal-hook-registry v1.4.2
[INFO] [stderr]    Compiling is-terminal v0.4.13
[INFO] [stderr]    Compiling num_cpus v1.16.0
[INFO] [stderr]    Compiling rand_core v0.6.4
[INFO] [stderr]    Compiling http-body v0.4.6
[INFO] [stderr]    Compiling base64 v0.22.1
[INFO] [stderr]    Compiling linux-raw-sys v0.4.15
[INFO] [stderr]    Compiling parking_lot v0.12.3
[INFO] [stderr]    Compiling time v0.3.37
[INFO] [stderr]    Compiling tokio v1.43.0
[INFO] [stderr]    Compiling http v1.2.0
[INFO] [stderr]    Compiling rocket v0.5.1
[INFO] [stderr]    Compiling encoding_rs v0.8.35
[INFO] [stderr]    Compiling futures v0.3.31
[INFO] [stderr]    Compiling mime v0.3.17
[INFO] [stderr]    Compiling destructure_traitobject v0.2.0
[INFO] [stderr]    Compiling fastrand v2.3.0
[INFO] [stderr]    Compiling unicode-xid v0.2.6
[INFO] [stderr]    Compiling spin v0.9.8
[INFO] [stderr]    Compiling thiserror v1.0.69
[INFO] [stderr]    Compiling anyhow v1.0.95
[INFO] [stderr]    Compiling glob v0.3.2
[INFO] [stderr]    Compiling crypto-common v0.1.6
[INFO] [stderr]    Compiling inout v0.1.3
[INFO] [stderr]    Compiling block-buffer v0.10.4
[INFO] [stderr]    Compiling universal-hash v0.5.1
[INFO] [stderr]    Compiling aead v0.5.2
[INFO] [stderr]    Compiling digest v0.10.7
[INFO] [stderr]    Compiling cipher v0.4.4
[INFO] [stderr]    Compiling polyval v0.6.2
[INFO] [stderr]    Compiling unsafe-any-ors v1.0.0
[INFO] [stderr]    Compiling hmac v0.12.1
[INFO] [stderr]    Compiling sha2 v0.10.8
[INFO] [stderr]    Compiling ordered-float v2.10.1
[INFO] [stderr]    Compiling hkdf v0.12.4
[INFO] [stderr]    Compiling ghash v0.5.1
[INFO] [stderr]    Compiling atomic v0.5.3
[INFO] [stderr]    Compiling binascii v0.1.4
[INFO] [stderr]    Compiling ctr v0.9.2
[INFO] [stderr]    Compiling aes v0.8.4
[INFO] [stderr]    Compiling unsafe-libyaml v0.2.11
[INFO] [stderr]    Compiling thiserror v2.0.9
[INFO] [stderr]    Compiling iana-time-zone v0.1.61
[INFO] [stderr]    Compiling chrono v0.4.39
[INFO] [stderr]    Compiling typemap-ors v1.0.0
[INFO] [stderr]    Compiling thread-id v4.2.2
[INFO] [stderr]    Compiling log-mdc v0.1.0
[INFO] [stderr]    Compiling arc-swap v1.7.1
[INFO] [stderr]    Compiling humantime v2.1.0
[INFO] [stderr]    Compiling aes-gcm v0.10.3
[INFO] [stderr]    Compiling tempfile v3.15.0
[INFO] [stderr]    Compiling derivative v2.2.0
[INFO] [stderr]    Compiling synstructure v0.13.1
[INFO] [stderr]    Compiling devise_core v0.4.2
[INFO] [stderr]    Compiling hyper v0.14.32
[INFO] [stderr]    Compiling serde_derive v1.0.217
[INFO] [stderr]    Compiling tokio-macros v2.5.0
[INFO] [stderr]    Compiling zerovec-derive v0.10.3
[INFO] [stderr]    Compiling displaydoc v0.2.5
[INFO] [stderr]    Compiling futures-macro v0.3.31
[INFO] [stderr]    Compiling icu_provider_macros v1.5.0
[INFO] [stderr]    Compiling zerocopy-derive v0.7.35
[INFO] [stderr]    Compiling pear_codegen v0.2.9
[INFO] [stderr]    Compiling ref-cast-impl v1.0.23
[INFO] [stderr]    Compiling async-trait v0.1.85
[INFO] [stderr]    Compiling zerofrom-derive v0.1.5
[INFO] [stderr]    Compiling yoke-derive v0.7.5
[INFO] [stderr]    Compiling async-stream-impl v0.3.6
[INFO] [stderr]    Compiling thiserror-impl v1.0.69
[INFO] [stderr]    Compiling thiserror-impl v2.0.9
[INFO] [stderr]    Compiling pear v0.2.9
[INFO] [stderr]    Compiling async-stream v0.3.6
[INFO] [stderr]    Compiling zerocopy v0.7.35
[INFO] [stderr]    Compiling devise_codegen v0.4.2
[INFO] [stderr]    Compiling zerofrom v0.1.5
[INFO] [stderr]    Compiling rocket_http v0.5.1
[INFO] [stderr]    Compiling yoke v0.7.5
[INFO] [stderr]    Compiling devise v0.4.2
[INFO] [stderr]    Compiling ppv-lite86 v0.2.20
[INFO] [stderr]    Compiling rocket_db_pools_codegen v0.2.0
[INFO] [stderr]    Compiling zerovec v0.10.4
[INFO] [stderr]    Compiling rand_chacha v0.3.1
[INFO] [stderr]    Compiling rand v0.8.5
[INFO] [stderr]    Compiling tinystr v0.7.6
[INFO] [stderr]    Compiling icu_collections v1.5.0
[INFO] [stderr]    Compiling icu_locid v1.5.0
[INFO] [stderr]    Compiling rocket_codegen v0.5.1
[INFO] [stderr]    Compiling icu_provider v1.5.0
[INFO] [stderr]    Compiling icu_locid_transform v1.5.0
[INFO] [stderr]    Compiling futures-executor v0.3.31
[INFO] [stderr]    Compiling icu_properties v1.5.1
[INFO] [stderr]    Compiling tokio-util v0.7.13
[INFO] [stderr]    Compiling deadpool-runtime v0.1.4
[INFO] [stderr]    Compiling tokio-stream v0.1.17
[INFO] [stderr]    Compiling deadpool v0.12.1
[INFO] [stderr]    Compiling serde_spanned v0.6.8
[INFO] [stderr]    Compiling toml_datetime v0.6.8
[INFO] [stderr]    Compiling uuid v1.11.0
[INFO] [stderr]    Compiling ubyte v0.10.4
[INFO] [stderr]    Compiling serde-value v0.7.0
[INFO] [stderr]    Compiling combine v4.6.7
[INFO] [stderr]    Compiling toml_edit v0.22.22
[INFO] [stderr]    Compiling h2 v0.3.26
[INFO] [stderr]    Compiling serde_yaml v0.9.34+deprecated
[INFO] [stderr]    Compiling icu_normalizer v1.5.0
[INFO] [stderr]    Compiling log4rs v1.3.0
[INFO] [stderr]    Compiling idna_adapter v1.2.0
[INFO] [stderr]    Compiling idna v1.0.3
[INFO] [stderr]    Compiling url v2.5.4
[INFO] [stderr]    Compiling toml v0.8.19
[INFO] [stderr]    Compiling redis v0.25.4
[INFO] [stderr]    Compiling deadpool-redis v0.15.1
[INFO] [stderr]    Compiling rocket_db_pools v0.2.0
[INFO] [stderr]    Compiling ks89-online v1.0.0 (/opt/rustwide/workdir)
[INFO] [stderr]     Finished `dev` profile [unoptimized + debuginfo] target(s) in 1m 36s
[INFO] running `Command { std: "docker" "inspect" "98d0013cf7cceaafae254825a2fd3a783a81dd4a52d9d4bfea23a6200b1efcc1", kill_on_drop: false }`
[INFO] running `Command { std: "docker" "rm" "-f" "98d0013cf7cceaafae254825a2fd3a783a81dd4a52d9d4bfea23a6200b1efcc1", kill_on_drop: false }`
[INFO] [stdout] 98d0013cf7cceaafae254825a2fd3a783a81dd4a52d9d4bfea23a6200b1efcc1
[INFO] running `Command { std: "docker" "create" "-v" "/var/lib/crater-agent-workspace/builds/worker-7-tc2/target:/opt/rustwide/target:rw,Z" "-v" "/var/lib/crater-agent-workspace/builds/worker-7-tc2/source:/opt/rustwide/workdir:ro,Z" "-v" "/var/lib/crater-agent-workspace/cargo-home:/opt/rustwide/cargo-home:ro,Z" "-v" "/var/lib/crater-agent-workspace/rustup-home:/opt/rustwide/rustup-home:ro,Z" "-e" "SOURCE_DIR=/opt/rustwide/workdir" "-e" "CARGO_TARGET_DIR=/opt/rustwide/target" "-e" "CARGO_INCREMENTAL=0" "-e" "RUST_BACKTRACE=full" "-e" "RUSTFLAGS=--cap-lints=forbid -Zrandomize-layout" "-e" "RUSTDOCFLAGS=--cap-lints=forbid" "-e" "CARGO_HOME=/opt/rustwide/cargo-home" "-e" "RUSTUP_HOME=/opt/rustwide/rustup-home" "-w" "/opt/rustwide/workdir" "-m" "1610612736" "--user" "0:0" "--network" "none" "ghcr.io/rust-lang/crates-build-env/linux@sha256:819108c5571ea2e421544af4d832f968d213c87fbe3707a016657f43d2f853bc" "/opt/rustwide/cargo-home/bin/cargo" "+nightly-2025-01-18" "test" "--frozen" "--no-run" "--message-format=json", kill_on_drop: false }`
[INFO] [stdout] 13d961381c5c46300098dd44ec2a99962826bdd7f3122b3977fbb4c074b021de
[INFO] running `Command { std: "docker" "start" "-a" "13d961381c5c46300098dd44ec2a99962826bdd7f3122b3977fbb4c074b021de", kill_on_drop: false }`
[INFO] [stderr]    Compiling proc-macro2 v1.0.92
[INFO] [stderr]    Compiling serde_json v1.0.135
[INFO] [stderr]    Compiling diff v0.1.13
[INFO] [stderr]    Compiling pretty_assertions v1.4.1
[INFO] [stderr]    Compiling quote v1.0.38
[INFO] [stderr]    Compiling syn v2.0.95
[INFO] [stderr]    Compiling syn v1.0.109
[INFO] [stderr]    Compiling derivative v2.2.0
[INFO] [stderr]    Compiling synstructure v0.13.1
[INFO] [stderr]    Compiling proc-macro2-diagnostics v0.10.1
[INFO] [stderr]    Compiling devise_core v0.4.2
[INFO] [stderr]    Compiling serde_derive v1.0.217
[INFO] [stderr]    Compiling zerofrom-derive v0.1.5
[INFO] [stderr]    Compiling yoke-derive v0.7.5
[INFO] [stderr]    Compiling tokio-macros v2.5.0
[INFO] [stderr]    Compiling zerovec-derive v0.10.3
[INFO] [stderr]    Compiling displaydoc v0.2.5
[INFO] [stderr]    Compiling futures-macro v0.3.31
[INFO] [stderr]    Compiling icu_provider_macros v1.5.0
[INFO] [stderr]    Compiling zerocopy-derive v0.7.35
[INFO] [stderr]    Compiling pear_codegen v0.2.9
[INFO] [stderr]    Compiling ref-cast-impl v1.0.23
[INFO] [stderr]    Compiling uuid-macro-internal v1.11.0
[INFO] [stderr]    Compiling async-trait v0.1.85
[INFO] [stderr]    Compiling async-stream-impl v0.3.6
[INFO] [stderr]    Compiling thiserror-impl v1.0.69
[INFO] [stderr]    Compiling thiserror-impl v2.0.9
[INFO] [stderr]    Compiling async-stream v0.3.6
[INFO] [stderr]    Compiling ref-cast v1.0.23
[INFO] [stderr]    Compiling pear v0.2.9
[INFO] [stderr]    Compiling devise_codegen v0.4.2
[INFO] [stderr]    Compiling tokio v1.43.0
[INFO] [stderr]    Compiling rocket_http v0.5.1
[INFO] [stderr]    Compiling futures-util v0.3.31
[INFO] [stderr]    Compiling zerocopy v0.7.35
[INFO] [stderr]    Compiling devise v0.4.2
[INFO] [stderr]    Compiling rocket_db_pools_codegen v0.2.0
[INFO] [stderr]    Compiling thiserror v1.0.69
[INFO] [stderr]    Compiling zerofrom v0.1.5
[INFO] [stderr]    Compiling yoke v0.7.5
[INFO] [stderr]    Compiling zerovec v0.10.4
[INFO] [stderr]    Compiling thiserror v2.0.9
[INFO] [stderr]    Compiling ppv-lite86 v0.2.20
[INFO] [stderr]    Compiling tinystr v0.7.6
[INFO] [stderr]    Compiling icu_collections v1.5.0
[INFO] [stderr]    Compiling icu_locid v1.5.0
[INFO] [stderr]    Compiling rand_chacha v0.3.1
[INFO] [stderr]    Compiling rand v0.8.5
[INFO] [stderr]    Compiling rocket_codegen v0.5.1
[INFO] [stderr]    Compiling icu_provider v1.5.0
[INFO] [stderr]    Compiling icu_locid_transform v1.5.0
[INFO] [stderr]    Compiling futures-executor v0.3.31
[INFO] [stderr]    Compiling serde v1.0.217
[INFO] [stderr]    Compiling cookie v0.18.1
[INFO] [stderr]    Compiling futures v0.3.31
[INFO] [stderr]    Compiling icu_properties v1.5.1
[INFO] [stderr]    Compiling tokio-util v0.7.13
[INFO] [stderr]    Compiling deadpool-runtime v0.1.4
[INFO] [stderr]    Compiling tokio-stream v0.1.17
[INFO] [stderr]    Compiling icu_normalizer v1.5.0
[INFO] [stderr]    Compiling deadpool v0.12.1
[INFO] [stderr]    Compiling combine v4.6.7
[INFO] [stderr]    Compiling multer v3.1.0
[INFO] [stderr]    Compiling idna_adapter v1.2.0
[INFO] [stderr]    Compiling idna v1.0.3
[INFO] [stderr]    Compiling url v2.5.4
[INFO] [stderr]    Compiling indexmap v2.7.0
[INFO] [stderr]    Compiling toml_datetime v0.6.8
[INFO] [stderr]    Compiling serde_spanned v0.6.8
[INFO] [stderr]    Compiling log v0.4.22
[INFO] [stderr]    Compiling uncased v0.9.10
[INFO] [stderr]    Compiling uuid v1.11.0
[INFO] [stderr]    Compiling ubyte v0.10.4
[INFO] [stderr]    Compiling serde-value v0.7.0
[INFO] [stderr]    Compiling toml_edit v0.22.22
[INFO] [stderr]    Compiling h2 v0.3.26
[INFO] [stderr]    Compiling serde_yaml v0.9.34+deprecated
[INFO] [stderr]    Compiling log4rs v1.3.0
[INFO] [stderr]    Compiling toml v0.8.19
[INFO] [stderr]    Compiling hyper v0.14.32
[INFO] [stderr]    Compiling figment v0.10.19
[INFO] [stderr]    Compiling redis v0.25.4
[INFO] [stderr]    Compiling rocket v0.5.1
[INFO] [stderr]    Compiling deadpool-redis v0.15.1
[INFO] [stderr]    Compiling rocket_db_pools v0.2.0
[INFO] [stderr]    Compiling ks89-online v1.0.0 (/opt/rustwide/workdir)
[INFO] [stderr]     Finished `test` profile [unoptimized + debuginfo] target(s) in 1m 24s
[INFO] running `Command { std: "docker" "inspect" "13d961381c5c46300098dd44ec2a99962826bdd7f3122b3977fbb4c074b021de", kill_on_drop: false }`
[INFO] running `Command { std: "docker" "rm" "-f" "13d961381c5c46300098dd44ec2a99962826bdd7f3122b3977fbb4c074b021de", kill_on_drop: false }`
[INFO] [stdout] 13d961381c5c46300098dd44ec2a99962826bdd7f3122b3977fbb4c074b021de
[INFO] running `Command { std: "docker" "create" "-v" "/var/lib/crater-agent-workspace/builds/worker-7-tc2/target:/opt/rustwide/target:rw,Z" "-v" "/var/lib/crater-agent-workspace/builds/worker-7-tc2/source:/opt/rustwide/workdir:ro,Z" "-v" "/var/lib/crater-agent-workspace/cargo-home:/opt/rustwide/cargo-home:ro,Z" "-v" "/var/lib/crater-agent-workspace/rustup-home:/opt/rustwide/rustup-home:ro,Z" "-e" "SOURCE_DIR=/opt/rustwide/workdir" "-e" "CARGO_TARGET_DIR=/opt/rustwide/target" "-e" "CARGO_INCREMENTAL=0" "-e" "RUST_BACKTRACE=full" "-e" "RUSTFLAGS=--cap-lints=forbid -Zrandomize-layout" "-e" "RUSTDOCFLAGS=--cap-lints=forbid" "-e" "CARGO_HOME=/opt/rustwide/cargo-home" "-e" "RUSTUP_HOME=/opt/rustwide/rustup-home" "-w" "/opt/rustwide/workdir" "-m" "1610612736" "--user" "0:0" "--network" "none" "ghcr.io/rust-lang/crates-build-env/linux@sha256:819108c5571ea2e421544af4d832f968d213c87fbe3707a016657f43d2f853bc" "/opt/rustwide/cargo-home/bin/cargo" "+nightly-2025-01-18" "test" "--frozen", kill_on_drop: false }`
[INFO] [stdout] bccdc9053d01089e4ac20ef0959941f6f7f937d0d862d850b32b031aaf8fa7f9
[INFO] running `Command { std: "docker" "start" "-a" "bccdc9053d01089e4ac20ef0959941f6f7f937d0d862d850b32b031aaf8fa7f9", kill_on_drop: false }`
[INFO] [stderr]     Finished `test` profile [unoptimized + debuginfo] target(s) in 0.82s
[INFO] [stderr]      Running unittests src/lib.rs (/opt/rustwide/target/debug/deps/online-f87b3948f0246c19)
[INFO] [stderr]      Running unittests src/main.rs (/opt/rustwide/target/debug/deps/online-1985fce8fb384b9b)
[INFO] [stdout] 
[INFO] [stdout] running 0 tests
[INFO] [stdout] 
[INFO] [stdout] test result: ok. 0 passed; 0 failed; 0 ignored; 0 measured; 0 filtered out; finished in 0.00s
[INFO] [stdout] 
[INFO] [stdout] 
[INFO] [stdout] running 4 tests
[INFO] [stderr] log4rs: error deserializing appender app: Read-only file system (os error 30)
[INFO] [stdout] 2025-01-20T13:55:24.314157538+00:00 INFO app - Starting application...
[INFO] [stderr] log4rs: Reference to nonexistent appender: `app`
[INFO] [stdout] 2025-01-20T13:55:24.320004928+00:00 INFO app - Starting Rocket...
[INFO] [stderr] log4rs: error deserializing appender app: Read-only file system (os error 30)
[INFO] [stdout] 2025-01-20T13:55:24.321787728+00:00 INFO app - Starting application...
[INFO] [stderr] log4rs: Reference to nonexistent appender: `app`
[INFO] [stdout] 2025-01-20T13:55:24.321911648+00:00 INFO app - Starting Rocket...
[INFO] [stderr] log4rs: error deserializing appender app: Read-only file system (os error 30)
[INFO] [stderr] log4rs: Reference to nonexistent appender: `app`
[INFO] [stderr] log4rs: error deserializing appender app: Read-only file system (os error 30)
[INFO] [stderr] log4rs: Reference to nonexistent appender: `app`
[INFO] [stdout] 2025-01-20T13:55:24.325419888+00:00 INFO rocket::launch - Configured for debug.
[INFO] [stdout] 2025-01-20T13:55:24.330709417+00:00 INFO app - Starting application...
[INFO] [stdout] 2025-01-20T13:55:24.330851717+00:00 INFO app - Starting application...
[INFO] [stdout] 2025-01-20T13:55:24.330963528+00:00 INFO app - Starting Rocket...
[INFO] [stdout] 2025-01-20T13:55:24.335165957+00:00 INFO rocket::launch - Configured for debug.
[INFO] [stdout] 2025-01-20T13:55:24.338385597+00:00 INFO rocket::launch::_ - address: 127.0.0.1
[INFO] [stdout] 2025-01-20T13:55:24.338418288+00:00 INFO app - Starting Rocket...
[INFO] [stdout] 2025-01-20T13:55:24.340624728+00:00 INFO rocket::launch - Configured for debug.
[INFO] [stdout] 2025-01-20T13:55:24.341248577+00:00 INFO rocket::launch::_ - port: 8089
[INFO] [stdout] 2025-01-20T13:55:24.341729288+00:00 INFO rocket::launch::_ - workers: 16
[INFO] [stdout] 2025-01-20T13:55:24.342213548+00:00 INFO rocket::launch::_ - max blocking threads: 512
[INFO] [stdout] 2025-01-20T13:55:24.342874257+00:00 INFO rocket::launch::_ - ident: Rocket
[INFO] [stdout] 2025-01-20T13:55:24.343133057+00:00 INFO rocket::launch::_ - IP header: X-Real-IP
[INFO] [stdout] 2025-01-20T13:55:24.343455887+00:00 INFO rocket::launch::_ - limits: bytes = 8KiB, data-form = 2MiB, file = 1MiB, form = 32KiB, json = 1MiB, msgpack = 1MiB, string = 8KiB
[INFO] [stdout] 2025-01-20T13:55:24.343769347+00:00 INFO rocket::launch::_ - temp dir: /tmp
[INFO] [stdout] 2025-01-20T13:55:24.344087037+00:00 INFO rocket::launch::_ - http/2: true
[INFO] [stdout] 2025-01-20T13:55:24.344449007+00:00 INFO rocket::launch::_ - keep-alive: 5s
[INFO] [stdout] 2025-01-20T13:55:24.344734697+00:00 INFO rocket::launch::_ - tls: disabled
[INFO] [stdout] 2025-01-20T13:55:24.345037077+00:00 INFO rocket::launch::_ - shutdown: ctrlc = true, force = true, signals = [SIGTERM], grace = 2s, mercy = 3s
[INFO] [stdout] 2025-01-20T13:55:24.345337807+00:00 INFO rocket::launch::_ - log level: normal
[INFO] [stdout] 2025-01-20T13:55:24.345978097+00:00 INFO rocket::launch::_ - cli colors: true
[INFO] [stdout] 2025-01-20T13:55:24.346536537+00:00 INFO rocket::launch::_ - secret key: [provided]
[INFO] [stdout] 2025-01-20T13:55:24.346841357+00:00 INFO rocket::launch::_ - address: 127.0.0.1
[INFO] [stdout] 2025-01-20T13:55:24.347152067+00:00 INFO rocket::launch::_ - port: 8089
[INFO] [stdout] 2025-01-20T13:55:24.347482427+00:00 INFO rocket::launch::_ - workers: 16
[INFO] [stdout] 2025-01-20T13:55:24.347788787+00:00 INFO rocket::launch::_ - max blocking threads: 512
[INFO] [stdout] 2025-01-20T13:55:24.348129207+00:00 INFO rocket::launch::_ - ident: Rocket
[INFO] [stdout] 2025-01-20T13:55:24.348484687+00:00 INFO rocket::launch::_ - IP header: X-Real-IP
[INFO] [stdout] 2025-01-20T13:55:24.348809477+00:00 INFO rocket::launch::_ - limits: bytes = 8KiB, data-form = 2MiB, file = 1MiB, form = 32KiB, json = 1MiB, msgpack = 1MiB, string = 8KiB
[INFO] [stdout] 2025-01-20T13:55:24.348903527+00:00 INFO rocket::launch::_ - temp dir: /tmp
[INFO] [stdout] 2025-01-20T13:55:24.348943397+00:00 INFO rocket::launch::_ - http/2: true
[INFO] [stdout] 2025-01-20T13:55:24.349247507+00:00 INFO rocket::launch::_ - keep-alive: 5s
[INFO] [stdout] 2025-01-20T13:55:24.349405337+00:00 INFO rocket::launch::_ - tls: disabled
[INFO] [stdout] 2025-01-20T13:55:24.349694477+00:00 INFO rocket::launch::_ - shutdown: ctrlc = true, force = true, signals = [SIGTERM], grace = 2s, mercy = 3s
[INFO] [stdout] 2025-01-20T13:55:24.349822817+00:00 INFO rocket::launch::_ - log level: normal
[INFO] [stdout] 2025-01-20T13:55:24.349861597+00:00 INFO rocket::launch::_ - cli colors: true
[INFO] [stdout] 2025-01-20T13:55:24.350473077+00:00 INFO rocket::launch::_ - secret key: [provided]
[INFO] [stdout] 2025-01-20T13:55:24.350549487+00:00 INFO rocket::launch::_ - address: 127.0.0.1
[INFO] [stdout] 2025-01-20T13:55:24.350590627+00:00 INFO rocket::launch::_ - port: 8089
[INFO] [stdout] 2025-01-20T13:55:24.351197387+00:00 INFO rocket::launch::_ - workers: 16
[INFO] [stdout] 2025-01-20T13:55:24.351825777+00:00 INFO rocket::launch::_ - max blocking threads: 512
[INFO] [stdout] 2025-01-20T13:55:24.352214347+00:00 INFO rocket::launch::_ - ident: Rocket
[INFO] [stdout] 2025-01-20T13:55:24.352657937+00:00 INFO rocket::launch::_ - IP header: X-Real-IP
[INFO] [stdout] 2025-01-20T13:55:24.353098977+00:00 INFO rocket::launch::_ - limits: bytes = 8KiB, data-form = 2MiB, file = 1MiB, form = 32KiB, json = 1MiB, msgpack = 1MiB, string = 8KiB
[INFO] [stdout] 2025-01-20T13:55:24.353518627+00:00 INFO rocket::launch::_ - temp dir: /tmp
[INFO] [stdout] 2025-01-20T13:55:24.353633807+00:00 INFO rocket::launch - Routes:
[INFO] [stdout] 2025-01-20T13:55:24.353757047+00:00 INFO rocket::launch::_ - http/2: true
[INFO] [stdout] 2025-01-20T13:55:24.353843487+00:00 INFO rocket::launch::_ - (post_init_fcmtoken) POST /fcmtoken
[INFO] [stdout] 2025-01-20T13:55:24.353872737+00:00 INFO rocket::launch::_ - (keep_alive) GET /keepalive
[INFO] [stdout] 2025-01-20T13:55:24.353958827+00:00 INFO rocket::launch::_ - keep-alive: 5s
[INFO] [stdout] 2025-01-20T13:55:24.354043957+00:00 INFO rocket::launch::_ - (get_online) GET /online/<uuid>
[INFO] [stdout] 2025-01-20T13:55:24.354080137+00:00 INFO rocket::launch - Catchers:
[INFO] [stdout] 2025-01-20T13:55:24.354105327+00:00 INFO rocket::launch::_ - (bad_request) 400
[INFO] [stdout] 2025-01-20T13:55:24.354120347+00:00 INFO rocket::launch::_ - (not_found) 404
[INFO] [stdout] 2025-01-20T13:55:24.354131527+00:00 INFO rocket::launch::_ - (internal_server_error) 500
[INFO] [stdout] 2025-01-20T13:55:24.354220907+00:00 INFO rocket::launch::_ - tls: disabled
[INFO] [stdout] 2025-01-20T13:55:24.354243797+00:00 INFO rocket::launch::_ - shutdown: ctrlc = true, force = true, signals = [SIGTERM], grace = 2s, mercy = 3s
[INFO] [stdout] 2025-01-20T13:55:24.354263817+00:00 INFO rocket::launch::_ - log level: normal
[INFO] [stdout] 2025-01-20T13:55:24.354279797+00:00 INFO rocket::launch::_ - cli colors: true
[INFO] [stdout] 2025-01-20T13:55:24.354310757+00:00 INFO rocket::launch - Fairings:
[INFO] [stdout] 2025-01-20T13:55:24.354336187+00:00 INFO rocket::launch::_ - Shield (liftoff, response, singleton)
[INFO] [stdout] 2025-01-20T13:55:24.354349007+00:00 INFO rocket::launch::_ - 'redis_pool' Database Pool (ignite, shutdown)
[INFO] [stdout] 2025-01-20T13:55:24.354485087+00:00 INFO rocket::shield::shield - Shield:
[INFO] [stdout] 2025-01-20T13:55:24.354504217+00:00 INFO rocket::shield::shield::_ - X-Frame-Options: SAMEORIGIN
[INFO] [stdout] 2025-01-20T13:55:24.354513607+00:00 INFO rocket::shield::shield::_ - Permissions-Policy: interest-cohort=()
[INFO] [stdout] 2025-01-20T13:55:24.354522667+00:00 INFO rocket::shield::shield::_ - X-Content-Type-Options: nosniff
[INFO] [stdout] 2025-01-20T13:55:24.354537857+00:00 WARN rocket::launch - Rocket has launched locally
[INFO] [stdout] 2025-01-20T13:55:24.354552827+00:00 INFO rocket::launch::_ - secret key: [provided]
[INFO] [stdout] 2025-01-20T13:55:24.354575587+00:00 INFO rocket::launch - Routes:
[INFO] [stdout] 2025-01-20T13:55:24.354609107+00:00 INFO rocket::launch::_ - (post_init_fcmtoken) POST /fcmtoken
[INFO] [stdout] 2025-01-20T13:55:24.354623717+00:00 INFO rocket::launch::_ - (keep_alive) GET /keepalive
[INFO] [stdout] 2025-01-20T13:55:24.354634297+00:00 INFO rocket::launch::_ - (get_online) GET /online/<uuid>
[INFO] [stdout] 2025-01-20T13:55:24.354643077+00:00 INFO rocket::server - GET /keepalive:
[INFO] [stdout] 2025-01-20T13:55:24.354730357+00:00 INFO rocket::server::_ - Matched: (keep_alive) GET /keepalive
[INFO] [stdout] 2025-01-20T13:55:24.354845727+00:00 INFO rocket::server::_ - Outcome: Success(200 OK)
[INFO] [stdout] 2025-01-20T13:55:24.355392957+00:00 INFO rocket::launch - Configured for debug.
[INFO] [stdout] 2025-01-20T13:55:24.355418447+00:00 INFO rocket::launch::_ - address: 127.0.0.1
[INFO] [stdout] 2025-01-20T13:55:24.355430747+00:00 INFO rocket::launch::_ - port: 8089
[INFO] [stdout] 2025-01-20T13:55:24.355441017+00:00 INFO rocket::launch::_ - workers: 16
[INFO] [stdout] 2025-01-20T13:55:24.355451517+00:00 INFO rocket::launch::_ - max blocking threads: 512
[INFO] [stdout] 2025-01-20T13:55:24.355461617+00:00 INFO rocket::launch::_ - ident: Rocket
[INFO] [stdout] 2025-01-20T13:55:24.355472047+00:00 INFO rocket::launch::_ - IP header: X-Real-IP
[INFO] [stdout] 2025-01-20T13:55:24.355481767+00:00 INFO rocket::launch::_ - limits: bytes = 8KiB, data-form = 2MiB, file = 1MiB, form = 32KiB, json = 1MiB, msgpack = 1MiB, string = 8KiB
[INFO] [stdout] 2025-01-20T13:55:24.355498517+00:00 INFO rocket::launch::_ - temp dir: /tmp
[INFO] [stdout] 2025-01-20T13:55:24.355509937+00:00 INFO rocket::launch::_ - http/2: true
[INFO] [stdout] 2025-01-20T13:55:24.355519797+00:00 INFO rocket::launch::_ - keep-alive: 5s
[INFO] [stdout] 2025-01-20T13:55:24.355529857+00:00 INFO rocket::launch::_ - tls: disabled
[INFO] [stdout] 2025-01-20T13:55:24.355538787+00:00 INFO rocket::launch::_ - shutdown: ctrlc = true, force = true, signals = [SIGTERM], grace = 2s, mercy = 3s
[INFO] [stdout] 2025-01-20T13:55:24.355550457+00:00 INFO rocket::launch::_ - log level: normal
[INFO] [stdout] 2025-01-20T13:55:24.355559937+00:00 INFO rocket::launch::_ - cli colors: true
[INFO] [stdout] 2025-01-20T13:55:24.355728537+00:00 INFO rocket::launch - Routes:
[INFO] [stdout] 2025-01-20T13:55:24.355875567+00:00 INFO rocket::launch::_ - (post_init_fcmtoken) POST /fcmtoken
[INFO] [stdout] 2025-01-20T13:55:24.356116747+00:00 INFO rocket::launch::_ - (keep_alive) GET /keepalive
[INFO] [stdout] 2025-01-20T13:55:24.356147117+00:00 INFO rocket::launch::_ - (get_online) GET /online/<uuid>
[INFO] [stdout] 2025-01-20T13:55:24.356178987+00:00 INFO rocket::launch - Catchers:
[INFO] [stdout] 2025-01-20T13:55:24.356202417+00:00 INFO rocket::launch::_ - (bad_request) 400
[INFO] [stdout] 2025-01-20T13:55:24.356216297+00:00 INFO rocket::launch::_ - (not_found) 404
[INFO] [stdout] 2025-01-20T13:55:24.356226887+00:00 INFO rocket::launch::_ - (internal_server_error) 500
[INFO] [stdout] 2025-01-20T13:55:24.356248257+00:00 INFO rocket::launch - Fairings:
[INFO] [stdout] 2025-01-20T13:55:24.356262577+00:00 INFO rocket::launch::_ - Shield (liftoff, response, singleton)
[INFO] [stdout] 2025-01-20T13:55:24.356274007+00:00 INFO rocket::launch::_ - 'redis_pool' Database Pool (ignite, shutdown)
[INFO] [stdout] 2025-01-20T13:55:24.356346517+00:00 INFO rocket::shield::shield - Shield:
[INFO] [stdout] 2025-01-20T13:55:24.356365007+00:00 INFO rocket::shield::shield::_ - X-Frame-Options: SAMEORIGIN
[INFO] [stdout] 2025-01-20T13:55:24.356373097+00:00 INFO rocket::shield::shield::_ - Permissions-Policy: interest-cohort=()
[INFO] [stdout] 2025-01-20T13:55:24.356392287+00:00 INFO rocket::shield::shield::_ - X-Content-Type-Options: nosniff
[INFO] [stdout] 2025-01-20T13:55:24.356406267+00:00 WARN rocket::launch - Rocket has launched locally
[INFO] [stdout] test tests_integration::keepalive::keepalive ... ok
[INFO] [stdout] 2025-01-20T13:55:24.356481127+00:00 INFO rocket::launch - Catchers:
[INFO] [stdout] 2025-01-20T13:55:24.356518777+00:00 INFO rocket::launch::_ - (bad_request) 400
[INFO] [stdout] 2025-01-20T13:55:24.356532017+00:00 INFO rocket::launch::_ - (not_found) 404
[INFO] [stdout] 2025-01-20T13:55:24.356540327+00:00 INFO rocket::launch::_ - (internal_server_error) 500
[INFO] [stdout] 2025-01-20T13:55:24.356609937+00:00 INFO rocket::launch - Fairings:
[INFO] [stdout] 2025-01-20T13:55:24.356622707+00:00 INFO rocket::launch::_ - 'redis_pool' Database Pool (ignite, shutdown)
[INFO] [stdout] 2025-01-20T13:55:24.356633267+00:00 INFO rocket::launch::_ - Shield (liftoff, response, singleton)
[INFO] [stdout] 2025-01-20T13:55:24.356725557+00:00 INFO rocket::shield::shield - Shield:
[INFO] [stdout] 2025-01-20T13:55:24.356743027+00:00 INFO rocket::shield::shield::_ - X-Content-Type-Options: nosniff
[INFO] [stdout] 2025-01-20T13:55:24.356752177+00:00 INFO rocket::shield::shield::_ - X-Frame-Options: SAMEORIGIN
[INFO] [stdout] 2025-01-20T13:55:24.356760397+00:00 INFO rocket::shield::shield::_ - Permissions-Policy: interest-cohort=()
[INFO] [stdout] 2025-01-20T13:55:24.356772717+00:00 WARN rocket::launch - Rocket has launched locally
[INFO] [stdout] 2025-01-20T13:55:24.356838007+00:00 INFO rocket::server - GET /unknownpath:
[INFO] [stdout] 2025-01-20T13:55:24.356872987+00:00 ERROR rocket::server::_ - No matching routes for GET /unknownpath.
[INFO] [stdout] 2025-01-20T13:55:24.356894917+00:00 WARN rocket::server::_ - Responding with registered (not_found) 404 catcher.
[INFO] [stdout] 2025-01-20T13:55:24.356912897+00:00 ERROR app - catcher 404 - not_found
[INFO] [stdout] test tests_integration::errors_catchers::error_catcher_not_found ... ok
[INFO] [stdout] 2025-01-20T13:55:24.360204217+00:00 INFO rocket::launch::_ - secret key: [provided]
[INFO] [stdout] 2025-01-20T13:55:24.360244727+00:00 INFO rocket::launch - Routes:
[INFO] [stdout] 2025-01-20T13:55:24.360278737+00:00 INFO rocket::launch::_ - (post_init_fcmtoken) POST /fcmtoken
[INFO] [stdout] 2025-01-20T13:55:24.360291457+00:00 INFO rocket::launch::_ - (keep_alive) GET /keepalive
[INFO] [stdout] 2025-01-20T13:55:24.360300357+00:00 INFO rocket::launch::_ - (get_online) GET /online/<uuid>
[INFO] [stdout] 2025-01-20T13:55:24.360311217+00:00 INFO rocket::launch - Catchers:
[INFO] [stdout] 2025-01-20T13:55:24.360323427+00:00 INFO rocket::launch::_ - (bad_request) 400
[INFO] [stdout] 2025-01-20T13:55:24.360332257+00:00 INFO rocket::launch::_ - (not_found) 404
[INFO] [stdout] 2025-01-20T13:55:24.360339997+00:00 INFO rocket::launch::_ - (internal_server_error) 500
[INFO] [stdout] 2025-01-20T13:55:24.360357307+00:00 INFO rocket::launch - Fairings:
[INFO] [stdout] 2025-01-20T13:55:24.360368087+00:00 INFO rocket::launch::_ - 'redis_pool' Database Pool (ignite, shutdown)
[INFO] [stdout] 2025-01-20T13:55:24.360376547+00:00 INFO rocket::launch::_ - Shield (liftoff, response, singleton)
[INFO] [stdout] 2025-01-20T13:55:24.360438857+00:00 INFO rocket::shield::shield - Shield:
[INFO] [stdout] 2025-01-20T13:55:24.360451837+00:00 INFO rocket::shield::shield::_ - X-Content-Type-Options: nosniff
[INFO] [stdout] 2025-01-20T13:55:24.360459427+00:00 INFO rocket::shield::shield::_ - X-Frame-Options: SAMEORIGIN
[INFO] [stdout] 2025-01-20T13:55:24.360466567+00:00 INFO rocket::shield::shield::_ - Permissions-Policy: interest-cohort=()
[INFO] [stdout] 2025-01-20T13:55:24.360477227+00:00 WARN rocket::launch - Rocket has launched locally
[INFO] [stdout] test tests_integration::fcmtoken::post_fcmtoken ... FAILED
[INFO] [stdout] test tests_integration::online::get_online ... FAILED
[INFO] [stdout] 
[INFO] [stdout] failures:
[INFO] [stdout] 
[INFO] [stdout] ---- tests_integration::fcmtoken::post_fcmtoken stdout ----
[INFO] [stdout] 
[INFO] [stdout] thread 'tests_integration::fcmtoken::post_fcmtoken' panicked at src/tests_integration/fcmtoken.rs:18:51:
[INFO] [stdout] called `Result::unwrap()` on an `Err` value: Backend(Connection refused (os error 111))
[INFO] [stdout] stack backtrace:
[INFO] [stdout]    0:     0x62ada73eb97a - std::backtrace_rs::backtrace::libunwind::trace::hb059275cfc8d6126
[INFO] [stdout]                                at /rustc/6067b36314ab5eb2eb47cecc464545ba58e1ad24/library/std/src/../../backtrace/src/backtrace/libunwind.rs:116:5
[INFO] [stdout]    1:     0x62ada73eb97a - std::backtrace_rs::backtrace::trace_unsynchronized::h2da071e4327ce3ee
[INFO] [stdout]                                at /rustc/6067b36314ab5eb2eb47cecc464545ba58e1ad24/library/std/src/../../backtrace/src/backtrace/mod.rs:66:5
[INFO] [stdout]    2:     0x62ada73eb97a - std::sys::backtrace::_print_fmt::h842a1474e6f8d23f
[INFO] [stdout]                                at /rustc/6067b36314ab5eb2eb47cecc464545ba58e1ad24/library/std/src/sys/backtrace.rs:66:9
[INFO] [stdout]    3:     0x62ada73eb97a - <std::sys::backtrace::BacktraceLock::print::DisplayBacktrace as core::fmt::Display>::fmt::h71a62eb3b9696b12
[INFO] [stdout]                                at /rustc/6067b36314ab5eb2eb47cecc464545ba58e1ad24/library/std/src/sys/backtrace.rs:39:26
[INFO] [stdout]    4:     0x62ada7419633 - core::fmt::rt::Argument::fmt::hdb6b616786b41dc1
[INFO] [stdout]                                at /rustc/6067b36314ab5eb2eb47cecc464545ba58e1ad24/library/core/src/fmt/rt.rs:177:76
[INFO] [stdout]    5:     0x62ada7419633 - core::fmt::write::h2cc1698af7e2d686
[INFO] [stdout]                                at /rustc/6067b36314ab5eb2eb47cecc464545ba58e1ad24/library/core/src/fmt/mod.rs:1440:21
[INFO] [stdout]    6:     0x62ada73e7313 - std::io::Write::write_fmt::hab1b4cd059a79022
[INFO] [stdout]                                at /rustc/6067b36314ab5eb2eb47cecc464545ba58e1ad24/library/std/src/io/mod.rs:1887:15
[INFO] [stdout]    7:     0x62ada73eb7c2 - std::sys::backtrace::BacktraceLock::print::h147fe35b4ea13b08
[INFO] [stdout]                                at /rustc/6067b36314ab5eb2eb47cecc464545ba58e1ad24/library/std/src/sys/backtrace.rs:42:9
[INFO] [stdout]    8:     0x62ada73ecd9f - std::panicking::default_hook::{{closure}}::hbd44223dbdc0d208
[INFO] [stdout]                                at /rustc/6067b36314ab5eb2eb47cecc464545ba58e1ad24/library/std/src/panicking.rs:298:22
[INFO] [stdout]    9:     0x62ada73ecbb8 - std::panicking::default_hook::h20f81eb0576efcec
[INFO] [stdout]                                at /rustc/6067b36314ab5eb2eb47cecc464545ba58e1ad24/library/std/src/panicking.rs:322:9
[INFO] [stdout]   10:     0x62ada6b507b3 - <alloc::boxed::Box<F,A> as core::ops::function::Fn<Args>>::call::hdb53814c496a4d34
[INFO] [stdout]                                at /rustc/6067b36314ab5eb2eb47cecc464545ba58e1ad24/library/alloc/src/boxed.rs:2027:9
[INFO] [stdout]   11:     0x62ada6b507b3 - test::test_main::{{closure}}::hc0a4963c59427c24
[INFO] [stdout]                                at /rustc/6067b36314ab5eb2eb47cecc464545ba58e1ad24/library/test/src/lib.rs:134:21
[INFO] [stdout]   12:     0x62ada73ed893 - <alloc::boxed::Box<F,A> as core::ops::function::Fn<Args>>::call::h591b2225413a77e9
[INFO] [stdout]                                at /rustc/6067b36314ab5eb2eb47cecc464545ba58e1ad24/library/alloc/src/boxed.rs:2027:9
[INFO] [stdout]   13:     0x62ada73ed893 - std::panicking::rust_panic_with_hook::h625eea43051b2edc
[INFO] [stdout]                                at /rustc/6067b36314ab5eb2eb47cecc464545ba58e1ad24/library/std/src/panicking.rs:839:13
[INFO] [stdout]   14:     0x62ada73ed54a - std::panicking::begin_panic_handler::{{closure}}::h4f9159cfbc3f6bd3
[INFO] [stdout]                                at /rustc/6067b36314ab5eb2eb47cecc464545ba58e1ad24/library/std/src/panicking.rs:704:13
[INFO] [stdout]   15:     0x62ada73ebe79 - std::sys::backtrace::__rust_end_short_backtrace::h0390abce48353151
[INFO] [stdout]                                at /rustc/6067b36314ab5eb2eb47cecc464545ba58e1ad24/library/std/src/sys/backtrace.rs:168:18
[INFO] [stdout]   16:     0x62ada73ed1dd - rust_begin_unwind
[INFO] [stdout]                                at /rustc/6067b36314ab5eb2eb47cecc464545ba58e1ad24/library/std/src/panicking.rs:695:5
[INFO] [stdout]   17:     0x62ada7416660 - core::panicking::panic_fmt::h9e7c637e9e5f29c9
[INFO] [stdout]                                at /rustc/6067b36314ab5eb2eb47cecc464545ba58e1ad24/library/core/src/panicking.rs:75:14
[INFO] [stdout]   18:     0x62ada7416b36 - core::result::unwrap_failed::h7979f09313fe1849
[INFO] [stdout]                                at /rustc/6067b36314ab5eb2eb47cecc464545ba58e1ad24/library/core/src/result.rs:1704:5
[INFO] [stdout]   19:     0x62ada6b09d55 - core::result::Result<T,E>::unwrap::h9149a6127fc70e04
[INFO] [stdout]                                at /rustc/6067b36314ab5eb2eb47cecc464545ba58e1ad24/library/core/src/result.rs:1109:23
[INFO] [stdout]   20:     0x62ada6b09d55 - online::tests_integration::fcmtoken::post_fcmtoken::{{closure}}::h52c37c1d5bcc2461
[INFO] [stdout]                                at /opt/rustwide/workdir/src/tests_integration/fcmtoken.rs:18:34
[INFO] [stdout]   21:     0x62ada6ae26ed - <core::pin::Pin<P> as core::future::future::Future>::poll::hc6857b7d90458f03
[INFO] [stdout]                                at /rustc/6067b36314ab5eb2eb47cecc464545ba58e1ad24/library/core/src/future/future.rs:124:9
[INFO] [stdout]   22:     0x62ada6aea89f - tokio::runtime::park::CachedParkThread::block_on::{{closure}}::h8188ecc219a04055
[INFO] [stdout]                                at /opt/rustwide/cargo-home/registry/src/index.crates.io-1949cf8c6b5b557f/tokio-1.43.0/src/runtime/park.rs:284:63
[INFO] [stdout]   23:     0x62ada6ae6a56 - tokio::runtime::coop::with_budget::h1eca3d889d8aa30c
[INFO] [stdout]                                at /opt/rustwide/cargo-home/registry/src/index.crates.io-1949cf8c6b5b557f/tokio-1.43.0/src/runtime/coop.rs:107:5
[INFO] [stdout]   24:     0x62ada6ae6a56 - tokio::runtime::coop::budget::hfc9937f326145216
[INFO] [stdout]                                at /opt/rustwide/cargo-home/registry/src/index.crates.io-1949cf8c6b5b557f/tokio-1.43.0/src/runtime/coop.rs:73:5
[INFO] [stdout]   25:     0x62ada6ae6a56 - tokio::runtime::park::CachedParkThread::block_on::h17561a63cddbb6f8
[INFO] [stdout]                                at /opt/rustwide/cargo-home/registry/src/index.crates.io-1949cf8c6b5b557f/tokio-1.43.0/src/runtime/park.rs:284:31
[INFO] [stdout]   26:     0x62ada6b13e40 - tokio::runtime::context::blocking::BlockingRegionGuard::block_on::hd487cf91d9b741af
[INFO] [stdout]                                at /opt/rustwide/cargo-home/registry/src/index.crates.io-1949cf8c6b5b557f/tokio-1.43.0/src/runtime/context/blocking.rs:66:9
[INFO] [stdout]   27:     0x62ada6ad306e - tokio::runtime::scheduler::multi_thread::MultiThread::block_on::{{closure}}::he4fb25ec957c9ec3
[INFO] [stdout]                                at /opt/rustwide/cargo-home/registry/src/index.crates.io-1949cf8c6b5b557f/tokio-1.43.0/src/runtime/scheduler/multi_thread/mod.rs:87:13
[INFO] [stdout]   28:     0x62ada6b057b0 - tokio::runtime::context::runtime::enter_runtime::h147062a5d15620fb
[INFO] [stdout]                                at /opt/rustwide/cargo-home/registry/src/index.crates.io-1949cf8c6b5b557f/tokio-1.43.0/src/runtime/context/runtime.rs:65:16
[INFO] [stdout]   29:     0x62ada6ad2c61 - tokio::runtime::scheduler::multi_thread::MultiThread::block_on::h5188ade086feef73
[INFO] [stdout]                                at /opt/rustwide/cargo-home/registry/src/index.crates.io-1949cf8c6b5b557f/tokio-1.43.0/src/runtime/scheduler/multi_thread/mod.rs:86:9
[INFO] [stdout]   30:     0x62ada6af193b - tokio::runtime::runtime::Runtime::block_on_inner::he19242144510e1b3
[INFO] [stdout]                                at /opt/rustwide/cargo-home/registry/src/index.crates.io-1949cf8c6b5b557f/tokio-1.43.0/src/runtime/runtime.rs:370:45
[INFO] [stdout]   31:     0x62ada6af1ded - tokio::runtime::runtime::Runtime::block_on::hbf2ff4bda8dc9b7b
[INFO] [stdout]                                at /opt/rustwide/cargo-home/registry/src/index.crates.io-1949cf8c6b5b557f/tokio-1.43.0/src/runtime/runtime.rs:340:13
[INFO] [stdout]   32:     0x62ada6adbe00 - rocket::async_run::hd443ccfc098f58e6
[INFO] [stdout]                                at /opt/rustwide/cargo-home/registry/src/index.crates.io-1949cf8c6b5b557f/rocket-0.5.1/src/lib.rs:250:18
[INFO] [stdout]   33:     0x62ada6ad96b2 - rocket::async_test::hda9fc437f0b5f4e3
[INFO] [stdout]                                at /opt/rustwide/cargo-home/registry/src/index.crates.io-1949cf8c6b5b557f/rocket-0.5.1/src/lib.rs:261:5
[INFO] [stdout]   34:     0x62ada6b09505 - online::tests_integration::fcmtoken::post_fcmtoken::h653c682f50b39904
[INFO] [stdout]                                at /opt/rustwide/workdir/src/tests_integration/fcmtoken.rs:13:26
[INFO] [stdout]   35:     0x62ada6b094b7 - online::tests_integration::fcmtoken::post_fcmtoken::{{closure}}::h1f03f4c17b60f8d7
[INFO] [stdout]                                at /opt/rustwide/workdir/src/tests_integration/fcmtoken.rs:13:25
[INFO] [stdout]   36:     0x62ada6ad3a26 - core::ops::function::FnOnce::call_once::h54762a6096fb8b51
[INFO] [stdout]                                at /rustc/6067b36314ab5eb2eb47cecc464545ba58e1ad24/library/core/src/ops/function.rs:250:5
[INFO] [stdout]   37:     0x62ada6b55f0b - core::ops::function::FnOnce::call_once::he27718dfdd183f43
[INFO] [stdout]                                at /rustc/6067b36314ab5eb2eb47cecc464545ba58e1ad24/library/core/src/ops/function.rs:250:5
[INFO] [stdout]   38:     0x62ada6b55f0b - test::__rust_begin_short_backtrace::h4e84902998457a5d
[INFO] [stdout]                                at /rustc/6067b36314ab5eb2eb47cecc464545ba58e1ad24/library/test/src/lib.rs:632:18
[INFO] [stdout]   39:     0x62ada6b54e43 - test::run_test_in_process::{{closure}}::h7176fd18fc1feca0
[INFO] [stdout]                                at /rustc/6067b36314ab5eb2eb47cecc464545ba58e1ad24/library/test/src/lib.rs:655:60
[INFO] [stdout]   40:     0x62ada6b54e43 - <core::panic::unwind_safe::AssertUnwindSafe<F> as core::ops::function::FnOnce<()>>::call_once::hf79cff2a624d8cf7
[INFO] [stdout]                                at /rustc/6067b36314ab5eb2eb47cecc464545ba58e1ad24/library/core/src/panic/unwind_safe.rs:272:9
[INFO] [stdout]   41:     0x62ada6b54e43 - std::panicking::try::do_call::h3da0561d9ab99c25
[INFO] [stdout]                                at /rustc/6067b36314ab5eb2eb47cecc464545ba58e1ad24/library/std/src/panicking.rs:587:40
[INFO] [stdout]   42:     0x62ada6b54e43 - std::panicking::try::h41c9fa508bc61df6
[INFO] [stdout]                                at /rustc/6067b36314ab5eb2eb47cecc464545ba58e1ad24/library/std/src/panicking.rs:550:19
[INFO] [stdout]   43:     0x62ada6b54e43 - std::panic::catch_unwind::h6b3ff07bb5afad93
[INFO] [stdout]                                at /rustc/6067b36314ab5eb2eb47cecc464545ba58e1ad24/library/std/src/panic.rs:358:14
[INFO] [stdout]   44:     0x62ada6b54e43 - test::run_test_in_process::hc7253dd11b39b9f4
[INFO] [stdout]                                at /rustc/6067b36314ab5eb2eb47cecc464545ba58e1ad24/library/test/src/lib.rs:655:27
[INFO] [stdout]   45:     0x62ada6b54e43 - test::run_test::{{closure}}::hfb2007f8649c30bb
[INFO] [stdout]                                at /rustc/6067b36314ab5eb2eb47cecc464545ba58e1ad24/library/test/src/lib.rs:576:43
[INFO] [stdout]   46:     0x62ada6b17f25 - test::run_test::{{closure}}::h56a17aa7a282a9f4
[INFO] [stdout]                                at /rustc/6067b36314ab5eb2eb47cecc464545ba58e1ad24/library/test/src/lib.rs:606:41
[INFO] [stdout]   47:     0x62ada6b17f25 - std::sys::backtrace::__rust_begin_short_backtrace::hd2d2d2fb8e8c6aac
[INFO] [stdout]                                at /rustc/6067b36314ab5eb2eb47cecc464545ba58e1ad24/library/std/src/sys/backtrace.rs:152:18
[INFO] [stdout]   48:     0x62ada6b1b80a - std::thread::Builder::spawn_unchecked_::{{closure}}::{{closure}}::h4faa3f9db6133423
[INFO] [stdout]                                at /rustc/6067b36314ab5eb2eb47cecc464545ba58e1ad24/library/std/src/thread/mod.rs:559:17
[INFO] [stdout]   49:     0x62ada6b1b80a - <core::panic::unwind_safe::AssertUnwindSafe<F> as core::ops::function::FnOnce<()>>::call_once::hf2e855a36a4ea846
[INFO] [stdout]                                at /rustc/6067b36314ab5eb2eb47cecc464545ba58e1ad24/library/core/src/panic/unwind_safe.rs:272:9
[INFO] [stdout]   50:     0x62ada6b1b80a - std::panicking::try::do_call::h2f73af3616c35465
[INFO] [stdout]                                at /rustc/6067b36314ab5eb2eb47cecc464545ba58e1ad24/library/std/src/panicking.rs:587:40
[INFO] [stdout]   51:     0x62ada6b1b80a - std::panicking::try::hd1660ce9efadef5a
[INFO] [stdout]                                at /rustc/6067b36314ab5eb2eb47cecc464545ba58e1ad24/library/std/src/panicking.rs:550:19
[INFO] [stdout]   52:     0x62ada6b1b80a - std::panic::catch_unwind::h5ee8d7823b8ca744
[INFO] [stdout]                                at /rustc/6067b36314ab5eb2eb47cecc464545ba58e1ad24/library/std/src/panic.rs:358:14
[INFO] [stdout]   53:     0x62ada6b1b80a - std::thread::Builder::spawn_unchecked_::{{closure}}::h53c3a1894dce8407
[INFO] [stdout]                                at /rustc/6067b36314ab5eb2eb47cecc464545ba58e1ad24/library/std/src/thread/mod.rs:557:30
[INFO] [stdout]   54:     0x62ada6b1b80a - core::ops::function::FnOnce::call_once{{vtable.shim}}::h048ce291ad4f62bf
[INFO] [stdout]                                at /rustc/6067b36314ab5eb2eb47cecc464545ba58e1ad24/library/core/src/ops/function.rs:250:5
[INFO] [stdout]   55:     0x62ada73f2a2b - <alloc::boxed::Box<F,A> as core::ops::function::FnOnce<Args>>::call_once::ha52bedf99a3b4981
[INFO] [stdout]                                at /rustc/6067b36314ab5eb2eb47cecc464545ba58e1ad24/library/alloc/src/boxed.rs:2013:9
[INFO] [stdout]   56:     0x62ada73f2a2b - <alloc::boxed::Box<F,A> as core::ops::function::FnOnce<Args>>::call_once::h567748934d80ccf8
[INFO] [stdout]                                at /rustc/6067b36314ab5eb2eb47cecc464545ba58e1ad24/library/alloc/src/boxed.rs:2013:9
[INFO] [stdout]   57:     0x62ada73f2a2b - std::sys::pal::unix::thread::Thread::new::thread_start::h2d970728ae887adc
[INFO] [stdout]                                at /rustc/6067b36314ab5eb2eb47cecc464545ba58e1ad24/library/std/src/sys/pal/unix/thread.rs:106:17
[INFO] [stdout]   58:     0x743b881d5ac3 - <unknown>
[INFO] [stdout]   59:     0x743b88266a04 - clone
[INFO] [stdout]   60:                0x0 - <unknown>
[INFO] [stdout] 
[INFO] [stdout] ---- tests_integration::online::get_online stdout ----
[INFO] [stdout] 
[INFO] [stdout] thread 'tests_integration::online::get_online' panicked at src/tests_integration/online.rs:18:51:
[INFO] [stdout] called `Result::unwrap()` on an `Err` value: Backend(Connection refused (os error 111))
[INFO] [stdout] stack backtrace:
[INFO] [stdout]    0:     0x62ada73eb97a - std::backtrace_rs::backtrace::libunwind::trace::hb059275cfc8d6126
[INFO] [stdout]                                at /rustc/6067b36314ab5eb2eb47cecc464545ba58e1ad24/library/std/src/../../backtrace/src/backtrace/libunwind.rs:116:5
[INFO] [stdout]    1:     0x62ada73eb97a - std::backtrace_rs::backtrace::trace_unsynchronized::h2da071e4327ce3ee
[INFO] [stdout]                                at /rustc/6067b36314ab5eb2eb47cecc464545ba58e1ad24/library/std/src/../../backtrace/src/backtrace/mod.rs:66:5
[INFO] [stdout]    2:     0x62ada73eb97a - std::sys::backtrace::_print_fmt::h842a1474e6f8d23f
[INFO] [stdout]                                at /rustc/6067b36314ab5eb2eb47cecc464545ba58e1ad24/library/std/src/sys/backtrace.rs:66:9
[INFO] [stdout]    3:     0x62ada73eb97a - <std::sys::backtrace::BacktraceLock::print::DisplayBacktrace as core::fmt::Display>::fmt::h71a62eb3b9696b12
[INFO] [stdout]                                at /rustc/6067b36314ab5eb2eb47cecc464545ba58e1ad24/library/std/src/sys/backtrace.rs:39:26
[INFO] [stdout]    4:     0x62ada7419633 - core::fmt::rt::Argument::fmt::hdb6b616786b41dc1
[INFO] [stdout]                                at /rustc/6067b36314ab5eb2eb47cecc464545ba58e1ad24/library/core/src/fmt/rt.rs:177:76
[INFO] [stdout]    5:     0x62ada7419633 - core::fmt::write::h2cc1698af7e2d686
[INFO] [stdout]                                at /rustc/6067b36314ab5eb2eb47cecc464545ba58e1ad24/library/core/src/fmt/mod.rs:1440:21
[INFO] [stdout]    6:     0x62ada73e7313 - std::io::Write::write_fmt::hab1b4cd059a79022
[INFO] [stdout]                                at /rustc/6067b36314ab5eb2eb47cecc464545ba58e1ad24/library/std/src/io/mod.rs:1887:15
[INFO] [stdout]    7:     0x62ada73eb7c2 - std::sys::backtrace::BacktraceLock::print::h147fe35b4ea13b08
[INFO] [stdout]                                at /rustc/6067b36314ab5eb2eb47cecc464545ba58e1ad24/library/std/src/sys/backtrace.rs:42:9
[INFO] [stdout]    8:     0x62ada73ecd9f - std::panicking::default_hook::{{closure}}::hbd44223dbdc0d208
[INFO] [stdout]                                at /rustc/6067b36314ab5eb2eb47cecc464545ba58e1ad24/library/std/src/panicking.rs:298:22
[INFO] [stdout]    9:     0x62ada73ecbb8 - std::panicking::default_hook::h20f81eb0576efcec
[INFO] [stdout]                                at /rustc/6067b36314ab5eb2eb47cecc464545ba58e1ad24/library/std/src/panicking.rs:322:9
[INFO] [stdout]   10:     0x62ada6b507b3 - <alloc::boxed::Box<F,A> as core::ops::function::Fn<Args>>::call::hdb53814c496a4d34
[INFO] [stdout]                                at /rustc/6067b36314ab5eb2eb47cecc464545ba58e1ad24/library/alloc/src/boxed.rs:2027:9
[INFO] [stdout]   11:     0x62ada6b507b3 - test::test_main::{{closure}}::hc0a4963c59427c24
[INFO] [stdout]                                at /rustc/6067b36314ab5eb2eb47cecc464545ba58e1ad24/library/test/src/lib.rs:134:21
[INFO] [stdout]   12:     0x62ada73ed893 - <alloc::boxed::Box<F,A> as core::ops::function::Fn<Args>>::call::h591b2225413a77e9
[INFO] [stdout]                                at /rustc/6067b36314ab5eb2eb47cecc464545ba58e1ad24/library/alloc/src/boxed.rs:2027:9
[INFO] [stdout]   13:     0x62ada73ed893 - std::panicking::rust_panic_with_hook::h625eea43051b2edc
[INFO] [stdout]                                at /rustc/6067b36314ab5eb2eb47cecc464545ba58e1ad24/library/std/src/panicking.rs:839:13
[INFO] [stdout]   14:     0x62ada73ed54a - std::panicking::begin_panic_handler::{{closure}}::h4f9159cfbc3f6bd3
[INFO] [stdout]                                at /rustc/6067b36314ab5eb2eb47cecc464545ba58e1ad24/library/std/src/panicking.rs:704:13
[INFO] [stdout]   15:     0x62ada73ebe79 - std::sys::backtrace::__rust_end_short_backtrace::h0390abce48353151
[INFO] [stdout]                                at /rustc/6067b36314ab5eb2eb47cecc464545ba58e1ad24/library/std/src/sys/backtrace.rs:168:18
[INFO] [stdout]   16:     0x62ada73ed1dd - rust_begin_unwind
[INFO] [stdout]                                at /rustc/6067b36314ab5eb2eb47cecc464545ba58e1ad24/library/std/src/panicking.rs:695:5
[INFO] [stdout]   17:     0x62ada7416660 - core::panicking::panic_fmt::h9e7c637e9e5f29c9
[INFO] [stdout]                                at /rustc/6067b36314ab5eb2eb47cecc464545ba58e1ad24/library/core/src/panicking.rs:75:14
[INFO] [stdout]   18:     0x62ada7416b36 - core::result::unwrap_failed::h7979f09313fe1849
[INFO] [stdout]                                at /rustc/6067b36314ab5eb2eb47cecc464545ba58e1ad24/library/core/src/result.rs:1704:5
[INFO] [stdout]   19:     0x62ada6ade291 - core::result::Result<T,E>::unwrap::h9149a6127fc70e04
[INFO] [stdout]                                at /rustc/6067b36314ab5eb2eb47cecc464545ba58e1ad24/library/core/src/result.rs:1109:23
[INFO] [stdout]   20:     0x62ada6ade291 - online::tests_integration::online::get_online::{{closure}}::h74beabeee6b8fe3c
[INFO] [stdout]                                at /opt/rustwide/workdir/src/tests_integration/online.rs:18:34
[INFO] [stdout]   21:     0x62ada6ae266d - <core::pin::Pin<P> as core::future::future::Future>::poll::hb41e21261e7ed4b5
[INFO] [stdout]                                at /rustc/6067b36314ab5eb2eb47cecc464545ba58e1ad24/library/core/src/future/future.rs:124:9
[INFO] [stdout]   22:     0x62ada6aea6df - tokio::runtime::park::CachedParkThread::block_on::{{closure}}::h1a4448ddd8dd93cd
[INFO] [stdout]                                at /opt/rustwide/cargo-home/registry/src/index.crates.io-1949cf8c6b5b557f/tokio-1.43.0/src/runtime/park.rs:284:63
[INFO] [stdout]   23:     0x62ada6ae6636 - tokio::runtime::coop::with_budget::h1f1404953094d324
[INFO] [stdout]                                at /opt/rustwide/cargo-home/registry/src/index.crates.io-1949cf8c6b5b557f/tokio-1.43.0/src/runtime/coop.rs:107:5
[INFO] [stdout]   24:     0x62ada6ae6636 - tokio::runtime::coop::budget::h6d90c9e93e3eb6cd
[INFO] [stdout]                                at /opt/rustwide/cargo-home/registry/src/index.crates.io-1949cf8c6b5b557f/tokio-1.43.0/src/runtime/coop.rs:73:5
[INFO] [stdout]   25:     0x62ada6ae6636 - tokio::runtime::park::CachedParkThread::block_on::h097586d3a4392ba8
[INFO] [stdout]                                at /opt/rustwide/cargo-home/registry/src/index.crates.io-1949cf8c6b5b557f/tokio-1.43.0/src/runtime/park.rs:284:31
[INFO] [stdout]   26:     0x62ada6b13910 - tokio::runtime::context::blocking::BlockingRegionGuard::block_on::h5cb893675368e3eb
[INFO] [stdout]                                at /opt/rustwide/cargo-home/registry/src/index.crates.io-1949cf8c6b5b557f/tokio-1.43.0/src/runtime/context/blocking.rs:66:9
[INFO] [stdout]   27:     0x62ada6ad2e7e - tokio::runtime::scheduler::multi_thread::MultiThread::block_on::{{closure}}::h39e4eafc6c40a2f9
[INFO] [stdout]                                at /opt/rustwide/cargo-home/registry/src/index.crates.io-1949cf8c6b5b557f/tokio-1.43.0/src/runtime/scheduler/multi_thread/mod.rs:87:13
[INFO] [stdout]   28:     0x62ada6b060c0 - tokio::runtime::context::runtime::enter_runtime::h5b0279ed60c8129e
[INFO] [stdout]                                at /opt/rustwide/cargo-home/registry/src/index.crates.io-1949cf8c6b5b557f/tokio-1.43.0/src/runtime/context/runtime.rs:65:16
[INFO] [stdout]   29:     0x62ada6ad2b31 - tokio::runtime::scheduler::multi_thread::MultiThread::block_on::h0ad313944d9c42e4
[INFO] [stdout]                                at /opt/rustwide/cargo-home/registry/src/index.crates.io-1949cf8c6b5b557f/tokio-1.43.0/src/runtime/scheduler/multi_thread/mod.rs:86:9
[INFO] [stdout]   30:     0x62ada6af151b - tokio::runtime::runtime::Runtime::block_on_inner::h5538a7cb614aba4b
[INFO] [stdout]                                at /opt/rustwide/cargo-home/registry/src/index.crates.io-1949cf8c6b5b557f/tokio-1.43.0/src/runtime/runtime.rs:370:45
[INFO] [stdout]   31:     0x62ada6af20ad - tokio::runtime::runtime::Runtime::block_on::hcf352940df0d3e15
[INFO] [stdout]                                at /opt/rustwide/cargo-home/registry/src/index.crates.io-1949cf8c6b5b557f/tokio-1.43.0/src/runtime/runtime.rs:340:13
[INFO] [stdout]   32:     0x62ada6adb700 - rocket::async_run::h6445fcc5e1a7291d
[INFO] [stdout]                                at /opt/rustwide/cargo-home/registry/src/index.crates.io-1949cf8c6b5b557f/rocket-0.5.1/src/lib.rs:250:18
[INFO] [stdout]   33:     0x62ada6ad9622 - rocket::async_test::h4cdbf93f8653acd7
[INFO] [stdout]                                at /opt/rustwide/cargo-home/registry/src/index.crates.io-1949cf8c6b5b557f/rocket-0.5.1/src/lib.rs:261:5
[INFO] [stdout]   34:     0x62ada6adda32 - online::tests_integration::online::get_online::hb3eb7db528fff9b1
[INFO] [stdout]                                at /opt/rustwide/workdir/src/tests_integration/online.rs:13:23
[INFO] [stdout]   35:     0x62ada6add9e7 - online::tests_integration::online::get_online::{{closure}}::h8ed0f99978cb4b9b
[INFO] [stdout]                                at /opt/rustwide/workdir/src/tests_integration/online.rs:13:22
[INFO] [stdout]   36:     0x62ada6ad3d36 - core::ops::function::FnOnce::call_once::he6e4eb156cae367e
[INFO] [stdout]                                at /rustc/6067b36314ab5eb2eb47cecc464545ba58e1ad24/library/core/src/ops/function.rs:250:5
[INFO] [stdout]   37:     0x62ada6b55f0b - core::ops::function::FnOnce::call_once::he27718dfdd183f43
[INFO] [stdout]                                at /rustc/6067b36314ab5eb2eb47cecc464545ba58e1ad24/library/core/src/ops/function.rs:250:5
[INFO] [stdout]   38:     0x62ada6b55f0b - test::__rust_begin_short_backtrace::h4e84902998457a5d
[INFO] [stdout]                                at /rustc/6067b36314ab5eb2eb47cecc464545ba58e1ad24/library/test/src/lib.rs:632:18
[INFO] [stdout]   39:     0x62ada6b54e43 - test::run_test_in_process::{{closure}}::h7176fd18fc1feca0
[INFO] [stdout]                                at /rustc/6067b36314ab5eb2eb47cecc464545ba58e1ad24/library/test/src/lib.rs:655:60
[INFO] [stdout]   40:     0x62ada6b54e43 - <core::panic::unwind_safe::AssertUnwindSafe<F> as core::ops::function::FnOnce<()>>::call_once::hf79cff2a624d8cf7
[INFO] [stdout]                                at /rustc/6067b36314ab5eb2eb47cecc464545ba58e1ad24/library/core/src/panic/unwind_safe.rs:272:9
[INFO] [stdout]   41:     0x62ada6b54e43 - std::panicking::try::do_call::h3da0561d9ab99c25
[INFO] [stdout]                                at /rustc/6067b36314ab5eb2eb47cecc464545ba58e1ad24/library/std/src/panicking.rs:587:40
[INFO] [stdout]   42:     0x62ada6b54e43 - std::panicking::try::h41c9fa508bc61df6
[INFO] [stdout]                                at /rustc/6067b36314ab5eb2eb47cecc464545ba58e1ad24/library/std/src/panicking.rs:550:19
[INFO] [stdout]   43:     0x62ada6b54e43 - std::panic::catch_unwind::h6b3ff07bb5afad93
[INFO] [stdout]                                at /rustc/6067b36314ab5eb2eb47cecc464545ba58e1ad24/library/std/src/panic.rs:358:14
[INFO] [stdout]   44:     0x62ada6b54e43 - test::run_test_in_process::hc7253dd11b39b9f4
[INFO] [stdout]                                at /rustc/6067b36314ab5eb2eb47cecc464545ba58e1ad24/library/test/src/lib.rs:655:27
[INFO] [stdout]   45:     0x62ada6b54e43 - test::run_test::{{closure}}::hfb2007f8649c30bb
[INFO] [stdout]                                at /rustc/6067b36314ab5eb2eb47cecc464545ba58e1ad24/library/test/src/lib.rs:576:43
[INFO] [stdout]   46:     0x62ada6b17f25 - test::run_test::{{closure}}::h56a17aa7a282a9f4
[INFO] [stdout]                                at /rustc/6067b36314ab5eb2eb47cecc464545ba58e1ad24/library/test/src/lib.rs:606:41
[INFO] [stdout]   47:     0x62ada6b17f25 - std::sys::backtrace::__rust_begin_short_backtrace::hd2d2d2fb8e8c6aac
[INFO] [stdout]                                at /rustc/6067b36314ab5eb2eb47cecc464545ba58e1ad24/library/std/src/sys/backtrace.rs:152:18
[INFO] [stdout]   48:     0x62ada6b1b80a - std::thread::Builder::spawn_unchecked_::{{closure}}::{{closure}}::h4faa3f9db6133423
[INFO] [stdout]                                at /rustc/6067b36314ab5eb2eb47cecc464545ba58e1ad24/library/std/src/thread/mod.rs:559:17
[INFO] [stdout]   49:     0x62ada6b1b80a - <core::panic::unwind_safe::AssertUnwindSafe<F> as core::ops::function::FnOnce<()>>::call_once::hf2e855a36a4ea846
[INFO] [stdout]                                at /rustc/6067b36314ab5eb2eb47cecc464545ba58e1ad24/library/core/src/panic/unwind_safe.rs:272:9
[INFO] [stdout]   50:     0x62ada6b1b80a - std::panicking::try::do_call::h2f73af3616c35465
[INFO] [stdout]                                at /rustc/6067b36314ab5eb2eb47cecc464545ba58e1ad24/library/std/src/panicking.rs:587:40
[INFO] [stdout]   51:     0x62ada6b1b80a - std::panicking::try::hd1660ce9efadef5a
[INFO] [stdout]                                at /rustc/6067b36314ab5eb2eb47cecc464545ba58e1ad24/library/std/src/panicking.rs:550:19
[INFO] [stdout]   52:     0x62ada6b1b80a - std::panic::catch_unwind::h5ee8d7823b8ca744
[INFO] [stdout]                                at /rustc/6067b36314ab5eb2eb47cecc464545ba58e1ad24/library/std/src/panic.rs:358:14
[INFO] [stdout]   53:     0x62ada6b1b80a - std::thread::Builder::spawn_unchecked_::{{closure}}::h53c3a1894dce8407
[INFO] [stdout]                                at /rustc/6067b36314ab5eb2eb47cecc464545ba58e1ad24/library/std/src/thread/mod.rs:557:30
[INFO] [stdout]   54:     0x62ada6b1b80a - core::ops::function::FnOnce::call_once{{vtable.shim}}::h048ce291ad4f62bf
[INFO] [stdout]                                at /rustc/6067b36314ab5eb2eb47cecc464545ba58e1ad24/library/core/src/ops/function.rs:250:5
[INFO] [stdout]   55:     0x62ada73f2a2b - <alloc::boxed::Box<F,A> as core::ops::function::FnOnce<Args>>::call_once::ha52bedf99a3b4981
[INFO] [stdout]                                at /rustc/6067b36314ab5eb2eb47cecc464545ba58e1ad24/library/alloc/src/boxed.rs:2013:9
[INFO] [stdout]   56:     0x62ada73f2a2b - <alloc::boxed::Box<F,A> as core::ops::function::FnOnce<Args>>::call_once::h567748934d80ccf8
[INFO] [stdout]                                at /rustc/6067b36314ab5eb2eb47cecc464545ba58e1ad24/library/alloc/src/boxed.rs:2013:9
[INFO] [stdout]   57:     0x62ada73f2a2b - std::sys::pal::unix::thread::Thread::new::thread_start::h2d970728ae887adc
[INFO] [stdout]                                at /rustc/6067b36314ab5eb2eb47cecc464545ba58e1ad24/library/std/src/sys/pal/unix/thread.rs:106:17
[INFO] [stdout]   58:     0x743b881d5ac3 - <unknown>
[INFO] [stdout]   59:     0x743b88266a04 - clone
[INFO] [stdout]   60:                0x0 - <unknown>
[INFO] [stdout] 
[INFO] [stdout] 
[INFO] [stdout] failures:
[INFO] [stdout]     tests_integration::fcmtoken::post_fcmtoken
[INFO] [stdout]     tests_integration::online::get_online
[INFO] [stdout] 
[INFO] [stdout] test result: FAILED. 2 passed; 2 failed; 0 ignored; 0 measured; 0 filtered out; finished in 0.13s
[INFO] [stdout] 
[INFO] [stderr] error: test failed, to rerun pass `--bin online`
[INFO] running `Command { std: "docker" "inspect" "bccdc9053d01089e4ac20ef0959941f6f7f937d0d862d850b32b031aaf8fa7f9", kill_on_drop: false }`
[INFO] running `Command { std: "docker" "rm" "-f" "bccdc9053d01089e4ac20ef0959941f6f7f937d0d862d850b32b031aaf8fa7f9", kill_on_drop: false }`
[INFO] [stdout] bccdc9053d01089e4ac20ef0959941f6f7f937d0d862d850b32b031aaf8fa7f9
