[INFO] cloning repository https://github.com/home-anthill/online-receiver
[INFO] running `Command { std: "git" "-c" "credential.helper=" "-c" "credential.helper=/workspace/cargo-home/bin/git-credential-null" "clone" "--bare" "https://github.com/home-anthill/online-receiver" "/workspace/cache/git-repos/https%3A%2F%2Fgithub.com%2Fhome-anthill%2Fonline-receiver", kill_on_drop: false }`
[INFO] [stderr] Cloning into bare repository '/workspace/cache/git-repos/https%3A%2F%2Fgithub.com%2Fhome-anthill%2Fonline-receiver'...
[INFO] running `Command { std: "git" "rev-parse" "HEAD", kill_on_drop: false }`
[INFO] [stdout] 38ffdcb69c75b5a48577e7e8aa3c5e4285d457f9
[INFO] testing home-anthill/online-receiver against nightly-2025-01-18 for randomize-layout-2
[INFO] running `Command { std: "git" "clone" "/workspace/cache/git-repos/https%3A%2F%2Fgithub.com%2Fhome-anthill%2Fonline-receiver" "/workspace/builds/worker-5-tc1/source", kill_on_drop: false }`
[INFO] [stderr] Cloning into '/workspace/builds/worker-5-tc1/source'...
[INFO] [stderr] done.
[INFO] validating manifest of git repo https://github.com/home-anthill/online-receiver on toolchain nightly-2025-01-18
[INFO] running `Command { std: CARGO_HOME="/workspace/cargo-home" RUSTUP_HOME="/workspace/rustup-home" "/workspace/cargo-home/bin/cargo" "+nightly-2025-01-18" "metadata" "--manifest-path" "Cargo.toml" "--no-deps", kill_on_drop: false }`
[INFO] started tweaking git repo https://github.com/home-anthill/online-receiver
[INFO] finished tweaking git repo https://github.com/home-anthill/online-receiver
[INFO] tweaked toml for git repo https://github.com/home-anthill/online-receiver written to /workspace/builds/worker-5-tc1/source/Cargo.toml
[INFO] crate git repo https://github.com/home-anthill/online-receiver already has a lockfile, it will not be regenerated
[INFO] running `Command { std: CARGO_HOME="/workspace/cargo-home" RUSTUP_HOME="/workspace/rustup-home" "/workspace/cargo-home/bin/cargo" "+nightly-2025-01-18" "fetch" "--manifest-path" "Cargo.toml", kill_on_drop: false }`
[INFO] [stderr]  Downloading crates ...
[INFO] [stderr]   Downloaded backon v1.3.0
[INFO] [stderr]   Downloaded paho-mqtt v0.12.5
[INFO] running `Command { std: "docker" "create" "-v" "/var/lib/crater-agent-workspace/builds/worker-5-tc1/target:/opt/rustwide/target:rw,Z" "-v" "/var/lib/crater-agent-workspace/builds/worker-5-tc1/source:/opt/rustwide/workdir:ro,Z" "-v" "/var/lib/crater-agent-workspace/cargo-home:/opt/rustwide/cargo-home:ro,Z" "-v" "/var/lib/crater-agent-workspace/rustup-home:/opt/rustwide/rustup-home:ro,Z" "-e" "SOURCE_DIR=/opt/rustwide/workdir" "-e" "CARGO_TARGET_DIR=/opt/rustwide/target" "-e" "CARGO_HOME=/opt/rustwide/cargo-home" "-e" "RUSTUP_HOME=/opt/rustwide/rustup-home" "-w" "/opt/rustwide/workdir" "-m" "1610612736" "--user" "0:0" "--network" "none" "ghcr.io/rust-lang/crates-build-env/linux@sha256:819108c5571ea2e421544af4d832f968d213c87fbe3707a016657f43d2f853bc" "/opt/rustwide/cargo-home/bin/cargo" "+nightly-2025-01-18" "metadata" "--no-deps" "--format-version=1", kill_on_drop: false }`
[INFO] [stdout] 331c2e73a22cd7f4a6055b41126cd3145b5c8d69d5158cbf5a07fb8e906c09c2
[INFO] running `Command { std: "docker" "start" "-a" "331c2e73a22cd7f4a6055b41126cd3145b5c8d69d5158cbf5a07fb8e906c09c2", kill_on_drop: false }`
[INFO] running `Command { std: "docker" "inspect" "331c2e73a22cd7f4a6055b41126cd3145b5c8d69d5158cbf5a07fb8e906c09c2", kill_on_drop: false }`
[INFO] running `Command { std: "docker" "rm" "-f" "331c2e73a22cd7f4a6055b41126cd3145b5c8d69d5158cbf5a07fb8e906c09c2", kill_on_drop: false }`
[INFO] [stdout] 331c2e73a22cd7f4a6055b41126cd3145b5c8d69d5158cbf5a07fb8e906c09c2
[INFO] running `Command { std: "docker" "create" "-v" "/var/lib/crater-agent-workspace/builds/worker-5-tc1/target:/opt/rustwide/target:rw,Z" "-v" "/var/lib/crater-agent-workspace/builds/worker-5-tc1/source:/opt/rustwide/workdir:ro,Z" "-v" "/var/lib/crater-agent-workspace/cargo-home:/opt/rustwide/cargo-home:ro,Z" "-v" "/var/lib/crater-agent-workspace/rustup-home:/opt/rustwide/rustup-home:ro,Z" "-e" "SOURCE_DIR=/opt/rustwide/workdir" "-e" "CARGO_TARGET_DIR=/opt/rustwide/target" "-e" "CARGO_INCREMENTAL=0" "-e" "RUST_BACKTRACE=full" "-e" "RUSTFLAGS=--cap-lints=forbid" "-e" "RUSTDOCFLAGS=--cap-lints=forbid" "-e" "CARGO_HOME=/opt/rustwide/cargo-home" "-e" "RUSTUP_HOME=/opt/rustwide/rustup-home" "-w" "/opt/rustwide/workdir" "-m" "1610612736" "--user" "0:0" "--network" "none" "ghcr.io/rust-lang/crates-build-env/linux@sha256:819108c5571ea2e421544af4d832f968d213c87fbe3707a016657f43d2f853bc" "/opt/rustwide/cargo-home/bin/cargo" "+nightly-2025-01-18" "build" "--frozen" "--message-format=json", kill_on_drop: false }`
[INFO] [stdout] c48ec697d885e356b9f26c16638712e96988d290661d556517e89db1f470c8f0
[INFO] running `Command { std: "docker" "start" "-a" "c48ec697d885e356b9f26c16638712e96988d290661d556517e89db1f470c8f0", kill_on_drop: false }`
[INFO] [stderr]    Compiling libc v0.2.169
[INFO] [stderr]    Compiling smallvec v1.13.2
[INFO] [stderr]    Compiling serde v1.0.217
[INFO] [stderr]    Compiling parking_lot_core v0.9.10
[INFO] [stderr]    Compiling futures-core v0.3.31
[INFO] [stderr]    Compiling pin-project-lite v0.2.16
[INFO] [stderr]    Compiling memchr v2.7.4
[INFO] [stderr]    Compiling lock_api v0.4.12
[INFO] [stderr]    Compiling cc v1.2.7
[INFO] [stderr]    Compiling futures-sink v0.3.31
[INFO] [stderr]    Compiling slab v0.4.9
[INFO] [stderr]    Compiling byteorder v1.5.0
[INFO] [stderr]    Compiling quote v1.0.38
[INFO] [stderr]    Compiling num-traits v0.2.19
[INFO] [stderr]    Compiling crossbeam-utils v0.8.21
[INFO] [stderr]    Compiling futures-io v0.3.31
[INFO] [stderr]    Compiling futures-channel v0.3.31
[INFO] [stderr]    Compiling futures-task v0.3.31
[INFO] [stderr]    Compiling pin-utils v0.1.0
[INFO] [stderr]    Compiling syn v1.0.109
[INFO] [stderr]    Compiling ahash v0.8.11
[INFO] [stderr]    Compiling serde_json v1.0.135
[INFO] [stderr]    Compiling anyhow v1.0.95
[INFO] [stderr]    Compiling hashbrown v0.15.2
[INFO] [stderr]    Compiling destructure_traitobject v0.2.0
[INFO] [stderr]    Compiling syn v2.0.95
[INFO] [stderr]    Compiling unsafe-any-ors v1.0.0
[INFO] [stderr]    Compiling thiserror v2.0.9
[INFO] [stderr]    Compiling either v1.13.0
[INFO] [stderr]    Compiling arc-swap v1.7.1
[INFO] [stderr]    Compiling iana-time-zone v0.1.61
[INFO] [stderr]    Compiling unsafe-libyaml v0.2.11
[INFO] [stderr]    Compiling fastrand v2.3.0
[INFO] [stderr]    Compiling event-listener v2.5.3
[INFO] [stderr]    Compiling itertools v0.13.0
[INFO] [stderr]    Compiling cmake v0.1.52
[INFO] [stderr]    Compiling concurrent-queue v2.5.0
[INFO] [stderr]    Compiling backon v1.3.0
[INFO] [stderr]    Compiling crossbeam-channel v0.5.14
[INFO] [stderr]    Compiling typemap-ors v1.0.0
[INFO] [stderr]    Compiling ordered-float v2.10.1
[INFO] [stderr]    Compiling num-integer v0.1.46
[INFO] [stderr]    Compiling indexmap v2.7.0
[INFO] [stderr]    Compiling chrono v0.4.39
[INFO] [stderr]    Compiling sha1_smol v1.0.1
[INFO] [stderr]    Compiling futures-timer v3.0.3
[INFO] [stderr]    Compiling async-channel v1.9.0
[INFO] [stderr]    Compiling getrandom v0.2.15
[INFO] [stderr]    Compiling socket2 v0.5.8
[INFO] [stderr]    Compiling parking_lot v0.12.3
[INFO] [stderr]    Compiling signal-hook-registry v1.4.2
[INFO] [stderr]    Compiling mio v1.0.3
[INFO] [stderr]    Compiling rand_core v0.6.4
[INFO] [stderr]    Compiling num-bigint v0.4.6
[INFO] [stderr]    Compiling thread-id v4.2.2
[INFO] [stderr]    Compiling fnv v1.0.7
[INFO] [stderr]    Compiling log-mdc v0.1.0
[INFO] [stderr]    Compiling humantime v2.1.0
[INFO] [stderr]    Compiling openssl-sys v0.9.104
[INFO] [stderr]    Compiling paho-mqtt-sys v0.9.0
[INFO] [stderr]    Compiling scheduled-thread-pool v0.2.7
[INFO] [stderr]    Compiling dotenvy v0.15.7
[INFO] [stderr]    Compiling derivative v2.2.0
[INFO] [stderr]    Compiling synstructure v0.13.1
[INFO] [stderr]    Compiling zerofrom-derive v0.1.5
[INFO] [stderr]    Compiling yoke-derive v0.7.5
[INFO] [stderr]    Compiling zerovec-derive v0.10.3
[INFO] [stderr]    Compiling displaydoc v0.2.5
[INFO] [stderr]    Compiling serde_derive v1.0.217
[INFO] [stderr]    Compiling icu_provider_macros v1.5.0
[INFO] [stderr]    Compiling zerocopy-derive v0.7.35
[INFO] [stderr]    Compiling futures-macro v0.3.31
[INFO] [stderr]    Compiling tokio-macros v2.5.0
[INFO] [stderr]    Compiling thiserror-impl v1.0.69
[INFO] [stderr]    Compiling thiserror-impl v2.0.9
[INFO] [stderr]    Compiling async-trait v0.1.85
[INFO] [stderr]    Compiling tokio v1.43.0
[INFO] [stderr]    Compiling zerocopy v0.7.35
[INFO] [stderr]    Compiling futures-util v0.3.31
[INFO] [stderr]    Compiling zerofrom v0.1.5
[INFO] [stderr]    Compiling yoke v0.7.5
[INFO] [stderr]    Compiling thiserror v1.0.69
[INFO] [stderr]    Compiling zerovec v0.10.4
[INFO] [stderr]    Compiling ppv-lite86 v0.2.20
[INFO] [stderr]    Compiling rand_chacha v0.3.1
[INFO] [stderr]    Compiling rand v0.8.5
[INFO] [stderr]    Compiling tinystr v0.7.6
[INFO] [stderr]    Compiling icu_collections v1.5.0
[INFO] [stderr]    Compiling icu_locid v1.5.0
[INFO] [stderr]    Compiling icu_provider v1.5.0
[INFO] [stderr]    Compiling icu_locid_transform v1.5.0
[INFO] [stderr]    Compiling futures-executor v0.3.31
[INFO] [stderr]    Compiling futures v0.3.31
[INFO] [stderr]    Compiling icu_properties v1.5.1
[INFO] [stderr]    Compiling log v0.4.22
[INFO] [stderr]    Compiling serde-value v0.7.0
[INFO] [stderr]    Compiling serde_yaml v0.9.34+deprecated
[INFO] [stderr]    Compiling envy v0.4.2
[INFO] [stderr]    Compiling tokio-util v0.7.13
[INFO] [stderr]    Compiling r2d2 v0.8.10
[INFO] [stderr]    Compiling paho-mqtt v0.12.5
[INFO] [stderr]    Compiling icu_normalizer v1.5.0
[INFO] [stderr]    Compiling combine v4.6.7
[INFO] [stderr]    Compiling idna_adapter v1.2.0
[INFO] [stderr]    Compiling idna v1.0.3
[INFO] [stderr]    Compiling url v2.5.4
[INFO] [stderr]    Compiling log4rs v1.3.0
[INFO] [stderr]    Compiling redis v0.27.6
[INFO] [stderr]    Compiling ks89-online-receiver v1.0.0 (/opt/rustwide/workdir)
[INFO] [stderr]     Finished `dev` profile [unoptimized + debuginfo] target(s) in 49.90s
[INFO] running `Command { std: "docker" "inspect" "c48ec697d885e356b9f26c16638712e96988d290661d556517e89db1f470c8f0", kill_on_drop: false }`
[INFO] running `Command { std: "docker" "rm" "-f" "c48ec697d885e356b9f26c16638712e96988d290661d556517e89db1f470c8f0", kill_on_drop: false }`
[INFO] [stdout] c48ec697d885e356b9f26c16638712e96988d290661d556517e89db1f470c8f0
[INFO] running `Command { std: "docker" "create" "-v" "/var/lib/crater-agent-workspace/builds/worker-5-tc1/target:/opt/rustwide/target:rw,Z" "-v" "/var/lib/crater-agent-workspace/builds/worker-5-tc1/source:/opt/rustwide/workdir:ro,Z" "-v" "/var/lib/crater-agent-workspace/cargo-home:/opt/rustwide/cargo-home:ro,Z" "-v" "/var/lib/crater-agent-workspace/rustup-home:/opt/rustwide/rustup-home:ro,Z" "-e" "SOURCE_DIR=/opt/rustwide/workdir" "-e" "CARGO_TARGET_DIR=/opt/rustwide/target" "-e" "CARGO_INCREMENTAL=0" "-e" "RUST_BACKTRACE=full" "-e" "RUSTFLAGS=--cap-lints=forbid" "-e" "RUSTDOCFLAGS=--cap-lints=forbid" "-e" "CARGO_HOME=/opt/rustwide/cargo-home" "-e" "RUSTUP_HOME=/opt/rustwide/rustup-home" "-w" "/opt/rustwide/workdir" "-m" "1610612736" "--user" "0:0" "--network" "none" "ghcr.io/rust-lang/crates-build-env/linux@sha256:819108c5571ea2e421544af4d832f968d213c87fbe3707a016657f43d2f853bc" "/opt/rustwide/cargo-home/bin/cargo" "+nightly-2025-01-18" "test" "--frozen" "--no-run" "--message-format=json", kill_on_drop: false }`
[INFO] [stdout] f06aa0489e77f284191c77855ef00d4bb53edc6761b95813205df7357417b4a4
[INFO] running `Command { std: "docker" "start" "-a" "f06aa0489e77f284191c77855ef00d4bb53edc6761b95813205df7357417b4a4", kill_on_drop: false }`
[INFO] [stderr]    Compiling serde_json v1.0.135
[INFO] [stderr]    Compiling diff v0.1.13
[INFO] [stderr]    Compiling yansi v1.0.1
[INFO] [stderr]    Compiling pretty_assertions v1.4.1
[INFO] [stderr]    Compiling log4rs v1.3.0
[INFO] [stderr]    Compiling ks89-online-receiver v1.0.0 (/opt/rustwide/workdir)
[INFO] [stderr]     Finished `test` profile [unoptimized + debuginfo] target(s) in 5.82s
[INFO] running `Command { std: "docker" "inspect" "f06aa0489e77f284191c77855ef00d4bb53edc6761b95813205df7357417b4a4", kill_on_drop: false }`
[INFO] running `Command { std: "docker" "rm" "-f" "f06aa0489e77f284191c77855ef00d4bb53edc6761b95813205df7357417b4a4", kill_on_drop: false }`
[INFO] [stdout] f06aa0489e77f284191c77855ef00d4bb53edc6761b95813205df7357417b4a4
[INFO] running `Command { std: "docker" "create" "-v" "/var/lib/crater-agent-workspace/builds/worker-5-tc1/target:/opt/rustwide/target:rw,Z" "-v" "/var/lib/crater-agent-workspace/builds/worker-5-tc1/source:/opt/rustwide/workdir:ro,Z" "-v" "/var/lib/crater-agent-workspace/cargo-home:/opt/rustwide/cargo-home:ro,Z" "-v" "/var/lib/crater-agent-workspace/rustup-home:/opt/rustwide/rustup-home:ro,Z" "-e" "SOURCE_DIR=/opt/rustwide/workdir" "-e" "CARGO_TARGET_DIR=/opt/rustwide/target" "-e" "CARGO_INCREMENTAL=0" "-e" "RUST_BACKTRACE=full" "-e" "RUSTFLAGS=--cap-lints=forbid" "-e" "RUSTDOCFLAGS=--cap-lints=forbid" "-e" "CARGO_HOME=/opt/rustwide/cargo-home" "-e" "RUSTUP_HOME=/opt/rustwide/rustup-home" "-w" "/opt/rustwide/workdir" "-m" "1610612736" "--user" "0:0" "--network" "none" "ghcr.io/rust-lang/crates-build-env/linux@sha256:819108c5571ea2e421544af4d832f968d213c87fbe3707a016657f43d2f853bc" "/opt/rustwide/cargo-home/bin/cargo" "+nightly-2025-01-18" "test" "--frozen", kill_on_drop: false }`
[INFO] [stdout] 53d494c44a73f8081c93955833f4fb46ede7d8a90ec8f726a3d954ffd307a0ed
[INFO] running `Command { std: "docker" "start" "-a" "53d494c44a73f8081c93955833f4fb46ede7d8a90ec8f726a3d954ffd307a0ed", kill_on_drop: false }`
[INFO] [stderr]     Finished `test` profile [unoptimized + debuginfo] target(s) in 0.11s
[INFO] [stderr]      Running unittests src/lib.rs (/opt/rustwide/target/debug/deps/online-31e87ce4154b671f)
[INFO] [stderr] log4rs: error deserializing appender app: Read-only file system (os error 30)
[INFO] [stdout] 
[INFO] [stderr] log4rs: Reference to nonexistent appender: `app`
[INFO] [stdout] running 1 test
[INFO] [stdout] 2025-01-20T13:50:21.788223523+00:00 INFO app - Starting application...
[INFO] [stdout] test mqtt::tests::ok_get_bytes_from_payload ... FAILED
[INFO] [stdout] 
[INFO] [stdout] failures:
[INFO] [stdout] 
[INFO] [stdout] ---- mqtt::tests::ok_get_bytes_from_payload stdout ----
[INFO] [stdout] 
[INFO] [stdout] thread 'mqtt::tests::ok_get_bytes_from_payload' panicked at src/config/mod.rs:26:44:
[INFO] [stdout] called `Option::unwrap()` on a `None` value
[INFO] [stdout] stack backtrace:
[INFO] [stdout]    0:     0x56f0d409214a - std::backtrace_rs::backtrace::libunwind::trace::hb059275cfc8d6126
[INFO] [stdout]                                at /rustc/6067b36314ab5eb2eb47cecc464545ba58e1ad24/library/std/src/../../backtrace/src/backtrace/libunwind.rs:116:5
[INFO] [stdout]    1:     0x56f0d409214a - std::backtrace_rs::backtrace::trace_unsynchronized::h2da071e4327ce3ee
[INFO] [stdout]                                at /rustc/6067b36314ab5eb2eb47cecc464545ba58e1ad24/library/std/src/../../backtrace/src/backtrace/mod.rs:66:5
[INFO] [stdout]    2:     0x56f0d409214a - std::sys::backtrace::_print_fmt::h842a1474e6f8d23f
[INFO] [stdout]                                at /rustc/6067b36314ab5eb2eb47cecc464545ba58e1ad24/library/std/src/sys/backtrace.rs:66:9
[INFO] [stdout]    3:     0x56f0d409214a - <std::sys::backtrace::BacktraceLock::print::DisplayBacktrace as core::fmt::Display>::fmt::h71a62eb3b9696b12
[INFO] [stdout]                                at /rustc/6067b36314ab5eb2eb47cecc464545ba58e1ad24/library/std/src/sys/backtrace.rs:39:26
[INFO] [stdout]    4:     0x56f0d40bdb83 - core::fmt::rt::Argument::fmt::hdb6b616786b41dc1
[INFO] [stdout]                                at /rustc/6067b36314ab5eb2eb47cecc464545ba58e1ad24/library/core/src/fmt/rt.rs:177:76
[INFO] [stdout]    5:     0x56f0d40bdb83 - core::fmt::write::h2cc1698af7e2d686
[INFO] [stdout]                                at /rustc/6067b36314ab5eb2eb47cecc464545ba58e1ad24/library/core/src/fmt/mod.rs:1440:21
[INFO] [stdout]    6:     0x56f0d408e603 - std::io::Write::write_fmt::hab1b4cd059a79022
[INFO] [stdout]                                at /rustc/6067b36314ab5eb2eb47cecc464545ba58e1ad24/library/std/src/io/mod.rs:1887:15
[INFO] [stdout]    7:     0x56f0d4091f92 - std::sys::backtrace::BacktraceLock::print::h147fe35b4ea13b08
[INFO] [stdout]                                at /rustc/6067b36314ab5eb2eb47cecc464545ba58e1ad24/library/std/src/sys/backtrace.rs:42:9
[INFO] [stdout]    8:     0x56f0d409356f - std::panicking::default_hook::{{closure}}::hbd44223dbdc0d208
[INFO] [stdout]                                at /rustc/6067b36314ab5eb2eb47cecc464545ba58e1ad24/library/std/src/panicking.rs:298:22
[INFO] [stdout]    9:     0x56f0d4093388 - std::panicking::default_hook::h20f81eb0576efcec
[INFO] [stdout]                                at /rustc/6067b36314ab5eb2eb47cecc464545ba58e1ad24/library/std/src/panicking.rs:322:9
[INFO] [stdout]   10:     0x56f0d3fd0303 - <alloc::boxed::Box<F,A> as core::ops::function::Fn<Args>>::call::hdb53814c496a4d34
[INFO] [stdout]                                at /rustc/6067b36314ab5eb2eb47cecc464545ba58e1ad24/library/alloc/src/boxed.rs:2027:9
[INFO] [stdout]   11:     0x56f0d3fd0303 - test::test_main::{{closure}}::hc0a4963c59427c24
[INFO] [stdout]                                at /rustc/6067b36314ab5eb2eb47cecc464545ba58e1ad24/library/test/src/lib.rs:134:21
[INFO] [stdout]   12:     0x56f0d4094063 - <alloc::boxed::Box<F,A> as core::ops::function::Fn<Args>>::call::h591b2225413a77e9
[INFO] [stdout]                                at /rustc/6067b36314ab5eb2eb47cecc464545ba58e1ad24/library/alloc/src/boxed.rs:2027:9
[INFO] [stdout]   13:     0x56f0d4094063 - std::panicking::rust_panic_with_hook::h625eea43051b2edc
[INFO] [stdout]                                at /rustc/6067b36314ab5eb2eb47cecc464545ba58e1ad24/library/std/src/panicking.rs:839:13
[INFO] [stdout]   14:     0x56f0d4093ce6 - std::panicking::begin_panic_handler::{{closure}}::h4f9159cfbc3f6bd3
[INFO] [stdout]                                at /rustc/6067b36314ab5eb2eb47cecc464545ba58e1ad24/library/std/src/panicking.rs:697:13
[INFO] [stdout]   15:     0x56f0d4092649 - std::sys::backtrace::__rust_end_short_backtrace::h0390abce48353151
[INFO] [stdout]                                at /rustc/6067b36314ab5eb2eb47cecc464545ba58e1ad24/library/std/src/sys/backtrace.rs:168:18
[INFO] [stdout]   16:     0x56f0d40939ad - rust_begin_unwind
[INFO] [stdout]                                at /rustc/6067b36314ab5eb2eb47cecc464545ba58e1ad24/library/std/src/panicking.rs:695:5
[INFO] [stdout]   17:     0x56f0d40bbbc0 - core::panicking::panic_fmt::h9e7c637e9e5f29c9
[INFO] [stdout]                                at /rustc/6067b36314ab5eb2eb47cecc464545ba58e1ad24/library/core/src/panicking.rs:75:14
[INFO] [stdout]   18:     0x56f0d40bbc4c - core::panicking::panic::haa3255ea20181a33
[INFO] [stdout]                                at /rustc/6067b36314ab5eb2eb47cecc464545ba58e1ad24/library/core/src/panicking.rs:145:5
[INFO] [stdout]   19:     0x56f0d40bbb39 - core::option::unwrap_failed::h5e50c20db1c9e8f1
[INFO] [stdout]                                at /rustc/6067b36314ab5eb2eb47cecc464545ba58e1ad24/library/core/src/option.rs:2015:5
[INFO] [stdout]   20:     0x56f0d3d9d573 - core::option::Option<T>::unwrap::h7ffcb35bb3da3ca7
[INFO] [stdout]                                at /rustc/6067b36314ab5eb2eb47cecc464545ba58e1ad24/library/core/src/option.rs:978:21
[INFO] [stdout]   21:     0x56f0d3d9d573 - online::config::init::hd0dd41b9be7e3dfa
[INFO] [stdout]                                at /opt/rustwide/workdir/src/config/mod.rs:26:15
[INFO] [stdout]   22:     0x56f0d3db2a91 - online::mqtt::tests::ok_get_bytes_from_payload::he3c2317f4c5ca39f
[INFO] [stdout]                                at /opt/rustwide/workdir/src/mqtt/mod.rs:63:17
[INFO] [stdout]   23:     0x56f0d3db2a57 - online::mqtt::tests::ok_get_bytes_from_payload::{{closure}}::h474f148cf91807a7
[INFO] [stdout]                                at /opt/rustwide/workdir/src/mqtt/mod.rs:61:35
[INFO] [stdout]   24:     0x56f0d3da2df6 - core::ops::function::FnOnce::call_once::he7af0ba62705d5b4
[INFO] [stdout]                                at /rustc/6067b36314ab5eb2eb47cecc464545ba58e1ad24/library/core/src/ops/function.rs:250:5
[INFO] [stdout]   25:     0x56f0d3fd5a5b - core::ops::function::FnOnce::call_once::he27718dfdd183f43
[INFO] [stdout]                                at /rustc/6067b36314ab5eb2eb47cecc464545ba58e1ad24/library/core/src/ops/function.rs:250:5
[INFO] [stdout]   26:     0x56f0d3fd5a5b - test::__rust_begin_short_backtrace::h4e84902998457a5d
[INFO] [stdout]                                at /rustc/6067b36314ab5eb2eb47cecc464545ba58e1ad24/library/test/src/lib.rs:632:18
[INFO] [stdout]   27:     0x56f0d3fd4993 - test::run_test_in_process::{{closure}}::h7176fd18fc1feca0
[INFO] [stdout]                                at /rustc/6067b36314ab5eb2eb47cecc464545ba58e1ad24/library/test/src/lib.rs:655:60
[INFO] [stdout]   28:     0x56f0d3fd4993 - <core::panic::unwind_safe::AssertUnwindSafe<F> as core::ops::function::FnOnce<()>>::call_once::hf79cff2a624d8cf7
[INFO] [stdout]                                at /rustc/6067b36314ab5eb2eb47cecc464545ba58e1ad24/library/core/src/panic/unwind_safe.rs:272:9
[INFO] [stdout]   29:     0x56f0d3fd4993 - std::panicking::try::do_call::h3da0561d9ab99c25
[INFO] [stdout]                                at /rustc/6067b36314ab5eb2eb47cecc464545ba58e1ad24/library/std/src/panicking.rs:587:40
[INFO] [stdout]   30:     0x56f0d3fd4993 - std::panicking::try::h41c9fa508bc61df6
[INFO] [stdout]                                at /rustc/6067b36314ab5eb2eb47cecc464545ba58e1ad24/library/std/src/panicking.rs:550:19
[INFO] [stdout]   31:     0x56f0d3fd4993 - std::panic::catch_unwind::h6b3ff07bb5afad93
[INFO] [stdout]                                at /rustc/6067b36314ab5eb2eb47cecc464545ba58e1ad24/library/std/src/panic.rs:358:14
[INFO] [stdout]   32:     0x56f0d3fd4993 - test::run_test_in_process::hc7253dd11b39b9f4
[INFO] [stdout]                                at /rustc/6067b36314ab5eb2eb47cecc464545ba58e1ad24/library/test/src/lib.rs:655:27
[INFO] [stdout]   33:     0x56f0d3fd4993 - test::run_test::{{closure}}::hfb2007f8649c30bb
[INFO] [stdout]                                at /rustc/6067b36314ab5eb2eb47cecc464545ba58e1ad24/library/test/src/lib.rs:576:43
[INFO] [stdout]   34:     0x56f0d3f97a75 - test::run_test::{{closure}}::h56a17aa7a282a9f4
[INFO] [stdout]                                at /rustc/6067b36314ab5eb2eb47cecc464545ba58e1ad24/library/test/src/lib.rs:606:41
[INFO] [stdout]   35:     0x56f0d3f97a75 - std::sys::backtrace::__rust_begin_short_backtrace::hd2d2d2fb8e8c6aac
[INFO] [stdout]                                at /rustc/6067b36314ab5eb2eb47cecc464545ba58e1ad24/library/std/src/sys/backtrace.rs:152:18
[INFO] [stdout]   36:     0x56f0d3f9b35a - std::thread::Builder::spawn_unchecked_::{{closure}}::{{closure}}::h4faa3f9db6133423
[INFO] [stdout]                                at /rustc/6067b36314ab5eb2eb47cecc464545ba58e1ad24/library/std/src/thread/mod.rs:559:17
[INFO] [stdout]   37:     0x56f0d3f9b35a - <core::panic::unwind_safe::AssertUnwindSafe<F> as core::ops::function::FnOnce<()>>::call_once::hf2e855a36a4ea846
[INFO] [stdout]                                at /rustc/6067b36314ab5eb2eb47cecc464545ba58e1ad24/library/core/src/panic/unwind_safe.rs:272:9
[INFO] [stdout]   38:     0x56f0d3f9b35a - std::panicking::try::do_call::h2f73af3616c35465
[INFO] [stdout]                                at /rustc/6067b36314ab5eb2eb47cecc464545ba58e1ad24/library/std/src/panicking.rs:587:40
[INFO] [stdout]   39:     0x56f0d3f9b35a - std::panicking::try::hd1660ce9efadef5a
[INFO] [stdout]                                at /rustc/6067b36314ab5eb2eb47cecc464545ba58e1ad24/library/std/src/panicking.rs:550:19
[INFO] [stdout]   40:     0x56f0d3f9b35a - std::panic::catch_unwind::h5ee8d7823b8ca744
[INFO] [stdout]                                at /rustc/6067b36314ab5eb2eb47cecc464545ba58e1ad24/library/std/src/panic.rs:358:14
[INFO] [stdout]   41:     0x56f0d3f9b35a - std::thread::Builder::spawn_unchecked_::{{closure}}::h53c3a1894dce8407
[INFO] [stdout]                                at /rustc/6067b36314ab5eb2eb47cecc464545ba58e1ad24/library/std/src/thread/mod.rs:557:30
[INFO] [stdout]   42:     0x56f0d3f9b35a - core::ops::function::FnOnce::call_once{{vtable.shim}}::h048ce291ad4f62bf
[INFO] [stdout]                                at /rustc/6067b36314ab5eb2eb47cecc464545ba58e1ad24/library/core/src/ops/function.rs:250:5
[INFO] [stdout]   43:     0x56f0d409938b - <alloc::boxed::Box<F,A> as core::ops::function::FnOnce<Args>>::call_once::ha52bedf99a3b4981
[INFO] [stdout]                                at /rustc/6067b36314ab5eb2eb47cecc464545ba58e1ad24/library/alloc/src/boxed.rs:2013:9
[INFO] [stdout]   44:     0x56f0d409938b - <alloc::boxed::Box<F,A> as core::ops::function::FnOnce<Args>>::call_once::h567748934d80ccf8
[INFO] [stdout]                                at /rustc/6067b36314ab5eb2eb47cecc464545ba58e1ad24/library/alloc/src/boxed.rs:2013:9
[INFO] [stdout]   45:     0x56f0d409938b - std::sys::pal::unix::thread::Thread::new::thread_start::h2d970728ae887adc
[INFO] [stdout]                                at /rustc/6067b36314ab5eb2eb47cecc464545ba58e1ad24/library/std/src/sys/pal/unix/thread.rs:106:17
[INFO] [stdout]   46:     0x7d8333dd1ac3 - <unknown>
[INFO] [stdout]   47:     0x7d8333e62a04 - clone
[INFO] [stdout]   48:                0x0 - <unknown>
[INFO] [stdout] 
[INFO] [stdout] 
[INFO] [stdout] failures:
[INFO] [stdout]     mqtt::tests::ok_get_bytes_from_payload
[INFO] [stdout] 
[INFO] [stdout] test result: FAILED. 0 passed; 1 failed; 0 ignored; 0 measured; 0 filtered out; finished in 0.09s
[INFO] [stdout] 
[INFO] [stderr] error: test failed, to rerun pass `--lib`
[INFO] running `Command { std: "docker" "inspect" "53d494c44a73f8081c93955833f4fb46ede7d8a90ec8f726a3d954ffd307a0ed", kill_on_drop: false }`
[INFO] running `Command { std: "docker" "rm" "-f" "53d494c44a73f8081c93955833f4fb46ede7d8a90ec8f726a3d954ffd307a0ed", kill_on_drop: false }`
[INFO] [stdout] 53d494c44a73f8081c93955833f4fb46ede7d8a90ec8f726a3d954ffd307a0ed
