[INFO] cloning repository https://github.com/holi-java/socks5
[INFO] running `Command { std: "git" "-c" "credential.helper=" "-c" "credential.helper=/workspace/cargo-home/bin/git-credential-null" "clone" "--bare" "https://github.com/holi-java/socks5" "/workspace/cache/git-repos/https%3A%2F%2Fgithub.com%2Fholi-java%2Fsocks5", kill_on_drop: false }`
[INFO] [stderr] Cloning into bare repository '/workspace/cache/git-repos/https%3A%2F%2Fgithub.com%2Fholi-java%2Fsocks5'...
[INFO] running `Command { std: "git" "rev-parse" "HEAD", kill_on_drop: false }`
[INFO] [stdout] 10ee38fdab12f0ceb286204749b5d3f175ed545c
[INFO] testing holi-java/socks5 against nightly-2025-01-18 for randomize-layout-2
[INFO] running `Command { std: "git" "clone" "/workspace/cache/git-repos/https%3A%2F%2Fgithub.com%2Fholi-java%2Fsocks5" "/workspace/builds/worker-6-tc1/source", kill_on_drop: false }`
[INFO] [stderr] Cloning into '/workspace/builds/worker-6-tc1/source'...
[INFO] [stderr] done.
[INFO] validating manifest of git repo https://github.com/holi-java/socks5 on toolchain nightly-2025-01-18
[INFO] running `Command { std: CARGO_HOME="/workspace/cargo-home" RUSTUP_HOME="/workspace/rustup-home" "/workspace/cargo-home/bin/cargo" "+nightly-2025-01-18" "metadata" "--manifest-path" "Cargo.toml" "--no-deps", kill_on_drop: false }`
[INFO] removed /workspace/builds/worker-6-tc1/source/.cargo/config.toml
[INFO] started tweaking git repo https://github.com/holi-java/socks5
[INFO] finished tweaking git repo https://github.com/holi-java/socks5
[INFO] tweaked toml for git repo https://github.com/holi-java/socks5 written to /workspace/builds/worker-6-tc1/source/Cargo.toml
[INFO] crate git repo https://github.com/holi-java/socks5 already has a lockfile, it will not be regenerated
[INFO] running `Command { std: CARGO_HOME="/workspace/cargo-home" RUSTUP_HOME="/workspace/rustup-home" "/workspace/cargo-home/bin/cargo" "+nightly-2025-01-18" "fetch" "--manifest-path" "Cargo.toml", kill_on_drop: false }`
[INFO] [stderr]     Blocking waiting for file lock on package cache
[INFO] [stderr]     Updating crates.io index
[INFO] [stderr]     Blocking waiting for file lock on package cache
[INFO] [stderr]  Downloading crates ...
[INFO] [stderr]   Downloaded thiserror-impl v1.0.49
[INFO] [stderr]   Downloaded thiserror v1.0.49
[INFO] [stderr]   Downloaded async-trait v0.1.73
[INFO] [stderr]   Downloaded proc-macro2 v1.0.67
[INFO] [stderr]   Downloaded trust-dns-resolver v0.23.0
[INFO] [stderr]   Downloaded concat-idents v1.1.5
[INFO] [stderr]   Downloaded syn v2.0.37
[INFO] [stderr]   Downloaded trust-dns-proto v0.23.0
[INFO] [stderr]   Downloaded libc v0.2.148
[INFO] running `Command { std: "docker" "create" "-v" "/var/lib/crater-agent-workspace/builds/worker-6-tc1/target:/opt/rustwide/target:rw,Z" "-v" "/var/lib/crater-agent-workspace/builds/worker-6-tc1/source:/opt/rustwide/workdir:ro,Z" "-v" "/var/lib/crater-agent-workspace/cargo-home:/opt/rustwide/cargo-home:ro,Z" "-v" "/var/lib/crater-agent-workspace/rustup-home:/opt/rustwide/rustup-home:ro,Z" "-e" "SOURCE_DIR=/opt/rustwide/workdir" "-e" "CARGO_TARGET_DIR=/opt/rustwide/target" "-e" "CARGO_HOME=/opt/rustwide/cargo-home" "-e" "RUSTUP_HOME=/opt/rustwide/rustup-home" "-w" "/opt/rustwide/workdir" "-m" "1610612736" "--user" "0:0" "--network" "none" "ghcr.io/rust-lang/crates-build-env/linux@sha256:819108c5571ea2e421544af4d832f968d213c87fbe3707a016657f43d2f853bc" "/opt/rustwide/cargo-home/bin/cargo" "+nightly-2025-01-18" "metadata" "--no-deps" "--format-version=1", kill_on_drop: false }`
[INFO] [stdout] 711754804f95af35abad0ace19da96e053a876bbc9fc1981452ee647bfe6ff8f
[INFO] running `Command { std: "docker" "start" "-a" "711754804f95af35abad0ace19da96e053a876bbc9fc1981452ee647bfe6ff8f", kill_on_drop: false }`
[INFO] running `Command { std: "docker" "inspect" "711754804f95af35abad0ace19da96e053a876bbc9fc1981452ee647bfe6ff8f", kill_on_drop: false }`
[INFO] running `Command { std: "docker" "rm" "-f" "711754804f95af35abad0ace19da96e053a876bbc9fc1981452ee647bfe6ff8f", kill_on_drop: false }`
[INFO] [stdout] 711754804f95af35abad0ace19da96e053a876bbc9fc1981452ee647bfe6ff8f
[INFO] running `Command { std: "docker" "create" "-v" "/var/lib/crater-agent-workspace/builds/worker-6-tc1/target:/opt/rustwide/target:rw,Z" "-v" "/var/lib/crater-agent-workspace/builds/worker-6-tc1/source:/opt/rustwide/workdir:ro,Z" "-v" "/var/lib/crater-agent-workspace/cargo-home:/opt/rustwide/cargo-home:ro,Z" "-v" "/var/lib/crater-agent-workspace/rustup-home:/opt/rustwide/rustup-home:ro,Z" "-e" "SOURCE_DIR=/opt/rustwide/workdir" "-e" "CARGO_TARGET_DIR=/opt/rustwide/target" "-e" "CARGO_INCREMENTAL=0" "-e" "RUST_BACKTRACE=full" "-e" "RUSTFLAGS=--cap-lints=forbid" "-e" "RUSTDOCFLAGS=--cap-lints=forbid" "-e" "CARGO_HOME=/opt/rustwide/cargo-home" "-e" "RUSTUP_HOME=/opt/rustwide/rustup-home" "-w" "/opt/rustwide/workdir" "-m" "1610612736" "--user" "0:0" "--network" "none" "ghcr.io/rust-lang/crates-build-env/linux@sha256:819108c5571ea2e421544af4d832f968d213c87fbe3707a016657f43d2f853bc" "/opt/rustwide/cargo-home/bin/cargo" "+nightly-2025-01-18" "build" "--frozen" "--message-format=json", kill_on_drop: false }`
[INFO] [stdout] 05147bd895ffbd887ab54cbd6d91c1e2d515d25477c9fb9618049b31114e60f8
[INFO] running `Command { std: "docker" "start" "-a" "05147bd895ffbd887ab54cbd6d91c1e2d515d25477c9fb9618049b31114e60f8", kill_on_drop: false }`
[INFO] [stderr]    Compiling libc v0.2.148
[INFO] [stderr]    Compiling proc-macro2 v1.0.67
[INFO] [stderr]    Compiling futures-core v0.3.28
[INFO] [stderr]    Compiling futures-task v0.3.28
[INFO] [stderr]    Compiling async-trait v0.1.73
[INFO] [stderr]    Compiling parking_lot_core v0.9.8
[INFO] [stderr]    Compiling futures-util v0.3.28
[INFO] [stderr]    Compiling lock_api v0.4.10
[INFO] [stderr]    Compiling futures-channel v0.3.28
[INFO] [stderr]    Compiling thiserror v1.0.49
[INFO] [stderr]    Compiling tracing-core v0.1.31
[INFO] [stderr]    Compiling match_cfg v0.1.0
[INFO] [stderr]    Compiling futures-io v0.3.28
[INFO] [stderr]    Compiling data-encoding v2.4.0
[INFO] [stderr]    Compiling quick-error v1.2.3
[INFO] [stderr]    Compiling ipnet v2.8.0
[INFO] [stderr]    Compiling linked-hash-map v0.5.6
[INFO] [stderr]    Compiling lru-cache v0.1.2
[INFO] [stderr]    Compiling quote v1.0.33
[INFO] [stderr]    Compiling getrandom v0.2.10
[INFO] [stderr]    Compiling socket2 v0.5.4
[INFO] [stderr]    Compiling num_cpus v1.16.0
[INFO] [stderr]    Compiling mio v0.8.8
[INFO] [stderr]    Compiling hostname v0.3.1
[INFO] [stderr]    Compiling syn v2.0.37
[INFO] [stderr]    Compiling resolv-conf v0.7.0
[INFO] [stderr]    Compiling parking_lot v0.12.1
[INFO] [stderr]    Compiling rand_core v0.6.4
[INFO] [stderr]    Compiling rand_chacha v0.3.1
[INFO] [stderr]    Compiling rand v0.8.5
[INFO] [stderr]    Compiling tracing-attributes v0.1.26
[INFO] [stderr]    Compiling tokio-macros v2.1.0
[INFO] [stderr]    Compiling thiserror-impl v1.0.49
[INFO] [stderr]    Compiling enum-as-inner v0.6.0
[INFO] [stderr]    Compiling concat-idents v1.1.5
[INFO] [stderr]    Compiling tokio v1.32.0
[INFO] [stderr]    Compiling tracing v0.1.37
[INFO] [stderr]    Compiling trust-dns-proto v0.23.0
[INFO] [stderr]    Compiling trust-dns-resolver v0.23.0
[INFO] [stderr]    Compiling socks5 v0.1.0 (/opt/rustwide/workdir)
[INFO] [stdout] warning: field `0` is never read
[INFO] [stdout]   --> src/error.rs:18:16
[INFO] [stdout]    |
[INFO] [stdout] 18 |     BadVersion(u8),
[INFO] [stdout]    |     ---------- ^^
[INFO] [stdout]    |     |
[INFO] [stdout]    |     field in this variant
[INFO] [stdout]    |
[INFO] [stdout]    = note: `Error` has a derived impl for the trait `Debug`, but this is intentionally ignored during dead code analysis
[INFO] [stdout]    = note: `#[warn(dead_code)]` on by default
[INFO] [stdout] help: consider changing the field to be of unit type to suppress this warning while preserving the field numbering, or remove the field
[INFO] [stdout]    |
[INFO] [stdout] 18 |     BadVersion(()),
[INFO] [stdout]    |                ~~
[INFO] [stdout] 
[INFO] [stdout] 
[INFO] [stdout] warning: field `0` is never read
[INFO] [stdout]   --> src/error.rs:20:25
[INFO] [stdout]    |
[INFO] [stdout] 20 |     UnacceptableMethods(Vec<u8>),
[INFO] [stdout]    |     ------------------- ^^^^^^^
[INFO] [stdout]    |     |
[INFO] [stdout]    |     field in this variant
[INFO] [stdout]    |
[INFO] [stdout]    = note: `Error` has a derived impl for the trait `Debug`, but this is intentionally ignored during dead code analysis
[INFO] [stdout] help: consider changing the field to be of unit type to suppress this warning while preserving the field numbering, or remove the field
[INFO] [stdout]    |
[INFO] [stdout] 20 |     UnacceptableMethods(()),
[INFO] [stdout]    |                         ~~
[INFO] [stdout] 
[INFO] [stdout] 
[INFO] [stdout] warning: field `0` is never read
[INFO] [stdout]   --> src/error.rs:22:16
[INFO] [stdout]    |
[INFO] [stdout] 22 |     BadCommand(u8),
[INFO] [stdout]    |     ---------- ^^
[INFO] [stdout]    |     |
[INFO] [stdout]    |     field in this variant
[INFO] [stdout]    |
[INFO] [stdout]    = note: `Error` has a derived impl for the trait `Debug`, but this is intentionally ignored during dead code analysis
[INFO] [stdout] help: consider changing the field to be of unit type to suppress this warning while preserving the field numbering, or remove the field
[INFO] [stdout]    |
[INFO] [stdout] 22 |     BadCommand(()),
[INFO] [stdout]    |                ~~
[INFO] [stdout] 
[INFO] [stdout] 
[INFO] [stdout] warning: field `0` is never read
[INFO] [stdout]   --> src/error.rs:23:12
[INFO] [stdout]    |
[INFO] [stdout] 23 |     BadRSV(u8),
[INFO] [stdout]    |     ------ ^^
[INFO] [stdout]    |     |
[INFO] [stdout]    |     field in this variant
[INFO] [stdout]    |
[INFO] [stdout]    = note: `Error` has a derived impl for the trait `Debug`, but this is intentionally ignored during dead code analysis
[INFO] [stdout] help: consider changing the field to be of unit type to suppress this warning while preserving the field numbering, or remove the field
[INFO] [stdout]    |
[INFO] [stdout] 23 |     BadRSV(()),
[INFO] [stdout]    |            ~~
[INFO] [stdout] 
[INFO] [stdout] 
[INFO] [stdout] warning: field `0` is never read
[INFO] [stdout]   --> src/error.rs:24:18
[INFO] [stdout]    |
[INFO] [stdout] 24 |     InvalidAtype(u8),
[INFO] [stdout]    |     ------------ ^^
[INFO] [stdout]    |     |
[INFO] [stdout]    |     field in this variant
[INFO] [stdout]    |
[INFO] [stdout]    = note: `Error` has a derived impl for the trait `Debug`, but this is intentionally ignored during dead code analysis
[INFO] [stdout] help: consider changing the field to be of unit type to suppress this warning while preserving the field numbering, or remove the field
[INFO] [stdout]    |
[INFO] [stdout] 24 |     InvalidAtype(()),
[INFO] [stdout]    |                  ~~
[INFO] [stdout] 
[INFO] [stdout] 
[INFO] [stdout] warning: field `0` is never read
[INFO] [stdout]   --> src/error.rs:25:23
[INFO] [stdout]    |
[INFO] [stdout] 25 |     InvalidDomainName(Utf8Error),
[INFO] [stdout]    |     ----------------- ^^^^^^^^^
[INFO] [stdout]    |     |
[INFO] [stdout]    |     field in this variant
[INFO] [stdout]    |
[INFO] [stdout]    = note: `Error` has a derived impl for the trait `Debug`, but this is intentionally ignored during dead code analysis
[INFO] [stdout] help: consider changing the field to be of unit type to suppress this warning while preserving the field numbering, or remove the field
[INFO] [stdout]    |
[INFO] [stdout] 25 |     InvalidDomainName(()),
[INFO] [stdout]    |                       ~~
[INFO] [stdout] 
[INFO] [stdout] 
[INFO] [stdout] warning: field `0` is never read
[INFO] [stdout]   --> src/error.rs:26:24
[INFO] [stdout]    |
[INFO] [stdout] 26 |     ResolveDomainError(ResolveError),
[INFO] [stdout]    |     ------------------ ^^^^^^^^^^^^
[INFO] [stdout]    |     |
[INFO] [stdout]    |     field in this variant
[INFO] [stdout]    |
[INFO] [stdout]    = note: `Error` has a derived impl for the trait `Debug`, but this is intentionally ignored during dead code analysis
[INFO] [stdout] help: consider changing the field to be of unit type to suppress this warning while preserving the field numbering, or remove the field
[INFO] [stdout]    |
[INFO] [stdout] 26 |     ResolveDomainError(()),
[INFO] [stdout]    |                        ~~
[INFO] [stdout] 
[INFO] [stdout] 
[INFO] [stderr]     Finished `dev` profile [unoptimized + debuginfo] target(s) in 22.02s
[INFO] running `Command { std: "docker" "inspect" "05147bd895ffbd887ab54cbd6d91c1e2d515d25477c9fb9618049b31114e60f8", kill_on_drop: false }`
[INFO] running `Command { std: "docker" "rm" "-f" "05147bd895ffbd887ab54cbd6d91c1e2d515d25477c9fb9618049b31114e60f8", kill_on_drop: false }`
[INFO] [stdout] 05147bd895ffbd887ab54cbd6d91c1e2d515d25477c9fb9618049b31114e60f8
[INFO] running `Command { std: "docker" "create" "-v" "/var/lib/crater-agent-workspace/builds/worker-6-tc1/target:/opt/rustwide/target:rw,Z" "-v" "/var/lib/crater-agent-workspace/builds/worker-6-tc1/source:/opt/rustwide/workdir:ro,Z" "-v" "/var/lib/crater-agent-workspace/cargo-home:/opt/rustwide/cargo-home:ro,Z" "-v" "/var/lib/crater-agent-workspace/rustup-home:/opt/rustwide/rustup-home:ro,Z" "-e" "SOURCE_DIR=/opt/rustwide/workdir" "-e" "CARGO_TARGET_DIR=/opt/rustwide/target" "-e" "CARGO_INCREMENTAL=0" "-e" "RUST_BACKTRACE=full" "-e" "RUSTFLAGS=--cap-lints=forbid" "-e" "RUSTDOCFLAGS=--cap-lints=forbid" "-e" "CARGO_HOME=/opt/rustwide/cargo-home" "-e" "RUSTUP_HOME=/opt/rustwide/rustup-home" "-w" "/opt/rustwide/workdir" "-m" "1610612736" "--user" "0:0" "--network" "none" "ghcr.io/rust-lang/crates-build-env/linux@sha256:819108c5571ea2e421544af4d832f968d213c87fbe3707a016657f43d2f853bc" "/opt/rustwide/cargo-home/bin/cargo" "+nightly-2025-01-18" "test" "--frozen" "--no-run" "--message-format=json", kill_on_drop: false }`
[INFO] [stdout] 0d67bcfc1d26e6cdf3489208a3704f6d4b0a8a2f95b5d828fe0245c679d32d6b
[INFO] running `Command { std: "docker" "start" "-a" "0d67bcfc1d26e6cdf3489208a3704f6d4b0a8a2f95b5d828fe0245c679d32d6b", kill_on_drop: false }`
[INFO] [stdout] warning: field `0` is never read
[INFO] [stdout]   --> src/error.rs:18:16
[INFO] [stdout]    |
[INFO] [stdout] 18 |     BadVersion(u8),
[INFO] [stdout]    |     ---------- ^^
[INFO] [stdout]    |     |
[INFO] [stdout]    |     field in this variant
[INFO] [stdout]    |
[INFO] [stdout]    = note: `Error` has a derived impl for the trait `Debug`, but this is intentionally ignored during dead code analysis
[INFO] [stdout]    = note: `#[warn(dead_code)]` on by default
[INFO] [stdout] help: consider changing the field to be of unit type to suppress this warning while preserving the field numbering, or remove the field
[INFO] [stdout]    |
[INFO] [stdout] 18 |     BadVersion(()),
[INFO] [stdout]    |                ~~
[INFO] [stdout] 
[INFO] [stdout] 
[INFO] [stdout] warning: field `0` is never read
[INFO] [stdout]   --> src/error.rs:20:25
[INFO] [stdout]    |
[INFO] [stdout] 20 |     UnacceptableMethods(Vec<u8>),
[INFO] [stdout]    |     ------------------- ^^^^^^^
[INFO] [stdout]    |     |
[INFO] [stdout]    |     field in this variant
[INFO] [stdout]    |
[INFO] [stdout]    = note: `Error` has a derived impl for the trait `Debug`, but this is intentionally ignored during dead code analysis
[INFO] [stdout] help: consider changing the field to be of unit type to suppress this warning while preserving the field numbering, or remove the field
[INFO] [stdout]    |
[INFO] [stdout] 20 |     UnacceptableMethods(()),
[INFO] [stdout]    |                         ~~
[INFO] [stdout] 
[INFO] [stdout] 
[INFO] [stdout] warning: field `0` is never read
[INFO] [stdout]   --> src/error.rs:22:16
[INFO] [stdout]    |
[INFO] [stdout] 22 |     BadCommand(u8),
[INFO] [stdout]    |     ---------- ^^
[INFO] [stdout]    |     |
[INFO] [stdout]    |     field in this variant
[INFO] [stdout]    |
[INFO] [stdout]    = note: `Error` has a derived impl for the trait `Debug`, but this is intentionally ignored during dead code analysis
[INFO] [stdout] help: consider changing the field to be of unit type to suppress this warning while preserving the field numbering, or remove the field
[INFO] [stdout]    |
[INFO] [stdout] 22 |     BadCommand(()),
[INFO] [stdout]    |                ~~
[INFO] [stdout] 
[INFO] [stdout] 
[INFO] [stdout] warning: field `0` is never read
[INFO] [stdout]   --> src/error.rs:23:12
[INFO] [stdout]    |
[INFO] [stdout] 23 |     BadRSV(u8),
[INFO] [stdout]    |     ------ ^^
[INFO] [stdout]    |     |
[INFO] [stdout]    |     field in this variant
[INFO] [stdout]    |
[INFO] [stdout]    = note: `Error` has a derived impl for the trait `Debug`, but this is intentionally ignored during dead code analysis
[INFO] [stdout] help: consider changing the field to be of unit type to suppress this warning while preserving the field numbering, or remove the field
[INFO] [stdout]    |
[INFO] [stdout] 23 |     BadRSV(()),
[INFO] [stdout]    |            ~~
[INFO] [stdout] 
[INFO] [stdout] 
[INFO] [stdout] warning: field `0` is never read
[INFO] [stdout]   --> src/error.rs:24:18
[INFO] [stdout]    |
[INFO] [stdout] 24 |     InvalidAtype(u8),
[INFO] [stdout]    |     ------------ ^^
[INFO] [stdout]    |     |
[INFO] [stdout]    |     field in this variant
[INFO] [stdout]    |
[INFO] [stdout]    = note: `Error` has a derived impl for the trait `Debug`, but this is intentionally ignored during dead code analysis
[INFO] [stdout] help: consider changing the field to be of unit type to suppress this warning while preserving the field numbering, or remove the field
[INFO] [stdout]    |
[INFO] [stdout] 24 |     InvalidAtype(()),
[INFO] [stdout]    |                  ~~
[INFO] [stdout] 
[INFO] [stdout] 
[INFO] [stdout] warning: field `0` is never read
[INFO] [stdout]   --> src/error.rs:25:23
[INFO] [stdout]    |
[INFO] [stdout] 25 |     InvalidDomainName(Utf8Error),
[INFO] [stdout]    |     ----------------- ^^^^^^^^^
[INFO] [stdout]    |     |
[INFO] [stdout]    |     field in this variant
[INFO] [stdout]    |
[INFO] [stdout]    = note: `Error` has a derived impl for the trait `Debug`, but this is intentionally ignored during dead code analysis
[INFO] [stdout] help: consider changing the field to be of unit type to suppress this warning while preserving the field numbering, or remove the field
[INFO] [stdout]    |
[INFO] [stdout] 25 |     InvalidDomainName(()),
[INFO] [stdout]    |                       ~~
[INFO] [stdout] 
[INFO] [stdout] 
[INFO] [stdout] warning: field `0` is never read
[INFO] [stdout]   --> src/error.rs:26:24
[INFO] [stdout]    |
[INFO] [stdout] 26 |     ResolveDomainError(ResolveError),
[INFO] [stdout]    |     ------------------ ^^^^^^^^^^^^
[INFO] [stdout]    |     |
[INFO] [stdout]    |     field in this variant
[INFO] [stdout]    |
[INFO] [stdout]    = note: `Error` has a derived impl for the trait `Debug`, but this is intentionally ignored during dead code analysis
[INFO] [stdout] help: consider changing the field to be of unit type to suppress this warning while preserving the field numbering, or remove the field
[INFO] [stdout]    |
[INFO] [stdout] 26 |     ResolveDomainError(()),
[INFO] [stdout]    |                        ~~
[INFO] [stdout] 
[INFO] [stdout] 
[INFO] [stderr]    Compiling socks5 v0.1.0 (/opt/rustwide/workdir)
[INFO] [stdout] warning: field `0` is never read
[INFO] [stdout]   --> src/error.rs:25:23
[INFO] [stdout]    |
[INFO] [stdout] 25 |     InvalidDomainName(Utf8Error),
[INFO] [stdout]    |     ----------------- ^^^^^^^^^
[INFO] [stdout]    |     |
[INFO] [stdout]    |     field in this variant
[INFO] [stdout]    |
[INFO] [stdout]    = note: `Error` has a derived impl for the trait `Debug`, but this is intentionally ignored during dead code analysis
[INFO] [stdout]    = note: `#[warn(dead_code)]` on by default
[INFO] [stdout] help: consider changing the field to be of unit type to suppress this warning while preserving the field numbering, or remove the field
[INFO] [stdout]    |
[INFO] [stdout] 25 |     InvalidDomainName(()),
[INFO] [stdout]    |                       ~~
[INFO] [stdout] 
[INFO] [stdout] 
[INFO] [stdout] warning: field `0` is never read
[INFO] [stdout]   --> src/error.rs:26:24
[INFO] [stdout]    |
[INFO] [stdout] 26 |     ResolveDomainError(ResolveError),
[INFO] [stdout]    |     ------------------ ^^^^^^^^^^^^
[INFO] [stdout]    |     |
[INFO] [stdout]    |     field in this variant
[INFO] [stdout]    |
[INFO] [stdout]    = note: `Error` has a derived impl for the trait `Debug`, but this is intentionally ignored during dead code analysis
[INFO] [stdout] help: consider changing the field to be of unit type to suppress this warning while preserving the field numbering, or remove the field
[INFO] [stdout]    |
[INFO] [stdout] 26 |     ResolveDomainError(()),
[INFO] [stdout]    |                        ~~
[INFO] [stdout] 
[INFO] [stdout] 
[INFO] [stderr]     Finished `test` profile [unoptimized + debuginfo] target(s) in 2.82s
[INFO] running `Command { std: "docker" "inspect" "0d67bcfc1d26e6cdf3489208a3704f6d4b0a8a2f95b5d828fe0245c679d32d6b", kill_on_drop: false }`
[INFO] running `Command { std: "docker" "rm" "-f" "0d67bcfc1d26e6cdf3489208a3704f6d4b0a8a2f95b5d828fe0245c679d32d6b", kill_on_drop: false }`
[INFO] [stdout] 0d67bcfc1d26e6cdf3489208a3704f6d4b0a8a2f95b5d828fe0245c679d32d6b
[INFO] running `Command { std: "docker" "create" "-v" "/var/lib/crater-agent-workspace/builds/worker-6-tc1/target:/opt/rustwide/target:rw,Z" "-v" "/var/lib/crater-agent-workspace/builds/worker-6-tc1/source:/opt/rustwide/workdir:ro,Z" "-v" "/var/lib/crater-agent-workspace/cargo-home:/opt/rustwide/cargo-home:ro,Z" "-v" "/var/lib/crater-agent-workspace/rustup-home:/opt/rustwide/rustup-home:ro,Z" "-e" "SOURCE_DIR=/opt/rustwide/workdir" "-e" "CARGO_TARGET_DIR=/opt/rustwide/target" "-e" "CARGO_INCREMENTAL=0" "-e" "RUST_BACKTRACE=full" "-e" "RUSTFLAGS=--cap-lints=forbid" "-e" "RUSTDOCFLAGS=--cap-lints=forbid" "-e" "CARGO_HOME=/opt/rustwide/cargo-home" "-e" "RUSTUP_HOME=/opt/rustwide/rustup-home" "-w" "/opt/rustwide/workdir" "-m" "1610612736" "--user" "0:0" "--network" "none" "ghcr.io/rust-lang/crates-build-env/linux@sha256:819108c5571ea2e421544af4d832f968d213c87fbe3707a016657f43d2f853bc" "/opt/rustwide/cargo-home/bin/cargo" "+nightly-2025-01-18" "test" "--frozen", kill_on_drop: false }`
[INFO] [stdout] cffa5fa503de83da1b8e9ff1f8a54ba431e1125fb78feca4379825852818d4c9
[INFO] running `Command { std: "docker" "start" "-a" "cffa5fa503de83da1b8e9ff1f8a54ba431e1125fb78feca4379825852818d4c9", kill_on_drop: false }`
[INFO] [stderr] warning: field `0` is never read
[INFO] [stderr]   --> src/error.rs:18:16
[INFO] [stderr]    |
[INFO] [stderr] 18 |     BadVersion(u8),
[INFO] [stderr]    |     ---------- ^^
[INFO] [stderr]    |     |
[INFO] [stderr]    |     field in this variant
[INFO] [stderr]    |
[INFO] [stderr]    = note: `Error` has a derived impl for the trait `Debug`, but this is intentionally ignored during dead code analysis
[INFO] [stderr]    = note: `#[warn(dead_code)]` on by default
[INFO] [stderr] help: consider changing the field to be of unit type to suppress this warning while preserving the field numbering, or remove the field
[INFO] [stderr]    |
[INFO] [stderr] 18 |     BadVersion(()),
[INFO] [stderr]    |                ~~
[INFO] [stderr] 
[INFO] [stderr] warning: field `0` is never read
[INFO] [stderr]   --> src/error.rs:20:25
[INFO] [stderr]    |
[INFO] [stderr] 20 |     UnacceptableMethods(Vec<u8>),
[INFO] [stderr]    |     ------------------- ^^^^^^^
[INFO] [stderr]    |     |
[INFO] [stderr]    |     field in this variant
[INFO] [stderr]    |
[INFO] [stderr]    = note: `Error` has a derived impl for the trait `Debug`, but this is intentionally ignored during dead code analysis
[INFO] [stderr] help: consider changing the field to be of unit type to suppress this warning while preserving the field numbering, or remove the field
[INFO] [stderr]    |
[INFO] [stderr] 20 |     UnacceptableMethods(()),
[INFO] [stderr]    |                         ~~
[INFO] [stderr] 
[INFO] [stderr] warning: field `0` is never read
[INFO] [stderr]   --> src/error.rs:22:16
[INFO] [stderr]    |
[INFO] [stderr] 22 |     BadCommand(u8),
[INFO] [stderr]    |     ---------- ^^
[INFO] [stderr]    |     |
[INFO] [stderr]    |     field in this variant
[INFO] [stderr]    |
[INFO] [stderr]    = note: `Error` has a derived impl for the trait `Debug`, but this is intentionally ignored during dead code analysis
[INFO] [stderr] help: consider changing the field to be of unit type to suppress this warning while preserving the field numbering, or remove the field
[INFO] [stderr]    |
[INFO] [stderr] 22 |     BadCommand(()),
[INFO] [stderr]    |                ~~
[INFO] [stderr] 
[INFO] [stderr] warning: field `0` is never read
[INFO] [stderr]   --> src/error.rs:23:12
[INFO] [stderr]    |
[INFO] [stderr] 23 |     BadRSV(u8),
[INFO] [stderr]    |     ------ ^^
[INFO] [stderr]    |     |
[INFO] [stderr]    |     field in this variant
[INFO] [stderr]    |
[INFO] [stderr]    = note: `Error` has a derived impl for the trait `Debug`, but this is intentionally ignored during dead code analysis
[INFO] [stderr] help: consider changing the field to be of unit type to suppress this warning while preserving the field numbering, or remove the field
[INFO] [stderr]    |
[INFO] [stderr] 23 |     BadRSV(()),
[INFO] [stderr]    |            ~~
[INFO] [stderr] 
[INFO] [stderr] warning: field `0` is never read
[INFO] [stderr]   --> src/error.rs:24:18
[INFO] [stderr]    |
[INFO] [stderr] 24 |     InvalidAtype(u8),
[INFO] [stderr]    |     ------------ ^^
[INFO] [stderr]    |     |
[INFO] [stderr]    |     field in this variant
[INFO] [stderr]    |
[INFO] [stderr]    = note: `Error` has a derived impl for the trait `Debug`, but this is intentionally ignored during dead code analysis
[INFO] [stderr] help: consider changing the field to be of unit type to suppress this warning while preserving the field numbering, or remove the field
[INFO] [stderr]    |
[INFO] [stderr] 24 |     InvalidAtype(()),
[INFO] [stderr]    |                  ~~
[INFO] [stderr] 
[INFO] [stderr] warning: field `0` is never read
[INFO] [stderr]   --> src/error.rs:25:23
[INFO] [stderr]    |
[INFO] [stderr] 25 |     InvalidDomainName(Utf8Error),
[INFO] [stderr]    |     ----------------- ^^^^^^^^^
[INFO] [stderr]    |     |
[INFO] [stderr]    |     field in this variant
[INFO] [stderr]    |
[INFO] [stderr]    = note: `Error` has a derived impl for the trait `Debug`, but this is intentionally ignored during dead code analysis
[INFO] [stderr] help: consider changing the field to be of unit type to suppress this warning while preserving the field numbering, or remove the field
[INFO] [stderr]    |
[INFO] [stderr] 25 |     InvalidDomainName(()),
[INFO] [stderr]    |                       ~~
[INFO] [stderr] 
[INFO] [stderr] warning: field `0` is never read
[INFO] [stderr]   --> src/error.rs:26:24
[INFO] [stderr]    |
[INFO] [stderr] 26 |     ResolveDomainError(ResolveError),
[INFO] [stderr]    |     ------------------ ^^^^^^^^^^^^
[INFO] [stderr]    |     |
[INFO] [stderr]    |     field in this variant
[INFO] [stderr]    |
[INFO] [stderr]    = note: `Error` has a derived impl for the trait `Debug`, but this is intentionally ignored during dead code analysis
[INFO] [stderr] help: consider changing the field to be of unit type to suppress this warning while preserving the field numbering, or remove the field
[INFO] [stderr]    |
[INFO] [stderr] 26 |     ResolveDomainError(()),
[INFO] [stderr]    |                        ~~
[INFO] [stderr] 
[INFO] [stderr] warning: field `0` is never read
[INFO] [stderr]   --> src/error.rs:25:23
[INFO] [stderr]    |
[INFO] [stderr] 25 |     InvalidDomainName(Utf8Error),
[INFO] [stderr]    |     ----------------- ^^^^^^^^^
[INFO] [stderr]    |     |
[INFO] [stderr]    |     field in this variant
[INFO] [stderr]    |
[INFO] [stderr]    = note: `Error` has a derived impl for the trait `Debug`, but this is intentionally ignored during dead code analysis
[INFO] [stderr]    = note: `#[warn(dead_code)]` on by default
[INFO] [stderr] help: consider changing the field to be of unit type to suppress this warning while preserving the field numbering, or remove the field
[INFO] [stderr]    |
[INFO] [stderr] 25 |     InvalidDomainName(()),
[INFO] [stderr]    |                       ~~
[INFO] [stderr] 
[INFO] [stderr] warning: `socks5` (lib) generated 7 warnings
[INFO] [stderr] warning: `socks5` (lib test) generated 2 warnings (1 duplicate)
[INFO] [stderr]     Finished `test` profile [unoptimized + debuginfo] target(s) in 0.08s
[INFO] [stderr]      Running unittests src/lib.rs (/opt/rustwide/target/debug/deps/socks5-05a05f27e43a6729)
[INFO] [stdout] 
[INFO] [stdout] running 27 tests
[INFO] [stdout] test connect::tests::extract_ipv6_addr ... ok
[INFO] [stdout] test connect::tests::fails_with_bad_version ... ok
[INFO] [stdout] test connect::tests::fails_with_invalid_atype ... ok
[INFO] [stdout] test credential::tests::authenticate_with_valid_credential ... ok
[INFO] [stdout] test connect::tests::fails_with_bad_cmd ... ok
[INFO] [stdout] test credential::tests::authenticate_with_lower_version_is_ok ... ok
[INFO] [stdout] test credential::tests::fails_with_bad_credential ... ok
[INFO] [stdout] test error::tests::invalid_domain_name ... ok
[INFO] [stdout] test error::tests::resolve_domain_error ... ok
[INFO] [stdout] test forward::tests::copy_bidirectional ... ok
[INFO] [stdout] test negotiation::tests::fails_with_no_auth_negotiation_if_credential_was_provided ... ok
[INFO] [stdout] test error::tests::bad_version ... ok
[INFO] [stdout] test negotiation::tests::credential_auth_negotiation ... ok
[INFO] [stdout] test credential::tests::fails_with_bad_version ... ok
[INFO] [stdout] test error::tests::bad_command_error ... ok
[INFO] [stdout] test error::tests::bad_credential_error ... ok
[INFO] [stdout] test error::tests::no_auth_methods_error ... ok
[INFO] [stdout] test error::tests::unacceptable_methods_error ... ok
[INFO] [stdout] test connect::tests::fails_with_bad_rsv ... ok
[INFO] [stdout] test negotiation::tests::fails_with_err_version ... ok
[INFO] [stdout] test negotiation::tests::fails_without_any_authentication_methods ... ok
[INFO] [stdout] test negotiation::tests::fails_with_unacceptable_methods ... ok
[INFO] [stdout] test error::tests::bad_rsv ... ok
[INFO] [stdout] test error::tests::invalid_atype_error ... ok
[INFO] [stdout] test negotiation::tests::no_auth_negotiation ... ok
[INFO] [stdout] test connect::tests::connect ... FAILED
[INFO] [stdout] test connect::tests::extract_domain_name ... FAILED
[INFO] [stdout] 
[INFO] [stdout] failures:
[INFO] [stdout] 
[INFO] [stdout] ---- connect::tests::connect stdout ----
[INFO] [stdout] 
[INFO] [stdout] thread 'connect::tests::connect' panicked at src/connect.rs:103:70:
[INFO] [stdout] called `Result::unwrap()` on an `Err` value: IO(Os { code: 101, kind: NetworkUnreachable, message: "Network is unreachable" })
[INFO] [stdout] stack backtrace:
[INFO] [stdout]    0:     0x6216275640ea - std::backtrace_rs::backtrace::libunwind::trace::hb059275cfc8d6126
[INFO] [stdout]                                at /rustc/6067b36314ab5eb2eb47cecc464545ba58e1ad24/library/std/src/../../backtrace/src/backtrace/libunwind.rs:116:5
[INFO] [stdout]    1:     0x6216275640ea - std::backtrace_rs::backtrace::trace_unsynchronized::h2da071e4327ce3ee
[INFO] [stdout]                                at /rustc/6067b36314ab5eb2eb47cecc464545ba58e1ad24/library/std/src/../../backtrace/src/backtrace/mod.rs:66:5
[INFO] [stdout]    2:     0x6216275640ea - std::sys::backtrace::_print_fmt::h842a1474e6f8d23f
[INFO] [stdout]                                at /rustc/6067b36314ab5eb2eb47cecc464545ba58e1ad24/library/std/src/sys/backtrace.rs:66:9
[INFO] [stdout]    3:     0x6216275640ea - <std::sys::backtrace::BacktraceLock::print::DisplayBacktrace as core::fmt::Display>::fmt::h71a62eb3b9696b12
[INFO] [stdout]                                at /rustc/6067b36314ab5eb2eb47cecc464545ba58e1ad24/library/std/src/sys/backtrace.rs:39:26
[INFO] [stdout]    4:     0x621627590053 - core::fmt::rt::Argument::fmt::hdb6b616786b41dc1
[INFO] [stdout]                                at /rustc/6067b36314ab5eb2eb47cecc464545ba58e1ad24/library/core/src/fmt/rt.rs:177:76
[INFO] [stdout]    5:     0x621627590053 - core::fmt::write::h2cc1698af7e2d686
[INFO] [stdout]                                at /rustc/6067b36314ab5eb2eb47cecc464545ba58e1ad24/library/core/src/fmt/mod.rs:1440:21
[INFO] [stdout]    6:     0x621627560863 - std::io::Write::write_fmt::hab1b4cd059a79022
[INFO] [stdout]                                at /rustc/6067b36314ab5eb2eb47cecc464545ba58e1ad24/library/std/src/io/mod.rs:1887:15
[INFO] [stdout]    7:     0x621627563f32 - std::sys::backtrace::BacktraceLock::print::h147fe35b4ea13b08
[INFO] [stdout]                                at /rustc/6067b36314ab5eb2eb47cecc464545ba58e1ad24/library/std/src/sys/backtrace.rs:42:9
[INFO] [stdout]    8:     0x62162756550f - std::panicking::default_hook::{{closure}}::hbd44223dbdc0d208
[INFO] [stdout]                                at /rustc/6067b36314ab5eb2eb47cecc464545ba58e1ad24/library/std/src/panicking.rs:298:22
[INFO] [stdout]    9:     0x621627565328 - std::panicking::default_hook::h20f81eb0576efcec
[INFO] [stdout]                                at /rustc/6067b36314ab5eb2eb47cecc464545ba58e1ad24/library/std/src/panicking.rs:322:9
[INFO] [stdout]   10:     0x6216272afb83 - <alloc::boxed::Box<F,A> as core::ops::function::Fn<Args>>::call::hdb53814c496a4d34
[INFO] [stdout]                                at /rustc/6067b36314ab5eb2eb47cecc464545ba58e1ad24/library/alloc/src/boxed.rs:2027:9
[INFO] [stdout]   11:     0x6216272afb83 - test::test_main::{{closure}}::hc0a4963c59427c24
[INFO] [stdout]                                at /rustc/6067b36314ab5eb2eb47cecc464545ba58e1ad24/library/test/src/lib.rs:134:21
[INFO] [stdout]   12:     0x621627566003 - <alloc::boxed::Box<F,A> as core::ops::function::Fn<Args>>::call::h591b2225413a77e9
[INFO] [stdout]                                at /rustc/6067b36314ab5eb2eb47cecc464545ba58e1ad24/library/alloc/src/boxed.rs:2027:9
[INFO] [stdout]   13:     0x621627566003 - std::panicking::rust_panic_with_hook::h625eea43051b2edc
[INFO] [stdout]                                at /rustc/6067b36314ab5eb2eb47cecc464545ba58e1ad24/library/std/src/panicking.rs:839:13
[INFO] [stdout]   14:     0x621627565cba - std::panicking::begin_panic_handler::{{closure}}::h4f9159cfbc3f6bd3
[INFO] [stdout]                                at /rustc/6067b36314ab5eb2eb47cecc464545ba58e1ad24/library/std/src/panicking.rs:704:13
[INFO] [stdout]   15:     0x6216275645e9 - std::sys::backtrace::__rust_end_short_backtrace::h0390abce48353151
[INFO] [stdout]                                at /rustc/6067b36314ab5eb2eb47cecc464545ba58e1ad24/library/std/src/sys/backtrace.rs:168:18
[INFO] [stdout]   16:     0x62162756594d - rust_begin_unwind
[INFO] [stdout]                                at /rustc/6067b36314ab5eb2eb47cecc464545ba58e1ad24/library/std/src/panicking.rs:695:5
[INFO] [stdout]   17:     0x62162758e260 - core::panicking::panic_fmt::h9e7c637e9e5f29c9
[INFO] [stdout]                                at /rustc/6067b36314ab5eb2eb47cecc464545ba58e1ad24/library/core/src/panicking.rs:75:14
[INFO] [stdout]   18:     0x62162758e736 - core::result::unwrap_failed::h7979f09313fe1849
[INFO] [stdout]                                at /rustc/6067b36314ab5eb2eb47cecc464545ba58e1ad24/library/core/src/result.rs:1704:5
[INFO] [stdout]   19:     0x62162725d73d - core::result::Result<T,E>::unwrap::hf89507d176a3f6da
[INFO] [stdout]                                at /rustc/6067b36314ab5eb2eb47cecc464545ba58e1ad24/library/core/src/result.rs:1109:23
[INFO] [stdout]   20:     0x62162725d73d - socks5::connect::tests::connect::{{closure}}::heb44c4456ae3ffcc
[INFO] [stdout]                                at /opt/rustwide/workdir/src/connect.rs:103:23
[INFO] [stdout]   21:     0x621627252842 - <core::pin::Pin<P> as core::future::future::Future>::poll::h98bb4395663b7834
[INFO] [stdout]                                at /rustc/6067b36314ab5eb2eb47cecc464545ba58e1ad24/library/core/src/future/future.rs:124:9
[INFO] [stdout]   22:     0x62162725287d - <core::pin::Pin<P> as core::future::future::Future>::poll::hec4bb2975bcd319f
[INFO] [stdout]                                at /rustc/6067b36314ab5eb2eb47cecc464545ba58e1ad24/library/core/src/future/future.rs:124:9
[INFO] [stdout]   23:     0x62162724616f - tokio::runtime::scheduler::current_thread::CoreGuard::block_on::{{closure}}::{{closure}}::{{closure}}::h5aad772c1e790ddd
[INFO] [stdout]                                at /opt/rustwide/cargo-home/registry/src/index.crates.io-1949cf8c6b5b557f/tokio-1.32.0/src/runtime/scheduler/current_thread/mod.rs:665:57
[INFO] [stdout]   24:     0x6216272460a5 - tokio::runtime::coop::with_budget::h7febdb065eeb00fe
[INFO] [stdout]                                at /opt/rustwide/cargo-home/registry/src/index.crates.io-1949cf8c6b5b557f/tokio-1.32.0/src/runtime/coop.rs:107:5
[INFO] [stdout]   25:     0x6216272460a5 - tokio::runtime::coop::budget::hd382992122e2f42d
[INFO] [stdout]                                at /opt/rustwide/cargo-home/registry/src/index.crates.io-1949cf8c6b5b557f/tokio-1.32.0/src/runtime/coop.rs:73:5
[INFO] [stdout]   26:     0x6216272460a5 - tokio::runtime::scheduler::current_thread::CoreGuard::block_on::{{closure}}::{{closure}}::h462506e0713dd46e
[INFO] [stdout]                                at /opt/rustwide/cargo-home/registry/src/index.crates.io-1949cf8c6b5b557f/tokio-1.32.0/src/runtime/scheduler/current_thread/mod.rs:665:25
[INFO] [stdout]   27:     0x621627244b70 - tokio::runtime::scheduler::current_thread::Context::enter::h8ce04dc92d926f93
[INFO] [stdout]                                at /opt/rustwide/cargo-home/registry/src/index.crates.io-1949cf8c6b5b557f/tokio-1.32.0/src/runtime/scheduler/current_thread/mod.rs:410:19
[INFO] [stdout]   28:     0x62162724591b - tokio::runtime::scheduler::current_thread::CoreGuard::block_on::{{closure}}::h34e9d809e211dc62
[INFO] [stdout]                                at /opt/rustwide/cargo-home/registry/src/index.crates.io-1949cf8c6b5b557f/tokio-1.32.0/src/runtime/scheduler/current_thread/mod.rs:664:36
[INFO] [stdout]   29:     0x621627245694 - tokio::runtime::scheduler::current_thread::CoreGuard::enter::{{closure}}::hd0d4ba2e14b5944f
[INFO] [stdout]                                at /opt/rustwide/cargo-home/registry/src/index.crates.io-1949cf8c6b5b557f/tokio-1.32.0/src/runtime/scheduler/current_thread/mod.rs:743:68
[INFO] [stdout]   30:     0x62162724c8bb - tokio::runtime::context::scoped::Scoped<T>::set::hbb8b97ce1e78b37d
[INFO] [stdout]                                at /opt/rustwide/cargo-home/registry/src/index.crates.io-1949cf8c6b5b557f/tokio-1.32.0/src/runtime/context/scoped.rs:40:9
[INFO] [stdout]   31:     0x62162725cb39 - tokio::runtime::context::set_scheduler::{{closure}}::hd513607799a67ecd
[INFO] [stdout]                                at /opt/rustwide/cargo-home/registry/src/index.crates.io-1949cf8c6b5b557f/tokio-1.32.0/src/runtime/context.rs:176:26
[INFO] [stdout]   32:     0x621627250b22 - std::thread::local::LocalKey<T>::try_with::hbe4b21a6f2c12478
[INFO] [stdout]                                at /rustc/6067b36314ab5eb2eb47cecc464545ba58e1ad24/library/std/src/thread/local.rs:308:12
[INFO] [stdout]   33:     0x6216272503fa - std::thread::local::LocalKey<T>::with::h5235f4f7db5bd126
[INFO] [stdout]                                at /rustc/6067b36314ab5eb2eb47cecc464545ba58e1ad24/library/std/src/thread/local.rs:272:9
[INFO] [stdout]   34:     0x62162725caed - tokio::runtime::context::set_scheduler::h638c6121a5060d33
[INFO] [stdout]                                at /opt/rustwide/cargo-home/registry/src/index.crates.io-1949cf8c6b5b557f/tokio-1.32.0/src/runtime/context.rs:176:9
[INFO] [stdout]   35:     0x621627245440 - tokio::runtime::scheduler::current_thread::CoreGuard::enter::hf057f5f310c24078
[INFO] [stdout]                                at /opt/rustwide/cargo-home/registry/src/index.crates.io-1949cf8c6b5b557f/tokio-1.32.0/src/runtime/scheduler/current_thread/mod.rs:743:27
[INFO] [stdout]   36:     0x6216272456b3 - tokio::runtime::scheduler::current_thread::CoreGuard::block_on::h3aea0934a503d3a4
[INFO] [stdout]                                at /opt/rustwide/cargo-home/registry/src/index.crates.io-1949cf8c6b5b557f/tokio-1.32.0/src/runtime/scheduler/current_thread/mod.rs:652:19
[INFO] [stdout]   37:     0x62162724419d - tokio::runtime::scheduler::current_thread::CurrentThread::block_on::{{closure}}::h733d681bb047cd90
[INFO] [stdout]                                at /opt/rustwide/cargo-home/registry/src/index.crates.io-1949cf8c6b5b557f/tokio-1.32.0/src/runtime/scheduler/current_thread/mod.rs:175:28
[INFO] [stdout]   38:     0x62162724ca36 - tokio::runtime::context::runtime::enter_runtime::h744e143ca8e29148
[INFO] [stdout]                                at /opt/rustwide/cargo-home/registry/src/index.crates.io-1949cf8c6b5b557f/tokio-1.32.0/src/runtime/context/runtime.rs:65:16
[INFO] [stdout]   39:     0x6216272440b1 - tokio::runtime::scheduler::current_thread::CurrentThread::block_on::h6ca955cf35c6836f
[INFO] [stdout]                                at /opt/rustwide/cargo-home/registry/src/index.crates.io-1949cf8c6b5b557f/tokio-1.32.0/src/runtime/scheduler/current_thread/mod.rs:167:9
[INFO] [stdout]   40:     0x62162724d10d - tokio::runtime::runtime::Runtime::block_on::h5f167378b3698d37
[INFO] [stdout]                                at /opt/rustwide/cargo-home/registry/src/index.crates.io-1949cf8c6b5b557f/tokio-1.32.0/src/runtime/runtime.rs:347:47
[INFO] [stdout]   41:     0x62162725d124 - socks5::connect::tests::connect::h5c0fe2604fc4b6c1
[INFO] [stdout]                                at /opt/rustwide/workdir/src/connect.rs:109:9
[INFO] [stdout]   42:     0x62162725cfc7 - socks5::connect::tests::connect::{{closure}}::h3bc4018ac7db3dda
[INFO] [stdout]                                at /opt/rustwide/workdir/src/connect.rs:95:23
[INFO] [stdout]   43:     0x621627235926 - core::ops::function::FnOnce::call_once::h0098caaaf0901769
[INFO] [stdout]                                at /rustc/6067b36314ab5eb2eb47cecc464545ba58e1ad24/library/core/src/ops/function.rs:250:5
[INFO] [stdout]   44:     0x6216272b52db - core::ops::function::FnOnce::call_once::he27718dfdd183f43
[INFO] [stdout]                                at /rustc/6067b36314ab5eb2eb47cecc464545ba58e1ad24/library/core/src/ops/function.rs:250:5
[INFO] [stdout]   45:     0x6216272b52db - test::__rust_begin_short_backtrace::h4e84902998457a5d
[INFO] [stdout]                                at /rustc/6067b36314ab5eb2eb47cecc464545ba58e1ad24/library/test/src/lib.rs:632:18
[INFO] [stdout]   46:     0x6216272b4213 - test::run_test_in_process::{{closure}}::h7176fd18fc1feca0
[INFO] [stdout]                                at /rustc/6067b36314ab5eb2eb47cecc464545ba58e1ad24/library/test/src/lib.rs:655:60
[INFO] [stdout]   47:     0x6216272b4213 - <core::panic::unwind_safe::AssertUnwindSafe<F> as core::ops::function::FnOnce<()>>::call_once::hf79cff2a624d8cf7
[INFO] [stdout]                                at /rustc/6067b36314ab5eb2eb47cecc464545ba58e1ad24/library/core/src/panic/unwind_safe.rs:272:9
[INFO] [stdout]   48:     0x6216272b4213 - std::panicking::try::do_call::h3da0561d9ab99c25
[INFO] [stdout]                                at /rustc/6067b36314ab5eb2eb47cecc464545ba58e1ad24/library/std/src/panicking.rs:587:40
[INFO] [stdout]   49:     0x6216272b4213 - std::panicking::try::h41c9fa508bc61df6
[INFO] [stdout]                                at /rustc/6067b36314ab5eb2eb47cecc464545ba58e1ad24/library/std/src/panicking.rs:550:19
[INFO] [stdout]   50:     0x6216272b4213 - std::panic::catch_unwind::h6b3ff07bb5afad93
[INFO] [stdout]                                at /rustc/6067b36314ab5eb2eb47cecc464545ba58e1ad24/library/std/src/panic.rs:358:14
[INFO] [stdout]   51:     0x6216272b4213 - test::run_test_in_process::hc7253dd11b39b9f4
[INFO] [stdout]                                at /rustc/6067b36314ab5eb2eb47cecc464545ba58e1ad24/library/test/src/lib.rs:655:27
[INFO] [stdout]   52:     0x6216272b4213 - test::run_test::{{closure}}::hfb2007f8649c30bb
[INFO] [stdout]                                at /rustc/6067b36314ab5eb2eb47cecc464545ba58e1ad24/library/test/src/lib.rs:576:43
[INFO] [stdout]   53:     0x6216272772f5 - test::run_test::{{closure}}::h56a17aa7a282a9f4
[INFO] [stdout]                                at /rustc/6067b36314ab5eb2eb47cecc464545ba58e1ad24/library/test/src/lib.rs:606:41
[INFO] [stdout]   54:     0x6216272772f5 - std::sys::backtrace::__rust_begin_short_backtrace::hd2d2d2fb8e8c6aac
[INFO] [stdout]                                at /rustc/6067b36314ab5eb2eb47cecc464545ba58e1ad24/library/std/src/sys/backtrace.rs:152:18
[INFO] [stdout]   55:     0x62162727abda - std::thread::Builder::spawn_unchecked_::{{closure}}::{{closure}}::h4faa3f9db6133423
[INFO] [stdout]                                at /rustc/6067b36314ab5eb2eb47cecc464545ba58e1ad24/library/std/src/thread/mod.rs:559:17
[INFO] [stdout]   56:     0x62162727abda - <core::panic::unwind_safe::AssertUnwindSafe<F> as core::ops::function::FnOnce<()>>::call_once::hf2e855a36a4ea846
[INFO] [stdout]                                at /rustc/6067b36314ab5eb2eb47cecc464545ba58e1ad24/library/core/src/panic/unwind_safe.rs:272:9
[INFO] [stdout]   57:     0x62162727abda - std::panicking::try::do_call::h2f73af3616c35465
[INFO] [stdout]                                at /rustc/6067b36314ab5eb2eb47cecc464545ba58e1ad24/library/std/src/panicking.rs:587:40
[INFO] [stdout]   58:     0x62162727abda - std::panicking::try::hd1660ce9efadef5a
[INFO] [stdout]                                at /rustc/6067b36314ab5eb2eb47cecc464545ba58e1ad24/library/std/src/panicking.rs:550:19
[INFO] [stdout]   59:     0x62162727abda - std::panic::catch_unwind::h5ee8d7823b8ca744
[INFO] [stdout]                                at /rustc/6067b36314ab5eb2eb47cecc464545ba58e1ad24/library/std/src/panic.rs:358:14
[INFO] [stdout]   60:     0x62162727abda - std::thread::Builder::spawn_unchecked_::{{closure}}::h53c3a1894dce8407
[INFO] [stdout]                                at /rustc/6067b36314ab5eb2eb47cecc464545ba58e1ad24/library/std/src/thread/mod.rs:557:30
[INFO] [stdout]   61:     0x62162727abda - core::ops::function::FnOnce::call_once{{vtable.shim}}::h048ce291ad4f62bf
[INFO] [stdout]                                at /rustc/6067b36314ab5eb2eb47cecc464545ba58e1ad24/library/core/src/ops/function.rs:250:5
[INFO] [stdout]   62:     0x62162756a20b - <alloc::boxed::Box<F,A> as core::ops::function::FnOnce<Args>>::call_once::ha52bedf99a3b4981
[INFO] [stdout]                                at /rustc/6067b36314ab5eb2eb47cecc464545ba58e1ad24/library/alloc/src/boxed.rs:2013:9
[INFO] [stdout]   63:     0x62162756a20b - <alloc::boxed::Box<F,A> as core::ops::function::FnOnce<Args>>::call_once::h567748934d80ccf8
[INFO] [stdout]                                at /rustc/6067b36314ab5eb2eb47cecc464545ba58e1ad24/library/alloc/src/boxed.rs:2013:9
[INFO] [stdout]   64:     0x62162756a20b - std::sys::pal::unix::thread::Thread::new::thread_start::h2d970728ae887adc
[INFO] [stdout]                                at /rustc/6067b36314ab5eb2eb47cecc464545ba58e1ad24/library/std/src/sys/pal/unix/thread.rs:106:17
[INFO] [stdout]   65:     0x7ede354b1ac3 - <unknown>
[INFO] [stdout]   66:     0x7ede35542a04 - clone
[INFO] [stdout]   67:                0x0 - <unknown>
[INFO] [stdout] 
[INFO] [stdout] ---- connect::tests::extract_domain_name stdout ----
[INFO] [stdout] 
[INFO] [stdout] thread 'connect::tests::extract_domain_name' panicked at src/connect.rs:172:55:
[INFO] [stdout] called `Result::unwrap()` on an `Err` value: ResolveDomainError(ResolveError { kind: Proto(ProtoError { kind: Io(Os { code: 101, kind: NetworkUnreachable, message: "Network is unreachable" }) }) })
[INFO] [stdout] stack backtrace:
[INFO] [stdout]    0:     0x6216275640ea - std::backtrace_rs::backtrace::libunwind::trace::hb059275cfc8d6126
[INFO] [stdout]                                at /rustc/6067b36314ab5eb2eb47cecc464545ba58e1ad24/library/std/src/../../backtrace/src/backtrace/libunwind.rs:116:5
[INFO] [stdout]    1:     0x6216275640ea - std::backtrace_rs::backtrace::trace_unsynchronized::h2da071e4327ce3ee
[INFO] [stdout]                                at /rustc/6067b36314ab5eb2eb47cecc464545ba58e1ad24/library/std/src/../../backtrace/src/backtrace/mod.rs:66:5
[INFO] [stdout]    2:     0x6216275640ea - std::sys::backtrace::_print_fmt::h842a1474e6f8d23f
[INFO] [stdout]                                at /rustc/6067b36314ab5eb2eb47cecc464545ba58e1ad24/library/std/src/sys/backtrace.rs:66:9
[INFO] [stdout]    3:     0x6216275640ea - <std::sys::backtrace::BacktraceLock::print::DisplayBacktrace as core::fmt::Display>::fmt::h71a62eb3b9696b12
[INFO] [stdout]                                at /rustc/6067b36314ab5eb2eb47cecc464545ba58e1ad24/library/std/src/sys/backtrace.rs:39:26
[INFO] [stdout]    4:     0x621627590053 - core::fmt::rt::Argument::fmt::hdb6b616786b41dc1
[INFO] [stdout]                                at /rustc/6067b36314ab5eb2eb47cecc464545ba58e1ad24/library/core/src/fmt/rt.rs:177:76
[INFO] [stdout]    5:     0x621627590053 - core::fmt::write::h2cc1698af7e2d686
[INFO] [stdout]                                at /rustc/6067b36314ab5eb2eb47cecc464545ba58e1ad24/library/core/src/fmt/mod.rs:1440:21
[INFO] [stdout]    6:     0x621627560863 - std::io::Write::write_fmt::hab1b4cd059a79022
[INFO] [stdout]                                at /rustc/6067b36314ab5eb2eb47cecc464545ba58e1ad24/library/std/src/io/mod.rs:1887:15
[INFO] [stdout]    7:     0x621627563f32 - std::sys::backtrace::BacktraceLock::print::h147fe35b4ea13b08
[INFO] [stdout]                                at /rustc/6067b36314ab5eb2eb47cecc464545ba58e1ad24/library/std/src/sys/backtrace.rs:42:9
[INFO] [stdout]    8:     0x62162756550f - std::panicking::default_hook::{{closure}}::hbd44223dbdc0d208
[INFO] [stdout]                                at /rustc/6067b36314ab5eb2eb47cecc464545ba58e1ad24/library/std/src/panicking.rs:298:22
[INFO] [stdout]    9:     0x621627565328 - std::panicking::default_hook::h20f81eb0576efcec
[INFO] [stdout]                                at /rustc/6067b36314ab5eb2eb47cecc464545ba58e1ad24/library/std/src/panicking.rs:322:9
[INFO] [stdout]   10:     0x6216272afb83 - <alloc::boxed::Box<F,A> as core::ops::function::Fn<Args>>::call::hdb53814c496a4d34
[INFO] [stdout]                                at /rustc/6067b36314ab5eb2eb47cecc464545ba58e1ad24/library/alloc/src/boxed.rs:2027:9
[INFO] [stdout]   11:     0x6216272afb83 - test::test_main::{{closure}}::hc0a4963c59427c24
[INFO] [stdout]                                at /rustc/6067b36314ab5eb2eb47cecc464545ba58e1ad24/library/test/src/lib.rs:134:21
[INFO] [stdout]   12:     0x621627566003 - <alloc::boxed::Box<F,A> as core::ops::function::Fn<Args>>::call::h591b2225413a77e9
[INFO] [stdout]                                at /rustc/6067b36314ab5eb2eb47cecc464545ba58e1ad24/library/alloc/src/boxed.rs:2027:9
[INFO] [stdout]   13:     0x621627566003 - std::panicking::rust_panic_with_hook::h625eea43051b2edc
[INFO] [stdout]                                at /rustc/6067b36314ab5eb2eb47cecc464545ba58e1ad24/library/std/src/panicking.rs:839:13
[INFO] [stdout]   14:     0x621627565cba - std::panicking::begin_panic_handler::{{closure}}::h4f9159cfbc3f6bd3
[INFO] [stdout]                                at /rustc/6067b36314ab5eb2eb47cecc464545ba58e1ad24/library/std/src/panicking.rs:704:13
[INFO] [stdout]   15:     0x6216275645e9 - std::sys::backtrace::__rust_end_short_backtrace::h0390abce48353151
[INFO] [stdout]                                at /rustc/6067b36314ab5eb2eb47cecc464545ba58e1ad24/library/std/src/sys/backtrace.rs:168:18
[INFO] [stdout]   16:     0x62162756594d - rust_begin_unwind
[INFO] [stdout]                                at /rustc/6067b36314ab5eb2eb47cecc464545ba58e1ad24/library/std/src/panicking.rs:695:5
[INFO] [stdout]   17:     0x62162758e260 - core::panicking::panic_fmt::h9e7c637e9e5f29c9
[INFO] [stdout]                                at /rustc/6067b36314ab5eb2eb47cecc464545ba58e1ad24/library/core/src/panicking.rs:75:14
[INFO] [stdout]   18:     0x62162758e736 - core::result::unwrap_failed::h7979f09313fe1849
[INFO] [stdout]                                at /rustc/6067b36314ab5eb2eb47cecc464545ba58e1ad24/library/core/src/result.rs:1704:5
[INFO] [stdout]   19:     0x6216272602c8 - core::result::Result<T,E>::unwrap::h527bc02f7b0fa3af
[INFO] [stdout]                                at /rustc/6067b36314ab5eb2eb47cecc464545ba58e1ad24/library/core/src/result.rs:1109:23
[INFO] [stdout]   20:     0x6216272602c8 - socks5::connect::tests::extract_domain_name::{{closure}}::h1e298d3efe8a666a
[INFO] [stdout]                                at /opt/rustwide/workdir/src/connect.rs:172:20
[INFO] [stdout]   21:     0x621627252842 - <core::pin::Pin<P> as core::future::future::Future>::poll::h98bb4395663b7834
[INFO] [stdout]                                at /rustc/6067b36314ab5eb2eb47cecc464545ba58e1ad24/library/core/src/future/future.rs:124:9
[INFO] [stdout]   22:     0x62162725287d - <core::pin::Pin<P> as core::future::future::Future>::poll::hec4bb2975bcd319f
[INFO] [stdout]                                at /rustc/6067b36314ab5eb2eb47cecc464545ba58e1ad24/library/core/src/future/future.rs:124:9
[INFO] [stdout]   23:     0x62162724616f - tokio::runtime::scheduler::current_thread::CoreGuard::block_on::{{closure}}::{{closure}}::{{closure}}::h5aad772c1e790ddd
[INFO] [stdout]                                at /opt/rustwide/cargo-home/registry/src/index.crates.io-1949cf8c6b5b557f/tokio-1.32.0/src/runtime/scheduler/current_thread/mod.rs:665:57
[INFO] [stdout]   24:     0x6216272460a5 - tokio::runtime::coop::with_budget::h7febdb065eeb00fe
[INFO] [stdout]                                at /opt/rustwide/cargo-home/registry/src/index.crates.io-1949cf8c6b5b557f/tokio-1.32.0/src/runtime/coop.rs:107:5
[INFO] [stdout]   25:     0x6216272460a5 - tokio::runtime::coop::budget::hd382992122e2f42d
[INFO] [stdout]                                at /opt/rustwide/cargo-home/registry/src/index.crates.io-1949cf8c6b5b557f/tokio-1.32.0/src/runtime/coop.rs:73:5
[INFO] [stdout]   26:     0x6216272460a5 - tokio::runtime::scheduler::current_thread::CoreGuard::block_on::{{closure}}::{{closure}}::h462506e0713dd46e
[INFO] [stderr] error: test failed, to rerun pass `--lib`
[INFO] [stdout]                                at /opt/rustwide/cargo-home/registry/src/index.crates.io-1949cf8c6b5b557f/tokio-1.32.0/src/runtime/scheduler/current_thread/mod.rs:665:25
[INFO] [stdout]   27:     0x621627244b70 - tokio::runtime::scheduler::current_thread::Context::enter::h8ce04dc92d926f93
[INFO] [stdout]                                at /opt/rustwide/cargo-home/registry/src/index.crates.io-1949cf8c6b5b557f/tokio-1.32.0/src/runtime/scheduler/current_thread/mod.rs:410:19
[INFO] [stdout]   28:     0x62162724591b - tokio::runtime::scheduler::current_thread::CoreGuard::block_on::{{closure}}::h34e9d809e211dc62
[INFO] [stdout]                                at /opt/rustwide/cargo-home/registry/src/index.crates.io-1949cf8c6b5b557f/tokio-1.32.0/src/runtime/scheduler/current_thread/mod.rs:664:36
[INFO] [stdout]   29:     0x621627245694 - tokio::runtime::scheduler::current_thread::CoreGuard::enter::{{closure}}::hd0d4ba2e14b5944f
[INFO] [stdout]                                at /opt/rustwide/cargo-home/registry/src/index.crates.io-1949cf8c6b5b557f/tokio-1.32.0/src/runtime/scheduler/current_thread/mod.rs:743:68
[INFO] [stdout]   30:     0x62162724c8bb - tokio::runtime::context::scoped::Scoped<T>::set::hbb8b97ce1e78b37d
[INFO] [stdout]                                at /opt/rustwide/cargo-home/registry/src/index.crates.io-1949cf8c6b5b557f/tokio-1.32.0/src/runtime/context/scoped.rs:40:9
[INFO] [stdout]   31:     0x62162725cb39 - tokio::runtime::context::set_scheduler::{{closure}}::hd513607799a67ecd
[INFO] [stdout]                                at /opt/rustwide/cargo-home/registry/src/index.crates.io-1949cf8c6b5b557f/tokio-1.32.0/src/runtime/context.rs:176:26
[INFO] [stdout]   32:     0x621627250b22 - std::thread::local::LocalKey<T>::try_with::hbe4b21a6f2c12478
[INFO] [stdout]                                at /rustc/6067b36314ab5eb2eb47cecc464545ba58e1ad24/library/std/src/thread/local.rs:308:12
[INFO] [stdout]   33:     0x6216272503fa - std::thread::local::LocalKey<T>::with::h5235f4f7db5bd126
[INFO] [stdout]                                at /rustc/6067b36314ab5eb2eb47cecc464545ba58e1ad24/library/std/src/thread/local.rs:272:9
[INFO] [stdout]   34:     0x62162725caed - tokio::runtime::context::set_scheduler::h638c6121a5060d33
[INFO] [stdout]                                at /opt/rustwide/cargo-home/registry/src/index.crates.io-1949cf8c6b5b557f/tokio-1.32.0/src/runtime/context.rs:176:9
[INFO] [stdout]   35:     0x621627245440 - tokio::runtime::scheduler::current_thread::CoreGuard::enter::hf057f5f310c24078
[INFO] [stdout]                                at /opt/rustwide/cargo-home/registry/src/index.crates.io-1949cf8c6b5b557f/tokio-1.32.0/src/runtime/scheduler/current_thread/mod.rs:743:27
[INFO] [stdout]   36:     0x6216272456b3 - tokio::runtime::scheduler::current_thread::CoreGuard::block_on::h3aea0934a503d3a4
[INFO] [stdout]                                at /opt/rustwide/cargo-home/registry/src/index.crates.io-1949cf8c6b5b557f/tokio-1.32.0/src/runtime/scheduler/current_thread/mod.rs:652:19
[INFO] [stdout]   37:     0x62162724419d - tokio::runtime::scheduler::current_thread::CurrentThread::block_on::{{closure}}::h733d681bb047cd90
[INFO] [stdout]                                at /opt/rustwide/cargo-home/registry/src/index.crates.io-1949cf8c6b5b557f/tokio-1.32.0/src/runtime/scheduler/current_thread/mod.rs:175:28
[INFO] [stdout]   38:     0x62162724ca36 - tokio::runtime::context::runtime::enter_runtime::h744e143ca8e29148
[INFO] [stdout]                                at /opt/rustwide/cargo-home/registry/src/index.crates.io-1949cf8c6b5b557f/tokio-1.32.0/src/runtime/context/runtime.rs:65:16
[INFO] [stdout]   39:     0x6216272440b1 - tokio::runtime::scheduler::current_thread::CurrentThread::block_on::h6ca955cf35c6836f
[INFO] [stdout]                                at /opt/rustwide/cargo-home/registry/src/index.crates.io-1949cf8c6b5b557f/tokio-1.32.0/src/runtime/scheduler/current_thread/mod.rs:167:9
[INFO] [stdout]   40:     0x62162724d10d - tokio::runtime::runtime::Runtime::block_on::h5f167378b3698d37
[INFO] [stdout]                                at /opt/rustwide/cargo-home/registry/src/index.crates.io-1949cf8c6b5b557f/tokio-1.32.0/src/runtime/runtime.rs:347:47
[INFO] [stdout]   41:     0x62162725fdf4 - socks5::connect::tests::extract_domain_name::hdb50e7a70463ca05
[INFO] [stdout]                                at /opt/rustwide/workdir/src/connect.rs:180:9
[INFO] [stdout]   42:     0x62162725fc97 - socks5::connect::tests::extract_domain_name::{{closure}}::h122d096b3fb2a4c1
[INFO] [stdout]                                at /opt/rustwide/workdir/src/connect.rs:163:35
[INFO] [stdout]   43:     0x621627236396 - core::ops::function::FnOnce::call_once::hedce46d6fdf4bc3a
[INFO] [stdout]                                at /rustc/6067b36314ab5eb2eb47cecc464545ba58e1ad24/library/core/src/ops/function.rs:250:5
[INFO] [stdout]   44:     0x6216272b52db - core::ops::function::FnOnce::call_once::he27718dfdd183f43
[INFO] [stdout]                                at /rustc/6067b36314ab5eb2eb47cecc464545ba58e1ad24/library/core/src/ops/function.rs:250:5
[INFO] [stdout]   45:     0x6216272b52db - test::__rust_begin_short_backtrace::h4e84902998457a5d
[INFO] [stdout]                                at /rustc/6067b36314ab5eb2eb47cecc464545ba58e1ad24/library/test/src/lib.rs:632:18
[INFO] [stdout]   46:     0x6216272b4213 - test::run_test_in_process::{{closure}}::h7176fd18fc1feca0
[INFO] [stdout]                                at /rustc/6067b36314ab5eb2eb47cecc464545ba58e1ad24/library/test/src/lib.rs:655:60
[INFO] [stdout]   47:     0x6216272b4213 - <core::panic::unwind_safe::AssertUnwindSafe<F> as core::ops::function::FnOnce<()>>::call_once::hf79cff2a624d8cf7
[INFO] [stdout]                                at /rustc/6067b36314ab5eb2eb47cecc464545ba58e1ad24/library/core/src/panic/unwind_safe.rs:272:9
[INFO] [stdout]   48:     0x6216272b4213 - std::panicking::try::do_call::h3da0561d9ab99c25
[INFO] [stdout]                                at /rustc/6067b36314ab5eb2eb47cecc464545ba58e1ad24/library/std/src/panicking.rs:587:40
[INFO] [stdout]   49:     0x6216272b4213 - std::panicking::try::h41c9fa508bc61df6
[INFO] [stdout]                                at /rustc/6067b36314ab5eb2eb47cecc464545ba58e1ad24/library/std/src/panicking.rs:550:19
[INFO] [stdout]   50:     0x6216272b4213 - std::panic::catch_unwind::h6b3ff07bb5afad93
[INFO] [stdout]                                at /rustc/6067b36314ab5eb2eb47cecc464545ba58e1ad24/library/std/src/panic.rs:358:14
[INFO] [stdout]   51:     0x6216272b4213 - test::run_test_in_process::hc7253dd11b39b9f4
[INFO] [stdout]                                at /rustc/6067b36314ab5eb2eb47cecc464545ba58e1ad24/library/test/src/lib.rs:655:27
[INFO] [stdout]   52:     0x6216272b4213 - test::run_test::{{closure}}::hfb2007f8649c30bb
[INFO] [stdout]                                at /rustc/6067b36314ab5eb2eb47cecc464545ba58e1ad24/library/test/src/lib.rs:576:43
[INFO] [stdout]   53:     0x6216272772f5 - test::run_test::{{closure}}::h56a17aa7a282a9f4
[INFO] [stdout]                                at /rustc/6067b36314ab5eb2eb47cecc464545ba58e1ad24/library/test/src/lib.rs:606:41
[INFO] [stdout]   54:     0x6216272772f5 - std::sys::backtrace::__rust_begin_short_backtrace::hd2d2d2fb8e8c6aac
[INFO] [stdout]                                at /rustc/6067b36314ab5eb2eb47cecc464545ba58e1ad24/library/std/src/sys/backtrace.rs:152:18
[INFO] [stdout]   55:     0x62162727abda - std::thread::Builder::spawn_unchecked_::{{closure}}::{{closure}}::h4faa3f9db6133423
[INFO] [stdout]                                at /rustc/6067b36314ab5eb2eb47cecc464545ba58e1ad24/library/std/src/thread/mod.rs:559:17
[INFO] [stdout]   56:     0x62162727abda - <core::panic::unwind_safe::AssertUnwindSafe<F> as core::ops::function::FnOnce<()>>::call_once::hf2e855a36a4ea846
[INFO] [stdout]                                at /rustc/6067b36314ab5eb2eb47cecc464545ba58e1ad24/library/core/src/panic/unwind_safe.rs:272:9
[INFO] [stdout]   57:     0x62162727abda - std::panicking::try::do_call::h2f73af3616c35465
[INFO] [stdout]                                at /rustc/6067b36314ab5eb2eb47cecc464545ba58e1ad24/library/std/src/panicking.rs:587:40
[INFO] [stdout]   58:     0x62162727abda - std::panicking::try::hd1660ce9efadef5a
[INFO] [stdout]                                at /rustc/6067b36314ab5eb2eb47cecc464545ba58e1ad24/library/std/src/panicking.rs:550:19
[INFO] [stdout]   59:     0x62162727abda - std::panic::catch_unwind::h5ee8d7823b8ca744
[INFO] [stdout]                                at /rustc/6067b36314ab5eb2eb47cecc464545ba58e1ad24/library/std/src/panic.rs:358:14
[INFO] [stdout]   60:     0x62162727abda - std::thread::Builder::spawn_unchecked_::{{closure}}::h53c3a1894dce8407
[INFO] [stdout]                                at /rustc/6067b36314ab5eb2eb47cecc464545ba58e1ad24/library/std/src/thread/mod.rs:557:30
[INFO] [stdout]   61:     0x62162727abda - core::ops::function::FnOnce::call_once{{vtable.shim}}::h048ce291ad4f62bf
[INFO] [stdout]                                at /rustc/6067b36314ab5eb2eb47cecc464545ba58e1ad24/library/core/src/ops/function.rs:250:5
[INFO] [stdout]   62:     0x62162756a20b - <alloc::boxed::Box<F,A> as core::ops::function::FnOnce<Args>>::call_once::ha52bedf99a3b4981
[INFO] [stdout]                                at /rustc/6067b36314ab5eb2eb47cecc464545ba58e1ad24/library/alloc/src/boxed.rs:2013:9
[INFO] [stdout]   63:     0x62162756a20b - <alloc::boxed::Box<F,A> as core::ops::function::FnOnce<Args>>::call_once::h567748934d80ccf8
[INFO] [stdout]                                at /rustc/6067b36314ab5eb2eb47cecc464545ba58e1ad24/library/alloc/src/boxed.rs:2013:9
[INFO] [stdout]   64:     0x62162756a20b - std::sys::pal::unix::thread::Thread::new::thread_start::h2d970728ae887adc
[INFO] [stdout]                                at /rustc/6067b36314ab5eb2eb47cecc464545ba58e1ad24/library/std/src/sys/pal/unix/thread.rs:106:17
[INFO] [stdout]   65:     0x7ede354b1ac3 - <unknown>
[INFO] [stdout]   66:     0x7ede35542a04 - clone
[INFO] [stdout]   67:                0x0 - <unknown>
[INFO] [stdout] 
[INFO] [stdout] 
[INFO] [stdout] failures:
[INFO] [stdout]     connect::tests::connect
[INFO] [stdout]     connect::tests::extract_domain_name
[INFO] [stdout] 
[INFO] [stdout] test result: FAILED. 25 passed; 2 failed; 0 ignored; 0 measured; 0 filtered out; finished in 0.07s
[INFO] [stdout] 
[INFO] running `Command { std: "docker" "inspect" "cffa5fa503de83da1b8e9ff1f8a54ba431e1125fb78feca4379825852818d4c9", kill_on_drop: false }`
[INFO] running `Command { std: "docker" "rm" "-f" "cffa5fa503de83da1b8e9ff1f8a54ba431e1125fb78feca4379825852818d4c9", kill_on_drop: false }`
[INFO] [stdout] cffa5fa503de83da1b8e9ff1f8a54ba431e1125fb78feca4379825852818d4c9
