[INFO] cloning repository https://github.com/hirohiso/rust-lisp
[INFO] running `Command { std: "git" "-c" "credential.helper=" "-c" "credential.helper=/workspace/cargo-home/bin/git-credential-null" "clone" "--bare" "https://github.com/hirohiso/rust-lisp" "/workspace/cache/git-repos/https%3A%2F%2Fgithub.com%2Fhirohiso%2Frust-lisp", kill_on_drop: false }`
[INFO] [stderr] Cloning into bare repository '/workspace/cache/git-repos/https%3A%2F%2Fgithub.com%2Fhirohiso%2Frust-lisp'...
[INFO] running `Command { std: "git" "rev-parse" "HEAD", kill_on_drop: false }`
[INFO] [stdout] 598e614bf1b174c1c3ac42f9edf05a7b8e395ed8
[INFO] testing hirohiso/rust-lisp against nightly-2025-01-18 for randomize-layout-2
[INFO] running `Command { std: "git" "clone" "/workspace/cache/git-repos/https%3A%2F%2Fgithub.com%2Fhirohiso%2Frust-lisp" "/workspace/builds/worker-4-tc1/source", kill_on_drop: false }`
[INFO] [stderr] Cloning into '/workspace/builds/worker-4-tc1/source'...
[INFO] [stderr] done.
[INFO] validating manifest of git repo https://github.com/hirohiso/rust-lisp on toolchain nightly-2025-01-18
[INFO] running `Command { std: CARGO_HOME="/workspace/cargo-home" RUSTUP_HOME="/workspace/rustup-home" "/workspace/cargo-home/bin/cargo" "+nightly-2025-01-18" "metadata" "--manifest-path" "Cargo.toml" "--no-deps", kill_on_drop: false }`
[INFO] started tweaking git repo https://github.com/hirohiso/rust-lisp
[INFO] finished tweaking git repo https://github.com/hirohiso/rust-lisp
[INFO] tweaked toml for git repo https://github.com/hirohiso/rust-lisp written to /workspace/builds/worker-4-tc1/source/Cargo.toml
[INFO] crate git repo https://github.com/hirohiso/rust-lisp already has a lockfile, it will not be regenerated
[INFO] running `Command { std: CARGO_HOME="/workspace/cargo-home" RUSTUP_HOME="/workspace/rustup-home" "/workspace/cargo-home/bin/cargo" "+nightly-2025-01-18" "fetch" "--manifest-path" "Cargo.toml", kill_on_drop: false }`
[INFO] running `Command { std: "docker" "create" "-v" "/var/lib/crater-agent-workspace/builds/worker-4-tc1/target:/opt/rustwide/target:rw,Z" "-v" "/var/lib/crater-agent-workspace/builds/worker-4-tc1/source:/opt/rustwide/workdir:ro,Z" "-v" "/var/lib/crater-agent-workspace/cargo-home:/opt/rustwide/cargo-home:ro,Z" "-v" "/var/lib/crater-agent-workspace/rustup-home:/opt/rustwide/rustup-home:ro,Z" "-e" "SOURCE_DIR=/opt/rustwide/workdir" "-e" "CARGO_TARGET_DIR=/opt/rustwide/target" "-e" "CARGO_HOME=/opt/rustwide/cargo-home" "-e" "RUSTUP_HOME=/opt/rustwide/rustup-home" "-w" "/opt/rustwide/workdir" "-m" "1610612736" "--user" "0:0" "--network" "none" "ghcr.io/rust-lang/crates-build-env/linux@sha256:819108c5571ea2e421544af4d832f968d213c87fbe3707a016657f43d2f853bc" "/opt/rustwide/cargo-home/bin/cargo" "+nightly-2025-01-18" "metadata" "--no-deps" "--format-version=1", kill_on_drop: false }`
[INFO] [stdout] 72fa64ad9feb1ca3ba0a5d8e0f58545c0e4a17fa85201b324adb0417bfcf6275
[INFO] running `Command { std: "docker" "start" "-a" "72fa64ad9feb1ca3ba0a5d8e0f58545c0e4a17fa85201b324adb0417bfcf6275", kill_on_drop: false }`
[INFO] running `Command { std: "docker" "inspect" "72fa64ad9feb1ca3ba0a5d8e0f58545c0e4a17fa85201b324adb0417bfcf6275", kill_on_drop: false }`
[INFO] running `Command { std: "docker" "rm" "-f" "72fa64ad9feb1ca3ba0a5d8e0f58545c0e4a17fa85201b324adb0417bfcf6275", kill_on_drop: false }`
[INFO] [stdout] 72fa64ad9feb1ca3ba0a5d8e0f58545c0e4a17fa85201b324adb0417bfcf6275
[INFO] running `Command { std: "docker" "create" "-v" "/var/lib/crater-agent-workspace/builds/worker-4-tc1/target:/opt/rustwide/target:rw,Z" "-v" "/var/lib/crater-agent-workspace/builds/worker-4-tc1/source:/opt/rustwide/workdir:ro,Z" "-v" "/var/lib/crater-agent-workspace/cargo-home:/opt/rustwide/cargo-home:ro,Z" "-v" "/var/lib/crater-agent-workspace/rustup-home:/opt/rustwide/rustup-home:ro,Z" "-e" "SOURCE_DIR=/opt/rustwide/workdir" "-e" "CARGO_TARGET_DIR=/opt/rustwide/target" "-e" "CARGO_INCREMENTAL=0" "-e" "RUST_BACKTRACE=full" "-e" "RUSTFLAGS=--cap-lints=forbid" "-e" "RUSTDOCFLAGS=--cap-lints=forbid" "-e" "CARGO_HOME=/opt/rustwide/cargo-home" "-e" "RUSTUP_HOME=/opt/rustwide/rustup-home" "-w" "/opt/rustwide/workdir" "-m" "1610612736" "--user" "0:0" "--network" "none" "ghcr.io/rust-lang/crates-build-env/linux@sha256:819108c5571ea2e421544af4d832f968d213c87fbe3707a016657f43d2f853bc" "/opt/rustwide/cargo-home/bin/cargo" "+nightly-2025-01-18" "build" "--frozen" "--message-format=json", kill_on_drop: false }`
[INFO] [stdout] 6295e16442c799193375020e1b1b127f9f29cff28620c937de9f65d2572627bd
[INFO] running `Command { std: "docker" "start" "-a" "6295e16442c799193375020e1b1b127f9f29cff28620c937de9f65d2572627bd", kill_on_drop: false }`
[INFO] [stderr]    Compiling memchr v2.4.1
[INFO] [stderr]    Compiling regex-syntax v0.6.25
[INFO] [stderr]    Compiling aho-corasick v0.7.18
[INFO] [stderr]    Compiling regex v1.5.4
[INFO] [stderr]    Compiling rust-lisp v0.1.0 (/opt/rustwide/workdir)
[INFO] [stdout] warning: unused variable: `symbol`
[INFO] [stdout]   --> src/enviroment.rs:38:23
[INFO] [stdout]    |
[INFO] [stdout] 38 |     pub fn get(& self,symbol:&str)->LispCell{
[INFO] [stdout]    |                       ^^^^^^ help: if this is intentional, prefix it with an underscore: `_symbol`
[INFO] [stdout]    |
[INFO] [stdout]    = note: `#[warn(unused_variables)]` on by default
[INFO] [stdout] 
[INFO] [stdout] 
[INFO] [stdout] warning: unused imports: `env` and `ops::Deref`
[INFO] [stdout]  --> src/main.rs:1:11
[INFO] [stdout]   |
[INFO] [stdout] 1 | use std::{env, io, ops::Deref};
[INFO] [stdout]   |           ^^^      ^^^^^^^^^^
[INFO] [stdout]   |
[INFO] [stdout]   = note: `#[warn(unused_imports)]` on by default
[INFO] [stdout] 
[INFO] [stdout] 
[INFO] [stdout] warning: unused import: `NoExpand`
[INFO] [stdout]  --> src/reader.rs:4:13
[INFO] [stdout]   |
[INFO] [stdout] 4 | use regex::{NoExpand, Regex};
[INFO] [stdout]   |             ^^^^^^^^
[INFO] [stdout] 
[INFO] [stdout] 
[INFO] [stdout] warning: type `readerObj` should have an upper camel case name
[INFO] [stdout]   --> src/reader.rs:22:8
[INFO] [stdout]    |
[INFO] [stdout] 22 | struct readerObj<'a> {
[INFO] [stdout]    |        ^^^^^^^^^ help: convert the identifier to upper camel case: `ReaderObj`
[INFO] [stdout]    |
[INFO] [stdout]    = note: `#[warn(non_camel_case_types)]` on by default
[INFO] [stdout] 
[INFO] [stdout] 
[INFO] [stdout] warning: unused variable: `symbol`
[INFO] [stdout]   --> src/enviroment.rs:38:23
[INFO] [stdout]    |
[INFO] [stdout] 38 |     pub fn get(& self,symbol:&str)->LispCell{
[INFO] [stdout]    |                       ^^^^^^ help: if this is intentional, prefix it with an underscore: `_symbol`
[INFO] [stdout]    |
[INFO] [stdout]    = note: `#[warn(unused_variables)]` on by default
[INFO] [stdout] 
[INFO] [stdout] 
[INFO] [stdout] warning: function `tttt` is never used
[INFO] [stdout]  --> src/eval.rs:1:4
[INFO] [stdout]   |
[INFO] [stdout] 1 | fn tttt(){
[INFO] [stdout]   |    ^^^^
[INFO] [stdout]   |
[INFO] [stdout]   = note: `#[warn(dead_code)]` on by default
[INFO] [stdout] 
[INFO] [stdout] 
[INFO] [stdout] warning: fields `outer` and `data` are never read
[INFO] [stdout]  --> src/enviroment.rs:5:5
[INFO] [stdout]   |
[INFO] [stdout] 3 | pub struct Enviroments<'a>{
[INFO] [stdout]   |            ----------- fields in this struct
[INFO] [stdout] 4 |     functions :Vec<(&'a str, fn(&[i32]) -> i32)>,
[INFO] [stdout] 5 |     outer : Option<&'a Enviroments<'a>>,
[INFO] [stdout]   |     ^^^^^
[INFO] [stdout] 6 |     data : Vec<(String, LispCell)>,
[INFO] [stdout]   |     ^^^^
[INFO] [stdout] 
[INFO] [stdout] 
[INFO] [stdout] warning: methods `set`, `find`, and `get` are never used
[INFO] [stdout]   --> src/enviroment.rs:21:12
[INFO] [stdout]    |
[INFO] [stdout] 9  | impl<'a> Enviroments<'a>{
[INFO] [stdout]    | ------------------------ methods in this implementation
[INFO] [stdout] ...
[INFO] [stdout] 21 |     pub fn set(&mut self,symbol : String,value :LispCell){
[INFO] [stdout]    |            ^^^
[INFO] [stdout] ...
[INFO] [stdout] 25 |     pub fn find(& self,symbol : &str)->&Enviroments{
[INFO] [stdout]    |            ^^^^
[INFO] [stdout] ...
[INFO] [stdout] 38 |     pub fn get(& self,symbol:&str)->LispCell{
[INFO] [stdout]    |            ^^^
[INFO] [stdout] 
[INFO] [stdout] 
[INFO] [stderr]     Finished `dev` profile [unoptimized + debuginfo] target(s) in 9.03s
[INFO] running `Command { std: "docker" "inspect" "6295e16442c799193375020e1b1b127f9f29cff28620c937de9f65d2572627bd", kill_on_drop: false }`
[INFO] running `Command { std: "docker" "rm" "-f" "6295e16442c799193375020e1b1b127f9f29cff28620c937de9f65d2572627bd", kill_on_drop: false }`
[INFO] [stdout] 6295e16442c799193375020e1b1b127f9f29cff28620c937de9f65d2572627bd
[INFO] running `Command { std: "docker" "create" "-v" "/var/lib/crater-agent-workspace/builds/worker-4-tc1/target:/opt/rustwide/target:rw,Z" "-v" "/var/lib/crater-agent-workspace/builds/worker-4-tc1/source:/opt/rustwide/workdir:ro,Z" "-v" "/var/lib/crater-agent-workspace/cargo-home:/opt/rustwide/cargo-home:ro,Z" "-v" "/var/lib/crater-agent-workspace/rustup-home:/opt/rustwide/rustup-home:ro,Z" "-e" "SOURCE_DIR=/opt/rustwide/workdir" "-e" "CARGO_TARGET_DIR=/opt/rustwide/target" "-e" "CARGO_INCREMENTAL=0" "-e" "RUST_BACKTRACE=full" "-e" "RUSTFLAGS=--cap-lints=forbid" "-e" "RUSTDOCFLAGS=--cap-lints=forbid" "-e" "CARGO_HOME=/opt/rustwide/cargo-home" "-e" "RUSTUP_HOME=/opt/rustwide/rustup-home" "-w" "/opt/rustwide/workdir" "-m" "1610612736" "--user" "0:0" "--network" "none" "ghcr.io/rust-lang/crates-build-env/linux@sha256:819108c5571ea2e421544af4d832f968d213c87fbe3707a016657f43d2f853bc" "/opt/rustwide/cargo-home/bin/cargo" "+nightly-2025-01-18" "test" "--frozen" "--no-run" "--message-format=json", kill_on_drop: false }`
[INFO] [stdout] 258f776e64972f4252b6e356eb2e97ab5a3173a3f9d9b18ae991625760865320
[INFO] running `Command { std: "docker" "start" "-a" "258f776e64972f4252b6e356eb2e97ab5a3173a3f9d9b18ae991625760865320", kill_on_drop: false }`
[INFO] [stderr]    Compiling rust-lisp v0.1.0 (/opt/rustwide/workdir)
[INFO] [stdout] warning: unused variable: `symbol`
[INFO] [stdout]   --> src/enviroment.rs:38:23
[INFO] [stdout]    |
[INFO] [stdout] 38 |     pub fn get(& self,symbol:&str)->LispCell{
[INFO] [stdout]    |                       ^^^^^^ help: if this is intentional, prefix it with an underscore: `_symbol`
[INFO] [stdout]    |
[INFO] [stdout]    = note: `#[warn(unused_variables)]` on by default
[INFO] [stdout] 
[INFO] [stdout] 
[INFO] [stdout] warning: unused imports: `env` and `ops::Deref`
[INFO] [stdout]  --> src/main.rs:1:11
[INFO] [stdout]   |
[INFO] [stdout] 1 | use std::{env, io, ops::Deref};
[INFO] [stdout]   |           ^^^      ^^^^^^^^^^
[INFO] [stdout]   |
[INFO] [stdout]   = note: `#[warn(unused_imports)]` on by default
[INFO] [stdout] 
[INFO] [stdout] 
[INFO] [stdout] warning: unused import: `NoExpand`
[INFO] [stdout]  --> src/reader.rs:4:13
[INFO] [stdout]   |
[INFO] [stdout] 4 | use regex::{NoExpand, Regex};
[INFO] [stdout]   |             ^^^^^^^^
[INFO] [stdout] 
[INFO] [stdout] 
[INFO] [stdout] warning: type `readerObj` should have an upper camel case name
[INFO] [stdout]   --> src/reader.rs:22:8
[INFO] [stdout]    |
[INFO] [stdout] 22 | struct readerObj<'a> {
[INFO] [stdout]    |        ^^^^^^^^^ help: convert the identifier to upper camel case: `ReaderObj`
[INFO] [stdout]    |
[INFO] [stdout]    = note: `#[warn(non_camel_case_types)]` on by default
[INFO] [stdout] 
[INFO] [stdout] 
[INFO] [stdout] warning: unused variable: `symbol`
[INFO] [stdout]   --> src/enviroment.rs:38:23
[INFO] [stdout]    |
[INFO] [stdout] 38 |     pub fn get(& self,symbol:&str)->LispCell{
[INFO] [stdout]    |                       ^^^^^^ help: if this is intentional, prefix it with an underscore: `_symbol`
[INFO] [stdout]    |
[INFO] [stdout]    = note: `#[warn(unused_variables)]` on by default
[INFO] [stdout] 
[INFO] [stdout] 
[INFO] [stdout] warning: unused variable: `actual`
[INFO] [stdout]   --> src/reader.rs:80:9
[INFO] [stdout]    |
[INFO] [stdout] 80 |     let actual = read_str("(* 1 (+ 1 2))");
[INFO] [stdout]    |         ^^^^^^ help: if this is intentional, prefix it with an underscore: `_actual`
[INFO] [stdout]    |
[INFO] [stdout]    = note: `#[warn(unused_variables)]` on by default
[INFO] [stdout] 
[INFO] [stdout] 
[INFO] [stdout] warning: unused variable: `symbol`
[INFO] [stdout]   --> src/enviroment.rs:38:23
[INFO] [stdout]    |
[INFO] [stdout] 38 |     pub fn get(& self,symbol:&str)->LispCell{
[INFO] [stdout]    |                       ^^^^^^ help: if this is intentional, prefix it with an underscore: `_symbol`
[INFO] [stdout] 
[INFO] [stdout] 
[INFO] [stdout] warning: function `tttt` is never used
[INFO] [stdout]  --> src/eval.rs:1:4
[INFO] [stdout]   |
[INFO] [stdout] 1 | fn tttt(){
[INFO] [stdout]   |    ^^^^
[INFO] [stdout]   |
[INFO] [stdout]   = note: `#[warn(dead_code)]` on by default
[INFO] [stdout] 
[INFO] [stdout] 
[INFO] [stdout] warning: fields `outer` and `data` are never read
[INFO] [stdout]  --> src/enviroment.rs:5:5
[INFO] [stdout]   |
[INFO] [stdout] 3 | pub struct Enviroments<'a>{
[INFO] [stdout]   |            ----------- fields in this struct
[INFO] [stdout] 4 |     functions :Vec<(&'a str, fn(&[i32]) -> i32)>,
[INFO] [stdout] 5 |     outer : Option<&'a Enviroments<'a>>,
[INFO] [stdout]   |     ^^^^^
[INFO] [stdout] 6 |     data : Vec<(String, LispCell)>,
[INFO] [stdout]   |     ^^^^
[INFO] [stdout] 
[INFO] [stdout] 
[INFO] [stdout] warning: methods `set`, `find`, and `get` are never used
[INFO] [stdout]   --> src/enviroment.rs:21:12
[INFO] [stdout]    |
[INFO] [stdout] 9  | impl<'a> Enviroments<'a>{
[INFO] [stdout]    | ------------------------ methods in this implementation
[INFO] [stdout] ...
[INFO] [stdout] 21 |     pub fn set(&mut self,symbol : String,value :LispCell){
[INFO] [stdout]    |            ^^^
[INFO] [stdout] ...
[INFO] [stdout] 25 |     pub fn find(& self,symbol : &str)->&Enviroments{
[INFO] [stdout]    |            ^^^^
[INFO] [stdout] ...
[INFO] [stdout] 38 |     pub fn get(& self,symbol:&str)->LispCell{
[INFO] [stdout]    |            ^^^
[INFO] [stdout] 
[INFO] [stdout] 
[INFO] [stderr]     Finished `test` profile [unoptimized + debuginfo] target(s) in 1.21s
[INFO] running `Command { std: "docker" "inspect" "258f776e64972f4252b6e356eb2e97ab5a3173a3f9d9b18ae991625760865320", kill_on_drop: false }`
[INFO] running `Command { std: "docker" "rm" "-f" "258f776e64972f4252b6e356eb2e97ab5a3173a3f9d9b18ae991625760865320", kill_on_drop: false }`
[INFO] [stdout] 258f776e64972f4252b6e356eb2e97ab5a3173a3f9d9b18ae991625760865320
[INFO] running `Command { std: "docker" "create" "-v" "/var/lib/crater-agent-workspace/builds/worker-4-tc1/target:/opt/rustwide/target:rw,Z" "-v" "/var/lib/crater-agent-workspace/builds/worker-4-tc1/source:/opt/rustwide/workdir:ro,Z" "-v" "/var/lib/crater-agent-workspace/cargo-home:/opt/rustwide/cargo-home:ro,Z" "-v" "/var/lib/crater-agent-workspace/rustup-home:/opt/rustwide/rustup-home:ro,Z" "-e" "SOURCE_DIR=/opt/rustwide/workdir" "-e" "CARGO_TARGET_DIR=/opt/rustwide/target" "-e" "CARGO_INCREMENTAL=0" "-e" "RUST_BACKTRACE=full" "-e" "RUSTFLAGS=--cap-lints=forbid" "-e" "RUSTDOCFLAGS=--cap-lints=forbid" "-e" "CARGO_HOME=/opt/rustwide/cargo-home" "-e" "RUSTUP_HOME=/opt/rustwide/rustup-home" "-w" "/opt/rustwide/workdir" "-m" "1610612736" "--user" "0:0" "--network" "none" "ghcr.io/rust-lang/crates-build-env/linux@sha256:819108c5571ea2e421544af4d832f968d213c87fbe3707a016657f43d2f853bc" "/opt/rustwide/cargo-home/bin/cargo" "+nightly-2025-01-18" "test" "--frozen", kill_on_drop: false }`
[INFO] [stdout] 50858e74365823a28554d3b113a18f456e87bcb4413934a9faa9cab7a7b58087
[INFO] running `Command { std: "docker" "start" "-a" "50858e74365823a28554d3b113a18f456e87bcb4413934a9faa9cab7a7b58087", kill_on_drop: false }`
[INFO] [stderr] warning: unused variable: `symbol`
[INFO] [stderr]   --> src/enviroment.rs:38:23
[INFO] [stderr]    |
[INFO] [stderr] 38 |     pub fn get(& self,symbol:&str)->LispCell{
[INFO] [stderr]    |                       ^^^^^^ help: if this is intentional, prefix it with an underscore: `_symbol`
[INFO] [stderr]    |
[INFO] [stderr]    = note: `#[warn(unused_variables)]` on by default
[INFO] [stderr] 
[INFO] [stderr] warning: `rust-lisp` (lib) generated 1 warning
[INFO] [stderr] warning: unused imports: `env` and `ops::Deref`
[INFO] [stderr]  --> src/main.rs:1:11
[INFO] [stderr]   |
[INFO] [stderr] 1 | use std::{env, io, ops::Deref};
[INFO] [stderr]   |           ^^^      ^^^^^^^^^^
[INFO] [stderr]   |
[INFO] [stderr]   = note: `#[warn(unused_imports)]` on by default
[INFO] [stderr] 
[INFO] [stderr] warning: unused import: `NoExpand`
[INFO] [stderr]  --> src/reader.rs:4:13
[INFO] [stderr]   |
[INFO] [stderr] 4 | use regex::{NoExpand, Regex};
[INFO] [stderr]   |             ^^^^^^^^
[INFO] [stderr] 
[INFO] [stderr] warning: type `readerObj` should have an upper camel case name
[INFO] [stderr]   --> src/reader.rs:22:8
[INFO] [stderr]    |
[INFO] [stderr] 22 | struct readerObj<'a> {
[INFO] [stderr]    |        ^^^^^^^^^ help: convert the identifier to upper camel case: `ReaderObj`
[INFO] [stderr]    |
[INFO] [stderr]    = note: `#[warn(non_camel_case_types)]` on by default
[INFO] [stderr] 
[INFO] [stderr] warning: unused variable: `actual`
[INFO] [stderr]   --> src/reader.rs:80:9
[INFO] [stderr]    |
[INFO] [stderr] 80 |     let actual = read_str("(* 1 (+ 1 2))");
[INFO] [stderr]    |         ^^^^^^ help: if this is intentional, prefix it with an underscore: `_actual`
[INFO] [stderr]    |
[INFO] [stderr]    = note: `#[warn(unused_variables)]` on by default
[INFO] [stderr] 
[INFO] [stderr] warning: unused variable: `symbol`
[INFO] [stderr]   --> src/enviroment.rs:38:23
[INFO] [stderr]    |
[INFO] [stderr] 38 |     pub fn get(& self,symbol:&str)->LispCell{
[INFO] [stderr]    |                       ^^^^^^ help: if this is intentional, prefix it with an underscore: `_symbol`
[INFO] [stderr] 
[INFO] [stderr] warning: function `tttt` is never used
[INFO] [stderr]  --> src/eval.rs:1:4
[INFO] [stderr]   |
[INFO] [stderr] 1 | fn tttt(){
[INFO] [stderr]   |    ^^^^
[INFO] [stderr]   |
[INFO] [stderr]   = note: `#[warn(dead_code)]` on by default
[INFO] [stderr] 
[INFO] [stderr] warning: fields `outer` and `data` are never read
[INFO] [stderr]  --> src/enviroment.rs:5:5
[INFO] [stderr]   |
[INFO] [stderr] 3 | pub struct Enviroments<'a>{
[INFO] [stderr]   |            ----------- fields in this struct
[INFO] [stderr] 4 |     functions :Vec<(&'a str, fn(&[i32]) -> i32)>,
[INFO] [stderr] 5 |     outer : Option<&'a Enviroments<'a>>,
[INFO] [stderr]   |     ^^^^^
[INFO] [stderr] 6 |     data : Vec<(String, LispCell)>,
[INFO] [stderr]   |     ^^^^
[INFO] [stderr] 
[INFO] [stderr] warning: methods `set`, `find`, and `get` are never used
[INFO] [stderr]   --> src/enviroment.rs:21:12
[INFO] [stderr]    |
[INFO] [stderr] 9  | impl<'a> Enviroments<'a>{
[INFO] [stderr]    | ------------------------ methods in this implementation
[INFO] [stderr] ...
[INFO] [stderr] 21 |     pub fn set(&mut self,symbol : String,value :LispCell){
[INFO] [stderr]    |            ^^^
[INFO] [stderr] ...
[INFO] [stderr] 25 |     pub fn find(& self,symbol : &str)->&Enviroments{
[INFO] [stderr]    |            ^^^^
[INFO] [stderr] ...
[INFO] [stderr] 38 |     pub fn get(& self,symbol:&str)->LispCell{
[INFO] [stderr]    |            ^^^
[INFO] [stderr] 
[INFO] [stderr] warning: `rust-lisp` (bin "rust-lisp" test) generated 8 warnings (run `cargo fix --bin "rust-lisp" --tests` to apply 2 suggestions)
[INFO] [stderr] warning: `rust-lisp` (lib test) generated 1 warning (1 duplicate)
[INFO] [stderr]     Finished `test` profile [unoptimized + debuginfo] target(s) in 0.02s
[INFO] [stderr]      Running unittests src/lib.rs (/opt/rustwide/target/debug/deps/rust_lisp-7a37537c5364afcf)
[INFO] [stdout] 
[INFO] [stdout] running 3 tests
[INFO] [stdout] test tests::it_works ... ok
[INFO] [stdout] test enviroment::test ... ok
[INFO] [stdout] test types::number_test ... ok
[INFO] [stdout] 
[INFO] [stdout] test result: ok. 3 passed; 0 failed; 0 ignored; 0 measured; 0 filtered out; finished in 0.02s
[INFO] [stdout] 
[INFO] [stderr]      Running unittests src/main.rs (/opt/rustwide/target/debug/deps/rust_lisp-bb82af102038785b)
[INFO] [stdout] 
[INFO] [stdout] running 11 tests
[INFO] [stdout] test enviroment::test ... ok
[INFO] [stdout] test reader::read_object_atom_test ... ok
[INFO] [stdout] test reader::read_object_form ... ok
[INFO] [stdout] test reader::read_object_list_test ... ok
[INFO] [stdout] test reader::read_object_test ... ok
[INFO] [stdout] test reader::read_str_test ... ok
[INFO] [stdout] test types::number_test ... ok
[INFO] [stdout] test printer::pr_str_test ... ok
[INFO] [stdout] test eval_test ... ok
[INFO] [stdout] test reader::comfirm_tokenizer ... ok
[INFO] [stdout] test step3_test ... FAILED
[INFO] [stdout] 
[INFO] [stdout] failures:
[INFO] [stdout] 
[INFO] [stdout] ---- step3_test stdout ----
[INFO] [stdout] 
[INFO] [stdout] thread 'step3_test' panicked at src/main.rs:123:5:
[INFO] [stdout] assertion `left == right` failed
[INFO] [stdout]   left: Number(6)
[INFO] [stdout]  right: None
[INFO] [stdout] stack backtrace:
[INFO] [stdout]    0:     0x6385bfedea5a - std::backtrace_rs::backtrace::libunwind::trace::hb059275cfc8d6126
[INFO] [stdout]                                at /rustc/6067b36314ab5eb2eb47cecc464545ba58e1ad24/library/std/src/../../backtrace/src/backtrace/libunwind.rs:116:5
[INFO] [stdout]    1:     0x6385bfedea5a - std::backtrace_rs::backtrace::trace_unsynchronized::h2da071e4327ce3ee
[INFO] [stdout]                                at /rustc/6067b36314ab5eb2eb47cecc464545ba58e1ad24/library/std/src/../../backtrace/src/backtrace/mod.rs:66:5
[INFO] [stdout]    2:     0x6385bfedea5a - std::sys::backtrace::_print_fmt::h842a1474e6f8d23f
[INFO] [stdout]                                at /rustc/6067b36314ab5eb2eb47cecc464545ba58e1ad24/library/std/src/sys/backtrace.rs:66:9
[INFO] [stdout]    3:     0x6385bfedea5a - <std::sys::backtrace::BacktraceLock::print::DisplayBacktrace as core::fmt::Display>::fmt::h71a62eb3b9696b12
[INFO] [stdout]                                at /rustc/6067b36314ab5eb2eb47cecc464545ba58e1ad24/library/std/src/sys/backtrace.rs:39:26
[INFO] [stdout]    4:     0x6385bff068a3 - core::fmt::rt::Argument::fmt::hdb6b616786b41dc1
[INFO] [stdout]                                at /rustc/6067b36314ab5eb2eb47cecc464545ba58e1ad24/library/core/src/fmt/rt.rs:177:76
[INFO] [stdout]    5:     0x6385bff068a3 - core::fmt::write::h2cc1698af7e2d686
[INFO] [stdout]                                at /rustc/6067b36314ab5eb2eb47cecc464545ba58e1ad24/library/core/src/fmt/mod.rs:1440:21
[INFO] [stdout]    6:     0x6385bfedb5b3 - std::io::Write::write_fmt::hab1b4cd059a79022
[INFO] [stdout]                                at /rustc/6067b36314ab5eb2eb47cecc464545ba58e1ad24/library/std/src/io/mod.rs:1887:15
[INFO] [stdout]    7:     0x6385bfede8a2 - std::sys::backtrace::BacktraceLock::print::h147fe35b4ea13b08
[INFO] [stdout]                                at /rustc/6067b36314ab5eb2eb47cecc464545ba58e1ad24/library/std/src/sys/backtrace.rs:42:9
[INFO] [stdout]    8:     0x6385bfedfe7f - std::panicking::default_hook::{{closure}}::hbd44223dbdc0d208
[INFO] [stdout]                                at /rustc/6067b36314ab5eb2eb47cecc464545ba58e1ad24/library/std/src/panicking.rs:298:22
[INFO] [stdout]    9:     0x6385bfedfc98 - std::panicking::default_hook::h20f81eb0576efcec
[INFO] [stdout]                                at /rustc/6067b36314ab5eb2eb47cecc464545ba58e1ad24/library/std/src/panicking.rs:322:9
[INFO] [stdout]   10:     0x6385bfd5bf53 - <alloc::boxed::Box<F,A> as core::ops::function::Fn<Args>>::call::hdb53814c496a4d34
[INFO] [stdout]                                at /rustc/6067b36314ab5eb2eb47cecc464545ba58e1ad24/library/alloc/src/boxed.rs:2027:9
[INFO] [stdout]   11:     0x6385bfd5bf53 - test::test_main::{{closure}}::hc0a4963c59427c24
[INFO] [stdout]                                at /rustc/6067b36314ab5eb2eb47cecc464545ba58e1ad24/library/test/src/lib.rs:134:21
[INFO] [stdout]   12:     0x6385bfee0973 - <alloc::boxed::Box<F,A> as core::ops::function::Fn<Args>>::call::h591b2225413a77e9
[INFO] [stdout]                                at /rustc/6067b36314ab5eb2eb47cecc464545ba58e1ad24/library/alloc/src/boxed.rs:2027:9
[INFO] [stdout]   13:     0x6385bfee0973 - std::panicking::rust_panic_with_hook::h625eea43051b2edc
[INFO] [stdout]                                at /rustc/6067b36314ab5eb2eb47cecc464545ba58e1ad24/library/std/src/panicking.rs:839:13
[INFO] [stdout]   14:     0x6385bfee062a - std::panicking::begin_panic_handler::{{closure}}::h4f9159cfbc3f6bd3
[INFO] [stdout]                                at /rustc/6067b36314ab5eb2eb47cecc464545ba58e1ad24/library/std/src/panicking.rs:704:13
[INFO] [stdout]   15:     0x6385bfedef59 - std::sys::backtrace::__rust_end_short_backtrace::h0390abce48353151
[INFO] [stdout]                                at /rustc/6067b36314ab5eb2eb47cecc464545ba58e1ad24/library/std/src/sys/backtrace.rs:168:18
[INFO] [stdout]   16:     0x6385bfee02bd - rust_begin_unwind
[INFO] [stdout]                                at /rustc/6067b36314ab5eb2eb47cecc464545ba58e1ad24/library/std/src/panicking.rs:695:5
[INFO] [stdout]   17:     0x6385bff05280 - core::panicking::panic_fmt::h9e7c637e9e5f29c9
[INFO] [stdout]                                at /rustc/6067b36314ab5eb2eb47cecc464545ba58e1ad24/library/core/src/panicking.rs:75:14
[INFO] [stdout]   18:     0x6385bff05672 - core::panicking::assert_failed_inner::h538bec7c1374cd9c
[INFO] [stdout]   19:     0x6385bfd1617b - core::panicking::assert_failed::hc67bc89927c07a25
[INFO] [stdout]                                at /rustc/6067b36314ab5eb2eb47cecc464545ba58e1ad24/library/core/src/panicking.rs:364:5
[INFO] [stdout]   20:     0x6385bfd21ae2 - rust_lisp::step3_test::h0456970efaad7516
[INFO] [stdout]                                at /opt/rustwide/workdir/src/main.rs:123:5
[INFO] [stdout]   21:     0x6385bfd218c7 - rust_lisp::step3_test::{{closure}}::hd5c99e91ac22c1e3
[INFO] [stdout]                                at /opt/rustwide/workdir/src/main.rs:113:16
[INFO] [stdout]   22:     0x6385bfd14ea6 - core::ops::function::FnOnce::call_once::h4e5bab1e6d48bf53
[INFO] [stdout]                                at /rustc/6067b36314ab5eb2eb47cecc464545ba58e1ad24/library/core/src/ops/function.rs:250:5
[INFO] [stdout]   23:     0x6385bfd616ab - core::ops::function::FnOnce::call_once::he27718dfdd183f43
[INFO] [stdout]                                at /rustc/6067b36314ab5eb2eb47cecc464545ba58e1ad24/library/core/src/ops/function.rs:250:5
[INFO] [stdout]   24:     0x6385bfd616ab - test::__rust_begin_short_backtrace::h4e84902998457a5d
[INFO] [stdout]                                at /rustc/6067b36314ab5eb2eb47cecc464545ba58e1ad24/library/test/src/lib.rs:632:18
[INFO] [stdout]   25:     0x6385bfd605e3 - test::run_test_in_process::{{closure}}::h7176fd18fc1feca0
[INFO] [stdout]                                at /rustc/6067b36314ab5eb2eb47cecc464545ba58e1ad24/library/test/src/lib.rs:655:60
[INFO] [stdout]   26:     0x6385bfd605e3 - <core::panic::unwind_safe::AssertUnwindSafe<F> as core::ops::function::FnOnce<()>>::call_once::hf79cff2a624d8cf7
[INFO] [stdout]                                at /rustc/6067b36314ab5eb2eb47cecc464545ba58e1ad24/library/core/src/panic/unwind_safe.rs:272:9
[INFO] [stdout]   27:     0x6385bfd605e3 - std::panicking::try::do_call::h3da0561d9ab99c25
[INFO] [stdout]                                at /rustc/6067b36314ab5eb2eb47cecc464545ba58e1ad24/library/std/src/panicking.rs:587:40
[INFO] [stdout]   28:     0x6385bfd605e3 - std::panicking::try::h41c9fa508bc61df6
[INFO] [stdout]                                at /rustc/6067b36314ab5eb2eb47cecc464545ba58e1ad24/library/std/src/panicking.rs:550:19
[INFO] [stdout]   29:     0x6385bfd605e3 - std::panic::catch_unwind::h6b3ff07bb5afad93
[INFO] [stdout]                                at /rustc/6067b36314ab5eb2eb47cecc464545ba58e1ad24/library/std/src/panic.rs:358:14
[INFO] [stdout]   30:     0x6385bfd605e3 - test::run_test_in_process::hc7253dd11b39b9f4
[INFO] [stdout]                                at /rustc/6067b36314ab5eb2eb47cecc464545ba58e1ad24/library/test/src/lib.rs:655:27
[INFO] [stdout]   31:     0x6385bfd605e3 - test::run_test::{{closure}}::hfb2007f8649c30bb
[INFO] [stdout]                                at /rustc/6067b36314ab5eb2eb47cecc464545ba58e1ad24/library/test/src/lib.rs:576:43
[INFO] [stdout]   32:     0x6385bfd236c5 - test::run_test::{{closure}}::h56a17aa7a282a9f4
[INFO] [stdout]                                at /rustc/6067b36314ab5eb2eb47cecc464545ba58e1ad24/library/test/src/lib.rs:606:41
[INFO] [stdout]   33:     0x6385bfd236c5 - std::sys::backtrace::__rust_begin_short_backtrace::hd2d2d2fb8e8c6aac
[INFO] [stdout]                                at /rustc/6067b36314ab5eb2eb47cecc464545ba58e1ad24/library/std/src/sys/backtrace.rs:152:18
[INFO] [stdout]   34:     0x6385bfd26faa - std::thread::Builder::spawn_unchecked_::{{closure}}::{{closure}}::h4faa3f9db6133423
[INFO] [stdout]                                at /rustc/6067b36314ab5eb2eb47cecc464545ba58e1ad24/library/std/src/thread/mod.rs:559:17
[INFO] [stdout]   35:     0x6385bfd26faa - <core::panic::unwind_safe::AssertUnwindSafe<F> as core::ops::function::FnOnce<()>>::call_once::hf2e855a36a4ea846
[INFO] [stdout]                                at /rustc/6067b36314ab5eb2eb47cecc464545ba58e1ad24/library/core/src/panic/unwind_safe.rs:272:9
[INFO] [stdout]   36:     0x6385bfd26faa - std::panicking::try::do_call::h2f73af3616c35465
[INFO] [stdout]                                at /rustc/6067b36314ab5eb2eb47cecc464545ba58e1ad24/library/std/src/panicking.rs:587:40
[INFO] [stdout]   37:     0x6385bfd26faa - std::panicking::try::hd1660ce9efadef5a
[INFO] [stdout]                                at /rustc/6067b36314ab5eb2eb47cecc464545ba58e1ad24/library/std/src/panicking.rs:550:19
[INFO] [stdout]   38:     0x6385bfd26faa - std::panic::catch_unwind::h5ee8d7823b8ca744
[INFO] [stdout]                                at /rustc/6067b36314ab5eb2eb47cecc464545ba58e1ad24/library/std/src/panic.rs:358:14
[INFO] [stdout]   39:     0x6385bfd26faa - std::thread::Builder::spawn_unchecked_::{{closure}}::h53c3a1894dce8407
[INFO] [stdout]                                at /rustc/6067b36314ab5eb2eb47cecc464545ba58e1ad24/library/std/src/thread/mod.rs:557:30
[INFO] [stdout]   40:     0x6385bfd26faa - core::ops::function::FnOnce::call_once{{vtable.shim}}::h048ce291ad4f62bf
[INFO] [stdout]                                at /rustc/6067b36314ab5eb2eb47cecc464545ba58e1ad24/library/core/src/ops/function.rs:250:5
[INFO] [stdout]   41:     0x6385bfee48ab - <alloc::boxed::Box<F,A> as core::ops::function::FnOnce<Args>>::call_once::ha52bedf99a3b4981
[INFO] [stdout]                                at /rustc/6067b36314ab5eb2eb47cecc464545ba58e1ad24/library/alloc/src/boxed.rs:2013:9
[INFO] [stdout]   42:     0x6385bfee48ab - <alloc::boxed::Box<F,A> as core::ops::function::FnOnce<Args>>::call_once::h567748934d80ccf8
[INFO] [stdout]                                at /rustc/6067b36314ab5eb2eb47cecc464545ba58e1ad24/library/alloc/src/boxed.rs:2013:9
[INFO] [stdout]   43:     0x6385bfee48ab - std::sys::pal::unix::thread::Thread::new::thread_start::h2d970728ae887adc
[INFO] [stdout]                                at /rustc/6067b36314ab5eb2eb47cecc464545ba58e1ad24/library/std/src/sys/pal/unix/thread.rs:106:17
[INFO] [stdout]   44:     0x769baa6a4ac3 - <unknown>
[INFO] [stdout]   45:     0x769baa735a04 - clone
[INFO] [stdout]   46:                0x0 - <unknown>
[INFO] [stdout] 
[INFO] [stdout] 
[INFO] [stdout] failures:
[INFO] [stdout]     step3_test
[INFO] [stdout] 
[INFO] [stdout] test result: FAILED. 10 passed; 1 failed; 0 ignored; 0 measured; 0 filtered out; finished in 0.05s
[INFO] [stdout] 
[INFO] [stderr] error: test failed, to rerun pass `--bin rust-lisp`
[INFO] running `Command { std: "docker" "inspect" "50858e74365823a28554d3b113a18f456e87bcb4413934a9faa9cab7a7b58087", kill_on_drop: false }`
[INFO] running `Command { std: "docker" "rm" "-f" "50858e74365823a28554d3b113a18f456e87bcb4413934a9faa9cab7a7b58087", kill_on_drop: false }`
[INFO] [stdout] 50858e74365823a28554d3b113a18f456e87bcb4413934a9faa9cab7a7b58087
