[INFO] cloning repository https://github.com/hfytr/ray-tracer
[INFO] running `Command { std: "git" "-c" "credential.helper=" "-c" "credential.helper=/workspace/cargo-home/bin/git-credential-null" "clone" "--bare" "https://github.com/hfytr/ray-tracer" "/workspace/cache/git-repos/https%3A%2F%2Fgithub.com%2Fhfytr%2Fray-tracer", kill_on_drop: false }`
[INFO] [stderr] Cloning into bare repository '/workspace/cache/git-repos/https%3A%2F%2Fgithub.com%2Fhfytr%2Fray-tracer'...
[INFO] running `Command { std: "git" "rev-parse" "HEAD", kill_on_drop: false }`
[INFO] [stdout] 7a60f83209f1054a9475c6abb931e01d6f088107
[INFO] testing hfytr/ray-tracer against nightly-2025-01-18 for randomize-layout-2
[INFO] running `Command { std: "git" "clone" "/workspace/cache/git-repos/https%3A%2F%2Fgithub.com%2Fhfytr%2Fray-tracer" "/workspace/builds/worker-7-tc1/source", kill_on_drop: false }`
[INFO] [stderr] Cloning into '/workspace/builds/worker-7-tc1/source'...
[INFO] [stderr] done.
[INFO] validating manifest of git repo https://github.com/hfytr/ray-tracer on toolchain nightly-2025-01-18
[INFO] running `Command { std: CARGO_HOME="/workspace/cargo-home" RUSTUP_HOME="/workspace/rustup-home" "/workspace/cargo-home/bin/cargo" "+nightly-2025-01-18" "metadata" "--manifest-path" "Cargo.toml" "--no-deps", kill_on_drop: false }`
[INFO] removed /workspace/builds/worker-7-tc1/source/rust-toolchain.toml
[INFO] started tweaking git repo https://github.com/hfytr/ray-tracer
[INFO] finished tweaking git repo https://github.com/hfytr/ray-tracer
[INFO] tweaked toml for git repo https://github.com/hfytr/ray-tracer written to /workspace/builds/worker-7-tc1/source/Cargo.toml
[INFO] crate git repo https://github.com/hfytr/ray-tracer already has a lockfile, it will not be regenerated
[INFO] running `Command { std: CARGO_HOME="/workspace/cargo-home" RUSTUP_HOME="/workspace/rustup-home" "/workspace/cargo-home/bin/cargo" "+nightly-2025-01-18" "fetch" "--manifest-path" "Cargo.toml", kill_on_drop: false }`
[INFO] running `Command { std: "docker" "create" "-v" "/var/lib/crater-agent-workspace/builds/worker-7-tc1/target:/opt/rustwide/target:rw,Z" "-v" "/var/lib/crater-agent-workspace/builds/worker-7-tc1/source:/opt/rustwide/workdir:ro,Z" "-v" "/var/lib/crater-agent-workspace/cargo-home:/opt/rustwide/cargo-home:ro,Z" "-v" "/var/lib/crater-agent-workspace/rustup-home:/opt/rustwide/rustup-home:ro,Z" "-e" "SOURCE_DIR=/opt/rustwide/workdir" "-e" "CARGO_TARGET_DIR=/opt/rustwide/target" "-e" "CARGO_HOME=/opt/rustwide/cargo-home" "-e" "RUSTUP_HOME=/opt/rustwide/rustup-home" "-w" "/opt/rustwide/workdir" "-m" "1610612736" "--user" "0:0" "--network" "none" "ghcr.io/rust-lang/crates-build-env/linux@sha256:819108c5571ea2e421544af4d832f968d213c87fbe3707a016657f43d2f853bc" "/opt/rustwide/cargo-home/bin/cargo" "+nightly-2025-01-18" "metadata" "--no-deps" "--format-version=1", kill_on_drop: false }`
[INFO] [stdout] 2c48d565b3bea933d1d9b1a84851da0a0274d6e98d4cb7551e26716af5fd66a9
[INFO] running `Command { std: "docker" "start" "-a" "2c48d565b3bea933d1d9b1a84851da0a0274d6e98d4cb7551e26716af5fd66a9", kill_on_drop: false }`
[INFO] running `Command { std: "docker" "inspect" "2c48d565b3bea933d1d9b1a84851da0a0274d6e98d4cb7551e26716af5fd66a9", kill_on_drop: false }`
[INFO] running `Command { std: "docker" "rm" "-f" "2c48d565b3bea933d1d9b1a84851da0a0274d6e98d4cb7551e26716af5fd66a9", kill_on_drop: false }`
[INFO] [stdout] 2c48d565b3bea933d1d9b1a84851da0a0274d6e98d4cb7551e26716af5fd66a9
[INFO] running `Command { std: "docker" "create" "-v" "/var/lib/crater-agent-workspace/builds/worker-7-tc1/target:/opt/rustwide/target:rw,Z" "-v" "/var/lib/crater-agent-workspace/builds/worker-7-tc1/source:/opt/rustwide/workdir:ro,Z" "-v" "/var/lib/crater-agent-workspace/cargo-home:/opt/rustwide/cargo-home:ro,Z" "-v" "/var/lib/crater-agent-workspace/rustup-home:/opt/rustwide/rustup-home:ro,Z" "-e" "SOURCE_DIR=/opt/rustwide/workdir" "-e" "CARGO_TARGET_DIR=/opt/rustwide/target" "-e" "CARGO_INCREMENTAL=0" "-e" "RUST_BACKTRACE=full" "-e" "RUSTFLAGS=--cap-lints=forbid" "-e" "RUSTDOCFLAGS=--cap-lints=forbid" "-e" "CARGO_HOME=/opt/rustwide/cargo-home" "-e" "RUSTUP_HOME=/opt/rustwide/rustup-home" "-w" "/opt/rustwide/workdir" "-m" "1610612736" "--user" "0:0" "--network" "none" "ghcr.io/rust-lang/crates-build-env/linux@sha256:819108c5571ea2e421544af4d832f968d213c87fbe3707a016657f43d2f853bc" "/opt/rustwide/cargo-home/bin/cargo" "+nightly-2025-01-18" "build" "--frozen" "--message-format=json", kill_on_drop: false }`
[INFO] [stdout] 6dfbe194b3502a05f23cecd85fffe8fdb7de6eec3c73e4d2aa3dfc5e8bb1f214
[INFO] running `Command { std: "docker" "start" "-a" "6dfbe194b3502a05f23cecd85fffe8fdb7de6eec3c73e4d2aa3dfc5e8bb1f214", kill_on_drop: false }`
[INFO] [stderr]    Compiling simd-adler32 v0.3.7
[INFO] [stderr]    Compiling adler v1.0.2
[INFO] [stderr]    Compiling cfg-if v1.0.0
[INFO] [stderr]    Compiling bitflags v1.3.2
[INFO] [stderr]    Compiling crc32fast v1.4.2
[INFO] [stderr]    Compiling miniz_oxide v0.7.4
[INFO] [stderr]    Compiling fdeflate v0.3.4
[INFO] [stderr]    Compiling flate2 v1.0.30
[INFO] [stderr]    Compiling png v0.17.13
[INFO] [stderr]    Compiling ray-tracer v0.1.0 (/opt/rustwide/workdir)
[INFO] [stdout] warning: methods `add_normal`, `add_triangle`, `write_triangle`, and `add_scene` are never used
[INFO] [stdout]   --> src/obj/write.rs:50:12
[INFO] [stdout]    |
[INFO] [stdout] 15 | impl ObjWriter {
[INFO] [stdout]    | -------------- methods in this implementation
[INFO] [stdout] ...
[INFO] [stdout] 50 |     pub fn add_normal(&mut self, n: &Vector3<f64>) {
[INFO] [stdout]    |            ^^^^^^^^^^
[INFO] [stdout] ...
[INFO] [stdout] 53 |     pub fn add_triangle(&mut self, t: &Triangle) {
[INFO] [stdout]    |            ^^^^^^^^^^^^
[INFO] [stdout] ...
[INFO] [stdout] 64 |     fn write_triangle(&self, t: &Triangle) -> String {
[INFO] [stdout]    |        ^^^^^^^^^^^^^^
[INFO] [stdout] ...
[INFO] [stdout] 85 |     pub fn add_scene(&mut self, scene: &Scene, face_normals: bool) {
[INFO] [stdout]    |            ^^^^^^^^^
[INFO] [stdout]    |
[INFO] [stdout]    = note: `#[warn(dead_code)]` on by default
[INFO] [stdout] 
[INFO] [stdout] 
[INFO] [stdout] warning: field `u` is never read
[INFO] [stdout]   --> src/rand.rs:30:5
[INFO] [stdout]    |
[INFO] [stdout] 29 | pub struct NormalDist {
[INFO] [stdout]    |            ---------- field in this struct
[INFO] [stdout] 30 |     u: Option<(f64, f64)>,
[INFO] [stdout]    |     ^
[INFO] [stdout]    |
[INFO] [stdout]    = note: `NormalDist` has a derived impl for the trait `Debug`, but this is intentionally ignored during dead code analysis
[INFO] [stdout] 
[INFO] [stdout] 
[INFO] [stdout] warning: field `point_normals` is never read
[INFO] [stdout]   --> src/scene/mod.rs:12:9
[INFO] [stdout]    |
[INFO] [stdout] 10 | pub struct Scene {
[INFO] [stdout]    |            ----- field in this struct
[INFO] [stdout] 11 |     pub vertices: Vec<Vector3<f64>>,
[INFO] [stdout] 12 |     pub point_normals: Vec<Vector3<f64>>,
[INFO] [stdout]    |         ^^^^^^^^^^^^^
[INFO] [stdout]    |
[INFO] [stdout]    = note: `Scene` has a derived impl for the trait `Debug`, but this is intentionally ignored during dead code analysis
[INFO] [stdout] 
[INFO] [stdout] 
[INFO] [stdout] warning: field `point_normals` is never read
[INFO] [stdout]  --> src/scene/mesh.rs:6:9
[INFO] [stdout]   |
[INFO] [stdout] 4 | pub struct Triangle {
[INFO] [stdout]   |            -------- field in this struct
[INFO] [stdout] 5 |     pub vertices: [usize; 3],
[INFO] [stdout] 6 |     pub point_normals: [usize; 3],
[INFO] [stdout]   |         ^^^^^^^^^^^^^
[INFO] [stdout]   |
[INFO] [stdout]   = note: `Triangle` has derived impls for the traits `Clone` and `Debug`, but these are intentionally ignored during dead code analysis
[INFO] [stdout] 
[INFO] [stdout] 
[INFO] [stderr]     Finished `dev` profile [unoptimized + debuginfo] target(s) in 4.92s
[INFO] running `Command { std: "docker" "inspect" "6dfbe194b3502a05f23cecd85fffe8fdb7de6eec3c73e4d2aa3dfc5e8bb1f214", kill_on_drop: false }`
[INFO] running `Command { std: "docker" "rm" "-f" "6dfbe194b3502a05f23cecd85fffe8fdb7de6eec3c73e4d2aa3dfc5e8bb1f214", kill_on_drop: false }`
[INFO] [stdout] 6dfbe194b3502a05f23cecd85fffe8fdb7de6eec3c73e4d2aa3dfc5e8bb1f214
[INFO] running `Command { std: "docker" "create" "-v" "/var/lib/crater-agent-workspace/builds/worker-7-tc1/target:/opt/rustwide/target:rw,Z" "-v" "/var/lib/crater-agent-workspace/builds/worker-7-tc1/source:/opt/rustwide/workdir:ro,Z" "-v" "/var/lib/crater-agent-workspace/cargo-home:/opt/rustwide/cargo-home:ro,Z" "-v" "/var/lib/crater-agent-workspace/rustup-home:/opt/rustwide/rustup-home:ro,Z" "-e" "SOURCE_DIR=/opt/rustwide/workdir" "-e" "CARGO_TARGET_DIR=/opt/rustwide/target" "-e" "CARGO_INCREMENTAL=0" "-e" "RUST_BACKTRACE=full" "-e" "RUSTFLAGS=--cap-lints=forbid" "-e" "RUSTDOCFLAGS=--cap-lints=forbid" "-e" "CARGO_HOME=/opt/rustwide/cargo-home" "-e" "RUSTUP_HOME=/opt/rustwide/rustup-home" "-w" "/opt/rustwide/workdir" "-m" "1610612736" "--user" "0:0" "--network" "none" "ghcr.io/rust-lang/crates-build-env/linux@sha256:819108c5571ea2e421544af4d832f968d213c87fbe3707a016657f43d2f853bc" "/opt/rustwide/cargo-home/bin/cargo" "+nightly-2025-01-18" "test" "--frozen" "--no-run" "--message-format=json", kill_on_drop: false }`
[INFO] [stdout] 473b76e9e1ca288414212ec1a9c4bf43844f532dff8753d588f07c348bf97c47
[INFO] running `Command { std: "docker" "start" "-a" "473b76e9e1ca288414212ec1a9c4bf43844f532dff8753d588f07c348bf97c47", kill_on_drop: false }`
[INFO] [stderr]    Compiling ray-tracer v0.1.0 (/opt/rustwide/workdir)
[INFO] [stdout] warning: methods `add_normal`, `add_triangle`, `write_triangle`, and `add_scene` are never used
[INFO] [stdout]   --> src/obj/write.rs:50:12
[INFO] [stdout]    |
[INFO] [stdout] 15 | impl ObjWriter {
[INFO] [stdout]    | -------------- methods in this implementation
[INFO] [stdout] ...
[INFO] [stdout] 50 |     pub fn add_normal(&mut self, n: &Vector3<f64>) {
[INFO] [stdout]    |            ^^^^^^^^^^
[INFO] [stdout] ...
[INFO] [stdout] 53 |     pub fn add_triangle(&mut self, t: &Triangle) {
[INFO] [stdout]    |            ^^^^^^^^^^^^
[INFO] [stdout] ...
[INFO] [stdout] 64 |     fn write_triangle(&self, t: &Triangle) -> String {
[INFO] [stdout]    |        ^^^^^^^^^^^^^^
[INFO] [stdout] ...
[INFO] [stdout] 85 |     pub fn add_scene(&mut self, scene: &Scene, face_normals: bool) {
[INFO] [stdout]    |            ^^^^^^^^^
[INFO] [stdout]    |
[INFO] [stdout]    = note: `#[warn(dead_code)]` on by default
[INFO] [stdout] 
[INFO] [stdout] 
[INFO] [stdout] warning: field `u` is never read
[INFO] [stdout]   --> src/rand.rs:30:5
[INFO] [stdout]    |
[INFO] [stdout] 29 | pub struct NormalDist {
[INFO] [stdout]    |            ---------- field in this struct
[INFO] [stdout] 30 |     u: Option<(f64, f64)>,
[INFO] [stdout]    |     ^
[INFO] [stdout]    |
[INFO] [stdout]    = note: `NormalDist` has a derived impl for the trait `Debug`, but this is intentionally ignored during dead code analysis
[INFO] [stdout] 
[INFO] [stdout] 
[INFO] [stdout] warning: field `point_normals` is never read
[INFO] [stdout]   --> src/scene/mod.rs:12:9
[INFO] [stdout]    |
[INFO] [stdout] 10 | pub struct Scene {
[INFO] [stdout]    |            ----- field in this struct
[INFO] [stdout] 11 |     pub vertices: Vec<Vector3<f64>>,
[INFO] [stdout] 12 |     pub point_normals: Vec<Vector3<f64>>,
[INFO] [stdout]    |         ^^^^^^^^^^^^^
[INFO] [stdout]    |
[INFO] [stdout]    = note: `Scene` has a derived impl for the trait `Debug`, but this is intentionally ignored during dead code analysis
[INFO] [stdout] 
[INFO] [stdout] 
[INFO] [stdout] warning: field `point_normals` is never read
[INFO] [stdout]  --> src/scene/mesh.rs:6:9
[INFO] [stdout]   |
[INFO] [stdout] 4 | pub struct Triangle {
[INFO] [stdout]   |            -------- field in this struct
[INFO] [stdout] 5 |     pub vertices: [usize; 3],
[INFO] [stdout] 6 |     pub point_normals: [usize; 3],
[INFO] [stdout]   |         ^^^^^^^^^^^^^
[INFO] [stdout]   |
[INFO] [stdout]   = note: `Triangle` has derived impls for the traits `Clone` and `Debug`, but these are intentionally ignored during dead code analysis
[INFO] [stdout] 
[INFO] [stdout] 
[INFO] [stdout] warning: methods `add_normal`, `add_triangle`, `write_triangle`, and `add_scene` are never used
[INFO] [stdout]   --> src/obj/write.rs:50:12
[INFO] [stdout]    |
[INFO] [stdout] 15 | impl ObjWriter {
[INFO] [stdout]    | -------------- methods in this implementation
[INFO] [stdout] ...
[INFO] [stdout] 50 |     pub fn add_normal(&mut self, n: &Vector3<f64>) {
[INFO] [stdout]    |            ^^^^^^^^^^
[INFO] [stdout] ...
[INFO] [stdout] 53 |     pub fn add_triangle(&mut self, t: &Triangle) {
[INFO] [stdout]    |            ^^^^^^^^^^^^
[INFO] [stdout] ...
[INFO] [stdout] 64 |     fn write_triangle(&self, t: &Triangle) -> String {
[INFO] [stdout]    |        ^^^^^^^^^^^^^^
[INFO] [stdout] ...
[INFO] [stdout] 85 |     pub fn add_scene(&mut self, scene: &Scene, face_normals: bool) {
[INFO] [stdout]    |            ^^^^^^^^^
[INFO] [stdout]    |
[INFO] [stdout]    = note: `#[warn(dead_code)]` on by default
[INFO] [stdout] 
[INFO] [stdout] 
[INFO] [stdout] warning: field `u` is never read
[INFO] [stdout]   --> src/rand.rs:30:5
[INFO] [stdout]    |
[INFO] [stdout] 29 | pub struct NormalDist {
[INFO] [stdout]    |            ---------- field in this struct
[INFO] [stdout] 30 |     u: Option<(f64, f64)>,
[INFO] [stdout]    |     ^
[INFO] [stdout]    |
[INFO] [stdout]    = note: `NormalDist` has a derived impl for the trait `Debug`, but this is intentionally ignored during dead code analysis
[INFO] [stdout] 
[INFO] [stdout] 
[INFO] [stdout] warning: field `point_normals` is never read
[INFO] [stdout]   --> src/scene/mod.rs:12:9
[INFO] [stdout]    |
[INFO] [stdout] 10 | pub struct Scene {
[INFO] [stdout]    |            ----- field in this struct
[INFO] [stdout] 11 |     pub vertices: Vec<Vector3<f64>>,
[INFO] [stdout] 12 |     pub point_normals: Vec<Vector3<f64>>,
[INFO] [stdout]    |         ^^^^^^^^^^^^^
[INFO] [stdout]    |
[INFO] [stdout]    = note: `Scene` has a derived impl for the trait `Debug`, but this is intentionally ignored during dead code analysis
[INFO] [stdout] 
[INFO] [stdout] 
[INFO] [stdout] warning: field `point_normals` is never read
[INFO] [stdout]  --> src/scene/mesh.rs:6:9
[INFO] [stdout]   |
[INFO] [stdout] 4 | pub struct Triangle {
[INFO] [stdout]   |            -------- field in this struct
[INFO] [stdout] 5 |     pub vertices: [usize; 3],
[INFO] [stdout] 6 |     pub point_normals: [usize; 3],
[INFO] [stdout]   |         ^^^^^^^^^^^^^
[INFO] [stdout]   |
[INFO] [stdout]   = note: `Triangle` has derived impls for the traits `Clone` and `Debug`, but these are intentionally ignored during dead code analysis
[INFO] [stdout] 
[INFO] [stdout] 
[INFO] [stderr]     Finished `test` profile [unoptimized + debuginfo] target(s) in 0.98s
[INFO] running `Command { std: "docker" "inspect" "473b76e9e1ca288414212ec1a9c4bf43844f532dff8753d588f07c348bf97c47", kill_on_drop: false }`
[INFO] running `Command { std: "docker" "rm" "-f" "473b76e9e1ca288414212ec1a9c4bf43844f532dff8753d588f07c348bf97c47", kill_on_drop: false }`
[INFO] [stdout] 473b76e9e1ca288414212ec1a9c4bf43844f532dff8753d588f07c348bf97c47
[INFO] running `Command { std: "docker" "create" "-v" "/var/lib/crater-agent-workspace/builds/worker-7-tc1/target:/opt/rustwide/target:rw,Z" "-v" "/var/lib/crater-agent-workspace/builds/worker-7-tc1/source:/opt/rustwide/workdir:ro,Z" "-v" "/var/lib/crater-agent-workspace/cargo-home:/opt/rustwide/cargo-home:ro,Z" "-v" "/var/lib/crater-agent-workspace/rustup-home:/opt/rustwide/rustup-home:ro,Z" "-e" "SOURCE_DIR=/opt/rustwide/workdir" "-e" "CARGO_TARGET_DIR=/opt/rustwide/target" "-e" "CARGO_INCREMENTAL=0" "-e" "RUST_BACKTRACE=full" "-e" "RUSTFLAGS=--cap-lints=forbid" "-e" "RUSTDOCFLAGS=--cap-lints=forbid" "-e" "CARGO_HOME=/opt/rustwide/cargo-home" "-e" "RUSTUP_HOME=/opt/rustwide/rustup-home" "-w" "/opt/rustwide/workdir" "-m" "1610612736" "--user" "0:0" "--network" "none" "ghcr.io/rust-lang/crates-build-env/linux@sha256:819108c5571ea2e421544af4d832f968d213c87fbe3707a016657f43d2f853bc" "/opt/rustwide/cargo-home/bin/cargo" "+nightly-2025-01-18" "test" "--frozen", kill_on_drop: false }`
[INFO] [stdout] 11409d74516fd94e7cf858998ea1453abd1e1e1d04d8a99eb8e17de31c3c0a63
[INFO] running `Command { std: "docker" "start" "-a" "11409d74516fd94e7cf858998ea1453abd1e1e1d04d8a99eb8e17de31c3c0a63", kill_on_drop: false }`
[INFO] [stderr] warning: methods `add_normal`, `add_triangle`, `write_triangle`, and `add_scene` are never used
[INFO] [stderr]   --> src/obj/write.rs:50:12
[INFO] [stderr]    |
[INFO] [stderr] 15 | impl ObjWriter {
[INFO] [stderr]    | -------------- methods in this implementation
[INFO] [stderr] ...
[INFO] [stderr] 50 |     pub fn add_normal(&mut self, n: &Vector3<f64>) {
[INFO] [stderr]    |            ^^^^^^^^^^
[INFO] [stderr] ...
[INFO] [stderr] 53 |     pub fn add_triangle(&mut self, t: &Triangle) {
[INFO] [stderr]    |            ^^^^^^^^^^^^
[INFO] [stderr] ...
[INFO] [stderr] 64 |     fn write_triangle(&self, t: &Triangle) -> String {
[INFO] [stderr]    |        ^^^^^^^^^^^^^^
[INFO] [stderr] ...
[INFO] [stderr] 85 |     pub fn add_scene(&mut self, scene: &Scene, face_normals: bool) {
[INFO] [stderr]    |            ^^^^^^^^^
[INFO] [stderr]    |
[INFO] [stderr]    = note: `#[warn(dead_code)]` on by default
[INFO] [stderr] 
[INFO] [stderr] warning: field `u` is never read
[INFO] [stderr]   --> src/rand.rs:30:5
[INFO] [stderr]    |
[INFO] [stderr] 29 | pub struct NormalDist {
[INFO] [stderr]    |            ---------- field in this struct
[INFO] [stderr] 30 |     u: Option<(f64, f64)>,
[INFO] [stderr]    |     ^
[INFO] [stderr]    |
[INFO] [stderr]    = note: `NormalDist` has a derived impl for the trait `Debug`, but this is intentionally ignored during dead code analysis
[INFO] [stderr] 
[INFO] [stderr] warning: field `point_normals` is never read
[INFO] [stderr]   --> src/scene/mod.rs:12:9
[INFO] [stderr]    |
[INFO] [stderr] 10 | pub struct Scene {
[INFO] [stderr]    |            ----- field in this struct
[INFO] [stderr] 11 |     pub vertices: Vec<Vector3<f64>>,
[INFO] [stderr] 12 |     pub point_normals: Vec<Vector3<f64>>,
[INFO] [stderr]    |         ^^^^^^^^^^^^^
[INFO] [stderr]    |
[INFO] [stderr]    = note: `Scene` has a derived impl for the trait `Debug`, but this is intentionally ignored during dead code analysis
[INFO] [stderr] 
[INFO] [stderr] warning: field `point_normals` is never read
[INFO] [stderr]  --> src/scene/mesh.rs:6:9
[INFO] [stderr]   |
[INFO] [stderr] 4 | pub struct Triangle {
[INFO] [stderr]   |            -------- field in this struct
[INFO] [stderr] 5 |     pub vertices: [usize; 3],
[INFO] [stderr] 6 |     pub point_normals: [usize; 3],
[INFO] [stderr]   |         ^^^^^^^^^^^^^
[INFO] [stderr]   |
[INFO] [stderr]   = note: `Triangle` has derived impls for the traits `Clone` and `Debug`, but these are intentionally ignored during dead code analysis
[INFO] [stderr] 
[INFO] [stderr] warning: `ray-tracer` (lib) generated 4 warnings
[INFO] [stderr] warning: `ray-tracer` (lib test) generated 4 warnings (4 duplicates)
[INFO] [stderr]     Finished `test` profile [unoptimized + debuginfo] target(s) in 0.02s
[INFO] [stderr]      Running unittests src/lib.rs (/opt/rustwide/target/debug/deps/ray_tracer-ba5514dc64d4ac07)
[INFO] [stdout] 
[INFO] [stdout] running 0 tests
[INFO] [stdout] 
[INFO] [stdout] test result: ok. 0 passed; 0 failed; 0 ignored; 0 measured; 0 filtered out; finished in 0.00s
[INFO] [stdout] 
[INFO] [stderr]      Running unittests src/main.rs (/opt/rustwide/target/debug/deps/ray_tracer-60e258b4ae4aa274)
[INFO] [stdout] 
[INFO] [stdout] running 0 tests
[INFO] [stdout] 
[INFO] [stdout] test result: ok. 0 passed; 0 failed; 0 ignored; 0 measured; 0 filtered out; finished in 0.00s
[INFO] [stdout] 
[INFO] [stderr]      Running tests/test.rs (/opt/rustwide/target/debug/deps/test-44964ba76309fac4)
[INFO] [stdout] 
[INFO] [stdout] running 1 test
[INFO] [stdout] test tests::test1 has been running for over 60 seconds
[INFO] [stdout] test tests::test1 ... FAILED
[INFO] [stdout] 
[INFO] [stdout] failures:
[INFO] [stdout] 
[INFO] [stdout] ---- tests::test1 stdout ----
[INFO] [stdout] texture not currently supported
[INFO] [stdout] a
[INFO] [stdout] a
[INFO] [stdout] a
[INFO] [stdout] a
[INFO] [stdout] a
[INFO] [stdout] a
[INFO] [stdout] a
[INFO] [stdout] a
[INFO] [stdout] a
[INFO] [stdout] a
[INFO] [stdout] a
[INFO] [stdout] a
[INFO] [stdout] a
[INFO] [stdout] a
[INFO] [stdout] a
[INFO] [stdout] a
[INFO] [stdout] a
[INFO] [stdout] a
[INFO] [stdout] a
[INFO] [stdout] a
[INFO] [stdout] a
[INFO] [stdout] a
[INFO] [stdout] a
[INFO] [stdout] a
[INFO] [stdout] a
[INFO] [stdout] a
[INFO] [stdout] a
[INFO] [stdout] a
[INFO] [stdout] a
[INFO] [stdout] a
[INFO] [stdout] a
[INFO] [stdout] a
[INFO] [stdout] a
[INFO] [stdout] a
[INFO] [stdout] a
[INFO] [stdout] a
[INFO] [stdout] a
[INFO] [stdout] a
[INFO] [stdout] a
[INFO] [stdout] a
[INFO] [stdout] a
[INFO] [stdout] a
[INFO] [stdout] a
[INFO] [stdout] a
[INFO] [stdout] a
[INFO] [stdout] a
[INFO] [stdout] a
[INFO] [stdout] a
[INFO] [stdout] a
[INFO] [stdout] a
[INFO] [stdout] a
[INFO] [stdout] a
[INFO] [stdout] a
[INFO] [stdout] a
[INFO] [stdout] a
[INFO] [stdout] a
[INFO] [stdout] a
[INFO] [stdout] a
[INFO] [stdout] a
[INFO] [stdout] a
[INFO] [stdout] a
[INFO] [stdout] a
[INFO] [stdout] a
[INFO] [stdout] a
[INFO] [stdout] a
[INFO] [stdout] a
[INFO] [stdout] a
[INFO] [stdout] a
[INFO] [stdout] a
[INFO] [stdout] a
[INFO] [stdout] a
[INFO] [stdout] a
[INFO] [stdout] a
[INFO] [stdout] a
[INFO] [stdout] a
[INFO] [stdout] a
[INFO] [stdout] a
[INFO] [stdout] a
[INFO] [stdout] a
[INFO] [stdout] a
[INFO] [stdout] a
[INFO] [stdout] a
[INFO] [stdout] a
[INFO] [stdout] a
[INFO] [stdout] a
[INFO] [stdout] a
[INFO] [stdout] a
[INFO] [stdout] a
[INFO] [stdout] a
[INFO] [stdout] a
[INFO] [stdout] a
[INFO] [stdout] a
[INFO] [stdout] a
[INFO] [stdout] a
[INFO] [stdout] a
[INFO] [stdout] a
[INFO] [stdout] a
[INFO] [stdout] a
[INFO] [stdout] a
[INFO] [stdout] a
[INFO] [stdout] 
[INFO] [stdout] thread 'tests::test1' panicked at src/renderer.rs:102:47:
[INFO] [stdout] called `Result::unwrap()` on an `Err` value: Os { code: 30, kind: ReadOnlyFilesystem, message: "Read-only file system" }
[INFO] [stdout] stack backtrace:
[INFO] [stdout]    0:     0x58fb20dd903a - std::backtrace_rs::backtrace::libunwind::trace::hb059275cfc8d6126
[INFO] [stdout]                                at /rustc/6067b36314ab5eb2eb47cecc464545ba58e1ad24/library/std/src/../../backtrace/src/backtrace/libunwind.rs:116:5
[INFO] [stdout]    1:     0x58fb20dd903a - std::backtrace_rs::backtrace::trace_unsynchronized::h2da071e4327ce3ee
[INFO] [stdout]                                at /rustc/6067b36314ab5eb2eb47cecc464545ba58e1ad24/library/std/src/../../backtrace/src/backtrace/mod.rs:66:5
[INFO] [stdout]    2:     0x58fb20dd903a - std::sys::backtrace::_print_fmt::h842a1474e6f8d23f
[INFO] [stdout]                                at /rustc/6067b36314ab5eb2eb47cecc464545ba58e1ad24/library/std/src/sys/backtrace.rs:66:9
[INFO] [stdout]    3:     0x58fb20dd903a - <std::sys::backtrace::BacktraceLock::print::DisplayBacktrace as core::fmt::Display>::fmt::h71a62eb3b9696b12
[INFO] [stdout]                                at /rustc/6067b36314ab5eb2eb47cecc464545ba58e1ad24/library/std/src/sys/backtrace.rs:39:26
[INFO] [stdout]    4:     0x58fb20e01d63 - core::fmt::rt::Argument::fmt::hdb6b616786b41dc1
[INFO] [stdout]                                at /rustc/6067b36314ab5eb2eb47cecc464545ba58e1ad24/library/core/src/fmt/rt.rs:177:76
[INFO] [stdout]    5:     0x58fb20e01d63 - core::fmt::write::h2cc1698af7e2d686
[INFO] [stdout]                                at /rustc/6067b36314ab5eb2eb47cecc464545ba58e1ad24/library/core/src/fmt/mod.rs:1440:21
[INFO] [stdout]    6:     0x58fb20dd5b93 - std::io::Write::write_fmt::hab1b4cd059a79022
[INFO] [stdout]                                at /rustc/6067b36314ab5eb2eb47cecc464545ba58e1ad24/library/std/src/io/mod.rs:1887:15
[INFO] [stdout]    7:     0x58fb20dd8e82 - std::sys::backtrace::BacktraceLock::print::h147fe35b4ea13b08
[INFO] [stdout]                                at /rustc/6067b36314ab5eb2eb47cecc464545ba58e1ad24/library/std/src/sys/backtrace.rs:42:9
[INFO] [stdout]    8:     0x58fb20dda45f - std::panicking::default_hook::{{closure}}::hbd44223dbdc0d208
[INFO] [stdout]                                at /rustc/6067b36314ab5eb2eb47cecc464545ba58e1ad24/library/std/src/panicking.rs:298:22
[INFO] [stdout]    9:     0x58fb20dda278 - std::panicking::default_hook::h20f81eb0576efcec
[INFO] [stdout]                                at /rustc/6067b36314ab5eb2eb47cecc464545ba58e1ad24/library/std/src/panicking.rs:322:9
[INFO] [stdout]   10:     0x58fb20d3afb3 - <alloc::boxed::Box<F,A> as core::ops::function::Fn<Args>>::call::hdb53814c496a4d34
[INFO] [stdout]                                at /rustc/6067b36314ab5eb2eb47cecc464545ba58e1ad24/library/alloc/src/boxed.rs:2027:9
[INFO] [stdout]   11:     0x58fb20d3afb3 - test::test_main::{{closure}}::hc0a4963c59427c24
[INFO] [stdout]                                at /rustc/6067b36314ab5eb2eb47cecc464545ba58e1ad24/library/test/src/lib.rs:134:21
[INFO] [stdout]   12:     0x58fb20ddaf53 - <alloc::boxed::Box<F,A> as core::ops::function::Fn<Args>>::call::h591b2225413a77e9
[INFO] [stdout]                                at /rustc/6067b36314ab5eb2eb47cecc464545ba58e1ad24/library/alloc/src/boxed.rs:2027:9
[INFO] [stdout]   13:     0x58fb20ddaf53 - std::panicking::rust_panic_with_hook::h625eea43051b2edc
[INFO] [stdout]                                at /rustc/6067b36314ab5eb2eb47cecc464545ba58e1ad24/library/std/src/panicking.rs:839:13
[INFO] [stdout]   14:     0x58fb20ddac0a - std::panicking::begin_panic_handler::{{closure}}::h4f9159cfbc3f6bd3
[INFO] [stdout]                                at /rustc/6067b36314ab5eb2eb47cecc464545ba58e1ad24/library/std/src/panicking.rs:704:13
[INFO] [stdout]   15:     0x58fb20dd9539 - std::sys::backtrace::__rust_end_short_backtrace::h0390abce48353151
[INFO] [stdout]                                at /rustc/6067b36314ab5eb2eb47cecc464545ba58e1ad24/library/std/src/sys/backtrace.rs:168:18
[INFO] [stdout]   16:     0x58fb20dda89d - rust_begin_unwind
[INFO] [stdout]                                at /rustc/6067b36314ab5eb2eb47cecc464545ba58e1ad24/library/std/src/panicking.rs:695:5
[INFO] [stdout]   17:     0x58fb20e00740 - core::panicking::panic_fmt::h9e7c637e9e5f29c9
[INFO] [stdout]                                at /rustc/6067b36314ab5eb2eb47cecc464545ba58e1ad24/library/core/src/panicking.rs:75:14
[INFO] [stdout]   18:     0x58fb20e00bb6 - core::result::unwrap_failed::h7979f09313fe1849
[INFO] [stdout]                                at /rustc/6067b36314ab5eb2eb47cecc464545ba58e1ad24/library/core/src/result.rs:1704:5
[INFO] [stdout]   19:     0x58fb20d6cfcd - core::result::Result<T,E>::unwrap::hf92c7220727bade3
[INFO] [stdout]                                at /rustc/6067b36314ab5eb2eb47cecc464545ba58e1ad24/library/core/src/result.rs:1109:23
[INFO] [stdout]   20:     0x58fb20d6cfcd - ray_tracer::renderer::Renderer::render::hd9175a88130dd469
[INFO] [stdout]                                at /opt/rustwide/workdir/src/renderer.rs:102:9
[INFO] [stdout]   21:     0x58fb20d00d59 - test::tests::test1::h955816d5ebde5fd8
[INFO] [stdout]                                at /opt/rustwide/workdir/tests/test.rs:17:21
[INFO] [stdout]   22:     0x58fb20d00b77 - test::tests::test1::{{closure}}::hee63f083c64a692d
[INFO] [stdout]                                at /opt/rustwide/workdir/tests/test.rs:6:15
[INFO] [stdout]   23:     0x58fb20d00956 - core::ops::function::FnOnce::call_once::hef606076972c6870
[INFO] [stdout]                                at /rustc/6067b36314ab5eb2eb47cecc464545ba58e1ad24/library/core/src/ops/function.rs:250:5
[INFO] [stdout]   24:     0x58fb20d4070b - core::ops::function::FnOnce::call_once::he27718dfdd183f43
[INFO] [stdout]                                at /rustc/6067b36314ab5eb2eb47cecc464545ba58e1ad24/library/core/src/ops/function.rs:250:5
[INFO] [stdout]   25:     0x58fb20d4070b - test::__rust_begin_short_backtrace::h4e84902998457a5d
[INFO] [stdout]                                at /rustc/6067b36314ab5eb2eb47cecc464545ba58e1ad24/library/test/src/lib.rs:632:18
[INFO] [stdout]   26:     0x58fb20d3f643 - test::run_test_in_process::{{closure}}::h7176fd18fc1feca0
[INFO] [stdout]                                at /rustc/6067b36314ab5eb2eb47cecc464545ba58e1ad24/library/test/src/lib.rs:655:60
[INFO] [stdout]   27:     0x58fb20d3f643 - <core::panic::unwind_safe::AssertUnwindSafe<F> as core::ops::function::FnOnce<()>>::call_once::hf79cff2a624d8cf7
[INFO] [stdout]                                at /rustc/6067b36314ab5eb2eb47cecc464545ba58e1ad24/library/core/src/panic/unwind_safe.rs:272:9
[INFO] [stdout]   28:     0x58fb20d3f643 - std::panicking::try::do_call::h3da0561d9ab99c25
[INFO] [stdout]                                at /rustc/6067b36314ab5eb2eb47cecc464545ba58e1ad24/library/std/src/panicking.rs:587:40
[INFO] [stdout]   29:     0x58fb20d3f643 - std::panicking::try::h41c9fa508bc61df6
[INFO] [stdout]                                at /rustc/6067b36314ab5eb2eb47cecc464545ba58e1ad24/library/std/src/panicking.rs:550:19
[INFO] [stdout]   30:     0x58fb20d3f643 - std::panic::catch_unwind::h6b3ff07bb5afad93
[INFO] [stdout]                                at /rustc/6067b36314ab5eb2eb47cecc464545ba58e1ad24/library/std/src/panic.rs:358:14
[INFO] [stdout]   31:     0x58fb20d3f643 - test::run_test_in_process::hc7253dd11b39b9f4
[INFO] [stdout]                                at /rustc/6067b36314ab5eb2eb47cecc464545ba58e1ad24/library/test/src/lib.rs:655:27
[INFO] [stdout]   32:     0x58fb20d3f643 - test::run_test::{{closure}}::hfb2007f8649c30bb
[INFO] [stdout]                                at /rustc/6067b36314ab5eb2eb47cecc464545ba58e1ad24/library/test/src/lib.rs:576:43
[INFO] [stdout]   33:     0x58fb20d02725 - test::run_test::{{closure}}::h56a17aa7a282a9f4
[INFO] [stdout]                                at /rustc/6067b36314ab5eb2eb47cecc464545ba58e1ad24/library/test/src/lib.rs:606:41
[INFO] [stdout]   34:     0x58fb20d02725 - std::sys::backtrace::__rust_begin_short_backtrace::hd2d2d2fb8e8c6aac
[INFO] [stdout]                                at /rustc/6067b36314ab5eb2eb47cecc464545ba58e1ad24/library/std/src/sys/backtrace.rs:152:18
[INFO] [stdout]   35:     0x58fb20d0600a - std::thread::Builder::spawn_unchecked_::{{closure}}::{{closure}}::h4faa3f9db6133423
[INFO] [stdout]                                at /rustc/6067b36314ab5eb2eb47cecc464545ba58e1ad24/library/std/src/thread/mod.rs:559:17
[INFO] [stdout]   36:     0x58fb20d0600a - <core::panic::unwind_safe::AssertUnwindSafe<F> as core::ops::function::FnOnce<()>>::call_once::hf2e855a36a4ea846
[INFO] [stdout]                                at /rustc/6067b36314ab5eb2eb47cecc464545ba58e1ad24/library/core/src/panic/unwind_safe.rs:272:9
[INFO] [stdout]   37:     0x58fb20d0600a - std::panicking::try::do_call::h2f73af3616c35465
[INFO] [stdout]                                at /rustc/6067b36314ab5eb2eb47cecc464545ba58e1ad24/library/std/src/panicking.rs:587:40
[INFO] [stdout]   38:     0x58fb20d0600a - std::panicking::try::hd1660ce9efadef5a
[INFO] [stdout]                                at /rustc/6067b36314ab5eb2eb47cecc464545ba58e1ad24/library/std/src/panicking.rs:550:19
[INFO] [stdout]   39:     0x58fb20d0600a - std::panic::catch_unwind::h5ee8d7823b8ca744
[INFO] [stdout]                                at /rustc/6067b36314ab5eb2eb47cecc464545ba58e1ad24/library/std/src/panic.rs:358:14
[INFO] [stdout]   40:     0x58fb20d0600a - std::thread::Builder::spawn_unchecked_::{{closure}}::h53c3a1894dce8407
[INFO] [stdout]                                at /rustc/6067b36314ab5eb2eb47cecc464545ba58e1ad24/library/std/src/thread/mod.rs:557:30
[INFO] [stdout]   41:     0x58fb20d0600a - core::ops::function::FnOnce::call_once{{vtable.shim}}::h048ce291ad4f62bf
[INFO] [stdout]                                at /rustc/6067b36314ab5eb2eb47cecc464545ba58e1ad24/library/core/src/ops/function.rs:250:5
[INFO] [stdout]   42:     0x58fb20ddee9b - <alloc::boxed::Box<F,A> as core::ops::function::FnOnce<Args>>::call_once::ha52bedf99a3b4981
[INFO] [stdout]                                at /rustc/6067b36314ab5eb2eb47cecc464545ba58e1ad24/library/alloc/src/boxed.rs:2013:9
[INFO] [stdout]   43:     0x58fb20ddee9b - <alloc::boxed::Box<F,A> as core::ops::function::FnOnce<Args>>::call_once::h567748934d80ccf8
[INFO] [stdout]                                at /rustc/6067b36314ab5eb2eb47cecc464545ba58e1ad24/library/alloc/src/boxed.rs:2013:9
[INFO] [stdout]   44:     0x58fb20ddee9b - std::sys::pal::unix::thread::Thread::new::thread_start::h2d970728ae887adc
[INFO] [stdout]                                at /rustc/6067b36314ab5eb2eb47cecc464545ba58e1ad24/library/std/src/sys/pal/unix/thread.rs:106:17
[INFO] [stdout]   45:     0x7b4674b70ac3 - <unknown>
[INFO] [stdout]   46:     0x7b4674c01a04 - clone
[INFO] [stdout]   47:                0x0 - <unknown>
[INFO] [stdout] 
[INFO] [stdout] 
[INFO] [stdout] failures:
[INFO] [stdout]     tests::test1
[INFO] [stdout] 
[INFO] [stdout] test result: FAILED. 0 passed; 1 failed; 0 ignored; 0 measured; 0 filtered out; finished in 324.38s
[INFO] [stdout] 
[INFO] [stderr] error: test failed, to rerun pass `--test test`
[INFO] running `Command { std: "docker" "inspect" "11409d74516fd94e7cf858998ea1453abd1e1e1d04d8a99eb8e17de31c3c0a63", kill_on_drop: false }`
[INFO] running `Command { std: "docker" "rm" "-f" "11409d74516fd94e7cf858998ea1453abd1e1e1d04d8a99eb8e17de31c3c0a63", kill_on_drop: false }`
[INFO] [stdout] 11409d74516fd94e7cf858998ea1453abd1e1e1d04d8a99eb8e17de31c3c0a63
