[INFO] cloning repository https://github.com/hf-ikea/dowser
[INFO] running `Command { std: "git" "-c" "credential.helper=" "-c" "credential.helper=/workspace/cargo-home/bin/git-credential-null" "clone" "--bare" "https://github.com/hf-ikea/dowser" "/workspace/cache/git-repos/https%3A%2F%2Fgithub.com%2Fhf-ikea%2Fdowser", kill_on_drop: false }`
[INFO] [stderr] Cloning into bare repository '/workspace/cache/git-repos/https%3A%2F%2Fgithub.com%2Fhf-ikea%2Fdowser'...
[INFO] running `Command { std: "git" "rev-parse" "HEAD", kill_on_drop: false }`
[INFO] [stdout] d7b5caed49b33abb944996e2ce798a7d49154af5
[INFO] testing hf-ikea/dowser against nightly-2025-01-18+rustflags=-Zrandomize-layout for randomize-layout-2
[INFO] running `Command { std: "git" "clone" "/workspace/cache/git-repos/https%3A%2F%2Fgithub.com%2Fhf-ikea%2Fdowser" "/workspace/builds/worker-6-tc2/source", kill_on_drop: false }`
[INFO] [stderr] Cloning into '/workspace/builds/worker-6-tc2/source'...
[INFO] [stderr] done.
[INFO] validating manifest of git repo https://github.com/hf-ikea/dowser on toolchain nightly-2025-01-18
[INFO] running `Command { std: CARGO_HOME="/workspace/cargo-home" RUSTUP_HOME="/workspace/rustup-home" "/workspace/cargo-home/bin/cargo" "+nightly-2025-01-18" "metadata" "--manifest-path" "Cargo.toml" "--no-deps", kill_on_drop: false }`
[INFO] started tweaking git repo https://github.com/hf-ikea/dowser
[INFO] finished tweaking git repo https://github.com/hf-ikea/dowser
[INFO] tweaked toml for git repo https://github.com/hf-ikea/dowser written to /workspace/builds/worker-6-tc2/source/Cargo.toml
[INFO] crate git repo https://github.com/hf-ikea/dowser already has a lockfile, it will not be regenerated
[INFO] running `Command { std: CARGO_HOME="/workspace/cargo-home" RUSTUP_HOME="/workspace/rustup-home" "/workspace/cargo-home/bin/cargo" "+nightly-2025-01-18" "fetch" "--manifest-path" "Cargo.toml", kill_on_drop: false }`
[INFO] [stderr] warning: profiles for the non root package will be ignored, specify profiles at the workspace root:
[INFO] [stderr] package:   /workspace/builds/worker-6-tc2/source/dowser_rf/Cargo.toml
[INFO] [stderr] workspace: /workspace/builds/worker-6-tc2/source/Cargo.toml
[INFO] running `Command { std: "docker" "create" "-v" "/var/lib/crater-agent-workspace/builds/worker-6-tc2/target:/opt/rustwide/target:rw,Z" "-v" "/var/lib/crater-agent-workspace/builds/worker-6-tc2/source:/opt/rustwide/workdir:ro,Z" "-v" "/var/lib/crater-agent-workspace/cargo-home:/opt/rustwide/cargo-home:ro,Z" "-v" "/var/lib/crater-agent-workspace/rustup-home:/opt/rustwide/rustup-home:ro,Z" "-e" "SOURCE_DIR=/opt/rustwide/workdir" "-e" "CARGO_TARGET_DIR=/opt/rustwide/target" "-e" "CARGO_HOME=/opt/rustwide/cargo-home" "-e" "RUSTUP_HOME=/opt/rustwide/rustup-home" "-w" "/opt/rustwide/workdir" "-m" "1610612736" "--user" "0:0" "--network" "none" "ghcr.io/rust-lang/crates-build-env/linux@sha256:819108c5571ea2e421544af4d832f968d213c87fbe3707a016657f43d2f853bc" "/opt/rustwide/cargo-home/bin/cargo" "+nightly-2025-01-18" "metadata" "--no-deps" "--format-version=1", kill_on_drop: false }`
[INFO] [stdout] 5fc12a62fd825bfeb668e192c90bccfda9c04ac33c04dfcf575778ddf9b25579
[INFO] running `Command { std: "docker" "start" "-a" "5fc12a62fd825bfeb668e192c90bccfda9c04ac33c04dfcf575778ddf9b25579", kill_on_drop: false }`
[INFO] running `Command { std: "docker" "inspect" "5fc12a62fd825bfeb668e192c90bccfda9c04ac33c04dfcf575778ddf9b25579", kill_on_drop: false }`
[INFO] running `Command { std: "docker" "rm" "-f" "5fc12a62fd825bfeb668e192c90bccfda9c04ac33c04dfcf575778ddf9b25579", kill_on_drop: false }`
[INFO] [stdout] 5fc12a62fd825bfeb668e192c90bccfda9c04ac33c04dfcf575778ddf9b25579
[INFO] running `Command { std: "docker" "create" "-v" "/var/lib/crater-agent-workspace/builds/worker-6-tc2/target:/opt/rustwide/target:rw,Z" "-v" "/var/lib/crater-agent-workspace/builds/worker-6-tc2/source:/opt/rustwide/workdir:ro,Z" "-v" "/var/lib/crater-agent-workspace/cargo-home:/opt/rustwide/cargo-home:ro,Z" "-v" "/var/lib/crater-agent-workspace/rustup-home:/opt/rustwide/rustup-home:ro,Z" "-e" "SOURCE_DIR=/opt/rustwide/workdir" "-e" "CARGO_TARGET_DIR=/opt/rustwide/target" "-e" "CARGO_INCREMENTAL=0" "-e" "RUST_BACKTRACE=full" "-e" "RUSTFLAGS=--cap-lints=forbid -Zrandomize-layout" "-e" "RUSTDOCFLAGS=--cap-lints=forbid" "-e" "CARGO_HOME=/opt/rustwide/cargo-home" "-e" "RUSTUP_HOME=/opt/rustwide/rustup-home" "-w" "/opt/rustwide/workdir" "-m" "1610612736" "--user" "0:0" "--network" "none" "ghcr.io/rust-lang/crates-build-env/linux@sha256:819108c5571ea2e421544af4d832f968d213c87fbe3707a016657f43d2f853bc" "/opt/rustwide/cargo-home/bin/cargo" "+nightly-2025-01-18" "build" "--frozen" "--message-format=json", kill_on_drop: false }`
[INFO] [stdout] 54ab4dde7942dad95ad5aadafc06f8c64f11d3da39b59243a9a484c3f39ba40c
[INFO] running `Command { std: "docker" "start" "-a" "54ab4dde7942dad95ad5aadafc06f8c64f11d3da39b59243a9a484c3f39ba40c", kill_on_drop: false }`
[INFO] [stderr] warning: profiles for the non root package will be ignored, specify profiles at the workspace root:
[INFO] [stderr] package:   /opt/rustwide/workdir/dowser_rf/Cargo.toml
[INFO] [stderr] workspace: /opt/rustwide/workdir/Cargo.toml
[INFO] [stderr]    Compiling autocfg v1.4.0
[INFO] [stderr]    Compiling spec_math v0.1.6
[INFO] [stderr]    Compiling num-traits v0.2.19
[INFO] [stderr]    Compiling num-complex v0.4.6
[INFO] [stderr]    Compiling dowser v0.1.0 (/opt/rustwide/workdir/dowser_rf)
[INFO] [stdout] warning: unused imports: `BufReader` and `path::Path`
[INFO] [stdout]  --> dowser_rf/src/fdtd/mod.rs:1:58
[INFO] [stdout]   |
[INFO] [stdout] 1 | use std::{f64::consts::PI, fs::{self, OpenOptions}, io::{BufReader, BufWriter, Write}, ops::{Index, IndexMut}, path::Path};
[INFO] [stdout]   |                                                          ^^^^^^^^^                                             ^^^^^^^^^^
[INFO] [stdout]   |
[INFO] [stdout]   = note: `#[warn(unused_imports)]` on by default
[INFO] [stdout] 
[INFO] [stdout] 
[INFO] [stdout] warning: variable does not need to be mutable
[INFO] [stdout]   --> dowser_rf/src/fdtd/mod.rs:28:13
[INFO] [stdout]    |
[INFO] [stdout] 28 |         let mut file;
[INFO] [stdout]    |             ----^^^^
[INFO] [stdout]    |             |
[INFO] [stdout]    |             help: remove this `mut`
[INFO] [stdout]    |
[INFO] [stdout]    = note: `#[warn(unused_mut)]` on by default
[INFO] [stdout] 
[INFO] [stdout] 
[INFO] [stdout] warning: constant `FREE_SPACE_PERMITTIVITY` is never used
[INFO] [stdout]  --> dowser_rf/src/consts.rs:8:11
[INFO] [stdout]   |
[INFO] [stdout] 8 | pub const FREE_SPACE_PERMITTIVITY: f64 = 8.85418781881e-12;
[INFO] [stdout]   |           ^^^^^^^^^^^^^^^^^^^^^^^
[INFO] [stdout]   |
[INFO] [stdout]   = note: `#[warn(dead_code)]` on by default
[INFO] [stdout] 
[INFO] [stdout] 
[INFO] [stdout] warning: fields `orientation`, `polarization`, and `z_s` are never read
[INFO] [stdout]   --> dowser_rf/src/antenna.rs:8:9
[INFO] [stdout]    |
[INFO] [stdout] 4  | pub struct AntennaProperties {
[INFO] [stdout]    |            ----------------- fields in this struct
[INFO] [stdout] ...
[INFO] [stdout] 8  |     pub orientation: f64,
[INFO] [stdout]    |         ^^^^^^^^^^^
[INFO] [stdout] 9  |     /// The polarization of the antenna
[INFO] [stdout] 10 |     pub polarization: AntennaPolarization,
[INFO] [stdout]    |         ^^^^^^^^^^^^
[INFO] [stdout] 11 |     /// Impedance of the source, typically going to be a feedline
[INFO] [stdout] 12 |     pub z_s: Complex<f64>,
[INFO] [stdout]    |         ^^^
[INFO] [stdout]    |
[INFO] [stdout]    = note: `AntennaProperties` has derived impls for the traits `Clone` and `Debug`, but these are intentionally ignored during dead code analysis
[INFO] [stdout] 
[INFO] [stdout] 
[INFO] [stdout] warning: fields `antenna` and `impedance` are never read
[INFO] [stdout]   --> dowser_rf/src/antenna.rs:17:9
[INFO] [stdout]    |
[INFO] [stdout] 16 | pub struct ModeledAntenna {
[INFO] [stdout]    |            -------------- fields in this struct
[INFO] [stdout] 17 |     pub antenna: AntennaProperties,
[INFO] [stdout]    |         ^^^^^^^
[INFO] [stdout] 18 |     /// Load impedance of the antenna
[INFO] [stdout] 19 |     pub impedance: Complex<f64>,
[INFO] [stdout]    |         ^^^^^^^^^
[INFO] [stdout]    |
[INFO] [stdout]    = note: `ModeledAntenna` has derived impls for the traits `Clone` and `Debug`, but these are intentionally ignored during dead code analysis
[INFO] [stdout] 
[INFO] [stdout] 
[INFO] [stdout] warning: variants `Horizontal`, `Vertical`, `Lefthand`, and `Righthand` are never constructed
[INFO] [stdout]   --> dowser_rf/src/antenna.rs:24:5
[INFO] [stdout]    |
[INFO] [stdout] 23 | pub enum AntennaPolarization {
[INFO] [stdout]    |          ------------------- variants in this enum
[INFO] [stdout] 24 |     Horizontal,
[INFO] [stdout]    |     ^^^^^^^^^^
[INFO] [stdout] 25 |     Vertical,
[INFO] [stdout]    |     ^^^^^^^^
[INFO] [stdout] 26 |     Lefthand,
[INFO] [stdout]    |     ^^^^^^^^
[INFO] [stdout] 27 |     Righthand,
[INFO] [stdout]    |     ^^^^^^^^^
[INFO] [stdout]    |
[INFO] [stdout]    = note: `AntennaPolarization` has derived impls for the traits `Clone` and `Debug`, but these are intentionally ignored during dead code analysis
[INFO] [stdout] 
[INFO] [stdout] 
[INFO] [stdout] warning: method `model` is never used
[INFO] [stdout]   --> dowser_rf/src/antenna.rs:31:8
[INFO] [stdout]    |
[INFO] [stdout] 30 | pub trait AntennaModel {
[INFO] [stdout]    |           ------------ method in this trait
[INFO] [stdout] 31 |     fn model(&self, properties: AntennaProperties) -> ModeledAntenna;
[INFO] [stdout]    |        ^^^^^
[INFO] [stdout] 
[INFO] [stdout] 
[INFO] [stdout] warning: function `gain` is never used
[INFO] [stdout]   --> dowser_rf/src/antennas/dipole.rs:48:8
[INFO] [stdout]    |
[INFO] [stdout] 48 | pub fn gain(theta: f64) -> f64 {
[INFO] [stdout]    |        ^^^^
[INFO] [stdout] 
[INFO] [stdout] 
[INFO] [stdout] warning: fields `length`, `z_l`, and `z_s` are never read
[INFO] [stdout]   --> dowser_rf/src/feed_line.rs:9:9
[INFO] [stdout]    |
[INFO] [stdout] 5  | pub struct FeedLineProperties {
[INFO] [stdout]    |            ------------------ fields in this struct
[INFO] [stdout] ...
[INFO] [stdout] 9  |     pub length: f64,
[INFO] [stdout]    |         ^^^^^^
[INFO] [stdout] 10 |     /// Complex load impedance
[INFO] [stdout] 11 |     pub z_l: Complex<f64>,
[INFO] [stdout]    |         ^^^
[INFO] [stdout] 12 |     /// Complex source impedance
[INFO] [stdout] 13 |     pub z_s: Complex<f64>,
[INFO] [stdout]    |         ^^^
[INFO] [stdout]    |
[INFO] [stdout]    = note: `FeedLineProperties` has derived impls for the traits `Clone` and `Debug`, but these are intentionally ignored during dead code analysis
[INFO] [stdout] 
[INFO] [stdout] 
[INFO] [stdout] warning: multiple fields are never read
[INFO] [stdout]   --> dowser_rf/src/feed_line.rs:18:9
[INFO] [stdout]    |
[INFO] [stdout] 17 | pub struct ModeledFeedLine {
[INFO] [stdout]    |            --------------- fields in this struct
[INFO] [stdout] 18 |     pub line: FeedLineProperties,
[INFO] [stdout]    |         ^^^^
[INFO] [stdout] 19 |     /// Complex impedance
[INFO] [stdout] 20 |     pub z: Complex<f64>,
[INFO] [stdout]    |         ^
[INFO] [stdout] 21 |     /// Resistance in ohms/meter
[INFO] [stdout] 22 |     pub r: f64,
[INFO] [stdout]    |         ^
[INFO] [stdout] 23 |     /// Inductance in henries/meter
[INFO] [stdout] 24 |     pub l: f64,
[INFO] [stdout]    |         ^
[INFO] [stdout] 25 |     /// Capacitance in farads/meter
[INFO] [stdout] 26 |     pub c: f64,
[INFO] [stdout]    |         ^
[INFO] [stdout] 27 |     /// Conductance in siemens/meter
[INFO] [stdout] 28 |     pub g: f64,
[INFO] [stdout]    |         ^
[INFO] [stdout] 29 |     /// Propagation constant
[INFO] [stdout] 30 |     pub gamma: Complex<f64>,
[INFO] [stdout]    |         ^^^^^
[INFO] [stdout]    |
[INFO] [stdout]    = note: `ModeledFeedLine` has derived impls for the traits `Clone` and `Debug`, but these are intentionally ignored during dead code analysis
[INFO] [stdout] 
[INFO] [stdout] 
[INFO] [stdout] warning: method `model` is never used
[INFO] [stdout]   --> dowser_rf/src/feed_line.rs:34:8
[INFO] [stdout]    |
[INFO] [stdout] 33 | pub trait FeedlineModel {
[INFO] [stdout]    |           ------------- method in this trait
[INFO] [stdout] 34 |     fn model(&self, properties: FeedLineProperties) -> ModeledFeedLine;
[INFO] [stdout]    |        ^^^^^
[INFO] [stdout] 
[INFO] [stdout] 
[INFO] [stdout] warning: methods `get_impedance_at_length`, `get_loss_per_meter`, and `total_match_loss` are never used
[INFO] [stdout]   --> dowser_rf/src/feed_line.rs:62:12
[INFO] [stdout]    |
[INFO] [stdout] 37 | impl ModeledFeedLine {
[INFO] [stdout]    | -------------------- methods in this implementation
[INFO] [stdout] ...
[INFO] [stdout] 62 |     pub fn get_impedance_at_length(&self) -> Complex<f64> {
[INFO] [stdout]    |            ^^^^^^^^^^^^^^^^^^^^^^^
[INFO] [stdout] ...
[INFO] [stdout] 68 |     pub fn get_loss_per_meter(&self) -> f64 {
[INFO] [stdout]    |            ^^^^^^^^^^^^^^^^^^
[INFO] [stdout] ...
[INFO] [stdout] 73 |     pub fn total_match_loss(&self) -> f64 {
[INFO] [stdout]    |            ^^^^^^^^^^^^^^^^
[INFO] [stdout] 
[INFO] [stdout] 
[INFO] [stdout] warning: function `fspl` is never used
[INFO] [stdout]  --> dowser_rf/src/propagation.rs:5:8
[INFO] [stdout]   |
[INFO] [stdout] 5 | pub fn fspl(d: f64, f: f64) -> f64 {
[INFO] [stdout]   |        ^^^^
[INFO] [stdout] 
[INFO] [stdout] 
[INFO] [stdout] warning: function `coth` is never used
[INFO] [stdout]  --> dowser_rf/src/util.rs:5:8
[INFO] [stdout]   |
[INFO] [stdout] 5 | pub fn coth(x: f64) -> f64 {
[INFO] [stdout]   |        ^^^^
[INFO] [stdout] 
[INFO] [stdout] 
[INFO] [stdout] warning: function `reflection_loss` is never used
[INFO] [stdout]   --> dowser_rf/src/util.rs:18:8
[INFO] [stdout]    |
[INFO] [stdout] 18 | pub fn reflection_loss(z_load: Complex<f64>, z_source: Complex<f64>) -> f64 {
[INFO] [stdout]    |        ^^^^^^^^^^^^^^^
[INFO] [stdout] 
[INFO] [stdout] 
[INFO] [stdout] warning: function `get_refl_coef` is never used
[INFO] [stdout]   --> dowser_rf/src/util.rs:22:8
[INFO] [stdout]    |
[INFO] [stdout] 22 | pub fn get_refl_coef(z_load: Complex<f64>, z_source: Complex<f64>) -> Complex<f64> {
[INFO] [stdout]    |        ^^^^^^^^^^^^^
[INFO] [stdout] 
[INFO] [stdout] 
[INFO] [stdout] warning: function `swr` is never used
[INFO] [stdout]   --> dowser_rf/src/util.rs:26:8
[INFO] [stdout]    |
[INFO] [stdout] 26 | pub fn swr(z_load: Complex<f64>, z_source: Complex<f64>) -> f64 {
[INFO] [stdout]    |        ^^^
[INFO] [stdout] 
[INFO] [stdout] 
[INFO] [stdout] warning: function `get_skin_depth` is never used
[INFO] [stdout]   --> dowser_rf/src/util.rs:35:8
[INFO] [stdout]    |
[INFO] [stdout] 35 | pub fn get_skin_depth(f: f64, permeability: f64, resistivity: f64) -> f64 {
[INFO] [stdout]    |        ^^^^^^^^^^^^^^
[INFO] [stdout] 
[INFO] [stdout] 
[INFO] [stdout] warning: function `get_rf_resistance` is never used
[INFO] [stdout]   --> dowser_rf/src/util.rs:40:8
[INFO] [stdout]    |
[INFO] [stdout] 40 | pub fn get_rf_resistance(skin_depth: f64, diameter: f64, resistivity: f64) -> f64 {
[INFO] [stdout]    |        ^^^^^^^^^^^^^^^^^
[INFO] [stdout] 
[INFO] [stdout] 
[INFO] [stdout] warning: trait `Field` is never used
[INFO] [stdout]  --> dowser_rf/src/fdtd/mod.rs:3:7
[INFO] [stdout]   |
[INFO] [stdout] 3 | trait Field {
[INFO] [stdout]   |       ^^^^^
[INFO] [stdout] 
[INFO] [stdout] 
[INFO] [stdout] warning: associated functions `new_zeroed`, `from_initial_state`, and `snapshot` are never used
[INFO] [stdout]   --> dowser_rf/src/fdtd/mod.rs:16:12
[INFO] [stdout]    |
[INFO] [stdout] 15 | impl OneDField {
[INFO] [stdout]    | -------------- associated functions in this implementation
[INFO] [stdout] 16 |     pub fn new_zeroed(size: usize) -> Self {
[INFO] [stdout]    |            ^^^^^^^^^^
[INFO] [stdout] ...
[INFO] [stdout] 21 |     pub fn from_initial_state(initial: &[f64]) -> Self {
[INFO] [stdout]    |            ^^^^^^^^^^^^^^^^^^
[INFO] [stdout] ...
[INFO] [stdout] 26 |     pub fn snapshot(field: &OneDField, snapshot_idx: usize, new: bool) {
[INFO] [stdout]    |            ^^^^^^^^
[INFO] [stdout] 
[INFO] [stdout] 
[INFO] [stdout] warning: function `harmonic_source` is never used
[INFO] [stdout]   --> dowser_rf/src/fdtd/mod.rs:71:8
[INFO] [stdout]    |
[INFO] [stdout] 71 | pub fn harmonic_source(t: f64, x: f64, courant: f64, ppw: f64) -> f64 {
[INFO] [stdout]    |        ^^^^^^^^^^^^^^^
[INFO] [stdout] 
[INFO] [stdout] 
[INFO] [stdout] warning: function `source_function` is never used
[INFO] [stdout]   --> dowser_rf/src/fdtd/mod.rs:75:8
[INFO] [stdout]    |
[INFO] [stdout] 75 | pub fn source_function(t: f64, x: f64, courant: f64) -> f64 {
[INFO] [stdout]    |        ^^^^^^^^^^^^^^^
[INFO] [stdout] 
[INFO] [stdout] 
[INFO] [stderr]     Finished `dev` profile [unoptimized + debuginfo] target(s) in 2.33s
[INFO] running `Command { std: "docker" "inspect" "54ab4dde7942dad95ad5aadafc06f8c64f11d3da39b59243a9a484c3f39ba40c", kill_on_drop: false }`
[INFO] running `Command { std: "docker" "rm" "-f" "54ab4dde7942dad95ad5aadafc06f8c64f11d3da39b59243a9a484c3f39ba40c", kill_on_drop: false }`
[INFO] [stdout] 54ab4dde7942dad95ad5aadafc06f8c64f11d3da39b59243a9a484c3f39ba40c
[INFO] running `Command { std: "docker" "create" "-v" "/var/lib/crater-agent-workspace/builds/worker-6-tc2/target:/opt/rustwide/target:rw,Z" "-v" "/var/lib/crater-agent-workspace/builds/worker-6-tc2/source:/opt/rustwide/workdir:ro,Z" "-v" "/var/lib/crater-agent-workspace/cargo-home:/opt/rustwide/cargo-home:ro,Z" "-v" "/var/lib/crater-agent-workspace/rustup-home:/opt/rustwide/rustup-home:ro,Z" "-e" "SOURCE_DIR=/opt/rustwide/workdir" "-e" "CARGO_TARGET_DIR=/opt/rustwide/target" "-e" "CARGO_INCREMENTAL=0" "-e" "RUST_BACKTRACE=full" "-e" "RUSTFLAGS=--cap-lints=forbid -Zrandomize-layout" "-e" "RUSTDOCFLAGS=--cap-lints=forbid" "-e" "CARGO_HOME=/opt/rustwide/cargo-home" "-e" "RUSTUP_HOME=/opt/rustwide/rustup-home" "-w" "/opt/rustwide/workdir" "-m" "1610612736" "--user" "0:0" "--network" "none" "ghcr.io/rust-lang/crates-build-env/linux@sha256:819108c5571ea2e421544af4d832f968d213c87fbe3707a016657f43d2f853bc" "/opt/rustwide/cargo-home/bin/cargo" "+nightly-2025-01-18" "test" "--frozen" "--no-run" "--message-format=json", kill_on_drop: false }`
[INFO] [stdout] edca25d63b6a46b49cc5437c14ab97ca35a6b5356991a1ccf47a41764396c205
[INFO] running `Command { std: "docker" "start" "-a" "edca25d63b6a46b49cc5437c14ab97ca35a6b5356991a1ccf47a41764396c205", kill_on_drop: false }`
[INFO] [stderr] warning: profiles for the non root package will be ignored, specify profiles at the workspace root:
[INFO] [stderr] package:   /opt/rustwide/workdir/dowser_rf/Cargo.toml
[INFO] [stderr] workspace: /opt/rustwide/workdir/Cargo.toml
[INFO] [stdout] warning: unused imports: `BufReader` and `path::Path`
[INFO] [stdout]  --> dowser_rf/src/fdtd/mod.rs:1:58
[INFO] [stdout]   |
[INFO] [stdout] 1 | use std::{f64::consts::PI, fs::{self, OpenOptions}, io::{BufReader, BufWriter, Write}, ops::{Index, IndexMut}, path::Path};
[INFO] [stdout]   |                                                          ^^^^^^^^^                                             ^^^^^^^^^^
[INFO] [stdout]   |
[INFO] [stdout]   = note: `#[warn(unused_imports)]` on by default
[INFO] [stdout] 
[INFO] [stdout] 
[INFO] [stdout] warning: variable does not need to be mutable
[INFO] [stdout]   --> dowser_rf/src/fdtd/mod.rs:28:13
[INFO] [stdout]    |
[INFO] [stdout] 28 |         let mut file;
[INFO] [stdout]    |             ----^^^^
[INFO] [stdout]    |             |
[INFO] [stdout]    |             help: remove this `mut`
[INFO] [stdout]    |
[INFO] [stdout]    = note: `#[warn(unused_mut)]` on by default
[INFO] [stdout] 
[INFO] [stdout] 
[INFO] [stdout] warning: constant `FREE_SPACE_PERMITTIVITY` is never used
[INFO] [stdout]  --> dowser_rf/src/consts.rs:8:11
[INFO] [stdout]   |
[INFO] [stdout] 8 | pub const FREE_SPACE_PERMITTIVITY: f64 = 8.85418781881e-12;
[INFO] [stdout]   |           ^^^^^^^^^^^^^^^^^^^^^^^
[INFO] [stdout]   |
[INFO] [stdout]   = note: `#[warn(dead_code)]` on by default
[INFO] [stdout] 
[INFO] [stdout] 
[INFO] [stdout] warning: fields `orientation`, `polarization`, and `z_s` are never read
[INFO] [stdout]   --> dowser_rf/src/antenna.rs:8:9
[INFO] [stdout]    |
[INFO] [stdout] 4  | pub struct AntennaProperties {
[INFO] [stdout]    |            ----------------- fields in this struct
[INFO] [stdout] ...
[INFO] [stdout] 8  |     pub orientation: f64,
[INFO] [stdout]    |         ^^^^^^^^^^^
[INFO] [stdout] 9  |     /// The polarization of the antenna
[INFO] [stdout] 10 |     pub polarization: AntennaPolarization,
[INFO] [stdout]    |         ^^^^^^^^^^^^
[INFO] [stdout] 11 |     /// Impedance of the source, typically going to be a feedline
[INFO] [stdout] 12 |     pub z_s: Complex<f64>,
[INFO] [stdout]    |         ^^^
[INFO] [stdout]    |
[INFO] [stdout]    = note: `AntennaProperties` has derived impls for the traits `Clone` and `Debug`, but these are intentionally ignored during dead code analysis
[INFO] [stdout] 
[INFO] [stdout] 
[INFO] [stdout] warning: fields `antenna` and `impedance` are never read
[INFO] [stdout]   --> dowser_rf/src/antenna.rs:17:9
[INFO] [stdout]    |
[INFO] [stdout] 16 | pub struct ModeledAntenna {
[INFO] [stdout]    |            -------------- fields in this struct
[INFO] [stdout] 17 |     pub antenna: AntennaProperties,
[INFO] [stdout]    |         ^^^^^^^
[INFO] [stdout] 18 |     /// Load impedance of the antenna
[INFO] [stdout] 19 |     pub impedance: Complex<f64>,
[INFO] [stdout]    |         ^^^^^^^^^
[INFO] [stdout]    |
[INFO] [stdout]    = note: `ModeledAntenna` has derived impls for the traits `Clone` and `Debug`, but these are intentionally ignored during dead code analysis
[INFO] [stdout] 
[INFO] [stdout] 
[INFO] [stdout] warning: variants `Horizontal`, `Vertical`, `Lefthand`, and `Righthand` are never constructed
[INFO] [stdout]   --> dowser_rf/src/antenna.rs:24:5
[INFO] [stdout]    |
[INFO] [stdout] 23 | pub enum AntennaPolarization {
[INFO] [stdout]    |          ------------------- variants in this enum
[INFO] [stdout] 24 |     Horizontal,
[INFO] [stdout]    |     ^^^^^^^^^^
[INFO] [stdout] 25 |     Vertical,
[INFO] [stdout]    |     ^^^^^^^^
[INFO] [stdout] 26 |     Lefthand,
[INFO] [stdout]    |     ^^^^^^^^
[INFO] [stdout] 27 |     Righthand,
[INFO] [stdout]    |     ^^^^^^^^^
[INFO] [stdout]    |
[INFO] [stdout]    = note: `AntennaPolarization` has derived impls for the traits `Clone` and `Debug`, but these are intentionally ignored during dead code analysis
[INFO] [stdout] 
[INFO] [stdout] 
[INFO] [stdout] warning: method `model` is never used
[INFO] [stdout]   --> dowser_rf/src/antenna.rs:31:8
[INFO] [stdout]    |
[INFO] [stdout] 30 | pub trait AntennaModel {
[INFO] [stdout]    |           ------------ method in this trait
[INFO] [stdout] 31 |     fn model(&self, properties: AntennaProperties) -> ModeledAntenna;
[INFO] [stdout]    |        ^^^^^
[INFO] [stdout] 
[INFO] [stdout] 
[INFO] [stdout] warning: function `gain` is never used
[INFO] [stdout]   --> dowser_rf/src/antennas/dipole.rs:48:8
[INFO] [stdout]    |
[INFO] [stdout] 48 | pub fn gain(theta: f64) -> f64 {
[INFO] [stdout]    |        ^^^^
[INFO] [stdout] 
[INFO] [stdout] 
[INFO] [stdout] warning: fields `length`, `z_l`, and `z_s` are never read
[INFO] [stdout]   --> dowser_rf/src/feed_line.rs:9:9
[INFO] [stdout]    |
[INFO] [stdout] 5  | pub struct FeedLineProperties {
[INFO] [stdout]    |            ------------------ fields in this struct
[INFO] [stdout] ...
[INFO] [stdout] 9  |     pub length: f64,
[INFO] [stdout]    |         ^^^^^^
[INFO] [stdout] 10 |     /// Complex load impedance
[INFO] [stdout] 11 |     pub z_l: Complex<f64>,
[INFO] [stdout]    |         ^^^
[INFO] [stdout] 12 |     /// Complex source impedance
[INFO] [stdout] 13 |     pub z_s: Complex<f64>,
[INFO] [stdout]    |         ^^^
[INFO] [stdout]    |
[INFO] [stdout]    = note: `FeedLineProperties` has derived impls for the traits `Clone` and `Debug`, but these are intentionally ignored during dead code analysis
[INFO] [stdout] 
[INFO] [stdout] 
[INFO] [stdout] warning: multiple fields are never read
[INFO] [stdout]   --> dowser_rf/src/feed_line.rs:18:9
[INFO] [stdout]    |
[INFO] [stdout] 17 | pub struct ModeledFeedLine {
[INFO] [stdout]    |            --------------- fields in this struct
[INFO] [stdout] 18 |     pub line: FeedLineProperties,
[INFO] [stdout]    |         ^^^^
[INFO] [stdout] 19 |     /// Complex impedance
[INFO] [stdout] 20 |     pub z: Complex<f64>,
[INFO] [stdout]    |         ^
[INFO] [stdout] 21 |     /// Resistance in ohms/meter
[INFO] [stdout] 22 |     pub r: f64,
[INFO] [stdout]    |         ^
[INFO] [stdout] 23 |     /// Inductance in henries/meter
[INFO] [stdout] 24 |     pub l: f64,
[INFO] [stdout]    |         ^
[INFO] [stdout] 25 |     /// Capacitance in farads/meter
[INFO] [stdout] 26 |     pub c: f64,
[INFO] [stdout]    |         ^
[INFO] [stdout] 27 |     /// Conductance in siemens/meter
[INFO] [stdout] 28 |     pub g: f64,
[INFO] [stdout]    |         ^
[INFO] [stdout] 29 |     /// Propagation constant
[INFO] [stdout] 30 |     pub gamma: Complex<f64>,
[INFO] [stdout]    |         ^^^^^
[INFO] [stdout]    |
[INFO] [stdout]    = note: `ModeledFeedLine` has derived impls for the traits `Clone` and `Debug`, but these are intentionally ignored during dead code analysis
[INFO] [stdout] 
[INFO] [stdout] 
[INFO] [stdout] warning: method `model` is never used
[INFO] [stdout]   --> dowser_rf/src/feed_line.rs:34:8
[INFO] [stdout]    |
[INFO] [stdout] 33 | pub trait FeedlineModel {
[INFO] [stdout]    |           ------------- method in this trait
[INFO] [stdout] 34 |     fn model(&self, properties: FeedLineProperties) -> ModeledFeedLine;
[INFO] [stdout]    |        ^^^^^
[INFO] [stdout] 
[INFO] [stdout] 
[INFO] [stdout] warning: methods `get_impedance_at_length`, `get_loss_per_meter`, and `total_match_loss` are never used
[INFO] [stdout]   --> dowser_rf/src/feed_line.rs:62:12
[INFO] [stdout]    |
[INFO] [stdout] 37 | impl ModeledFeedLine {
[INFO] [stdout]    | -------------------- methods in this implementation
[INFO] [stdout] ...
[INFO] [stdout] 62 |     pub fn get_impedance_at_length(&self) -> Complex<f64> {
[INFO] [stdout]    |            ^^^^^^^^^^^^^^^^^^^^^^^
[INFO] [stdout] ...
[INFO] [stdout] 68 |     pub fn get_loss_per_meter(&self) -> f64 {
[INFO] [stdout]    |            ^^^^^^^^^^^^^^^^^^
[INFO] [stdout] ...
[INFO] [stdout] 73 |     pub fn total_match_loss(&self) -> f64 {
[INFO] [stdout]    |            ^^^^^^^^^^^^^^^^
[INFO] [stdout] 
[INFO] [stdout] 
[INFO] [stdout] warning: function `fspl` is never used
[INFO] [stdout]  --> dowser_rf/src/propagation.rs:5:8
[INFO] [stdout]   |
[INFO] [stdout] 5 | pub fn fspl(d: f64, f: f64) -> f64 {
[INFO] [stdout]   |        ^^^^
[INFO] [stdout] 
[INFO] [stdout] 
[INFO] [stdout] warning: function `coth` is never used
[INFO] [stdout]  --> dowser_rf/src/util.rs:5:8
[INFO] [stdout]   |
[INFO] [stdout] 5 | pub fn coth(x: f64) -> f64 {
[INFO] [stdout]   |        ^^^^
[INFO] [stdout] 
[INFO] [stdout] 
[INFO] [stdout] warning: function `reflection_loss` is never used
[INFO] [stdout]   --> dowser_rf/src/util.rs:18:8
[INFO] [stdout]    |
[INFO] [stdout] 18 | pub fn reflection_loss(z_load: Complex<f64>, z_source: Complex<f64>) -> f64 {
[INFO] [stdout]    |        ^^^^^^^^^^^^^^^
[INFO] [stdout] 
[INFO] [stdout] 
[INFO] [stdout] warning: function `get_refl_coef` is never used
[INFO] [stdout]   --> dowser_rf/src/util.rs:22:8
[INFO] [stdout]    |
[INFO] [stdout] 22 | pub fn get_refl_coef(z_load: Complex<f64>, z_source: Complex<f64>) -> Complex<f64> {
[INFO] [stdout]    |        ^^^^^^^^^^^^^
[INFO] [stdout] 
[INFO] [stdout] 
[INFO] [stdout] warning: function `swr` is never used
[INFO] [stdout]   --> dowser_rf/src/util.rs:26:8
[INFO] [stdout]    |
[INFO] [stdout] 26 | pub fn swr(z_load: Complex<f64>, z_source: Complex<f64>) -> f64 {
[INFO] [stdout]    |        ^^^
[INFO] [stdout] 
[INFO] [stdout] 
[INFO] [stdout] warning: function `get_skin_depth` is never used
[INFO] [stdout]   --> dowser_rf/src/util.rs:35:8
[INFO] [stdout]    |
[INFO] [stdout] 35 | pub fn get_skin_depth(f: f64, permeability: f64, resistivity: f64) -> f64 {
[INFO] [stdout]    |        ^^^^^^^^^^^^^^
[INFO] [stdout] 
[INFO] [stdout] 
[INFO] [stdout] warning: function `get_rf_resistance` is never used
[INFO] [stdout]   --> dowser_rf/src/util.rs:40:8
[INFO] [stdout]    |
[INFO] [stdout] 40 | pub fn get_rf_resistance(skin_depth: f64, diameter: f64, resistivity: f64) -> f64 {
[INFO] [stdout]    |        ^^^^^^^^^^^^^^^^^
[INFO] [stdout] 
[INFO] [stdout] 
[INFO] [stdout] warning: trait `Field` is never used
[INFO] [stdout]  --> dowser_rf/src/fdtd/mod.rs:3:7
[INFO] [stdout]   |
[INFO] [stdout] 3 | trait Field {
[INFO] [stdout]   |       ^^^^^
[INFO] [stdout] 
[INFO] [stdout] 
[INFO] [stdout] warning: associated functions `new_zeroed`, `from_initial_state`, and `snapshot` are never used
[INFO] [stdout]   --> dowser_rf/src/fdtd/mod.rs:16:12
[INFO] [stdout]    |
[INFO] [stdout] 15 | impl OneDField {
[INFO] [stdout]    | -------------- associated functions in this implementation
[INFO] [stdout] 16 |     pub fn new_zeroed(size: usize) -> Self {
[INFO] [stdout]    |            ^^^^^^^^^^
[INFO] [stdout] ...
[INFO] [stdout] 21 |     pub fn from_initial_state(initial: &[f64]) -> Self {
[INFO] [stdout]    |            ^^^^^^^^^^^^^^^^^^
[INFO] [stdout] ...
[INFO] [stdout] 26 |     pub fn snapshot(field: &OneDField, snapshot_idx: usize, new: bool) {
[INFO] [stdout]    |            ^^^^^^^^
[INFO] [stdout] 
[INFO] [stdout] 
[INFO] [stdout] warning: function `harmonic_source` is never used
[INFO] [stdout]   --> dowser_rf/src/fdtd/mod.rs:71:8
[INFO] [stdout]    |
[INFO] [stdout] 71 | pub fn harmonic_source(t: f64, x: f64, courant: f64, ppw: f64) -> f64 {
[INFO] [stdout]    |        ^^^^^^^^^^^^^^^
[INFO] [stdout] 
[INFO] [stdout] 
[INFO] [stdout] warning: function `source_function` is never used
[INFO] [stdout]   --> dowser_rf/src/fdtd/mod.rs:75:8
[INFO] [stdout]    |
[INFO] [stdout] 75 | pub fn source_function(t: f64, x: f64, courant: f64) -> f64 {
[INFO] [stdout]    |        ^^^^^^^^^^^^^^^
[INFO] [stdout] 
[INFO] [stdout] 
[INFO] [stderr]    Compiling dowser v0.1.0 (/opt/rustwide/workdir/dowser_rf)
[INFO] [stdout] warning: unused imports: `BufReader` and `path::Path`
[INFO] [stdout]  --> dowser_rf/src/fdtd/mod.rs:1:58
[INFO] [stdout]   |
[INFO] [stdout] 1 | use std::{f64::consts::PI, fs::{self, OpenOptions}, io::{BufReader, BufWriter, Write}, ops::{Index, IndexMut}, path::Path};
[INFO] [stdout]   |                                                          ^^^^^^^^^                                             ^^^^^^^^^^
[INFO] [stdout]   |
[INFO] [stdout]   = note: `#[warn(unused_imports)]` on by default
[INFO] [stdout] 
[INFO] [stdout] 
[INFO] [stdout] warning: unused import: `harmonic_source`
[INFO] [stdout]   --> dowser_rf/src/fdtd/mod.rs:81:54
[INFO] [stdout]    |
[INFO] [stdout] 81 |     use crate::{consts::FREE_SPACE_IMPEDANCE, fdtd::{harmonic_source, source_function}};
[INFO] [stdout]    |                                                      ^^^^^^^^^^^^^^^
[INFO] [stdout] 
[INFO] [stdout] 
[INFO] [stdout] warning: unused variable: `properties`
[INFO] [stdout]   --> dowser_rf/src/antennas/dipole.rs:71:13
[INFO] [stdout]    |
[INFO] [stdout] 71 |         let properties: AntennaProperties = AntennaProperties {
[INFO] [stdout]    |             ^^^^^^^^^^ help: if this is intentional, prefix it with an underscore: `_properties`
[INFO] [stdout]    |
[INFO] [stdout]    = note: `#[warn(unused_variables)]` on by default
[INFO] [stdout] 
[INFO] [stdout] 
[INFO] [stdout] warning: unused variable: `coax`
[INFO] [stdout]   --> dowser_rf/src/antennas/dipole.rs:77:13
[INFO] [stdout]    |
[INFO] [stdout] 77 |         let coax: DipoleProperties = DipoleProperties {
[INFO] [stdout]    |             ^^^^ help: if this is intentional, prefix it with an underscore: `_coax`
[INFO] [stdout] 
[INFO] [stdout] 
[INFO] [stdout] warning: variable does not need to be mutable
[INFO] [stdout]   --> dowser_rf/src/fdtd/mod.rs:28:13
[INFO] [stdout]    |
[INFO] [stdout] 28 |         let mut file;
[INFO] [stdout]    |             ----^^^^
[INFO] [stdout]    |             |
[INFO] [stdout]    |             help: remove this `mut`
[INFO] [stdout]    |
[INFO] [stdout]    = note: `#[warn(unused_mut)]` on by default
[INFO] [stdout] 
[INFO] [stdout] 
[INFO] [stdout] warning: unused variable: `ppw`
[INFO] [stdout]    --> dowser_rf/src/fdtd/mod.rs:101:13
[INFO] [stdout]     |
[INFO] [stdout] 101 |         let ppw: f64 = 40.0;
[INFO] [stdout]     |             ^^^ help: if this is intentional, prefix it with an underscore: `_ppw`
[INFO] [stdout] 
[INFO] [stdout] 
[INFO] [stdout] warning: variable does not need to be mutable
[INFO] [stdout]   --> dowser_rf/src/fdtd/mod.rs:94:13
[INFO] [stdout]    |
[INFO] [stdout] 94 |         let mut eps_r: f64 = 9.0;
[INFO] [stdout]    |             ----^^^^^
[INFO] [stdout]    |             |
[INFO] [stdout]    |             help: remove this `mut`
[INFO] [stdout] 
[INFO] [stdout] 
[INFO] [stdout] warning: fields `orientation`, `polarization`, and `z_s` are never read
[INFO] [stdout]   --> dowser_rf/src/antenna.rs:8:9
[INFO] [stdout]    |
[INFO] [stdout] 4  | pub struct AntennaProperties {
[INFO] [stdout]    |            ----------------- fields in this struct
[INFO] [stdout] ...
[INFO] [stdout] 8  |     pub orientation: f64,
[INFO] [stdout]    |         ^^^^^^^^^^^
[INFO] [stdout] 9  |     /// The polarization of the antenna
[INFO] [stdout] 10 |     pub polarization: AntennaPolarization,
[INFO] [stdout]    |         ^^^^^^^^^^^^
[INFO] [stdout] 11 |     /// Impedance of the source, typically going to be a feedline
[INFO] [stdout] 12 |     pub z_s: Complex<f64>,
[INFO] [stdout]    |         ^^^
[INFO] [stdout]    |
[INFO] [stdout]    = note: `AntennaProperties` has derived impls for the traits `Clone` and `Debug`, but these are intentionally ignored during dead code analysis
[INFO] [stdout]    = note: `#[warn(dead_code)]` on by default
[INFO] [stdout] 
[INFO] [stdout] 
[INFO] [stdout] warning: fields `antenna` and `impedance` are never read
[INFO] [stdout]   --> dowser_rf/src/antenna.rs:17:9
[INFO] [stdout]    |
[INFO] [stdout] 16 | pub struct ModeledAntenna {
[INFO] [stdout]    |            -------------- fields in this struct
[INFO] [stdout] 17 |     pub antenna: AntennaProperties,
[INFO] [stdout]    |         ^^^^^^^
[INFO] [stdout] 18 |     /// Load impedance of the antenna
[INFO] [stdout] 19 |     pub impedance: Complex<f64>,
[INFO] [stdout]    |         ^^^^^^^^^
[INFO] [stdout]    |
[INFO] [stdout]    = note: `ModeledAntenna` has derived impls for the traits `Clone` and `Debug`, but these are intentionally ignored during dead code analysis
[INFO] [stdout] 
[INFO] [stdout] 
[INFO] [stdout] warning: variants `Vertical`, `Lefthand`, and `Righthand` are never constructed
[INFO] [stdout]   --> dowser_rf/src/antenna.rs:25:5
[INFO] [stdout]    |
[INFO] [stdout] 23 | pub enum AntennaPolarization {
[INFO] [stdout]    |          ------------------- variants in this enum
[INFO] [stdout] 24 |     Horizontal,
[INFO] [stdout] 25 |     Vertical,
[INFO] [stdout]    |     ^^^^^^^^
[INFO] [stdout] 26 |     Lefthand,
[INFO] [stdout]    |     ^^^^^^^^
[INFO] [stdout] 27 |     Righthand,
[INFO] [stdout]    |     ^^^^^^^^^
[INFO] [stdout]    |
[INFO] [stdout]    = note: `AntennaPolarization` has derived impls for the traits `Clone` and `Debug`, but these are intentionally ignored during dead code analysis
[INFO] [stdout] 
[INFO] [stdout] 
[INFO] [stdout] warning: method `model` is never used
[INFO] [stdout]   --> dowser_rf/src/antenna.rs:31:8
[INFO] [stdout]    |
[INFO] [stdout] 30 | pub trait AntennaModel {
[INFO] [stdout]    |           ------------ method in this trait
[INFO] [stdout] 31 |     fn model(&self, properties: AntennaProperties) -> ModeledAntenna;
[INFO] [stdout]    |        ^^^^^
[INFO] [stdout] 
[INFO] [stdout] 
[INFO] [stdout] warning: function `gain` is never used
[INFO] [stdout]   --> dowser_rf/src/antennas/dipole.rs:48:8
[INFO] [stdout]    |
[INFO] [stdout] 48 | pub fn gain(theta: f64) -> f64 {
[INFO] [stdout]    |        ^^^^
[INFO] [stdout] 
[INFO] [stdout] 
[INFO] [stdout] warning: fields `z_l` and `z_s` are never read
[INFO] [stdout]   --> dowser_rf/src/feed_line.rs:11:9
[INFO] [stdout]    |
[INFO] [stdout] 5  | pub struct FeedLineProperties {
[INFO] [stdout]    |            ------------------ fields in this struct
[INFO] [stdout] ...
[INFO] [stdout] 11 |     pub z_l: Complex<f64>,
[INFO] [stdout]    |         ^^^
[INFO] [stdout] 12 |     /// Complex source impedance
[INFO] [stdout] 13 |     pub z_s: Complex<f64>,
[INFO] [stdout]    |         ^^^
[INFO] [stdout]    |
[INFO] [stdout]    = note: `FeedLineProperties` has derived impls for the traits `Clone` and `Debug`, but these are intentionally ignored during dead code analysis
[INFO] [stdout] 
[INFO] [stdout] 
[INFO] [stdout] warning: fields `l`, `g`, and `gamma` are never read
[INFO] [stdout]   --> dowser_rf/src/feed_line.rs:24:9
[INFO] [stdout]    |
[INFO] [stdout] 17 | pub struct ModeledFeedLine {
[INFO] [stdout]    |            --------------- fields in this struct
[INFO] [stdout] ...
[INFO] [stdout] 24 |     pub l: f64,
[INFO] [stdout]    |         ^
[INFO] [stdout] ...
[INFO] [stdout] 28 |     pub g: f64,
[INFO] [stdout]    |         ^
[INFO] [stdout] 29 |     /// Propagation constant
[INFO] [stdout] 30 |     pub gamma: Complex<f64>,
[INFO] [stdout]    |         ^^^^^
[INFO] [stdout]    |
[INFO] [stdout]    = note: `ModeledFeedLine` has derived impls for the traits `Clone` and `Debug`, but these are intentionally ignored during dead code analysis
[INFO] [stdout] 
[INFO] [stdout] 
[INFO] [stdout] warning: methods `get_impedance_at_length` and `total_match_loss` are never used
[INFO] [stdout]   --> dowser_rf/src/feed_line.rs:62:12
[INFO] [stdout]    |
[INFO] [stdout] 37 | impl ModeledFeedLine {
[INFO] [stdout]    | -------------------- methods in this implementation
[INFO] [stdout] ...
[INFO] [stdout] 62 |     pub fn get_impedance_at_length(&self) -> Complex<f64> {
[INFO] [stdout]    |            ^^^^^^^^^^^^^^^^^^^^^^^
[INFO] [stdout] ...
[INFO] [stdout] 73 |     pub fn total_match_loss(&self) -> f64 {
[INFO] [stdout]    |            ^^^^^^^^^^^^^^^^
[INFO] [stdout] 
[INFO] [stdout] 
[INFO] [stdout] warning: function `fspl` is never used
[INFO] [stdout]  --> dowser_rf/src/propagation.rs:5:8
[INFO] [stdout]   |
[INFO] [stdout] 5 | pub fn fspl(d: f64, f: f64) -> f64 {
[INFO] [stdout]   |        ^^^^
[INFO] [stdout] 
[INFO] [stdout] 
[INFO] [stdout] warning: function `coth` is never used
[INFO] [stdout]  --> dowser_rf/src/util.rs:5:8
[INFO] [stdout]   |
[INFO] [stdout] 5 | pub fn coth(x: f64) -> f64 {
[INFO] [stdout]   |        ^^^^
[INFO] [stdout] 
[INFO] [stdout] 
[INFO] [stdout] warning: function `reflection_loss` is never used
[INFO] [stdout]   --> dowser_rf/src/util.rs:18:8
[INFO] [stdout]    |
[INFO] [stdout] 18 | pub fn reflection_loss(z_load: Complex<f64>, z_source: Complex<f64>) -> f64 {
[INFO] [stdout]    |        ^^^^^^^^^^^^^^^
[INFO] [stdout] 
[INFO] [stdout] 
[INFO] [stdout] warning: trait `Field` is never used
[INFO] [stdout]  --> dowser_rf/src/fdtd/mod.rs:3:7
[INFO] [stdout]   |
[INFO] [stdout] 3 | trait Field {
[INFO] [stdout]   |       ^^^^^
[INFO] [stdout] 
[INFO] [stdout] 
[INFO] [stdout] warning: associated function `from_initial_state` is never used
[INFO] [stdout]   --> dowser_rf/src/fdtd/mod.rs:21:12
[INFO] [stdout]    |
[INFO] [stdout] 15 | impl OneDField {
[INFO] [stdout]    | -------------- associated function in this implementation
[INFO] [stdout] ...
[INFO] [stdout] 21 |     pub fn from_initial_state(initial: &[f64]) -> Self {
[INFO] [stdout]    |            ^^^^^^^^^^^^^^^^^^
[INFO] [stdout] 
[INFO] [stdout] 
[INFO] [stdout] warning: function `harmonic_source` is never used
[INFO] [stdout]   --> dowser_rf/src/fdtd/mod.rs:71:8
[INFO] [stdout]    |
[INFO] [stdout] 71 | pub fn harmonic_source(t: f64, x: f64, courant: f64, ppw: f64) -> f64 {
[INFO] [stdout]    |        ^^^^^^^^^^^^^^^
[INFO] [stdout] 
[INFO] [stdout] 
[INFO] [stdout] warning: constant `LOSS` is never used
[INFO] [stdout]   --> dowser_rf/src/fdtd/mod.rs:88:15
[INFO] [stdout]    |
[INFO] [stdout] 88 |         const LOSS: f64 = 0.0253146;
[INFO] [stdout]    |               ^^^^
[INFO] [stdout] 
[INFO] [stdout] 
[INFO] [stdout] warning: constant `LOSS_LAYER` is never used
[INFO] [stdout]   --> dowser_rf/src/fdtd/mod.rs:89:15
[INFO] [stdout]    |
[INFO] [stdout] 89 |         const LOSS_LAYER: usize = 180;
[INFO] [stdout]    |               ^^^^^^^^^^
[INFO] [stdout] 
[INFO] [stdout] 
[INFO] [stderr]     Finished `test` profile [unoptimized + debuginfo] target(s) in 0.44s
[INFO] running `Command { std: "docker" "inspect" "edca25d63b6a46b49cc5437c14ab97ca35a6b5356991a1ccf47a41764396c205", kill_on_drop: false }`
[INFO] running `Command { std: "docker" "rm" "-f" "edca25d63b6a46b49cc5437c14ab97ca35a6b5356991a1ccf47a41764396c205", kill_on_drop: false }`
[INFO] [stdout] edca25d63b6a46b49cc5437c14ab97ca35a6b5356991a1ccf47a41764396c205
[INFO] running `Command { std: "docker" "create" "-v" "/var/lib/crater-agent-workspace/builds/worker-6-tc2/target:/opt/rustwide/target:rw,Z" "-v" "/var/lib/crater-agent-workspace/builds/worker-6-tc2/source:/opt/rustwide/workdir:ro,Z" "-v" "/var/lib/crater-agent-workspace/cargo-home:/opt/rustwide/cargo-home:ro,Z" "-v" "/var/lib/crater-agent-workspace/rustup-home:/opt/rustwide/rustup-home:ro,Z" "-e" "SOURCE_DIR=/opt/rustwide/workdir" "-e" "CARGO_TARGET_DIR=/opt/rustwide/target" "-e" "CARGO_INCREMENTAL=0" "-e" "RUST_BACKTRACE=full" "-e" "RUSTFLAGS=--cap-lints=forbid -Zrandomize-layout" "-e" "RUSTDOCFLAGS=--cap-lints=forbid" "-e" "CARGO_HOME=/opt/rustwide/cargo-home" "-e" "RUSTUP_HOME=/opt/rustwide/rustup-home" "-w" "/opt/rustwide/workdir" "-m" "1610612736" "--user" "0:0" "--network" "none" "ghcr.io/rust-lang/crates-build-env/linux@sha256:819108c5571ea2e421544af4d832f968d213c87fbe3707a016657f43d2f853bc" "/opt/rustwide/cargo-home/bin/cargo" "+nightly-2025-01-18" "test" "--frozen", kill_on_drop: false }`
[INFO] [stdout] bf5d7cd5a66201ebe9d9047c55b499ce1306133c54685e9f659b859e23ccc447
[INFO] running `Command { std: "docker" "start" "-a" "bf5d7cd5a66201ebe9d9047c55b499ce1306133c54685e9f659b859e23ccc447", kill_on_drop: false }`
[INFO] [stderr] warning: profiles for the non root package will be ignored, specify profiles at the workspace root:
[INFO] [stderr] package:   /opt/rustwide/workdir/dowser_rf/Cargo.toml
[INFO] [stderr] workspace: /opt/rustwide/workdir/Cargo.toml
[INFO] [stderr] warning: unused imports: `BufReader` and `path::Path`
[INFO] [stderr]  --> dowser_rf/src/fdtd/mod.rs:1:58
[INFO] [stderr]   |
[INFO] [stderr] 1 | use std::{f64::consts::PI, fs::{self, OpenOptions}, io::{BufReader, BufWriter, Write}, ops::{Index, IndexMut}, path::Path};
[INFO] [stderr]   |                                                          ^^^^^^^^^                                             ^^^^^^^^^^
[INFO] [stderr]   |
[INFO] [stderr]   = note: `#[warn(unused_imports)]` on by default
[INFO] [stderr] 
[INFO] [stderr] warning: variable does not need to be mutable
[INFO] [stderr]   --> dowser_rf/src/fdtd/mod.rs:28:13
[INFO] [stderr]    |
[INFO] [stderr] 28 |         let mut file;
[INFO] [stderr]    |             ----^^^^
[INFO] [stderr]    |             |
[INFO] [stderr]    |             help: remove this `mut`
[INFO] [stderr]    |
[INFO] [stderr]    = note: `#[warn(unused_mut)]` on by default
[INFO] [stderr] 
[INFO] [stderr] warning: constant `FREE_SPACE_PERMITTIVITY` is never used
[INFO] [stderr]  --> dowser_rf/src/consts.rs:8:11
[INFO] [stderr]   |
[INFO] [stderr] 8 | pub const FREE_SPACE_PERMITTIVITY: f64 = 8.85418781881e-12;
[INFO] [stderr]   |           ^^^^^^^^^^^^^^^^^^^^^^^
[INFO] [stderr]   |
[INFO] [stderr]   = note: `#[warn(dead_code)]` on by default
[INFO] [stderr] 
[INFO] [stderr] warning: fields `orientation`, `polarization`, and `z_s` are never read
[INFO] [stderr]   --> dowser_rf/src/antenna.rs:8:9
[INFO] [stderr]    |
[INFO] [stderr] 4  | pub struct AntennaProperties {
[INFO] [stderr]    |            ----------------- fields in this struct
[INFO] [stderr] ...
[INFO] [stderr] 8  |     pub orientation: f64,
[INFO] [stderr]    |         ^^^^^^^^^^^
[INFO] [stderr] 9  |     /// The polarization of the antenna
[INFO] [stderr] 10 |     pub polarization: AntennaPolarization,
[INFO] [stderr]    |         ^^^^^^^^^^^^
[INFO] [stderr] 11 |     /// Impedance of the source, typically going to be a feedline
[INFO] [stderr] 12 |     pub z_s: Complex<f64>,
[INFO] [stderr]    |         ^^^
[INFO] [stderr]    |
[INFO] [stderr]    = note: `AntennaProperties` has derived impls for the traits `Clone` and `Debug`, but these are intentionally ignored during dead code analysis
[INFO] [stderr] 
[INFO] [stderr] warning: fields `antenna` and `impedance` are never read
[INFO] [stderr]   --> dowser_rf/src/antenna.rs:17:9
[INFO] [stderr]    |
[INFO] [stderr] 16 | pub struct ModeledAntenna {
[INFO] [stderr]    |            -------------- fields in this struct
[INFO] [stderr] 17 |     pub antenna: AntennaProperties,
[INFO] [stderr]    |         ^^^^^^^
[INFO] [stderr] 18 |     /// Load impedance of the antenna
[INFO] [stderr] 19 |     pub impedance: Complex<f64>,
[INFO] [stderr]    |         ^^^^^^^^^
[INFO] [stderr]    |
[INFO] [stderr]    = note: `ModeledAntenna` has derived impls for the traits `Clone` and `Debug`, but these are intentionally ignored during dead code analysis
[INFO] [stderr] 
[INFO] [stderr] warning: variants `Horizontal`, `Vertical`, `Lefthand`, and `Righthand` are never constructed
[INFO] [stderr]   --> dowser_rf/src/antenna.rs:24:5
[INFO] [stderr]    |
[INFO] [stderr] 23 | pub enum AntennaPolarization {
[INFO] [stderr]    |          ------------------- variants in this enum
[INFO] [stderr] 24 |     Horizontal,
[INFO] [stderr]    |     ^^^^^^^^^^
[INFO] [stderr] 25 |     Vertical,
[INFO] [stderr]    |     ^^^^^^^^
[INFO] [stderr] 26 |     Lefthand,
[INFO] [stderr]    |     ^^^^^^^^
[INFO] [stderr] 27 |     Righthand,
[INFO] [stderr]    |     ^^^^^^^^^
[INFO] [stderr]    |
[INFO] [stderr]    = note: `AntennaPolarization` has derived impls for the traits `Clone` and `Debug`, but these are intentionally ignored during dead code analysis
[INFO] [stderr] 
[INFO] [stderr] warning: method `model` is never used
[INFO] [stderr]   --> dowser_rf/src/antenna.rs:31:8
[INFO] [stderr]    |
[INFO] [stderr] 30 | pub trait AntennaModel {
[INFO] [stderr]    |           ------------ method in this trait
[INFO] [stderr] 31 |     fn model(&self, properties: AntennaProperties) -> ModeledAntenna;
[INFO] [stderr]    |        ^^^^^
[INFO] [stderr] 
[INFO] [stderr] warning: function `gain` is never used
[INFO] [stderr]   --> dowser_rf/src/antennas/dipole.rs:48:8
[INFO] [stderr]    |
[INFO] [stderr] 48 | pub fn gain(theta: f64) -> f64 {
[INFO] [stderr]    |        ^^^^
[INFO] [stderr] 
[INFO] [stderr] warning: fields `length`, `z_l`, and `z_s` are never read
[INFO] [stderr]   --> dowser_rf/src/feed_line.rs:9:9
[INFO] [stderr]    |
[INFO] [stderr] 5  | pub struct FeedLineProperties {
[INFO] [stderr]    |            ------------------ fields in this struct
[INFO] [stderr] ...
[INFO] [stderr] 9  |     pub length: f64,
[INFO] [stderr]    |         ^^^^^^
[INFO] [stderr] 10 |     /// Complex load impedance
[INFO] [stderr] 11 |     pub z_l: Complex<f64>,
[INFO] [stderr]    |         ^^^
[INFO] [stderr] 12 |     /// Complex source impedance
[INFO] [stderr] 13 |     pub z_s: Complex<f64>,
[INFO] [stderr]    |         ^^^
[INFO] [stderr]    |
[INFO] [stderr]    = note: `FeedLineProperties` has derived impls for the traits `Clone` and `Debug`, but these are intentionally ignored during dead code analysis
[INFO] [stderr] 
[INFO] [stderr] warning: multiple fields are never read
[INFO] [stderr]   --> dowser_rf/src/feed_line.rs:18:9
[INFO] [stderr]    |
[INFO] [stderr] 17 | pub struct ModeledFeedLine {
[INFO] [stderr]    |            --------------- fields in this struct
[INFO] [stderr] 18 |     pub line: FeedLineProperties,
[INFO] [stderr]    |         ^^^^
[INFO] [stderr] 19 |     /// Complex impedance
[INFO] [stderr] 20 |     pub z: Complex<f64>,
[INFO] [stderr]    |         ^
[INFO] [stderr] 21 |     /// Resistance in ohms/meter
[INFO] [stderr] 22 |     pub r: f64,
[INFO] [stderr]    |         ^
[INFO] [stderr] 23 |     /// Inductance in henries/meter
[INFO] [stderr] 24 |     pub l: f64,
[INFO] [stderr]    |         ^
[INFO] [stderr] 25 |     /// Capacitance in farads/meter
[INFO] [stderr] 26 |     pub c: f64,
[INFO] [stderr]    |         ^
[INFO] [stderr] 27 |     /// Conductance in siemens/meter
[INFO] [stderr] 28 |     pub g: f64,
[INFO] [stderr]    |         ^
[INFO] [stderr] 29 |     /// Propagation constant
[INFO] [stderr] 30 |     pub gamma: Complex<f64>,
[INFO] [stderr]    |         ^^^^^
[INFO] [stderr]    |
[INFO] [stderr]    = note: `ModeledFeedLine` has derived impls for the traits `Clone` and `Debug`, but these are intentionally ignored during dead code analysis
[INFO] [stderr] 
[INFO] [stderr] warning: method `model` is never used
[INFO] [stderr]   --> dowser_rf/src/feed_line.rs:34:8
[INFO] [stderr]    |
[INFO] [stderr] 33 | pub trait FeedlineModel {
[INFO] [stderr]    |           ------------- method in this trait
[INFO] [stderr] 34 |     fn model(&self, properties: FeedLineProperties) -> ModeledFeedLine;
[INFO] [stderr]    |        ^^^^^
[INFO] [stderr] 
[INFO] [stderr] warning: methods `get_impedance_at_length`, `get_loss_per_meter`, and `total_match_loss` are never used
[INFO] [stderr]   --> dowser_rf/src/feed_line.rs:62:12
[INFO] [stderr]    |
[INFO] [stderr] 37 | impl ModeledFeedLine {
[INFO] [stderr]    | -------------------- methods in this implementation
[INFO] [stderr] ...
[INFO] [stderr] 62 |     pub fn get_impedance_at_length(&self) -> Complex<f64> {
[INFO] [stderr]    |            ^^^^^^^^^^^^^^^^^^^^^^^
[INFO] [stderr] ...
[INFO] [stderr] 68 |     pub fn get_loss_per_meter(&self) -> f64 {
[INFO] [stderr]    |            ^^^^^^^^^^^^^^^^^^
[INFO] [stderr] ...
[INFO] [stderr] 73 |     pub fn total_match_loss(&self) -> f64 {
[INFO] [stderr]    |            ^^^^^^^^^^^^^^^^
[INFO] [stderr] 
[INFO] [stderr] warning: function `fspl` is never used
[INFO] [stderr]  --> dowser_rf/src/propagation.rs:5:8
[INFO] [stderr]   |
[INFO] [stderr] 5 | pub fn fspl(d: f64, f: f64) -> f64 {
[INFO] [stderr]   |        ^^^^
[INFO] [stderr] 
[INFO] [stderr] warning: function `coth` is never used
[INFO] [stderr]  --> dowser_rf/src/util.rs:5:8
[INFO] [stderr]   |
[INFO] [stderr] 5 | pub fn coth(x: f64) -> f64 {
[INFO] [stderr]   |        ^^^^
[INFO] [stderr] 
[INFO] [stderr] warning: function `reflection_loss` is never used
[INFO] [stderr]   --> dowser_rf/src/util.rs:18:8
[INFO] [stderr]    |
[INFO] [stderr] 18 | pub fn reflection_loss(z_load: Complex<f64>, z_source: Complex<f64>) -> f64 {
[INFO] [stderr]    |        ^^^^^^^^^^^^^^^
[INFO] [stderr] 
[INFO] [stderr] warning: function `get_refl_coef` is never used
[INFO] [stderr]   --> dowser_rf/src/util.rs:22:8
[INFO] [stderr]    |
[INFO] [stderr] 22 | pub fn get_refl_coef(z_load: Complex<f64>, z_source: Complex<f64>) -> Complex<f64> {
[INFO] [stderr]    |        ^^^^^^^^^^^^^
[INFO] [stderr] 
[INFO] [stderr] warning: function `swr` is never used
[INFO] [stderr]   --> dowser_rf/src/util.rs:26:8
[INFO] [stderr]    |
[INFO] [stderr] 26 | pub fn swr(z_load: Complex<f64>, z_source: Complex<f64>) -> f64 {
[INFO] [stderr]    |        ^^^
[INFO] [stderr] 
[INFO] [stderr] warning: function `get_skin_depth` is never used
[INFO] [stderr]   --> dowser_rf/src/util.rs:35:8
[INFO] [stderr]    |
[INFO] [stderr] 35 | pub fn get_skin_depth(f: f64, permeability: f64, resistivity: f64) -> f64 {
[INFO] [stderr]    |        ^^^^^^^^^^^^^^
[INFO] [stderr] 
[INFO] [stderr] warning: function `get_rf_resistance` is never used
[INFO] [stderr]   --> dowser_rf/src/util.rs:40:8
[INFO] [stderr]    |
[INFO] [stderr] 40 | pub fn get_rf_resistance(skin_depth: f64, diameter: f64, resistivity: f64) -> f64 {
[INFO] [stderr]    |        ^^^^^^^^^^^^^^^^^
[INFO] [stderr] 
[INFO] [stderr] warning: trait `Field` is never used
[INFO] [stderr]  --> dowser_rf/src/fdtd/mod.rs:3:7
[INFO] [stderr]   |
[INFO] [stderr] 3 | trait Field {
[INFO] [stderr]   |       ^^^^^
[INFO] [stderr] 
[INFO] [stderr] warning: associated functions `new_zeroed`, `from_initial_state`, and `snapshot` are never used
[INFO] [stderr]   --> dowser_rf/src/fdtd/mod.rs:16:12
[INFO] [stderr]    |
[INFO] [stderr] 15 | impl OneDField {
[INFO] [stderr]    | -------------- associated functions in this implementation
[INFO] [stderr] 16 |     pub fn new_zeroed(size: usize) -> Self {
[INFO] [stderr]    |            ^^^^^^^^^^
[INFO] [stderr] ...
[INFO] [stderr] 21 |     pub fn from_initial_state(initial: &[f64]) -> Self {
[INFO] [stderr]    |            ^^^^^^^^^^^^^^^^^^
[INFO] [stderr] ...
[INFO] [stderr] 26 |     pub fn snapshot(field: &OneDField, snapshot_idx: usize, new: bool) {
[INFO] [stderr]    |            ^^^^^^^^
[INFO] [stderr] 
[INFO] [stderr] warning: function `harmonic_source` is never used
[INFO] [stderr]   --> dowser_rf/src/fdtd/mod.rs:71:8
[INFO] [stderr]    |
[INFO] [stderr] 71 | pub fn harmonic_source(t: f64, x: f64, courant: f64, ppw: f64) -> f64 {
[INFO] [stderr]    |        ^^^^^^^^^^^^^^^
[INFO] [stderr] 
[INFO] [stderr] warning: function `source_function` is never used
[INFO] [stderr]   --> dowser_rf/src/fdtd/mod.rs:75:8
[INFO] [stderr]    |
[INFO] [stderr] 75 | pub fn source_function(t: f64, x: f64, courant: f64) -> f64 {
[INFO] [stderr]    |        ^^^^^^^^^^^^^^^
[INFO] [stderr] 
[INFO] [stderr] warning: `dowser` (lib) generated 23 warnings (run `cargo fix --lib -p dowser` to apply 2 suggestions)
[INFO] [stderr] warning: unused import: `harmonic_source`
[INFO] [stderr]   --> dowser_rf/src/fdtd/mod.rs:81:54
[INFO] [stderr]    |
[INFO] [stderr] 81 |     use crate::{consts::FREE_SPACE_IMPEDANCE, fdtd::{harmonic_source, source_function}};
[INFO] [stderr]    |                                                      ^^^^^^^^^^^^^^^
[INFO] [stderr] 
[INFO] [stderr] warning: unused variable: `properties`
[INFO] [stderr]   --> dowser_rf/src/antennas/dipole.rs:71:13
[INFO] [stderr]    |
[INFO] [stderr] 71 |         let properties: AntennaProperties = AntennaProperties {
[INFO] [stderr]    |             ^^^^^^^^^^ help: if this is intentional, prefix it with an underscore: `_properties`
[INFO] [stderr]    |
[INFO] [stderr]    = note: `#[warn(unused_variables)]` on by default
[INFO] [stderr] 
[INFO] [stderr] warning: unused variable: `coax`
[INFO] [stderr]   --> dowser_rf/src/antennas/dipole.rs:77:13
[INFO] [stderr]    |
[INFO] [stderr] 77 |         let coax: DipoleProperties = DipoleProperties {
[INFO] [stderr]    |             ^^^^ help: if this is intentional, prefix it with an underscore: `_coax`
[INFO] [stderr] 
[INFO] [stderr] warning: unused variable: `ppw`
[INFO] [stderr]    --> dowser_rf/src/fdtd/mod.rs:101:13
[INFO] [stderr]     |
[INFO] [stderr] 101 |         let ppw: f64 = 40.0;
[INFO] [stderr]     |             ^^^ help: if this is intentional, prefix it with an underscore: `_ppw`
[INFO] [stderr] 
[INFO] [stderr] warning: variable does not need to be mutable
[INFO] [stderr]   --> dowser_rf/src/fdtd/mod.rs:94:13
[INFO] [stderr]    |
[INFO] [stderr] 94 |         let mut eps_r: f64 = 9.0;
[INFO] [stderr]    |             ----^^^^^
[INFO] [stderr]    |             |
[INFO] [stderr]    |             help: remove this `mut`
[INFO] [stderr] 
[INFO] [stderr] warning: fields `orientation`, `polarization`, and `z_s` are never read
[INFO] [stderr]   --> dowser_rf/src/antenna.rs:8:9
[INFO] [stderr]    |
[INFO] [stderr] 4  | pub struct AntennaProperties {
[INFO] [stderr]    |            ----------------- fields in this struct
[INFO] [stderr] ...
[INFO] [stderr] 8  |     pub orientation: f64,
[INFO] [stderr]    |         ^^^^^^^^^^^
[INFO] [stderr] 9  |     /// The polarization of the antenna
[INFO] [stderr] 10 |     pub polarization: AntennaPolarization,
[INFO] [stderr]    |         ^^^^^^^^^^^^
[INFO] [stderr] 11 |     /// Impedance of the source, typically going to be a feedline
[INFO] [stderr] 12 |     pub z_s: Complex<f64>,
[INFO] [stderr]    |         ^^^
[INFO] [stderr]    |
[INFO] [stderr]    = note: `AntennaProperties` has derived impls for the traits `Clone` and `Debug`, but these are intentionally ignored during dead code analysis
[INFO] [stderr]    = note: `#[warn(dead_code)]` on by default
[INFO] [stderr] 
[INFO] [stderr] warning: variants `Vertical`, `Lefthand`, and `Righthand` are never constructed
[INFO] [stderr]   --> dowser_rf/src/antenna.rs:25:5
[INFO] [stderr]    |
[INFO] [stderr] 23 | pub enum AntennaPolarization {
[INFO] [stderr]    |          ------------------- variants in this enum
[INFO] [stderr] 24 |     Horizontal,
[INFO] [stderr] 25 |     Vertical,
[INFO] [stderr]    |     ^^^^^^^^
[INFO] [stderr] 26 |     Lefthand,
[INFO] [stderr]    |     ^^^^^^^^
[INFO] [stderr] 27 |     Righthand,
[INFO] [stderr]    |     ^^^^^^^^^
[INFO] [stderr]    |
[INFO] [stderr]    = note: `AntennaPolarization` has derived impls for the traits `Clone` and `Debug`, but these are intentionally ignored during dead code analysis
[INFO] [stderr] 
[INFO] [stderr] warning: fields `z_l` and `z_s` are never read
[INFO] [stderr]   --> dowser_rf/src/feed_line.rs:11:9
[INFO] [stderr]    |
[INFO] [stderr] 5  | pub struct FeedLineProperties {
[INFO] [stderr]    |            ------------------ fields in this struct
[INFO] [stderr] ...
[INFO] [stderr] 11 |     pub z_l: Complex<f64>,
[INFO] [stderr]    |         ^^^
[INFO] [stderr] 12 |     /// Complex source impedance
[INFO] [stderr] 13 |     pub z_s: Complex<f64>,
[INFO] [stderr]    |         ^^^
[INFO] [stderr]    |
[INFO] [stderr]    = note: `FeedLineProperties` has derived impls for the traits `Clone` and `Debug`, but these are intentionally ignored during dead code analysis
[INFO] [stderr] 
[INFO] [stderr] warning: fields `l`, `g`, and `gamma` are never read
[INFO] [stderr]   --> dowser_rf/src/feed_line.rs:24:9
[INFO] [stderr]    |
[INFO] [stderr] 17 | pub struct ModeledFeedLine {
[INFO] [stderr]    |            --------------- fields in this struct
[INFO] [stderr] ...
[INFO] [stderr] 24 |     pub l: f64,
[INFO] [stderr]    |         ^
[INFO] [stderr] ...
[INFO] [stderr] 28 |     pub g: f64,
[INFO] [stderr]    |         ^
[INFO] [stderr] 29 |     /// Propagation constant
[INFO] [stderr] 30 |     pub gamma: Complex<f64>,
[INFO] [stderr]    |         ^^^^^
[INFO] [stderr]    |
[INFO] [stderr]    = note: `ModeledFeedLine` has derived impls for the traits `Clone` and `Debug`, but these are intentionally ignored during dead code analysis
[INFO] [stderr] 
[INFO] [stderr] warning: methods `get_impedance_at_length` and `total_match_loss` are never used
[INFO] [stderr]   --> dowser_rf/src/feed_line.rs:62:12
[INFO] [stderr]    |
[INFO] [stderr] 37 | impl ModeledFeedLine {
[INFO] [stderr]    | -------------------- methods in this implementation
[INFO] [stderr] ...
[INFO] [stderr] 62 |     pub fn get_impedance_at_length(&self) -> Complex<f64> {
[INFO] [stderr]    |            ^^^^^^^^^^^^^^^^^^^^^^^
[INFO] [stderr] ...
[INFO] [stderr] 73 |     pub fn total_match_loss(&self) -> f64 {
[INFO] [stderr]    |            ^^^^^^^^^^^^^^^^
[INFO] [stderr] 
[INFO] [stderr] warning: associated function `from_initial_state` is never used
[INFO] [stderr]   --> dowser_rf/src/fdtd/mod.rs:21:12
[INFO] [stderr]    |
[INFO] [stderr] 15 | impl OneDField {
[INFO] [stderr]    | -------------- associated function in this implementation
[INFO] [stderr] ...
[INFO] [stderr] 21 |     pub fn from_initial_state(initial: &[f64]) -> Self {
[INFO] [stderr]    |            ^^^^^^^^^^^^^^^^^^
[INFO] [stderr] 
[INFO] [stderr] warning: constant `LOSS` is never used
[INFO] [stderr]   --> dowser_rf/src/fdtd/mod.rs:88:15
[INFO] [stderr]    |
[INFO] [stderr] 88 |         const LOSS: f64 = 0.0253146;
[INFO] [stderr]    |               ^^^^
[INFO] [stderr] 
[INFO] [stderr] warning: constant `LOSS_LAYER` is never used
[INFO] [stderr]   --> dowser_rf/src/fdtd/mod.rs:89:15
[INFO] [stderr]    |
[INFO] [stderr] 89 |         const LOSS_LAYER: usize = 180;
[INFO] [stderr]    |               ^^^^^^^^^^
[INFO] [stderr] 
[INFO] [stderr] warning: `dowser` (lib test) generated 23 warnings (10 duplicates) (run `cargo fix --lib -p dowser --tests` to apply 2 suggestions)
[INFO] [stderr]     Finished `test` profile [unoptimized + debuginfo] target(s) in 0.02s
[INFO] [stderr]      Running unittests src/lib.rs (/opt/rustwide/target/debug/deps/dowser-c1b8dd22059c75e1)
[INFO] [stdout] 
[INFO] [stdout] running 4 tests
[INFO] [stdout] test antennas::dipole::tests::test_dipole_swr_sim ... ok
[INFO] [stdout] test util::tests::test_rf_resistance ... ok
[INFO] [stdout] test feed_lines::coax_line::tests::test_coax_line ... ok
[INFO] [stdout] test fdtd::tests::fdtd_1d ... FAILED
[INFO] [stdout] 
[INFO] [stdout] failures:
[INFO] [stdout] 
[INFO] [stdout] ---- fdtd::tests::fdtd_1d stdout ----
[INFO] [stdout] 
[INFO] [stdout] thread 'fdtd::tests::fdtd_1d' panicked at dowser_rf/src/fdtd/mod.rs:105:35:
[INFO] [stdout] index out of bounds: the len is 199 but the index is 199
[INFO] [stdout] stack backtrace:
[INFO] [stdout]    0:     0x5c06eebec35a - std::backtrace_rs::backtrace::libunwind::trace::hb059275cfc8d6126
[INFO] [stdout]                                at /rustc/6067b36314ab5eb2eb47cecc464545ba58e1ad24/library/std/src/../../backtrace/src/backtrace/libunwind.rs:116:5
[INFO] [stdout]    1:     0x5c06eebec35a - std::backtrace_rs::backtrace::trace_unsynchronized::h2da071e4327ce3ee
[INFO] [stdout]                                at /rustc/6067b36314ab5eb2eb47cecc464545ba58e1ad24/library/std/src/../../backtrace/src/backtrace/mod.rs:66:5
[INFO] [stdout]    2:     0x5c06eebec35a - std::sys::backtrace::_print_fmt::h842a1474e6f8d23f
[INFO] [stdout]                                at /rustc/6067b36314ab5eb2eb47cecc464545ba58e1ad24/library/std/src/sys/backtrace.rs:66:9
[INFO] [stdout]    3:     0x5c06eebec35a - <std::sys::backtrace::BacktraceLock::print::DisplayBacktrace as core::fmt::Display>::fmt::h71a62eb3b9696b12
[INFO] [stdout]                                at /rustc/6067b36314ab5eb2eb47cecc464545ba58e1ad24/library/std/src/sys/backtrace.rs:39:26
[INFO] [stdout]    4:     0x5c06eec13c83 - core::fmt::rt::Argument::fmt::hdb6b616786b41dc1
[INFO] [stdout]                                at /rustc/6067b36314ab5eb2eb47cecc464545ba58e1ad24/library/core/src/fmt/rt.rs:177:76
[INFO] [stdout]    5:     0x5c06eec13c83 - core::fmt::write::h2cc1698af7e2d686
[INFO] [stdout]                                at /rustc/6067b36314ab5eb2eb47cecc464545ba58e1ad24/library/core/src/fmt/mod.rs:1440:21
[INFO] [stdout]    6:     0x5c06eebe8eb3 - std::io::Write::write_fmt::hab1b4cd059a79022
[INFO] [stdout]                                at /rustc/6067b36314ab5eb2eb47cecc464545ba58e1ad24/library/std/src/io/mod.rs:1887:15
[INFO] [stdout]    7:     0x5c06eebec1a2 - std::sys::backtrace::BacktraceLock::print::h147fe35b4ea13b08
[INFO] [stdout]                                at /rustc/6067b36314ab5eb2eb47cecc464545ba58e1ad24/library/std/src/sys/backtrace.rs:42:9
[INFO] [stdout]    8:     0x5c06eebed77f - std::panicking::default_hook::{{closure}}::hbd44223dbdc0d208
[INFO] [stdout]                                at /rustc/6067b36314ab5eb2eb47cecc464545ba58e1ad24/library/std/src/panicking.rs:298:22
[INFO] [stdout]    9:     0x5c06eebed598 - std::panicking::default_hook::h20f81eb0576efcec
[INFO] [stdout]                                at /rustc/6067b36314ab5eb2eb47cecc464545ba58e1ad24/library/std/src/panicking.rs:322:9
[INFO] [stdout]   10:     0x5c06eebb4c43 - <alloc::boxed::Box<F,A> as core::ops::function::Fn<Args>>::call::hdb53814c496a4d34
[INFO] [stdout]                                at /rustc/6067b36314ab5eb2eb47cecc464545ba58e1ad24/library/alloc/src/boxed.rs:2027:9
[INFO] [stdout]   11:     0x5c06eebb4c43 - test::test_main::{{closure}}::hc0a4963c59427c24
[INFO] [stdout]                                at /rustc/6067b36314ab5eb2eb47cecc464545ba58e1ad24/library/test/src/lib.rs:134:21
[INFO] [stdout]   12:     0x5c06eebee273 - <alloc::boxed::Box<F,A> as core::ops::function::Fn<Args>>::call::h591b2225413a77e9
[INFO] [stdout]                                at /rustc/6067b36314ab5eb2eb47cecc464545ba58e1ad24/library/alloc/src/boxed.rs:2027:9
[INFO] [stdout]   13:     0x5c06eebee273 - std::panicking::rust_panic_with_hook::h625eea43051b2edc
[INFO] [stdout]                                at /rustc/6067b36314ab5eb2eb47cecc464545ba58e1ad24/library/std/src/panicking.rs:839:13
[INFO] [stdout]   14:     0x5c06eebedf2a - std::panicking::begin_panic_handler::{{closure}}::h4f9159cfbc3f6bd3
[INFO] [stdout]                                at /rustc/6067b36314ab5eb2eb47cecc464545ba58e1ad24/library/std/src/panicking.rs:704:13
[INFO] [stdout]   15:     0x5c06eebec859 - std::sys::backtrace::__rust_end_short_backtrace::h0390abce48353151
[INFO] [stdout]                                at /rustc/6067b36314ab5eb2eb47cecc464545ba58e1ad24/library/std/src/sys/backtrace.rs:168:18
[INFO] [stdout]   16:     0x5c06eebedbbd - rust_begin_unwind
[INFO] [stdout]                                at /rustc/6067b36314ab5eb2eb47cecc464545ba58e1ad24/library/std/src/panicking.rs:695:5
[INFO] [stdout]   17:     0x5c06eec12380 - core::panicking::panic_fmt::h9e7c637e9e5f29c9
[INFO] [stdout]                                at /rustc/6067b36314ab5eb2eb47cecc464545ba58e1ad24/library/core/src/panicking.rs:75:14
[INFO] [stdout]   18:     0x5c06eec12501 - core::panicking::panic_bounds_check::hab62625bddb22ea0
[INFO] [stdout]                                at /rustc/6067b36314ab5eb2eb47cecc464545ba58e1ad24/library/core/src/panicking.rs:273:5
[INFO] [stdout]   19:     0x5c06eeb79459 - <dowser::fdtd::OneDField as core::ops::index::Index<usize>>::index::h49b47176903ef238
[INFO] [stdout]                                at /opt/rustwide/workdir/dowser_rf/src/fdtd/mod.rs:61:10
[INFO] [stdout]   20:     0x5c06eeb79db2 - dowser::fdtd::tests::fdtd_1d::he2eaa4b0d5c3b9af
[INFO] [stdout]                                at /opt/rustwide/workdir/dowser_rf/src/fdtd/mod.rs:105:35
[INFO] [stdout]   21:     0x5c06eeb79a07 - dowser::fdtd::tests::fdtd_1d::{{closure}}::h76498b2818cdc67a
[INFO] [stdout]                                at /opt/rustwide/workdir/dowser_rf/src/fdtd/mod.rs:86:17
[INFO] [stdout]   22:     0x5c06eeb774a6 - core::ops::function::FnOnce::call_once::h7341a2c7414fa049
[INFO] [stdout]                                at /rustc/6067b36314ab5eb2eb47cecc464545ba58e1ad24/library/core/src/ops/function.rs:250:5
[INFO] [stdout]   23:     0x5c06eebba39b - core::ops::function::FnOnce::call_once::he27718dfdd183f43
[INFO] [stdout]                                at /rustc/6067b36314ab5eb2eb47cecc464545ba58e1ad24/library/core/src/ops/function.rs:250:5
[INFO] [stdout]   24:     0x5c06eebba39b - test::__rust_begin_short_backtrace::h4e84902998457a5d
[INFO] [stdout]                                at /rustc/6067b36314ab5eb2eb47cecc464545ba58e1ad24/library/test/src/lib.rs:632:18
[INFO] [stdout]   25:     0x5c06eebb92d3 - test::run_test_in_process::{{closure}}::h7176fd18fc1feca0
[INFO] [stdout]                                at /rustc/6067b36314ab5eb2eb47cecc464545ba58e1ad24/library/test/src/lib.rs:655:60
[INFO] [stdout]   26:     0x5c06eebb92d3 - <core::panic::unwind_safe::AssertUnwindSafe<F> as core::ops::function::FnOnce<()>>::call_once::hf79cff2a624d8cf7
[INFO] [stdout]                                at /rustc/6067b36314ab5eb2eb47cecc464545ba58e1ad24/library/core/src/panic/unwind_safe.rs:272:9
[INFO] [stdout]   27:     0x5c06eebb92d3 - std::panicking::try::do_call::h3da0561d9ab99c25
[INFO] [stdout]                                at /rustc/6067b36314ab5eb2eb47cecc464545ba58e1ad24/library/std/src/panicking.rs:587:40
[INFO] [stdout]   28:     0x5c06eebb92d3 - std::panicking::try::h41c9fa508bc61df6
[INFO] [stdout]                                at /rustc/6067b36314ab5eb2eb47cecc464545ba58e1ad24/library/std/src/panicking.rs:550:19
[INFO] [stdout]   29:     0x5c06eebb92d3 - std::panic::catch_unwind::h6b3ff07bb5afad93
[INFO] [stdout]                                at /rustc/6067b36314ab5eb2eb47cecc464545ba58e1ad24/library/std/src/panic.rs:358:14
[INFO] [stdout]   30:     0x5c06eebb92d3 - test::run_test_in_process::hc7253dd11b39b9f4
[INFO] [stdout]                                at /rustc/6067b36314ab5eb2eb47cecc464545ba58e1ad24/library/test/src/lib.rs:655:27
[INFO] [stdout]   31:     0x5c06eebb92d3 - test::run_test::{{closure}}::hfb2007f8649c30bb
[INFO] [stdout]                                at /rustc/6067b36314ab5eb2eb47cecc464545ba58e1ad24/library/test/src/lib.rs:576:43
[INFO] [stdout]   32:     0x5c06eeb7c3b5 - test::run_test::{{closure}}::h56a17aa7a282a9f4
[INFO] [stdout]                                at /rustc/6067b36314ab5eb2eb47cecc464545ba58e1ad24/library/test/src/lib.rs:606:41
[INFO] [stdout]   33:     0x5c06eeb7c3b5 - std::sys::backtrace::__rust_begin_short_backtrace::hd2d2d2fb8e8c6aac
[INFO] [stdout]                                at /rustc/6067b36314ab5eb2eb47cecc464545ba58e1ad24/library/std/src/sys/backtrace.rs:152:18
[INFO] [stdout]   34:     0x5c06eeb7fc9a - std::thread::Builder::spawn_unchecked_::{{closure}}::{{closure}}::h4faa3f9db6133423
[INFO] [stdout]                                at /rustc/6067b36314ab5eb2eb47cecc464545ba58e1ad24/library/std/src/thread/mod.rs:559:17
[INFO] [stdout]   35:     0x5c06eeb7fc9a - <core::panic::unwind_safe::AssertUnwindSafe<F> as core::ops::function::FnOnce<()>>::call_once::hf2e855a36a4ea846
[INFO] [stdout]                                at /rustc/6067b36314ab5eb2eb47cecc464545ba58e1ad24/library/core/src/panic/unwind_safe.rs:272:9
[INFO] [stdout]   36:     0x5c06eeb7fc9a - std::panicking::try::do_call::h2f73af3616c35465
[INFO] [stdout]                                at /rustc/6067b36314ab5eb2eb47cecc464545ba58e1ad24/library/std/src/panicking.rs:587:40
[INFO] [stdout]   37:     0x5c06eeb7fc9a - std::panicking::try::hd1660ce9efadef5a
[INFO] [stdout]                                at /rustc/6067b36314ab5eb2eb47cecc464545ba58e1ad24/library/std/src/panicking.rs:550:19
[INFO] [stdout]   38:     0x5c06eeb7fc9a - std::panic::catch_unwind::h5ee8d7823b8ca744
[INFO] [stdout]                                at /rustc/6067b36314ab5eb2eb47cecc464545ba58e1ad24/library/std/src/panic.rs:358:14
[INFO] [stdout]   39:     0x5c06eeb7fc9a - std::thread::Builder::spawn_unchecked_::{{closure}}::h53c3a1894dce8407
[INFO] [stdout]                                at /rustc/6067b36314ab5eb2eb47cecc464545ba58e1ad24/library/std/src/thread/mod.rs:557:30
[INFO] [stdout]   40:     0x5c06eeb7fc9a - core::ops::function::FnOnce::call_once{{vtable.shim}}::h048ce291ad4f62bf
[INFO] [stdout]                                at /rustc/6067b36314ab5eb2eb47cecc464545ba58e1ad24/library/core/src/ops/function.rs:250:5
[INFO] [stdout]   41:     0x5c06eebf21bb - <alloc::boxed::Box<F,A> as core::ops::function::FnOnce<Args>>::call_once::ha52bedf99a3b4981
[INFO] [stdout]                                at /rustc/6067b36314ab5eb2eb47cecc464545ba58e1ad24/library/alloc/src/boxed.rs:2013:9
[INFO] [stdout]   42:     0x5c06eebf21bb - <alloc::boxed::Box<F,A> as core::ops::function::FnOnce<Args>>::call_once::h567748934d80ccf8
[INFO] [stdout]                                at /rustc/6067b36314ab5eb2eb47cecc464545ba58e1ad24/library/alloc/src/boxed.rs:2013:9
[INFO] [stdout]   43:     0x5c06eebf21bb - std::sys::pal::unix::thread::Thread::new::thread_start::h2d970728ae887adc
[INFO] [stdout]                                at /rustc/6067b36314ab5eb2eb47cecc464545ba58e1ad24/library/std/src/sys/pal/unix/thread.rs:106:17
[INFO] [stdout]   44:     0x74fb62023ac3 - <unknown>
[INFO] [stdout]   45:     0x74fb620b4a04 - clone
[INFO] [stdout]   46:                0x0 - <unknown>
[INFO] [stdout] 
[INFO] [stdout] 
[INFO] [stdout] failures:
[INFO] [stdout]     fdtd::tests::fdtd_1d
[INFO] [stdout] 
[INFO] [stdout] test result: FAILED. 3 passed; 1 failed; 0 ignored; 0 measured; 0 filtered out; finished in 0.04s
[INFO] [stdout] 
[INFO] [stderr] error: test failed, to rerun pass `--lib`
[INFO] running `Command { std: "docker" "inspect" "bf5d7cd5a66201ebe9d9047c55b499ce1306133c54685e9f659b859e23ccc447", kill_on_drop: false }`
[INFO] running `Command { std: "docker" "rm" "-f" "bf5d7cd5a66201ebe9d9047c55b499ce1306133c54685e9f659b859e23ccc447", kill_on_drop: false }`
[INFO] [stdout] bf5d7cd5a66201ebe9d9047c55b499ce1306133c54685e9f659b859e23ccc447
