[INFO] cloning repository https://github.com/hezhaozhao-git/kitty_proxy
[INFO] running `Command { std: "git" "-c" "credential.helper=" "-c" "credential.helper=/workspace/cargo-home/bin/git-credential-null" "clone" "--bare" "https://github.com/hezhaozhao-git/kitty_proxy" "/workspace/cache/git-repos/https%3A%2F%2Fgithub.com%2Fhezhaozhao-git%2Fkitty_proxy", kill_on_drop: false }`
[INFO] [stderr] Cloning into bare repository '/workspace/cache/git-repos/https%3A%2F%2Fgithub.com%2Fhezhaozhao-git%2Fkitty_proxy'...
[INFO] running `Command { std: "git" "rev-parse" "HEAD", kill_on_drop: false }`
[INFO] [stdout] 31c22e62e43bc221c76c02b849ce4e155a4d87f9
[INFO] testing hezhaozhao-git/kitty_proxy against nightly-2025-01-18 for randomize-layout-2
[INFO] running `Command { std: "git" "clone" "/workspace/cache/git-repos/https%3A%2F%2Fgithub.com%2Fhezhaozhao-git%2Fkitty_proxy" "/workspace/builds/worker-7-tc1/source", kill_on_drop: false }`
[INFO] [stderr] Cloning into '/workspace/builds/worker-7-tc1/source'...
[INFO] [stderr] done.
[INFO] validating manifest of git repo https://github.com/hezhaozhao-git/kitty_proxy on toolchain nightly-2025-01-18
[INFO] running `Command { std: CARGO_HOME="/workspace/cargo-home" RUSTUP_HOME="/workspace/rustup-home" "/workspace/cargo-home/bin/cargo" "+nightly-2025-01-18" "metadata" "--manifest-path" "Cargo.toml" "--no-deps", kill_on_drop: false }`
[INFO] started tweaking git repo https://github.com/hezhaozhao-git/kitty_proxy
[INFO] removed 0 missing examples
[INFO] finished tweaking git repo https://github.com/hezhaozhao-git/kitty_proxy
[INFO] tweaked toml for git repo https://github.com/hezhaozhao-git/kitty_proxy written to /workspace/builds/worker-7-tc1/source/Cargo.toml
[INFO] crate git repo https://github.com/hezhaozhao-git/kitty_proxy already has a lockfile, it will not be regenerated
[INFO] running `Command { std: CARGO_HOME="/workspace/cargo-home" RUSTUP_HOME="/workspace/rustup-home" "/workspace/cargo-home/bin/cargo" "+nightly-2025-01-18" "fetch" "--manifest-path" "Cargo.toml", kill_on_drop: false }`
[INFO] [stderr]     Updating crates.io index
[INFO] [stderr]  Downloading crates ...
[INFO] [stderr]   Downloaded bitstring v0.1.2
[INFO] [stderr]   Downloaded cidr v0.2.2
[INFO] [stderr]   Downloaded psl v2.1.13
[INFO] [stderr]   Downloaded cidr-utils v0.6.1
[INFO] running `Command { std: "docker" "create" "-v" "/var/lib/crater-agent-workspace/builds/worker-7-tc1/target:/opt/rustwide/target:rw,Z" "-v" "/var/lib/crater-agent-workspace/builds/worker-7-tc1/source:/opt/rustwide/workdir:ro,Z" "-v" "/var/lib/crater-agent-workspace/cargo-home:/opt/rustwide/cargo-home:ro,Z" "-v" "/var/lib/crater-agent-workspace/rustup-home:/opt/rustwide/rustup-home:ro,Z" "-e" "SOURCE_DIR=/opt/rustwide/workdir" "-e" "CARGO_TARGET_DIR=/opt/rustwide/target" "-e" "CARGO_HOME=/opt/rustwide/cargo-home" "-e" "RUSTUP_HOME=/opt/rustwide/rustup-home" "-w" "/opt/rustwide/workdir" "-m" "1610612736" "--user" "0:0" "--network" "none" "ghcr.io/rust-lang/crates-build-env/linux@sha256:819108c5571ea2e421544af4d832f968d213c87fbe3707a016657f43d2f853bc" "/opt/rustwide/cargo-home/bin/cargo" "+nightly-2025-01-18" "metadata" "--no-deps" "--format-version=1", kill_on_drop: false }`
[INFO] [stdout] 6b5bcd7e56411d9ef86c7027326a9b9ee716274f68caa5695e190ff9910e2b2e
[INFO] running `Command { std: "docker" "start" "-a" "6b5bcd7e56411d9ef86c7027326a9b9ee716274f68caa5695e190ff9910e2b2e", kill_on_drop: false }`
[INFO] running `Command { std: "docker" "inspect" "6b5bcd7e56411d9ef86c7027326a9b9ee716274f68caa5695e190ff9910e2b2e", kill_on_drop: false }`
[INFO] running `Command { std: "docker" "rm" "-f" "6b5bcd7e56411d9ef86c7027326a9b9ee716274f68caa5695e190ff9910e2b2e", kill_on_drop: false }`
[INFO] [stdout] 6b5bcd7e56411d9ef86c7027326a9b9ee716274f68caa5695e190ff9910e2b2e
[INFO] running `Command { std: "docker" "create" "-v" "/var/lib/crater-agent-workspace/builds/worker-7-tc1/target:/opt/rustwide/target:rw,Z" "-v" "/var/lib/crater-agent-workspace/builds/worker-7-tc1/source:/opt/rustwide/workdir:ro,Z" "-v" "/var/lib/crater-agent-workspace/cargo-home:/opt/rustwide/cargo-home:ro,Z" "-v" "/var/lib/crater-agent-workspace/rustup-home:/opt/rustwide/rustup-home:ro,Z" "-e" "SOURCE_DIR=/opt/rustwide/workdir" "-e" "CARGO_TARGET_DIR=/opt/rustwide/target" "-e" "CARGO_INCREMENTAL=0" "-e" "RUST_BACKTRACE=full" "-e" "RUSTFLAGS=--cap-lints=forbid" "-e" "RUSTDOCFLAGS=--cap-lints=forbid" "-e" "CARGO_HOME=/opt/rustwide/cargo-home" "-e" "RUSTUP_HOME=/opt/rustwide/rustup-home" "-w" "/opt/rustwide/workdir" "-m" "1610612736" "--user" "0:0" "--network" "none" "ghcr.io/rust-lang/crates-build-env/linux@sha256:819108c5571ea2e421544af4d832f968d213c87fbe3707a016657f43d2f853bc" "/opt/rustwide/cargo-home/bin/cargo" "+nightly-2025-01-18" "build" "--frozen" "--message-format=json", kill_on_drop: false }`
[INFO] [stdout] ff069f618c11dd86c0724314872fd08aabfa59cad56aed1e286439a29eebb9f7
[INFO] running `Command { std: "docker" "start" "-a" "ff069f618c11dd86c0724314872fd08aabfa59cad56aed1e286439a29eebb9f7", kill_on_drop: false }`
[INFO] [stderr]    Compiling autocfg v1.1.0
[INFO] [stderr]    Compiling proc-macro2 v1.0.71
[INFO] [stderr]    Compiling unicode-ident v1.0.12
[INFO] [stderr]    Compiling libc v0.2.151
[INFO] [stderr]    Compiling bitflags v2.4.1
[INFO] [stderr]    Compiling cfg-if v1.0.0
[INFO] [stderr]    Compiling linux-raw-sys v0.4.12
[INFO] [stderr]    Compiling either v1.9.0
[INFO] [stderr]    Compiling syn v1.0.109
[INFO] [stderr]    Compiling bytes v1.5.0
[INFO] [stderr]    Compiling anyhow v1.0.76
[INFO] [stderr]    Compiling pin-project-lite v0.2.13
[INFO] [stderr]    Compiling rustix v0.38.28
[INFO] [stderr]    Compiling parking_lot_core v0.9.9
[INFO] [stderr]    Compiling futures-core v0.3.30
[INFO] [stderr]    Compiling scopeguard v1.2.0
[INFO] [stderr]    Compiling smallvec v1.13.1
[INFO] [stderr]    Compiling log v0.4.20
[INFO] [stderr]    Compiling once_cell v1.19.0
[INFO] [stderr]    Compiling fnv v1.0.7
[INFO] [stderr]    Compiling itoa v1.0.10
[INFO] [stderr]    Compiling itertools v0.9.0
[INFO] [stderr]    Compiling home v0.5.9
[INFO] [stderr]    Compiling pin-utils v0.1.0
[INFO] [stderr]    Compiling serde v1.0.193
[INFO] [stderr]    Compiling tracing-core v0.1.32
[INFO] [stderr]    Compiling futures-task v0.3.30
[INFO] [stderr]    Compiling memchr v2.6.4
[INFO] [stderr]    Compiling hashbrown v0.12.3
[INFO] [stderr]    Compiling lock_api v0.4.11
[INFO] [stderr]    Compiling indexmap v1.9.3
[INFO] [stderr]    Compiling http v1.1.0
[INFO] [stderr]    Compiling num-traits v0.2.17
[INFO] [stderr]    Compiling slab v0.4.9
[INFO] [stderr]    Compiling futures-util v0.3.30
[INFO] [stderr]    Compiling tracing v0.1.40
[INFO] [stderr]    Compiling num-integer v0.1.45
[INFO] [stderr]    Compiling equivalent v1.0.1
[INFO] [stderr]    Compiling unicode-segmentation v1.10.1
[INFO] [stderr]    Compiling fixedbitset v0.2.0
[INFO] [stderr]    Compiling quote v1.0.33
[INFO] [stderr]    Compiling hashbrown v0.14.3
[INFO] [stderr]    Compiling futures-sink v0.3.30
[INFO] [stderr]    Compiling aho-corasick v1.1.2
[INFO] [stderr]    Compiling fastrand v2.0.1
[INFO] [stderr]    Compiling httparse v1.8.0
[INFO] [stderr]    Compiling tinyvec_macros v0.1.1
[INFO] [stderr]    Compiling signal-hook-registry v1.4.1
[INFO] [stderr]    Compiling mio v0.8.10
[INFO] [stderr]    Compiling num_cpus v1.16.0
[INFO] [stderr]    Compiling syn v2.0.42
[INFO] [stderr]    Compiling parking_lot v0.12.1
[INFO] [stderr]    Compiling socket2 v0.5.5
[INFO] [stderr]    Compiling regex-syntax v0.8.2
[INFO] [stderr]    Compiling petgraph v0.5.1
[INFO] [stderr]    Compiling indexmap v2.2.5
[INFO] [stderr]    Compiling http-body v1.0.0
[INFO] [stderr]    Compiling tinyvec v1.6.0
[INFO] [stderr]    Compiling heck v0.3.3
[INFO] [stderr]    Compiling num-bigint v0.4.4
[INFO] [stderr]    Compiling try-lock v0.2.5
[INFO] [stderr]    Compiling multimap v0.8.3
[INFO] [stderr]    Compiling doc-comment v0.3.3
[INFO] [stderr]    Compiling want v0.3.1
[INFO] [stderr]    Compiling futures-channel v0.3.30
[INFO] [stderr]    Compiling heck v0.4.1
[INFO] [stderr]    Compiling termcolor v1.4.0
[INFO] [stderr]    Compiling tower-service v0.3.2
[INFO] [stderr]    Compiling unicode-bidi v0.3.14
[INFO] [stderr]    Compiling bitstring v0.1.2
[INFO] [stderr]    Compiling humantime v2.1.0
[INFO] [stderr]    Compiling is-terminal v0.4.9
[INFO] [stderr]    Compiling tower-layer v0.3.2
[INFO] [stderr]    Compiling thiserror v1.0.51
[INFO] [stderr]    Compiling percent-encoding v2.3.1
[INFO] [stderr]    Compiling httpdate v1.0.3
[INFO] [stderr]    Compiling psl-types v2.0.11
[INFO] [stderr]    Compiling unicode-normalization v0.1.22
[INFO] [stderr]    Compiling form_urlencoded v1.2.1
[INFO] [stderr]    Compiling http-body-util v0.1.1
[INFO] [stderr]    Compiling psl v2.1.13
[INFO] [stderr]    Compiling which v4.4.2
[INFO] [stderr]    Compiling tempfile v3.8.1
[INFO] [stderr]    Compiling prost-build v0.7.0
[INFO] [stderr]    Compiling idna v0.5.0
[INFO] [stderr]    Compiling regex-automata v0.4.3
[INFO] [stderr]    Compiling prost-derive v0.7.0
[INFO] [stderr]    Compiling snafu-derive v0.7.5
[INFO] [stderr]    Compiling tokio-macros v2.2.0
[INFO] [stderr]    Compiling serde_derive v1.0.193
[INFO] [stderr]    Compiling pin-project-internal v1.1.5
[INFO] [stderr]    Compiling thiserror-impl v1.0.51
[INFO] [stderr]    Compiling tokio v1.35.1
[INFO] [stderr]    Compiling prost v0.7.0
[INFO] [stderr]    Compiling prost-types v0.7.0
[INFO] [stderr]    Compiling pin-project v1.1.5
[INFO] [stderr]    Compiling snafu v0.7.5
[INFO] [stderr]    Compiling regex v1.10.2
[INFO] [stderr]    Compiling kitty_proxy v0.1.0 (/opt/rustwide/workdir)
[INFO] [stderr]    Compiling env_logger v0.10.1
[INFO] [stderr]    Compiling pretty_env_logger v0.5.0
[INFO] [stderr]    Compiling addr v0.15.6
[INFO] [stderr]    Compiling tokio-util v0.7.10
[INFO] [stderr]    Compiling tower v0.4.13
[INFO] [stderr]    Compiling cidr v0.2.2
[INFO] [stderr]    Compiling url v2.5.0
[INFO] [stderr]    Compiling h2 v0.4.3
[INFO] [stderr]    Compiling cidr-utils v0.6.1
[INFO] [stderr]    Compiling hyper v1.2.0
[INFO] [stderr]    Compiling hyper-util v0.1.3
[INFO] [stdout] warning: unnecessary parentheses around index expression
[INFO] [stdout]    --> src/socks_proxy.rs:359:37
[INFO] [stdout]     |
[INFO] [stdout] 359 |                     (u16::from(addr[(x * 2)]) << 8) | u16::from(addr[(x * 2) + 1])
[INFO] [stdout]     |                                     ^     ^
[INFO] [stdout]     |
[INFO] [stdout]     = note: `#[warn(unused_parens)]` on by default
[INFO] [stdout] help: remove these parentheses
[INFO] [stdout]     |
[INFO] [stdout] 359 -                     (u16::from(addr[(x * 2)]) << 8) | u16::from(addr[(x * 2) + 1])
[INFO] [stdout] 359 +                     (u16::from(addr[x * 2]) << 8) | u16::from(addr[(x * 2) + 1])
[INFO] [stdout]     |
[INFO] [stdout] 
[INFO] [stdout] 
[INFO] [stdout] warning: unused import: `std::collections::HashMap`
[INFO] [stdout]  --> src/types.rs:6:5
[INFO] [stdout]   |
[INFO] [stdout] 6 | use std::collections::HashMap;
[INFO] [stdout]   |     ^^^^^^^^^^^^^^^^^^^^^^^^^
[INFO] [stdout]   |
[INFO] [stdout]   = note: `#[warn(unused_imports)]` on by default
[INFO] [stdout] 
[INFO] [stdout] 
[INFO] [stdout] warning: unused import: `Ipv4Addr`
[INFO] [stdout]   --> src/types.rs:11:24
[INFO] [stdout]    |
[INFO] [stdout] 11 | use std::net::{IpAddr, Ipv4Addr, SocketAddr, SocketAddrV4};
[INFO] [stdout]    |                        ^^^^^^^^
[INFO] [stdout] 
[INFO] [stdout] 
[INFO] [stdout] warning: unused import: `std::sync::Arc`
[INFO] [stdout]   --> src/types.rs:12:5
[INFO] [stdout]    |
[INFO] [stdout] 12 | use std::sync::Arc;
[INFO] [stdout]    |     ^^^^^^^^^^^^^^
[INFO] [stdout] 
[INFO] [stdout] 
[INFO] [stdout] warning: unused import: `tokio::sync::Mutex`
[INFO] [stdout]   --> src/types.rs:15:5
[INFO] [stdout]    |
[INFO] [stdout] 15 | use tokio::sync::Mutex;
[INFO] [stdout]    |     ^^^^^^^^^^^^^^^^^^
[INFO] [stdout] 
[INFO] [stdout] 
[INFO] [stdout] warning: unused import: `RwLock`
[INFO] [stdout]  --> src/banlancer.rs:3:26
[INFO] [stdout]   |
[INFO] [stdout] 3 | use tokio::sync::{Mutex, RwLock};
[INFO] [stdout]   |                          ^^^^^^
[INFO] [stdout] 
[INFO] [stdout] 
[INFO] [stdout] warning: unused variable: `resp`
[INFO] [stdout]    --> src/http_proxy.rs:247:9
[INFO] [stdout]     |
[INFO] [stdout] 247 |     let resp = sender.send_request(req).await.unwrap();
[INFO] [stdout]     |         ^^^^ help: if this is intentional, prefix it with an underscore: `_resp`
[INFO] [stdout]     |
[INFO] [stdout]     = note: `#[warn(unused_variables)]` on by default
[INFO] [stdout] 
[INFO] [stdout] 
[INFO] [stdout] warning: function `send_connect_req` is never used
[INFO] [stdout]    --> src/http_proxy.rs:225:10
[INFO] [stdout]     |
[INFO] [stdout] 225 | async fn send_connect_req(
[INFO] [stdout]     |          ^^^^^^^^^^^^^^^^
[INFO] [stdout]     |
[INFO] [stdout]     = note: `#[warn(dead_code)]` on by default
[INFO] [stdout] 
[INFO] [stdout] 
[INFO] [stdout] warning: field `timeout` is never read
[INFO] [stdout]    --> src/http_proxy.rs:254:5
[INFO] [stdout]     |
[INFO] [stdout] 251 | pub struct HttpProxy {
[INFO] [stdout]     |            --------- field in this struct
[INFO] [stdout] ...
[INFO] [stdout] 254 |     timeout: Option<Duration>,
[INFO] [stdout]     |     ^^^^^^^
[INFO] [stdout] 
[INFO] [stdout] 
[INFO] [stdout] warning: variants `RuleFailure`, `NetworkUnreachable`, `HostUnreachable`, `TtlExpired`, and `HttpBadGateway` are never constructed
[INFO] [stdout]   --> src/types.rs:39:5
[INFO] [stdout]    |
[INFO] [stdout] 34 | pub enum ResponseCode {
[INFO] [stdout]    |          ------------ variants in this enum
[INFO] [stdout] ...
[INFO] [stdout] 39 |     RuleFailure = 0x02,
[INFO] [stdout]    |     ^^^^^^^^^^^
[INFO] [stdout] 40 |     #[snafu(display("network unreachable"))]
[INFO] [stdout] 41 |     NetworkUnreachable = 0x03,
[INFO] [stdout]    |     ^^^^^^^^^^^^^^^^^^
[INFO] [stdout] 42 |     #[snafu(display("host unreachable"))]
[INFO] [stdout] 43 |     HostUnreachable = 0x04,
[INFO] [stdout]    |     ^^^^^^^^^^^^^^^
[INFO] [stdout] ...
[INFO] [stdout] 47 |     TtlExpired = 0x06,
[INFO] [stdout]    |     ^^^^^^^^^^
[INFO] [stdout] ...
[INFO] [stdout] 53 |     HttpBadGateway = 0x502,
[INFO] [stdout]    |     ^^^^^^^^^^^^^^
[INFO] [stdout]    |
[INFO] [stdout]    = note: `ResponseCode` has a derived impl for the trait `Debug`, but this is intentionally ignored during dead code analysis
[INFO] [stdout] 
[INFO] [stdout] 
[INFO] [stdout] warning: enum `SiteIp` is never used
[INFO] [stdout]   --> src/traffic_diversion.rs:34:6
[INFO] [stdout]    |
[INFO] [stdout] 34 | enum SiteIp {
[INFO] [stdout]    |      ^^^^^^
[INFO] [stdout] 
[INFO] [stdout] 
[INFO] [stdout] warning: associated function `from_str` is never used
[INFO] [stdout]   --> src/traffic_diversion.rs:61:8
[INFO] [stdout]    |
[INFO] [stdout] 60 | impl SiteIp {
[INFO] [stdout]    | ----------- associated function in this implementation
[INFO] [stdout] 61 |     fn from_str(input: &str) -> SiteIp {
[INFO] [stdout]    |        ^^^^^^^^
[INFO] [stdout] 
[INFO] [stdout] 
[INFO] [stdout] warning: associated function `ip_to_number` is never used
[INFO] [stdout]    --> src/traffic_diversion.rs:295:8
[INFO] [stdout]     |
[INFO] [stdout] 126 | impl MatchProxy {
[INFO] [stdout]     | --------------- associated function in this implementation
[INFO] [stdout] ...
[INFO] [stdout] 295 |     fn ip_to_number(ip: Ipv4Addr) -> u32 {
[INFO] [stdout]     |        ^^^^^^^^^^^^
[INFO] [stdout] 
[INFO] [stdout] 
[INFO] [stdout] warning: method `get_best_node` is never used
[INFO] [stdout]  --> src/traits.rs:4:14
[INFO] [stdout]   |
[INFO] [stdout] 3 | pub trait BanlancerTrait {
[INFO] [stdout]   |           -------------- method in this trait
[INFO] [stdout] 4 |     async fn get_best_node(&self) -> Address;
[INFO] [stdout]   |              ^^^^^^^^^^^^^
[INFO] [stdout] 
[INFO] [stdout] 
[INFO] [stderr]     Finished `dev` profile [unoptimized + debuginfo] target(s) in 42.27s
[INFO] running `Command { std: "docker" "inspect" "ff069f618c11dd86c0724314872fd08aabfa59cad56aed1e286439a29eebb9f7", kill_on_drop: false }`
[INFO] running `Command { std: "docker" "rm" "-f" "ff069f618c11dd86c0724314872fd08aabfa59cad56aed1e286439a29eebb9f7", kill_on_drop: false }`
[INFO] [stdout] ff069f618c11dd86c0724314872fd08aabfa59cad56aed1e286439a29eebb9f7
[INFO] running `Command { std: "docker" "create" "-v" "/var/lib/crater-agent-workspace/builds/worker-7-tc1/target:/opt/rustwide/target:rw,Z" "-v" "/var/lib/crater-agent-workspace/builds/worker-7-tc1/source:/opt/rustwide/workdir:ro,Z" "-v" "/var/lib/crater-agent-workspace/cargo-home:/opt/rustwide/cargo-home:ro,Z" "-v" "/var/lib/crater-agent-workspace/rustup-home:/opt/rustwide/rustup-home:ro,Z" "-e" "SOURCE_DIR=/opt/rustwide/workdir" "-e" "CARGO_TARGET_DIR=/opt/rustwide/target" "-e" "CARGO_INCREMENTAL=0" "-e" "RUST_BACKTRACE=full" "-e" "RUSTFLAGS=--cap-lints=forbid" "-e" "RUSTDOCFLAGS=--cap-lints=forbid" "-e" "CARGO_HOME=/opt/rustwide/cargo-home" "-e" "RUSTUP_HOME=/opt/rustwide/rustup-home" "-w" "/opt/rustwide/workdir" "-m" "1610612736" "--user" "0:0" "--network" "none" "ghcr.io/rust-lang/crates-build-env/linux@sha256:819108c5571ea2e421544af4d832f968d213c87fbe3707a016657f43d2f853bc" "/opt/rustwide/cargo-home/bin/cargo" "+nightly-2025-01-18" "test" "--frozen" "--no-run" "--message-format=json", kill_on_drop: false }`
[INFO] [stdout] 9d0f641ea2415290c490c78196ad2483e10a45a5eef4b0f83be634c6c4084955
[INFO] running `Command { std: "docker" "start" "-a" "9d0f641ea2415290c490c78196ad2483e10a45a5eef4b0f83be634c6c4084955", kill_on_drop: false }`
[INFO] [stderr]    Compiling kitty_proxy v0.1.0 (/opt/rustwide/workdir)
[INFO] [stdout] warning: unnecessary parentheses around index expression
[INFO] [stdout]    --> src/socks_proxy.rs:359:37
[INFO] [stdout]     |
[INFO] [stdout] 359 |                     (u16::from(addr[(x * 2)]) << 8) | u16::from(addr[(x * 2) + 1])
[INFO] [stdout]     |                                     ^     ^
[INFO] [stdout]     |
[INFO] [stdout]     = note: `#[warn(unused_parens)]` on by default
[INFO] [stdout] help: remove these parentheses
[INFO] [stdout]     |
[INFO] [stdout] 359 -                     (u16::from(addr[(x * 2)]) << 8) | u16::from(addr[(x * 2) + 1])
[INFO] [stdout] 359 +                     (u16::from(addr[x * 2]) << 8) | u16::from(addr[(x * 2) + 1])
[INFO] [stdout]     |
[INFO] [stdout] 
[INFO] [stdout] 
[INFO] [stdout] warning: unused import: `std::collections::HashMap`
[INFO] [stdout]  --> src/types.rs:6:5
[INFO] [stdout]   |
[INFO] [stdout] 6 | use std::collections::HashMap;
[INFO] [stdout]   |     ^^^^^^^^^^^^^^^^^^^^^^^^^
[INFO] [stdout]   |
[INFO] [stdout]   = note: `#[warn(unused_imports)]` on by default
[INFO] [stdout] 
[INFO] [stdout] 
[INFO] [stdout] warning: unused import: `Ipv4Addr`
[INFO] [stdout]   --> src/types.rs:11:24
[INFO] [stdout]    |
[INFO] [stdout] 11 | use std::net::{IpAddr, Ipv4Addr, SocketAddr, SocketAddrV4};
[INFO] [stdout]    |                        ^^^^^^^^
[INFO] [stdout] 
[INFO] [stdout] 
[INFO] [stdout] warning: unused import: `std::sync::Arc`
[INFO] [stdout]   --> src/types.rs:12:5
[INFO] [stdout]    |
[INFO] [stdout] 12 | use std::sync::Arc;
[INFO] [stdout]    |     ^^^^^^^^^^^^^^
[INFO] [stdout] 
[INFO] [stdout] 
[INFO] [stdout] warning: unused import: `tokio::sync::Mutex`
[INFO] [stdout]   --> src/types.rs:15:5
[INFO] [stdout]    |
[INFO] [stdout] 15 | use tokio::sync::Mutex;
[INFO] [stdout]    |     ^^^^^^^^^^^^^^^^^^
[INFO] [stdout] 
[INFO] [stdout] 
[INFO] [stdout] warning: unused import: `RwLock`
[INFO] [stdout]  --> src/banlancer.rs:3:26
[INFO] [stdout]   |
[INFO] [stdout] 3 | use tokio::sync::{Mutex, RwLock};
[INFO] [stdout]   |                          ^^^^^^
[INFO] [stdout] 
[INFO] [stdout] 
[INFO] [stdout] warning: unused variable: `resp`
[INFO] [stdout]    --> src/http_proxy.rs:247:9
[INFO] [stdout]     |
[INFO] [stdout] 247 |     let resp = sender.send_request(req).await.unwrap();
[INFO] [stdout]     |         ^^^^ help: if this is intentional, prefix it with an underscore: `_resp`
[INFO] [stdout]     |
[INFO] [stdout]     = note: `#[warn(unused_variables)]` on by default
[INFO] [stdout] 
[INFO] [stdout] 
[INFO] [stdout] warning: function `send_connect_req` is never used
[INFO] [stdout]    --> src/http_proxy.rs:225:10
[INFO] [stdout]     |
[INFO] [stdout] 225 | async fn send_connect_req(
[INFO] [stdout]     |          ^^^^^^^^^^^^^^^^
[INFO] [stdout]     |
[INFO] [stdout]     = note: `#[warn(dead_code)]` on by default
[INFO] [stdout] 
[INFO] [stdout] 
[INFO] [stdout] warning: field `timeout` is never read
[INFO] [stdout]    --> src/http_proxy.rs:254:5
[INFO] [stdout]     |
[INFO] [stdout] 251 | pub struct HttpProxy {
[INFO] [stdout]     |            --------- field in this struct
[INFO] [stdout] ...
[INFO] [stdout] 254 |     timeout: Option<Duration>,
[INFO] [stdout]     |     ^^^^^^^
[INFO] [stdout] 
[INFO] [stdout] 
[INFO] [stdout] warning: variants `RuleFailure`, `NetworkUnreachable`, `HostUnreachable`, `TtlExpired`, and `HttpBadGateway` are never constructed
[INFO] [stdout]   --> src/types.rs:39:5
[INFO] [stdout]    |
[INFO] [stdout] 34 | pub enum ResponseCode {
[INFO] [stdout]    |          ------------ variants in this enum
[INFO] [stdout] ...
[INFO] [stdout] 39 |     RuleFailure = 0x02,
[INFO] [stdout]    |     ^^^^^^^^^^^
[INFO] [stdout] 40 |     #[snafu(display("network unreachable"))]
[INFO] [stdout] 41 |     NetworkUnreachable = 0x03,
[INFO] [stdout]    |     ^^^^^^^^^^^^^^^^^^
[INFO] [stdout] 42 |     #[snafu(display("host unreachable"))]
[INFO] [stdout] 43 |     HostUnreachable = 0x04,
[INFO] [stdout]    |     ^^^^^^^^^^^^^^^
[INFO] [stdout] ...
[INFO] [stdout] 47 |     TtlExpired = 0x06,
[INFO] [stdout]    |     ^^^^^^^^^^
[INFO] [stdout] ...
[INFO] [stdout] 53 |     HttpBadGateway = 0x502,
[INFO] [stdout]    |     ^^^^^^^^^^^^^^
[INFO] [stdout]    |
[INFO] [stdout]    = note: `ResponseCode` has a derived impl for the trait `Debug`, but this is intentionally ignored during dead code analysis
[INFO] [stdout] 
[INFO] [stdout] 
[INFO] [stdout] warning: enum `SiteIp` is never used
[INFO] [stdout]   --> src/traffic_diversion.rs:34:6
[INFO] [stdout]    |
[INFO] [stdout] 34 | enum SiteIp {
[INFO] [stdout]    |      ^^^^^^
[INFO] [stdout] 
[INFO] [stdout] 
[INFO] [stdout] warning: associated function `from_str` is never used
[INFO] [stdout]   --> src/traffic_diversion.rs:61:8
[INFO] [stdout]    |
[INFO] [stdout] 60 | impl SiteIp {
[INFO] [stdout]    | ----------- associated function in this implementation
[INFO] [stdout] 61 |     fn from_str(input: &str) -> SiteIp {
[INFO] [stdout]    |        ^^^^^^^^
[INFO] [stdout] 
[INFO] [stdout] 
[INFO] [stdout] warning: associated function `ip_to_number` is never used
[INFO] [stdout]    --> src/traffic_diversion.rs:295:8
[INFO] [stdout]     |
[INFO] [stdout] 126 | impl MatchProxy {
[INFO] [stdout]     | --------------- associated function in this implementation
[INFO] [stdout] ...
[INFO] [stdout] 295 |     fn ip_to_number(ip: Ipv4Addr) -> u32 {
[INFO] [stdout]     |        ^^^^^^^^^^^^
[INFO] [stdout] 
[INFO] [stdout] 
[INFO] [stdout] warning: method `get_best_node` is never used
[INFO] [stdout]  --> src/traits.rs:4:14
[INFO] [stdout]   |
[INFO] [stdout] 3 | pub trait BanlancerTrait {
[INFO] [stdout]   |           -------------- method in this trait
[INFO] [stdout] 4 |     async fn get_best_node(&self) -> Address;
[INFO] [stdout]   |              ^^^^^^^^^^^^^
[INFO] [stdout] 
[INFO] [stdout] 
[INFO] [stdout] warning: unused variable: `http_kill_tx`
[INFO] [stdout]   --> src/examples/proxy_example.rs:27:14
[INFO] [stdout]    |
[INFO] [stdout] 27 |         let (http_kill_tx, mut http_kill_rx) = watch::channel(false);
[INFO] [stdout]    |              ^^^^^^^^^^^^ help: if this is intentional, prefix it with an underscore: `_http_kill_tx`
[INFO] [stdout]    |
[INFO] [stdout]    = note: `#[warn(unused_variables)]` on by default
[INFO] [stdout] 
[INFO] [stdout] 
[INFO] [stdout] warning: unnecessary parentheses around index expression
[INFO] [stdout]    --> src/socks_proxy.rs:359:37
[INFO] [stdout]     |
[INFO] [stdout] 359 |                     (u16::from(addr[(x * 2)]) << 8) | u16::from(addr[(x * 2) + 1])
[INFO] [stdout]     |                                     ^     ^
[INFO] [stdout]     |
[INFO] [stdout]     = note: `#[warn(unused_parens)]` on by default
[INFO] [stdout] help: remove these parentheses
[INFO] [stdout]     |
[INFO] [stdout] 359 -                     (u16::from(addr[(x * 2)]) << 8) | u16::from(addr[(x * 2) + 1])
[INFO] [stdout] 359 +                     (u16::from(addr[x * 2]) << 8) | u16::from(addr[(x * 2) + 1])
[INFO] [stdout]     |
[INFO] [stdout] 
[INFO] [stdout] 
[INFO] [stdout] warning: unused import: `std::collections::HashMap`
[INFO] [stdout]  --> src/types.rs:6:5
[INFO] [stdout]   |
[INFO] [stdout] 6 | use std::collections::HashMap;
[INFO] [stdout]   |     ^^^^^^^^^^^^^^^^^^^^^^^^^
[INFO] [stdout]   |
[INFO] [stdout]   = note: `#[warn(unused_imports)]` on by default
[INFO] [stdout] 
[INFO] [stdout] 
[INFO] [stdout] warning: unused import: `Ipv4Addr`
[INFO] [stdout]   --> src/types.rs:11:24
[INFO] [stdout]    |
[INFO] [stdout] 11 | use std::net::{IpAddr, Ipv4Addr, SocketAddr, SocketAddrV4};
[INFO] [stdout]    |                        ^^^^^^^^
[INFO] [stdout] 
[INFO] [stdout] 
[INFO] [stdout] warning: unused import: `std::sync::Arc`
[INFO] [stdout]   --> src/types.rs:12:5
[INFO] [stdout]    |
[INFO] [stdout] 12 | use std::sync::Arc;
[INFO] [stdout]    |     ^^^^^^^^^^^^^^
[INFO] [stdout] 
[INFO] [stdout] 
[INFO] [stdout] warning: unused import: `tokio::sync::Mutex`
[INFO] [stdout]   --> src/types.rs:15:5
[INFO] [stdout]    |
[INFO] [stdout] 15 | use tokio::sync::Mutex;
[INFO] [stdout]    |     ^^^^^^^^^^^^^^^^^^
[INFO] [stdout] 
[INFO] [stdout] 
[INFO] [stdout] warning: unused import: `RwLock`
[INFO] [stdout]  --> src/banlancer.rs:3:26
[INFO] [stdout]   |
[INFO] [stdout] 3 | use tokio::sync::{Mutex, RwLock};
[INFO] [stdout]   |                          ^^^^^^
[INFO] [stdout] 
[INFO] [stdout] 
[INFO] [stdout] warning: unused variable: `resp`
[INFO] [stdout]    --> src/http_proxy.rs:247:9
[INFO] [stdout]     |
[INFO] [stdout] 247 |     let resp = sender.send_request(req).await.unwrap();
[INFO] [stdout]     |         ^^^^ help: if this is intentional, prefix it with an underscore: `_resp`
[INFO] [stdout]     |
[INFO] [stdout]     = note: `#[warn(unused_variables)]` on by default
[INFO] [stdout] 
[INFO] [stdout] 
[INFO] [stdout] warning: unused variable: `http_kill_tx`
[INFO] [stdout]    --> src/http_proxy.rs:455:14
[INFO] [stdout]     |
[INFO] [stdout] 455 |         let (http_kill_tx, mut http_kill_rx) = watch::channel(false);
[INFO] [stdout]     |              ^^^^^^^^^^^^ help: if this is intentional, prefix it with an underscore: `_http_kill_tx`
[INFO] [stdout] 
[INFO] [stdout] 
[INFO] [stdout] warning: function `send_connect_req` is never used
[INFO] [stdout]    --> src/http_proxy.rs:225:10
[INFO] [stdout]     |
[INFO] [stdout] 225 | async fn send_connect_req(
[INFO] [stdout]     |          ^^^^^^^^^^^^^^^^
[INFO] [stdout]     |
[INFO] [stdout]     = note: `#[warn(dead_code)]` on by default
[INFO] [stdout] 
[INFO] [stdout] 
[INFO] [stdout] warning: field `timeout` is never read
[INFO] [stdout]    --> src/http_proxy.rs:254:5
[INFO] [stdout]     |
[INFO] [stdout] 251 | pub struct HttpProxy {
[INFO] [stdout]     |            --------- field in this struct
[INFO] [stdout] ...
[INFO] [stdout] 254 |     timeout: Option<Duration>,
[INFO] [stdout]     |     ^^^^^^^
[INFO] [stdout] 
[INFO] [stdout] 
[INFO] [stdout] warning: variants `RuleFailure`, `NetworkUnreachable`, `HostUnreachable`, `TtlExpired`, and `HttpBadGateway` are never constructed
[INFO] [stdout]   --> src/types.rs:39:5
[INFO] [stdout]    |
[INFO] [stdout] 34 | pub enum ResponseCode {
[INFO] [stdout]    |          ------------ variants in this enum
[INFO] [stdout] ...
[INFO] [stdout] 39 |     RuleFailure = 0x02,
[INFO] [stdout]    |     ^^^^^^^^^^^
[INFO] [stdout] 40 |     #[snafu(display("network unreachable"))]
[INFO] [stdout] 41 |     NetworkUnreachable = 0x03,
[INFO] [stdout]    |     ^^^^^^^^^^^^^^^^^^
[INFO] [stdout] 42 |     #[snafu(display("host unreachable"))]
[INFO] [stdout] 43 |     HostUnreachable = 0x04,
[INFO] [stdout]    |     ^^^^^^^^^^^^^^^
[INFO] [stdout] ...
[INFO] [stdout] 47 |     TtlExpired = 0x06,
[INFO] [stdout]    |     ^^^^^^^^^^
[INFO] [stdout] ...
[INFO] [stdout] 53 |     HttpBadGateway = 0x502,
[INFO] [stdout]    |     ^^^^^^^^^^^^^^
[INFO] [stdout]    |
[INFO] [stdout]    = note: `ResponseCode` has a derived impl for the trait `Debug`, but this is intentionally ignored during dead code analysis
[INFO] [stdout] 
[INFO] [stdout] 
[INFO] [stdout] warning: enum `SiteIp` is never used
[INFO] [stdout]   --> src/traffic_diversion.rs:34:6
[INFO] [stdout]    |
[INFO] [stdout] 34 | enum SiteIp {
[INFO] [stdout]    |      ^^^^^^
[INFO] [stdout] 
[INFO] [stdout] 
[INFO] [stdout] warning: associated function `from_str` is never used
[INFO] [stdout]   --> src/traffic_diversion.rs:61:8
[INFO] [stdout]    |
[INFO] [stdout] 60 | impl SiteIp {
[INFO] [stdout]    | ----------- associated function in this implementation
[INFO] [stdout] 61 |     fn from_str(input: &str) -> SiteIp {
[INFO] [stdout]    |        ^^^^^^^^
[INFO] [stdout] 
[INFO] [stdout] 
[INFO] [stdout] warning: associated function `ip_to_number` is never used
[INFO] [stdout]    --> src/traffic_diversion.rs:295:8
[INFO] [stdout]     |
[INFO] [stdout] 126 | impl MatchProxy {
[INFO] [stdout]     | --------------- associated function in this implementation
[INFO] [stdout] ...
[INFO] [stdout] 295 |     fn ip_to_number(ip: Ipv4Addr) -> u32 {
[INFO] [stdout]     |        ^^^^^^^^^^^^
[INFO] [stdout] 
[INFO] [stdout] 
[INFO] [stdout] warning: method `get_best_node` is never used
[INFO] [stdout]  --> src/traits.rs:4:14
[INFO] [stdout]   |
[INFO] [stdout] 3 | pub trait BanlancerTrait {
[INFO] [stdout]   |           -------------- method in this trait
[INFO] [stdout] 4 |     async fn get_best_node(&self) -> Address;
[INFO] [stdout]   |              ^^^^^^^^^^^^^
[INFO] [stdout] 
[INFO] [stdout] 
[INFO] [stderr]     Finished `test` profile [unoptimized + debuginfo] target(s) in 3.70s
[INFO] running `Command { std: "docker" "inspect" "9d0f641ea2415290c490c78196ad2483e10a45a5eef4b0f83be634c6c4084955", kill_on_drop: false }`
[INFO] running `Command { std: "docker" "rm" "-f" "9d0f641ea2415290c490c78196ad2483e10a45a5eef4b0f83be634c6c4084955", kill_on_drop: false }`
[INFO] [stdout] 9d0f641ea2415290c490c78196ad2483e10a45a5eef4b0f83be634c6c4084955
[INFO] running `Command { std: "docker" "create" "-v" "/var/lib/crater-agent-workspace/builds/worker-7-tc1/target:/opt/rustwide/target:rw,Z" "-v" "/var/lib/crater-agent-workspace/builds/worker-7-tc1/source:/opt/rustwide/workdir:ro,Z" "-v" "/var/lib/crater-agent-workspace/cargo-home:/opt/rustwide/cargo-home:ro,Z" "-v" "/var/lib/crater-agent-workspace/rustup-home:/opt/rustwide/rustup-home:ro,Z" "-e" "SOURCE_DIR=/opt/rustwide/workdir" "-e" "CARGO_TARGET_DIR=/opt/rustwide/target" "-e" "CARGO_INCREMENTAL=0" "-e" "RUST_BACKTRACE=full" "-e" "RUSTFLAGS=--cap-lints=forbid" "-e" "RUSTDOCFLAGS=--cap-lints=forbid" "-e" "CARGO_HOME=/opt/rustwide/cargo-home" "-e" "RUSTUP_HOME=/opt/rustwide/rustup-home" "-w" "/opt/rustwide/workdir" "-m" "1610612736" "--user" "0:0" "--network" "none" "ghcr.io/rust-lang/crates-build-env/linux@sha256:819108c5571ea2e421544af4d832f968d213c87fbe3707a016657f43d2f853bc" "/opt/rustwide/cargo-home/bin/cargo" "+nightly-2025-01-18" "test" "--frozen", kill_on_drop: false }`
[INFO] [stdout] ae0c10f6f4a029c22361e31166165ad7b122360c9d739e76b0269e8c6f507eca
[INFO] running `Command { std: "docker" "start" "-a" "ae0c10f6f4a029c22361e31166165ad7b122360c9d739e76b0269e8c6f507eca", kill_on_drop: false }`
[INFO] [stderr] warning: unnecessary parentheses around index expression
[INFO] [stderr]    --> src/socks_proxy.rs:359:37
[INFO] [stderr]     |
[INFO] [stderr] 359 |                     (u16::from(addr[(x * 2)]) << 8) | u16::from(addr[(x * 2) + 1])
[INFO] [stderr]     |                                     ^     ^
[INFO] [stderr]     |
[INFO] [stderr]     = note: `#[warn(unused_parens)]` on by default
[INFO] [stderr] help: remove these parentheses
[INFO] [stderr]     |
[INFO] [stderr] 359 -                     (u16::from(addr[(x * 2)]) << 8) | u16::from(addr[(x * 2) + 1])
[INFO] [stderr] 359 +                     (u16::from(addr[x * 2]) << 8) | u16::from(addr[(x * 2) + 1])
[INFO] [stderr]     |
[INFO] [stderr] 
[INFO] [stderr] warning: unused import: `std::collections::HashMap`
[INFO] [stderr]  --> src/types.rs:6:5
[INFO] [stderr]   |
[INFO] [stderr] 6 | use std::collections::HashMap;
[INFO] [stderr]   |     ^^^^^^^^^^^^^^^^^^^^^^^^^
[INFO] [stderr]   |
[INFO] [stderr]   = note: `#[warn(unused_imports)]` on by default
[INFO] [stderr] 
[INFO] [stderr] warning: unused import: `Ipv4Addr`
[INFO] [stderr]   --> src/types.rs:11:24
[INFO] [stderr]    |
[INFO] [stderr] 11 | use std::net::{IpAddr, Ipv4Addr, SocketAddr, SocketAddrV4};
[INFO] [stderr]    |                        ^^^^^^^^
[INFO] [stderr] 
[INFO] [stderr] warning: unused import: `std::sync::Arc`
[INFO] [stderr]   --> src/types.rs:12:5
[INFO] [stderr]    |
[INFO] [stderr] 12 | use std::sync::Arc;
[INFO] [stderr]    |     ^^^^^^^^^^^^^^
[INFO] [stderr] 
[INFO] [stderr] warning: unused import: `tokio::sync::Mutex`
[INFO] [stderr]   --> src/types.rs:15:5
[INFO] [stderr]    |
[INFO] [stderr] 15 | use tokio::sync::Mutex;
[INFO] [stderr]    |     ^^^^^^^^^^^^^^^^^^
[INFO] [stderr] 
[INFO] [stderr] warning: unused import: `RwLock`
[INFO] [stderr]  --> src/banlancer.rs:3:26
[INFO] [stderr]   |
[INFO] [stderr] 3 | use tokio::sync::{Mutex, RwLock};
[INFO] [stderr]   |                          ^^^^^^
[INFO] [stderr] 
[INFO] [stderr] warning: unused variable: `resp`
[INFO] [stderr]    --> src/http_proxy.rs:247:9
[INFO] [stderr]     |
[INFO] [stderr] 247 |     let resp = sender.send_request(req).await.unwrap();
[INFO] [stderr]     |         ^^^^ help: if this is intentional, prefix it with an underscore: `_resp`
[INFO] [stderr]     |
[INFO] [stderr]     = note: `#[warn(unused_variables)]` on by default
[INFO] [stderr] 
[INFO] [stderr] warning: function `send_connect_req` is never used
[INFO] [stderr]    --> src/http_proxy.rs:225:10
[INFO] [stderr]     |
[INFO] [stderr] 225 | async fn send_connect_req(
[INFO] [stderr]     |          ^^^^^^^^^^^^^^^^
[INFO] [stderr]     |
[INFO] [stderr]     = note: `#[warn(dead_code)]` on by default
[INFO] [stderr] 
[INFO] [stderr] warning: field `timeout` is never read
[INFO] [stderr]    --> src/http_proxy.rs:254:5
[INFO] [stderr]     |
[INFO] [stderr] 251 | pub struct HttpProxy {
[INFO] [stderr]     |            --------- field in this struct
[INFO] [stderr] ...
[INFO] [stderr] 254 |     timeout: Option<Duration>,
[INFO] [stderr]     |     ^^^^^^^
[INFO] [stderr] 
[INFO] [stderr] warning: variants `RuleFailure`, `NetworkUnreachable`, `HostUnreachable`, `TtlExpired`, and `HttpBadGateway` are never constructed
[INFO] [stderr]   --> src/types.rs:39:5
[INFO] [stderr]    |
[INFO] [stderr] 34 | pub enum ResponseCode {
[INFO] [stderr]    |          ------------ variants in this enum
[INFO] [stderr] ...
[INFO] [stderr] 39 |     RuleFailure = 0x02,
[INFO] [stderr]    |     ^^^^^^^^^^^
[INFO] [stderr] 40 |     #[snafu(display("network unreachable"))]
[INFO] [stderr] 41 |     NetworkUnreachable = 0x03,
[INFO] [stderr]    |     ^^^^^^^^^^^^^^^^^^
[INFO] [stderr] 42 |     #[snafu(display("host unreachable"))]
[INFO] [stderr] 43 |     HostUnreachable = 0x04,
[INFO] [stderr]    |     ^^^^^^^^^^^^^^^
[INFO] [stderr] ...
[INFO] [stderr] 47 |     TtlExpired = 0x06,
[INFO] [stderr]    |     ^^^^^^^^^^
[INFO] [stderr] ...
[INFO] [stderr] 53 |     HttpBadGateway = 0x502,
[INFO] [stderr]    |     ^^^^^^^^^^^^^^
[INFO] [stderr]    |
[INFO] [stderr]    = note: `ResponseCode` has a derived impl for the trait `Debug`, but this is intentionally ignored during dead code analysis
[INFO] [stderr] 
[INFO] [stderr] warning: enum `SiteIp` is never used
[INFO] [stderr]   --> src/traffic_diversion.rs:34:6
[INFO] [stderr]    |
[INFO] [stderr] 34 | enum SiteIp {
[INFO] [stderr]    |      ^^^^^^
[INFO] [stderr] 
[INFO] [stderr] warning: associated function `from_str` is never used
[INFO] [stderr]   --> src/traffic_diversion.rs:61:8
[INFO] [stderr]    |
[INFO] [stderr] 60 | impl SiteIp {
[INFO] [stderr]    | ----------- associated function in this implementation
[INFO] [stderr] 61 |     fn from_str(input: &str) -> SiteIp {
[INFO] [stderr]    |        ^^^^^^^^
[INFO] [stderr] 
[INFO] [stderr] warning: associated function `ip_to_number` is never used
[INFO] [stderr]    --> src/traffic_diversion.rs:295:8
[INFO] [stderr]     |
[INFO] [stderr] 126 | impl MatchProxy {
[INFO] [stderr]     | --------------- associated function in this implementation
[INFO] [stderr] ...
[INFO] [stderr] 295 |     fn ip_to_number(ip: Ipv4Addr) -> u32 {
[INFO] [stderr]     |        ^^^^^^^^^^^^
[INFO] [stderr] 
[INFO] [stderr] warning: method `get_best_node` is never used
[INFO] [stderr]  --> src/traits.rs:4:14
[INFO] [stderr]   |
[INFO] [stderr] 3 | pub trait BanlancerTrait {
[INFO] [stderr]   |           -------------- method in this trait
[INFO] [stderr] 4 |     async fn get_best_node(&self) -> Address;
[INFO] [stderr]   |              ^^^^^^^^^^^^^
[INFO] [stderr] 
[INFO] [stderr] warning: unused variable: `http_kill_tx`
[INFO] [stderr]    --> src/http_proxy.rs:455:14
[INFO] [stderr]     |
[INFO] [stderr] 455 |         let (http_kill_tx, mut http_kill_rx) = watch::channel(false);
[INFO] [stderr]     |              ^^^^^^^^^^^^ help: if this is intentional, prefix it with an underscore: `_http_kill_tx`
[INFO] [stderr] 
[INFO] [stderr] warning: `kitty_proxy` (lib) generated 14 warnings (run `cargo fix --lib -p kitty_proxy` to apply 6 suggestions)
[INFO] [stderr] warning: `kitty_proxy` (lib test) generated 15 warnings (14 duplicates)
[INFO] [stderr] warning: unused variable: `http_kill_tx`
[INFO] [stderr]   --> src/examples/proxy_example.rs:27:14
[INFO] [stderr]    |
[INFO] [stderr] 27 |         let (http_kill_tx, mut http_kill_rx) = watch::channel(false);
[INFO] [stderr]    |              ^^^^^^^^^^^^ help: if this is intentional, prefix it with an underscore: `_http_kill_tx`
[INFO] [stderr]    |
[INFO] [stderr]    = note: `#[warn(unused_variables)]` on by default
[INFO] [stderr] 
[INFO] [stderr] warning: `kitty_proxy` (example "proxy_example") generated 1 warning
[INFO] [stderr]     Finished `test` profile [unoptimized + debuginfo] target(s) in 0.12s
[INFO] [stderr]      Running unittests src/lib.rs (/opt/rustwide/target/debug/deps/kitty_proxy-3cac7a0a7ffe7ff3)
[INFO] [stdout] 
[INFO] [stdout] running 2 tests
[INFO] [stdout] test traffic_diversion::tests::it_works ... FAILED
[INFO] [stdout] test http_proxy::tests::it_works ... FAILED
[INFO] [stdout] 
[INFO] [stdout] failures:
[INFO] [stdout] 
[INFO] [stdout] ---- traffic_diversion::tests::it_works stdout ----
[INFO] [stdout] 
[INFO] [stdout] thread 'traffic_diversion::tests::it_works' panicked at src/traffic_diversion.rs:134:51:
[INFO] [stdout] Failed to open file: Os { code: 2, kind: NotFound, message: "No such file or directory" }
[INFO] [stdout] stack backtrace:
[INFO] [stdout]    0:     0x6390ee20beea - std::backtrace_rs::backtrace::libunwind::trace::hb059275cfc8d6126
[INFO] [stdout]                                at /rustc/6067b36314ab5eb2eb47cecc464545ba58e1ad24/library/std/src/../../backtrace/src/backtrace/libunwind.rs:116:5
[INFO] [stdout]    1:     0x6390ee20beea - std::backtrace_rs::backtrace::trace_unsynchronized::h2da071e4327ce3ee
[INFO] [stdout]                                at /rustc/6067b36314ab5eb2eb47cecc464545ba58e1ad24/library/std/src/../../backtrace/src/backtrace/mod.rs:66:5
[INFO] [stdout]    2:     0x6390ee20beea - std::sys::backtrace::_print_fmt::h842a1474e6f8d23f
[INFO] [stdout]                                at /rustc/6067b36314ab5eb2eb47cecc464545ba58e1ad24/library/std/src/sys/backtrace.rs:66:9
[INFO] [stdout]    3:     0x6390ee20beea - <std::sys::backtrace::BacktraceLock::print::DisplayBacktrace as core::fmt::Display>::fmt::h71a62eb3b9696b12
[INFO] [stdout]                                at /rustc/6067b36314ab5eb2eb47cecc464545ba58e1ad24/library/std/src/sys/backtrace.rs:39:26
[INFO] [stdout]    4:     0x6390ee239413 - core::fmt::rt::Argument::fmt::hdb6b616786b41dc1
[INFO] [stdout]                                at /rustc/6067b36314ab5eb2eb47cecc464545ba58e1ad24/library/core/src/fmt/rt.rs:177:76
[INFO] [stdout]    5:     0x6390ee239413 - core::fmt::write::h2cc1698af7e2d686
[INFO] [stdout]                                at /rustc/6067b36314ab5eb2eb47cecc464545ba58e1ad24/library/core/src/fmt/mod.rs:1440:21
[INFO] [stdout]    6:     0x6390ee207c23 - std::io::Write::write_fmt::hab1b4cd059a79022
[INFO] [stdout]                                at /rustc/6067b36314ab5eb2eb47cecc464545ba58e1ad24/library/std/src/io/mod.rs:1887:15
[INFO] [stdout]    7:     0x6390ee20bd32 - std::sys::backtrace::BacktraceLock::print::h147fe35b4ea13b08
[INFO] [stdout]                                at /rustc/6067b36314ab5eb2eb47cecc464545ba58e1ad24/library/std/src/sys/backtrace.rs:42:9
[INFO] [stdout]    8:     0x6390ee20d30f - std::panicking::default_hook::{{closure}}::hbd44223dbdc0d208
[INFO] [stdout]                                at /rustc/6067b36314ab5eb2eb47cecc464545ba58e1ad24/library/std/src/panicking.rs:298:22
[INFO] [stdout]    9:     0x6390ee20d128 - std::panicking::default_hook::h20f81eb0576efcec
[INFO] [stdout]                                at /rustc/6067b36314ab5eb2eb47cecc464545ba58e1ad24/library/std/src/panicking.rs:322:9
[INFO] [stdout]   10:     0x6390edaab8d3 - <alloc::boxed::Box<F,A> as core::ops::function::Fn<Args>>::call::hdb53814c496a4d34
[INFO] [stdout]                                at /rustc/6067b36314ab5eb2eb47cecc464545ba58e1ad24/library/alloc/src/boxed.rs:2027:9
[INFO] [stdout]   11:     0x6390edaab8d3 - test::test_main::{{closure}}::hc0a4963c59427c24
[INFO] [stdout]                                at /rustc/6067b36314ab5eb2eb47cecc464545ba58e1ad24/library/test/src/lib.rs:134:21
[INFO] [stdout]   12:     0x6390ee20de03 - <alloc::boxed::Box<F,A> as core::ops::function::Fn<Args>>::call::h591b2225413a77e9
[INFO] [stdout]                                at /rustc/6067b36314ab5eb2eb47cecc464545ba58e1ad24/library/alloc/src/boxed.rs:2027:9
[INFO] [stdout]   13:     0x6390ee20de03 - std::panicking::rust_panic_with_hook::h625eea43051b2edc
[INFO] [stdout]                                at /rustc/6067b36314ab5eb2eb47cecc464545ba58e1ad24/library/std/src/panicking.rs:839:13
[INFO] [stdout]   14:     0x6390ee20daba - std::panicking::begin_panic_handler::{{closure}}::h4f9159cfbc3f6bd3
[INFO] [stdout]                                at /rustc/6067b36314ab5eb2eb47cecc464545ba58e1ad24/library/std/src/panicking.rs:704:13
[INFO] [stdout]   15:     0x6390ee20c3e9 - std::sys::backtrace::__rust_end_short_backtrace::h0390abce48353151
[INFO] [stdout]                                at /rustc/6067b36314ab5eb2eb47cecc464545ba58e1ad24/library/std/src/sys/backtrace.rs:168:18
[INFO] [stdout]   16:     0x6390ee20d74d - rust_begin_unwind
[INFO] [stdout]                                at /rustc/6067b36314ab5eb2eb47cecc464545ba58e1ad24/library/std/src/panicking.rs:695:5
[INFO] [stdout]   17:     0x6390ee236cc0 - core::panicking::panic_fmt::h9e7c637e9e5f29c9
[INFO] [stdout]                                at /rustc/6067b36314ab5eb2eb47cecc464545ba58e1ad24/library/core/src/panicking.rs:75:14
[INFO] [stdout]   18:     0x6390ee237196 - core::result::unwrap_failed::h7979f09313fe1849
[INFO] [stdout]                                at /rustc/6067b36314ab5eb2eb47cecc464545ba58e1ad24/library/core/src/result.rs:1704:5
[INFO] [stdout]   19:     0x6390eda34aed - core::result::Result<T,E>::expect::h338915c8d8af1f12
[INFO] [stdout]                                at /rustc/6067b36314ab5eb2eb47cecc464545ba58e1ad24/library/core/src/result.rs:1061:23
[INFO] [stdout]   20:     0x6390eda4230b - kitty_proxy::traffic_diversion::MatchProxy::from_geo_dat::hef8bc7231601c103
[INFO] [stdout]                                at /opt/rustwide/workdir/src/traffic_diversion.rs:134:28
[INFO] [stdout]   21:     0x6390eda50b96 - kitty_proxy::traffic_diversion::tests::it_works::h406f4606d4992730
[INFO] [stdout]                                at /opt/rustwide/workdir/src/traffic_diversion.rs:409:23
[INFO] [stdout]   22:     0x6390eda50a57 - kitty_proxy::traffic_diversion::tests::it_works::{{closure}}::h28d1adf453a8b94b
[INFO] [stdout]                                at /opt/rustwide/workdir/src/traffic_diversion.rs:406:22
[INFO] [stdout]   23:     0x6390eda29d46 - core::ops::function::FnOnce::call_once::h46fa0564a6863389
[INFO] [stdout]                                at /rustc/6067b36314ab5eb2eb47cecc464545ba58e1ad24/library/core/src/ops/function.rs:250:5
[INFO] [stdout]   24:     0x6390edab102b - core::ops::function::FnOnce::call_once::he27718dfdd183f43
[INFO] [stdout]                                at /rustc/6067b36314ab5eb2eb47cecc464545ba58e1ad24/library/core/src/ops/function.rs:250:5
[INFO] [stdout]   25:     0x6390edab102b - test::__rust_begin_short_backtrace::h4e84902998457a5d
[INFO] [stdout]                                at /rustc/6067b36314ab5eb2eb47cecc464545ba58e1ad24/library/test/src/lib.rs:632:18
[INFO] [stdout]   26:     0x6390edaaff63 - test::run_test_in_process::{{closure}}::h7176fd18fc1feca0
[INFO] [stdout]                                at /rustc/6067b36314ab5eb2eb47cecc464545ba58e1ad24/library/test/src/lib.rs:655:60
[INFO] [stdout]   27:     0x6390edaaff63 - <core::panic::unwind_safe::AssertUnwindSafe<F> as core::ops::function::FnOnce<()>>::call_once::hf79cff2a624d8cf7
[INFO] [stdout]                                at /rustc/6067b36314ab5eb2eb47cecc464545ba58e1ad24/library/core/src/panic/unwind_safe.rs:272:9
[INFO] [stdout]   28:     0x6390edaaff63 - std::panicking::try::do_call::h3da0561d9ab99c25
[INFO] [stdout]                                at /rustc/6067b36314ab5eb2eb47cecc464545ba58e1ad24/library/std/src/panicking.rs:587:40
[INFO] [stdout]   29:     0x6390edaaff63 - std::panicking::try::h41c9fa508bc61df6
[INFO] [stdout]                                at /rustc/6067b36314ab5eb2eb47cecc464545ba58e1ad24/library/std/src/panicking.rs:550:19
[INFO] [stdout]   30:     0x6390edaaff63 - std::panic::catch_unwind::h6b3ff07bb5afad93
[INFO] [stdout]                                at /rustc/6067b36314ab5eb2eb47cecc464545ba58e1ad24/library/std/src/panic.rs:358:14
[INFO] [stdout]   31:     0x6390edaaff63 - test::run_test_in_process::hc7253dd11b39b9f4
[INFO] [stdout]                                at /rustc/6067b36314ab5eb2eb47cecc464545ba58e1ad24/library/test/src/lib.rs:655:27
[INFO] [stdout]   32:     0x6390edaaff63 - test::run_test::{{closure}}::hfb2007f8649c30bb
[INFO] [stdout]                                at /rustc/6067b36314ab5eb2eb47cecc464545ba58e1ad24/library/test/src/lib.rs:576:43
[INFO] [stdout]   33:     0x6390eda73045 - test::run_test::{{closure}}::h56a17aa7a282a9f4
[INFO] [stdout]                                at /rustc/6067b36314ab5eb2eb47cecc464545ba58e1ad24/library/test/src/lib.rs:606:41
[INFO] [stdout]   34:     0x6390eda73045 - std::sys::backtrace::__rust_begin_short_backtrace::hd2d2d2fb8e8c6aac
[INFO] [stdout]                                at /rustc/6067b36314ab5eb2eb47cecc464545ba58e1ad24/library/std/src/sys/backtrace.rs:152:18
[INFO] [stdout]   35:     0x6390eda7692a - std::thread::Builder::spawn_unchecked_::{{closure}}::{{closure}}::h4faa3f9db6133423
[INFO] [stdout]                                at /rustc/6067b36314ab5eb2eb47cecc464545ba58e1ad24/library/std/src/thread/mod.rs:559:17
[INFO] [stdout]   36:     0x6390eda7692a - <core::panic::unwind_safe::AssertUnwindSafe<F> as core::ops::function::FnOnce<()>>::call_once::hf2e855a36a4ea846
[INFO] [stdout]                                at /rustc/6067b36314ab5eb2eb47cecc464545ba58e1ad24/library/core/src/panic/unwind_safe.rs:272:9
[INFO] [stdout]   37:     0x6390eda7692a - std::panicking::try::do_call::h2f73af3616c35465
[INFO] [stdout]                                at /rustc/6067b36314ab5eb2eb47cecc464545ba58e1ad24/library/std/src/panicking.rs:587:40
[INFO] [stdout]   38:     0x6390eda7692a - std::panicking::try::hd1660ce9efadef5a
[INFO] [stdout]                                at /rustc/6067b36314ab5eb2eb47cecc464545ba58e1ad24/library/std/src/panicking.rs:550:19
[INFO] [stdout]   39:     0x6390eda7692a - std::panic::catch_unwind::h5ee8d7823b8ca744
[INFO] [stdout]                                at /rustc/6067b36314ab5eb2eb47cecc464545ba58e1ad24/library/std/src/panic.rs:358:14
[INFO] [stdout]   40:     0x6390eda7692a - std::thread::Builder::spawn_unchecked_::{{closure}}::h53c3a1894dce8407
[INFO] [stdout]                                at /rustc/6067b36314ab5eb2eb47cecc464545ba58e1ad24/library/std/src/thread/mod.rs:557:30
[INFO] [stdout]   41:     0x6390eda7692a - core::ops::function::FnOnce::call_once{{vtable.shim}}::h048ce291ad4f62bf
[INFO] [stdout]                                at /rustc/6067b36314ab5eb2eb47cecc464545ba58e1ad24/library/core/src/ops/function.rs:250:5
[INFO] [stdout]   42:     0x6390ee211fcb - <alloc::boxed::Box<F,A> as core::ops::function::FnOnce<Args>>::call_once::ha52bedf99a3b4981
[INFO] [stdout]                                at /rustc/6067b36314ab5eb2eb47cecc464545ba58e1ad24/library/alloc/src/boxed.rs:2013:9
[INFO] [stdout]   43:     0x6390ee211fcb - <alloc::boxed::Box<F,A> as core::ops::function::FnOnce<Args>>::call_once::h567748934d80ccf8
[INFO] [stdout]                                at /rustc/6067b36314ab5eb2eb47cecc464545ba58e1ad24/library/alloc/src/boxed.rs:2013:9
[INFO] [stdout]   44:     0x6390ee211fcb - std::sys::pal::unix::thread::Thread::new::thread_start::h2d970728ae887adc
[INFO] [stdout]                                at /rustc/6067b36314ab5eb2eb47cecc464545ba58e1ad24/library/std/src/sys/pal/unix/thread.rs:106:17
[INFO] [stdout]   45:     0x731bfca5bac3 - <unknown>
[INFO] [stdout]   46:     0x731bfcaeca04 - clone
[INFO] [stdout]   47:                0x0 - <unknown>
[INFO] [stdout] 
[INFO] [stdout] ---- http_proxy::tests::it_works stdout ----
[INFO] [stdout] 
[INFO] [stdout] thread 'http_proxy::tests::it_works' panicked at src/traffic_diversion.rs:134:51:
[INFO] [stdout] Failed to open file: Os { code: 2, kind: NotFound, message: "No such file or directory" }
[INFO] [stdout] stack backtrace:
[INFO] [stdout]    0:     0x6390ee20beea - std::backtrace_rs::backtrace::libunwind::trace::hb059275cfc8d6126
[INFO] [stdout]                                at /rustc/6067b36314ab5eb2eb47cecc464545ba58e1ad24/library/std/src/../../backtrace/src/backtrace/libunwind.rs:116:5
[INFO] [stdout]    1:     0x6390ee20beea - std::backtrace_rs::backtrace::trace_unsynchronized::h2da071e4327ce3ee
[INFO] [stdout]                                at /rustc/6067b36314ab5eb2eb47cecc464545ba58e1ad24/library/std/src/../../backtrace/src/backtrace/mod.rs:66:5
[INFO] [stdout]    2:     0x6390ee20beea - std::sys::backtrace::_print_fmt::h842a1474e6f8d23f
[INFO] [stdout]                                at /rustc/6067b36314ab5eb2eb47cecc464545ba58e1ad24/library/std/src/sys/backtrace.rs:66:9
[INFO] [stdout]    3:     0x6390ee20beea - <std::sys::backtrace::BacktraceLock::print::DisplayBacktrace as core::fmt::Display>::fmt::h71a62eb3b9696b12
[INFO] [stdout]                                at /rustc/6067b36314ab5eb2eb47cecc464545ba58e1ad24/library/std/src/sys/backtrace.rs:39:26
[INFO] [stdout]    4:     0x6390ee239413 - core::fmt::rt::Argument::fmt::hdb6b616786b41dc1
[INFO] [stdout]                                at /rustc/6067b36314ab5eb2eb47cecc464545ba58e1ad24/library/core/src/fmt/rt.rs:177:76
[INFO] [stdout]    5:     0x6390ee239413 - core::fmt::write::h2cc1698af7e2d686
[INFO] [stdout]                                at /rustc/6067b36314ab5eb2eb47cecc464545ba58e1ad24/library/core/src/fmt/mod.rs:1440:21
[INFO] [stdout]    6:     0x6390ee207c23 - std::io::Write::write_fmt::hab1b4cd059a79022
[INFO] [stdout]                                at /rustc/6067b36314ab5eb2eb47cecc464545ba58e1ad24/library/std/src/io/mod.rs:1887:15
[INFO] [stdout]    7:     0x6390ee20bd32 - std::sys::backtrace::BacktraceLock::print::h147fe35b4ea13b08
[INFO] [stdout]                                at /rustc/6067b36314ab5eb2eb47cecc464545ba58e1ad24/library/std/src/sys/backtrace.rs:42:9
[INFO] [stdout]    8:     0x6390ee20d30f - std::panicking::default_hook::{{closure}}::hbd44223dbdc0d208
[INFO] [stdout]                                at /rustc/6067b36314ab5eb2eb47cecc464545ba58e1ad24/library/std/src/panicking.rs:298:22
[INFO] [stdout]    9:     0x6390ee20d128 - std::panicking::default_hook::h20f81eb0576efcec
[INFO] [stdout]                                at /rustc/6067b36314ab5eb2eb47cecc464545ba58e1ad24/library/std/src/panicking.rs:322:9
[INFO] [stdout]   10:     0x6390edaab8d3 - <alloc::boxed::Box<F,A> as core::ops::function::Fn<Args>>::call::hdb53814c496a4d34
[INFO] [stdout]                                at /rustc/6067b36314ab5eb2eb47cecc464545ba58e1ad24/library/alloc/src/boxed.rs:2027:9
[INFO] [stdout]   11:     0x6390edaab8d3 - test::test_main::{{closure}}::hc0a4963c59427c24
[INFO] [stdout]                                at /rustc/6067b36314ab5eb2eb47cecc464545ba58e1ad24/library/test/src/lib.rs:134:21
[INFO] [stdout]   12:     0x6390ee20de03 - <alloc::boxed::Box<F,A> as core::ops::function::Fn<Args>>::call::h591b2225413a77e9
[INFO] [stdout]                                at /rustc/6067b36314ab5eb2eb47cecc464545ba58e1ad24/library/alloc/src/boxed.rs:2027:9
[INFO] [stdout]   13:     0x6390ee20de03 - std::panicking::rust_panic_with_hook::h625eea43051b2edc
[INFO] [stdout]                                at /rustc/6067b36314ab5eb2eb47cecc464545ba58e1ad24/library/std/src/panicking.rs:839:13
[INFO] [stdout]   14:     0x6390ee20daba - std::panicking::begin_panic_handler::{{closure}}::h4f9159cfbc3f6bd3
[INFO] [stdout]                                at /rustc/6067b36314ab5eb2eb47cecc464545ba58e1ad24/library/std/src/panicking.rs:704:13
[INFO] [stdout]   15:     0x6390ee20c3e9 - std::sys::backtrace::__rust_end_short_backtrace::h0390abce48353151
[INFO] [stdout]                                at /rustc/6067b36314ab5eb2eb47cecc464545ba58e1ad24/library/std/src/sys/backtrace.rs:168:18
[INFO] [stdout]   16:     0x6390ee20d74d - rust_begin_unwind
[INFO] [stdout]                                at /rustc/6067b36314ab5eb2eb47cecc464545ba58e1ad24/library/std/src/panicking.rs:695:5
[INFO] [stdout]   17:     0x6390ee236cc0 - core::panicking::panic_fmt::h9e7c637e9e5f29c9
[INFO] [stdout]                                at /rustc/6067b36314ab5eb2eb47cecc464545ba58e1ad24/library/core/src/panicking.rs:75:14
[INFO] [stdout]   18:     0x6390ee237196 - core::result::unwrap_failed::h7979f09313fe1849
[INFO] [stdout]                                at /rustc/6067b36314ab5eb2eb47cecc464545ba58e1ad24/library/core/src/result.rs:1704:5
[INFO] [stdout]   19:     0x6390eda34aed - core::result::Result<T,E>::expect::h338915c8d8af1f12
[INFO] [stdout]                                at /rustc/6067b36314ab5eb2eb47cecc464545ba58e1ad24/library/core/src/result.rs:1061:23
[INFO] [stdout]   20:     0x6390eda4230b - kitty_proxy::traffic_diversion::MatchProxy::from_geo_dat::hef8bc7231601c103
[INFO] [stdout]                                at /opt/rustwide/workdir/src/traffic_diversion.rs:134:28
[INFO] [stdout]   21:     0x6390ed9f40f8 - kitty_proxy::http_proxy::tests::it_works::{{closure}}::h7e79c10ff2bca5db
[INFO] [stdout]                                at /opt/rustwide/workdir/src/http_proxy.rs:448:27
[INFO] [stdout]   22:     0x6390eda41195 - <core::pin::Pin<P> as core::future::future::Future>::poll::he90a97b36f6dcb76
[INFO] [stdout]                                at /rustc/6067b36314ab5eb2eb47cecc464545ba58e1ad24/library/core/src/future/future.rs:124:9
[INFO] [stdout]   23:     0x6390eda4110d - <core::pin::Pin<P> as core::future::future::Future>::poll::h562d4cec992372c5
[INFO] [stdout]                                at /rustc/6067b36314ab5eb2eb47cecc464545ba58e1ad24/library/core/src/future/future.rs:124:9
[INFO] [stdout]   24:     0x6390eda1519f - tokio::runtime::scheduler::current_thread::CoreGuard::block_on::{{closure}}::{{closure}}::{{closure}}::hc930e583de97ee0d
[INFO] [stdout]                                at /opt/rustwide/cargo-home/registry/src/index.crates.io-1949cf8c6b5b557f/tokio-1.35.1/src/runtime/scheduler/current_thread/mod.rs:665:57
[INFO] [stdout]   25:     0x6390eda150c6 - tokio::runtime::coop::with_budget::ha1338a38b09f17d7
[INFO] [stdout]                                at /opt/rustwide/cargo-home/registry/src/index.crates.io-1949cf8c6b5b557f/tokio-1.35.1/src/runtime/coop.rs:107:5
[INFO] [stdout]   26:     0x6390eda150c6 - tokio::runtime::coop::budget::h3f09ca6e5e28531a
[INFO] [stdout]                                at /opt/rustwide/cargo-home/registry/src/index.crates.io-1949cf8c6b5b557f/tokio-1.35.1/src/runtime/coop.rs:73:5
[INFO] [stdout]   27:     0x6390eda150c6 - tokio::runtime::scheduler::current_thread::CoreGuard::block_on::{{closure}}::{{closure}}::h0e1781c31960855c
[INFO] [stdout]                                at /opt/rustwide/cargo-home/registry/src/index.crates.io-1949cf8c6b5b557f/tokio-1.35.1/src/runtime/scheduler/current_thread/mod.rs:665:25
[INFO] [stdout]   28:     0x6390eda13d4a - tokio::runtime::scheduler::current_thread::Context::enter::h57dd3f99ab94e3c2
[INFO] [stdout]                                at /opt/rustwide/cargo-home/registry/src/index.crates.io-1949cf8c6b5b557f/tokio-1.35.1/src/runtime/scheduler/current_thread/mod.rs:410:19
[INFO] [stdout]   29:     0x6390eda148ae - tokio::runtime::scheduler::current_thread::CoreGuard::block_on::{{closure}}::h9a43a7b7b911ea37
[INFO] [stdout]                                at /opt/rustwide/cargo-home/registry/src/index.crates.io-1949cf8c6b5b557f/tokio-1.35.1/src/runtime/scheduler/current_thread/mod.rs:664:36
[INFO] [stdout]   30:     0x6390eda145fb - tokio::runtime::scheduler::current_thread::CoreGuard::enter::{{closure}}::hbd9eba54fe4a6d20
[INFO] [stdout]                                at /opt/rustwide/cargo-home/registry/src/index.crates.io-1949cf8c6b5b557f/tokio-1.35.1/src/runtime/scheduler/current_thread/mod.rs:743:68
[INFO] [stdout]   31:     0x6390eda3b49a - tokio::runtime::context::scoped::Scoped<T>::set::h15f161a9565f937f
[INFO] [stdout]                                at /opt/rustwide/cargo-home/registry/src/index.crates.io-1949cf8c6b5b557f/tokio-1.35.1/src/runtime/context/scoped.rs:40:9
[INFO] [stdout]   32:     0x6390eda326ba - tokio::runtime::context::set_scheduler::{{closure}}::h2b380e91767e58ef
[INFO] [stdout]                                at /opt/rustwide/cargo-home/registry/src/index.crates.io-1949cf8c6b5b557f/tokio-1.35.1/src/runtime/context.rs:176:26
[INFO] [stdout]   33:     0x6390eda0c9b6 - std::thread::local::LocalKey<T>::try_with::h7bcfaebac072a079
[INFO] [stdout]                                at /rustc/6067b36314ab5eb2eb47cecc464545ba58e1ad24/library/std/src/thread/local.rs:308:12
[INFO] [stdout]   34:     0x6390eda0c22d - std::thread::local::LocalKey<T>::with::h72c38b90778718f9
[INFO] [stdout]                                at /rustc/6067b36314ab5eb2eb47cecc464545ba58e1ad24/library/std/src/thread/local.rs:272:9
[INFO] [stdout]   35:     0x6390eda32661 - tokio::runtime::context::set_scheduler::h9a7544e62f41e2c7
[INFO] [stdout]                                at /opt/rustwide/cargo-home/registry/src/index.crates.io-1949cf8c6b5b557f/tokio-1.35.1/src/runtime/context.rs:176:9
[INFO] [stdout]   36:     0x6390eda14369 - tokio::runtime::scheduler::current_thread::CoreGuard::enter::hbb2021a2dc734233
[INFO] [stdout]                                at /opt/rustwide/cargo-home/registry/src/index.crates.io-1949cf8c6b5b557f/tokio-1.35.1/src/runtime/scheduler/current_thread/mod.rs:743:27
[INFO] [stdout]   37:     0x6390eda14623 - tokio::runtime::scheduler::current_thread::CoreGuard::block_on::hf1111ec66fa48868
[INFO] [stdout]                                at /opt/rustwide/cargo-home/registry/src/index.crates.io-1949cf8c6b5b557f/tokio-1.35.1/src/runtime/scheduler/current_thread/mod.rs:652:19
[INFO] [stdout]   38:     0x6390eda12093 - tokio::runtime::scheduler::current_thread::CurrentThread::block_on::{{closure}}::h6a6e5fd14a9a2b3f
[INFO] [stdout]                                at /opt/rustwide/cargo-home/registry/src/index.crates.io-1949cf8c6b5b557f/tokio-1.35.1/src/runtime/scheduler/current_thread/mod.rs:175:28
[INFO] [stdout]   39:     0x6390ed9ea906 - tokio::runtime::context::runtime::enter_runtime::h76b7121682fe84d6
[INFO] [stdout]                                at /opt/rustwide/cargo-home/registry/src/index.crates.io-1949cf8c6b5b557f/tokio-1.35.1/src/runtime/context/runtime.rs:65:16
[INFO] [stdout]   40:     0x6390eda11f91 - tokio::runtime::scheduler::current_thread::CurrentThread::block_on::h0a7d906da422fc2a
[INFO] [stdout]                                at /opt/rustwide/cargo-home/registry/src/index.crates.io-1949cf8c6b5b557f/tokio-1.35.1/src/runtime/scheduler/current_thread/mod.rs:167:9
[INFO] [stdout]   41:     0x6390eda5d949 - tokio::runtime::runtime::Runtime::block_on::hfe0b6c6e03db6188
[INFO] [stdout]                                at /opt/rustwide/cargo-home/registry/src/index.crates.io-1949cf8c6b5b557f/tokio-1.35.1/src/runtime/runtime.rs:348:47
[INFO] [stdout]   42:     0x6390ed9f3b93 - kitty_proxy::http_proxy::tests::it_works::hb73ac7d1e0e53eea
[INFO] [stdout]                                at /opt/rustwide/workdir/src/http_proxy.rs:466:9
[INFO] [stdout]   43:     0x6390ed9f3a37 - kitty_proxy::http_proxy::tests::it_works::{{closure}}::h6852ebaee46fdc7b
[INFO] [stdout]                                at /opt/rustwide/workdir/src/http_proxy.rs:442:28
[INFO] [stdout]   44:     0x6390eda2a706 - core::ops::function::FnOnce::call_once::hd5917c980e3e4d0d
[INFO] [stdout]                                at /rustc/6067b36314ab5eb2eb47cecc464545ba58e1ad24/library/core/src/ops/function.rs:250:5
[INFO] [stdout]   45:     0x6390edab102b - core::ops::function::FnOnce::call_once::he27718dfdd183f43
[INFO] [stdout]                                at /rustc/6067b36314ab5eb2eb47cecc464545ba58e1ad24/library/core/src/ops/function.rs:250:5
[INFO] [stdout]   46:     0x6390edab102b - test::__rust_begin_short_backtrace::h4e84902998457a5d
[INFO] [stdout]                                at /rustc/6067b36314ab5eb2eb47cecc464545ba58e1ad24/library/test/src/lib.rs:632:18
[INFO] [stdout]   47:     0x6390edaaff63 - test::run_test_in_process::{{closure}}::h7176fd18fc1feca0
[INFO] [stdout]                                at /rustc/6067b36314ab5eb2eb47cecc464545ba58e1ad24/library/test/src/lib.rs:655:60
[INFO] [stdout]   48:     0x6390edaaff63 - <core::panic::unwind_safe::AssertUnwindSafe<F> as core::ops::function::FnOnce<()>>::call_once::hf79cff2a624d8cf7
[INFO] [stdout]                                at /rustc/6067b36314ab5eb2eb47cecc464545ba58e1ad24/library/core/src/panic/unwind_safe.rs:272:9
[INFO] [stdout]   49:     0x6390edaaff63 - std::panicking::try::do_call::h3da0561d9ab99c25
[INFO] [stdout]                                at /rustc/6067b36314ab5eb2eb47cecc464545ba58e1ad24/library/std/src/panicking.rs:587:40
[INFO] [stdout]   50:     0x6390edaaff63 - std::panicking::try::h41c9fa508bc61df6
[INFO] [stdout]                                at /rustc/6067b36314ab5eb2eb47cecc464545ba58e1ad24/library/std/src/panicking.rs:550:19
[INFO] [stdout]   51:     0x6390edaaff63 - std::panic::catch_unwind::h6b3ff07bb5afad93
[INFO] [stdout]                                at /rustc/6067b36314ab5eb2eb47cecc464545ba58e1ad24/library/std/src/panic.rs:358:14
[INFO] [stdout]   52:     0x6390edaaff63 - test::run_test_in_process::hc7253dd11b39b9f4
[INFO] [stdout]                                at /rustc/6067b36314ab5eb2eb47cecc464545ba58e1ad24/library/test/src/lib.rs:655:27
[INFO] [stdout]   53:     0x6390edaaff63 - test::run_test::{{closure}}::hfb2007f8649c30bb
[INFO] [stdout]                                at /rustc/6067b36314ab5eb2eb47cecc464545ba58e1ad24/library/test/src/lib.rs:576:43
[INFO] [stdout]   54:     0x6390eda73045 - test::run_test::{{closure}}::h56a17aa7a282a9f4
[INFO] [stdout]                                at /rustc/6067b36314ab5eb2eb47cecc464545ba58e1ad24/library/test/src/lib.rs:606:41
[INFO] [stdout]   55:     0x6390eda73045 - std::sys::backtrace::__rust_begin_short_backtrace::hd2d2d2fb8e8c6aac
[INFO] [stdout]                                at /rustc/6067b36314ab5eb2eb47cecc464545ba58e1ad24/library/std/src/sys/backtrace.rs:152:18
[INFO] [stdout]   56:     0x6390eda7692a - std::thread::Builder::spawn_unchecked_::{{closure}}::{{closure}}::h4faa3f9db6133423
[INFO] [stdout]                                at /rustc/6067b36314ab5eb2eb47cecc464545ba58e1ad24/library/std/src/thread/mod.rs:559:17
[INFO] [stdout]   57:     0x6390eda7692a - <core::panic::unwind_safe::AssertUnwindSafe<F> as core::ops::function::FnOnce<()>>::call_once::hf2e855a36a4ea846
[INFO] [stdout]                                at /rustc/6067b36314ab5eb2eb47cecc464545ba58e1ad24/library/core/src/panic/unwind_safe.rs:272:9
[INFO] [stdout]   58:     0x6390eda7692a - std::panicking::try::do_call::h2f73af3616c35465
[INFO] [stdout]                                at /rustc/6067b36314ab5eb2eb47cecc464545ba58e1ad24/library/std/src/panicking.rs:587:40
[INFO] [stdout]   59:     0x6390eda7692a - std::panicking::try::hd1660ce9efadef5a
[INFO] [stdout]                                at /rustc/6067b36314ab5eb2eb47cecc464545ba58e1ad24/library/std/src/panicking.rs:550:19
[INFO] [stdout]   60:     0x6390eda7692a - std::panic::catch_unwind::h5ee8d7823b8ca744
[INFO] [stdout]                                at /rustc/6067b36314ab5eb2eb47cecc464545ba58e1ad24/library/std/src/panic.rs:358:14
[INFO] [stdout]   61:     0x6390eda7692a - std::thread::Builder::spawn_unchecked_::{{closure}}::h53c3a1894dce8407
[INFO] [stdout]                                at /rustc/6067b36314ab5eb2eb47cecc464545ba58e1ad24/library/std/src/thread/mod.rs:557:30
[INFO] [stdout]   62:     0x6390eda7692a - core::ops::function::FnOnce::call_once{{vtable.shim}}::h048ce291ad4f62bf
[INFO] [stdout]                                at /rustc/6067b36314ab5eb2eb47cecc464545ba58e1ad24/library/core/src/ops/function.rs:250:5
[INFO] [stdout]   63:     0x6390ee211fcb - <alloc::boxed::Box<F,A> as core::ops::function::FnOnce<Args>>::call_once::ha52bedf99a3b4981
[INFO] [stdout]                                at /rustc/6067b36314ab5eb2eb47cecc464545ba58e1ad24/library/alloc/src/boxed.rs:2013:9
[INFO] [stdout]   64:     0x6390ee211fcb - <alloc::boxed::Box<F,A> as core::ops::function::FnOnce<Args>>::call_once::h567748934d80ccf8
[INFO] [stdout]                                at /rustc/6067b36314ab5eb2eb47cecc464545ba58e1ad24/library/alloc/src/boxed.rs:2013:9
[INFO] [stdout]   65:     0x6390ee211fcb - std::sys::pal::unix::thread::Thread::new::thread_start::h2d970728ae887adc
[INFO] [stdout]                                at /rustc/6067b36314ab5eb2eb47cecc464545ba58e1ad24/library/std/src/sys/pal/unix/thread.rs:106:17
[INFO] [stdout]   66:     0x731bfca5bac3 - <unknown>
[INFO] [stdout]   67:     0x731bfcaeca04 - clone
[INFO] [stdout]   68:                0x0 - <unknown>
[INFO] [stdout] 
[INFO] [stdout] 
[INFO] [stdout] failures:
[INFO] [stdout]     http_proxy::tests::it_works
[INFO] [stdout]     traffic_diversion::tests::it_works
[INFO] [stdout] 
[INFO] [stdout] test result: FAILED. 0 passed; 2 failed; 0 ignored; 0 measured; 0 filtered out; finished in 0.05s
[INFO] [stdout] 
[INFO] [stderr] error: test failed, to rerun pass `--lib`
[INFO] running `Command { std: "docker" "inspect" "ae0c10f6f4a029c22361e31166165ad7b122360c9d739e76b0269e8c6f507eca", kill_on_drop: false }`
[INFO] running `Command { std: "docker" "rm" "-f" "ae0c10f6f4a029c22361e31166165ad7b122360c9d739e76b0269e8c6f507eca", kill_on_drop: false }`
[INFO] [stdout] ae0c10f6f4a029c22361e31166165ad7b122360c9d739e76b0269e8c6f507eca
