[INFO] cloning repository https://github.com/heartlabs/megachess
[INFO] running `Command { std: "git" "-c" "credential.helper=" "-c" "credential.helper=/workspace/cargo-home/bin/git-credential-null" "clone" "--bare" "https://github.com/heartlabs/megachess" "/workspace/cache/git-repos/https%3A%2F%2Fgithub.com%2Fheartlabs%2Fmegachess", kill_on_drop: false }`
[INFO] [stderr] Cloning into bare repository '/workspace/cache/git-repos/https%3A%2F%2Fgithub.com%2Fheartlabs%2Fmegachess'...
[INFO] running `Command { std: "git" "rev-parse" "HEAD", kill_on_drop: false }`
[INFO] [stdout] 0bad9594ccc6b23d67d048125bd2e8c807019a53
[INFO] testing heartlabs/megachess against nightly-2025-01-18 for randomize-layout-2
[INFO] running `Command { std: "git" "clone" "/workspace/cache/git-repos/https%3A%2F%2Fgithub.com%2Fheartlabs%2Fmegachess" "/workspace/builds/worker-0-tc1/source", kill_on_drop: false }`
[INFO] [stderr] Cloning into '/workspace/builds/worker-0-tc1/source'...
[INFO] [stderr] done.
[INFO] validating manifest of git repo https://github.com/heartlabs/megachess on toolchain nightly-2025-01-18
[INFO] running `Command { std: CARGO_HOME="/workspace/cargo-home" RUSTUP_HOME="/workspace/rustup-home" "/workspace/cargo-home/bin/cargo" "+nightly-2025-01-18" "metadata" "--manifest-path" "Cargo.toml" "--no-deps", kill_on_drop: false }`
[INFO] started tweaking git repo https://github.com/heartlabs/megachess
[INFO] finished tweaking git repo https://github.com/heartlabs/megachess
[INFO] tweaked toml for git repo https://github.com/heartlabs/megachess written to /workspace/builds/worker-0-tc1/source/Cargo.toml
[INFO] crate git repo https://github.com/heartlabs/megachess already has a lockfile, it will not be regenerated
[INFO] running `Command { std: CARGO_HOME="/workspace/cargo-home" RUSTUP_HOME="/workspace/rustup-home" "/workspace/cargo-home/bin/cargo" "+nightly-2025-01-18" "fetch" "--manifest-path" "Cargo.toml", kill_on_drop: false }`
[INFO] [stderr] warning: profiles for the non root package will be ignored, specify profiles at the workspace root:
[INFO] [stderr] package:   /workspace/builds/worker-0-tc1/source/game-main/Cargo.toml
[INFO] [stderr] workspace: /workspace/builds/worker-0-tc1/source/Cargo.toml
[INFO] [stderr] warning: virtual workspace defaulting to `resolver = "1"` despite one or more workspace members being on edition 2021 which implies `resolver = "2"`
[INFO] [stderr] note: to keep the current resolver, specify `workspace.resolver = "1"` in the workspace root's manifest
[INFO] [stderr] note: to use the edition 2021 resolver, specify `workspace.resolver = "2"` in the workspace root's manifest
[INFO] [stderr] note: for more details see https://doc.rust-lang.org/cargo/reference/resolver.html#resolver-versions
[INFO] [stderr]     Updating crates.io index
[INFO] [stderr]  Downloading crates ...
[INFO] [stderr]   Downloaded macroquad-canvas v0.3.2
[INFO] [stderr]   Downloaded egui-macroquad v0.15.0
[INFO] [stderr]   Downloaded nanoserde-derive v0.1.22
[INFO] [stderr]   Downloaded matchbox_protocol v0.6.0
[INFO] [stderr]   Downloaded derive-getters v0.2.1
[INFO] [stderr]   Downloaded json_comments v0.2.2
[INFO] [stderr]   Downloaded async-tungstenite v0.20.0
[INFO] [stderr]   Downloaded webrtc-data v0.7.0
[INFO] [stderr]   Downloaded webrtc-media v0.6.1
[INFO] [stderr]   Downloaded rtp v0.8.0
[INFO] [stderr]   Downloaded nanoserde v0.1.37
[INFO] [stderr]   Downloaded async-compat v0.2.4
[INFO] [stderr]   Downloaded webrtc-sctp v0.8.0
[INFO] [stderr]   Downloaded webrtc v0.7.3
[INFO] [stderr]   Downloaded async-tls v0.12.0
[INFO] [stderr]   Downloaded matchbox_socket v0.6.1
[INFO] [stderr]   Downloaded miniquad v0.3.16
[INFO] [stderr]   Downloaded quad-url v0.1.1
[INFO] [stderr]   Downloaded egui-miniquad v0.14.0
[INFO] [stderr]   Downloaded macroquad v0.3.26
[INFO] [stderr]   Downloaded quad-snd v0.2.8
[INFO] [stderr]   Downloaded openssl-src v300.3.1+3.3.1
[INFO] running `Command { std: "docker" "create" "-v" "/var/lib/crater-agent-workspace/builds/worker-0-tc1/target:/opt/rustwide/target:rw,Z" "-v" "/var/lib/crater-agent-workspace/builds/worker-0-tc1/source:/opt/rustwide/workdir:ro,Z" "-v" "/var/lib/crater-agent-workspace/cargo-home:/opt/rustwide/cargo-home:ro,Z" "-v" "/var/lib/crater-agent-workspace/rustup-home:/opt/rustwide/rustup-home:ro,Z" "-e" "SOURCE_DIR=/opt/rustwide/workdir" "-e" "CARGO_TARGET_DIR=/opt/rustwide/target" "-e" "CARGO_HOME=/opt/rustwide/cargo-home" "-e" "RUSTUP_HOME=/opt/rustwide/rustup-home" "-w" "/opt/rustwide/workdir" "-m" "1610612736" "--user" "0:0" "--network" "none" "ghcr.io/rust-lang/crates-build-env/linux@sha256:819108c5571ea2e421544af4d832f968d213c87fbe3707a016657f43d2f853bc" "/opt/rustwide/cargo-home/bin/cargo" "+nightly-2025-01-18" "metadata" "--no-deps" "--format-version=1", kill_on_drop: false }`
[INFO] [stdout] 398d735ea8fad98ac55e5a87ef18fd4a8958b976c726d07e13acb6ee69e5ac04
[INFO] running `Command { std: "docker" "start" "-a" "398d735ea8fad98ac55e5a87ef18fd4a8958b976c726d07e13acb6ee69e5ac04", kill_on_drop: false }`
[INFO] running `Command { std: "docker" "inspect" "398d735ea8fad98ac55e5a87ef18fd4a8958b976c726d07e13acb6ee69e5ac04", kill_on_drop: false }`
[INFO] running `Command { std: "docker" "rm" "-f" "398d735ea8fad98ac55e5a87ef18fd4a8958b976c726d07e13acb6ee69e5ac04", kill_on_drop: false }`
[INFO] [stdout] 398d735ea8fad98ac55e5a87ef18fd4a8958b976c726d07e13acb6ee69e5ac04
[INFO] running `Command { std: "docker" "create" "-v" "/var/lib/crater-agent-workspace/builds/worker-0-tc1/target:/opt/rustwide/target:rw,Z" "-v" "/var/lib/crater-agent-workspace/builds/worker-0-tc1/source:/opt/rustwide/workdir:ro,Z" "-v" "/var/lib/crater-agent-workspace/cargo-home:/opt/rustwide/cargo-home:ro,Z" "-v" "/var/lib/crater-agent-workspace/rustup-home:/opt/rustwide/rustup-home:ro,Z" "-e" "SOURCE_DIR=/opt/rustwide/workdir" "-e" "CARGO_TARGET_DIR=/opt/rustwide/target" "-e" "CARGO_INCREMENTAL=0" "-e" "RUST_BACKTRACE=full" "-e" "RUSTFLAGS=--cap-lints=forbid" "-e" "RUSTDOCFLAGS=--cap-lints=forbid" "-e" "CARGO_HOME=/opt/rustwide/cargo-home" "-e" "RUSTUP_HOME=/opt/rustwide/rustup-home" "-w" "/opt/rustwide/workdir" "-m" "1610612736" "--user" "0:0" "--network" "none" "ghcr.io/rust-lang/crates-build-env/linux@sha256:819108c5571ea2e421544af4d832f968d213c87fbe3707a016657f43d2f853bc" "/opt/rustwide/cargo-home/bin/cargo" "+nightly-2025-01-18" "build" "--frozen" "--message-format=json", kill_on_drop: false }`
[INFO] [stdout] c57b529cf9e6ce25a4c5f3774f00961b8e23a9fbe17a53cd316c2b8ae668c4a6
[INFO] running `Command { std: "docker" "start" "-a" "c57b529cf9e6ce25a4c5f3774f00961b8e23a9fbe17a53cd316c2b8ae668c4a6", kill_on_drop: false }`
[INFO] [stderr] warning: profiles for the non root package will be ignored, specify profiles at the workspace root:
[INFO] [stderr] package:   /opt/rustwide/workdir/game-main/Cargo.toml
[INFO] [stderr] workspace: /opt/rustwide/workdir/Cargo.toml
[INFO] [stderr] warning: virtual workspace defaulting to `resolver = "1"` despite one or more workspace members being on edition 2021 which implies `resolver = "2"`
[INFO] [stderr] note: to keep the current resolver, specify `workspace.resolver = "1"` in the workspace root's manifest
[INFO] [stderr] note: to use the edition 2021 resolver, specify `workspace.resolver = "2"` in the workspace root's manifest
[INFO] [stderr] note: for more details see https://doc.rust-lang.org/cargo/reference/resolver.html#resolver-versions
[INFO] [stderr]    Compiling proc-macro2 v1.0.86
[INFO] [stderr]    Compiling unicode-ident v1.0.12
[INFO] [stderr]    Compiling cfg-if v1.0.0
[INFO] [stderr]    Compiling libc v0.2.158
[INFO] [stderr]    Compiling autocfg v1.3.0
[INFO] [stderr]    Compiling version_check v0.9.5
[INFO] [stderr]    Compiling typenum v1.17.0
[INFO] [stderr]    Compiling once_cell v1.19.0
[INFO] [stderr]    Compiling shlex v1.3.0
[INFO] [stderr]    Compiling value-bag v1.9.0
[INFO] [stderr]    Compiling pin-project-lite v0.2.14
[INFO] [stderr]    Compiling cc v1.1.15
[INFO] [stderr]    Compiling subtle v2.4.1
[INFO] [stderr]    Compiling generic-array v0.14.7
[INFO] [stderr]    Compiling log v0.4.22
[INFO] [stderr]    Compiling memchr v2.7.4
[INFO] [stderr]    Compiling byteorder v1.5.0
[INFO] [stderr]    Compiling lock_api v0.4.12
[INFO] [stderr]    Compiling parking_lot_core v0.9.10
[INFO] [stderr]    Compiling itoa v1.0.11
[INFO] [stderr]    Compiling smallvec v1.13.2
[INFO] [stderr]    Compiling quote v1.0.37
[INFO] [stderr]    Compiling scopeguard v1.2.0
[INFO] [stderr]    Compiling thiserror v1.0.63
[INFO] [stderr]    Compiling syn v2.0.76
[INFO] [stderr]    Compiling syn v1.0.109
[INFO] [stderr]    Compiling bytes v1.7.1
[INFO] [stderr]    Compiling futures-core v0.3.30
[INFO] [stderr]    Compiling bitflags v1.3.2
[INFO] [stderr]    Compiling lazy_static v1.5.0
[INFO] [stderr]    Compiling futures-io v0.3.30
[INFO] [stderr]    Compiling serde v1.0.209
[INFO] [stderr]    Compiling cpufeatures v0.2.13
[INFO] [stderr]    Compiling num-traits v0.2.19
[INFO] [stderr]    Compiling memoffset v0.6.5
[INFO] [stderr]    Compiling slab v0.4.9
[INFO] [stderr]    Compiling block-buffer v0.10.4
[INFO] [stderr]    Compiling ring v0.16.20
[INFO] [stderr]    Compiling webrtc-util v0.7.0
[INFO] [stderr]    Compiling getrandom v0.2.15
[INFO] [stderr]    Compiling rand_core v0.6.4
[INFO] [stderr]    Compiling socket2 v0.5.7
[INFO] [stderr]    Compiling mio v1.0.2
[INFO] [stderr]    Compiling crypto-common v0.1.6
[INFO] [stderr]    Compiling signal-hook-registry v1.4.2
[INFO] [stderr]    Compiling digest v0.10.7
[INFO] [stderr]    Compiling ipnet v2.9.0
[INFO] [stderr]    Compiling parking_lot v0.12.3
[INFO] [stderr]    Compiling crossbeam-utils v0.8.20
[INFO] [stderr]    Compiling fnv v1.0.7
[INFO] [stderr]    Compiling nix v0.24.3
[INFO] [stderr]    Compiling futures-sink v0.3.30
[INFO] [stderr]    Compiling unicode-xid v0.2.5
[INFO] [stderr]    Compiling opaque-debug v0.3.1
[INFO] [stderr]    Compiling untrusted v0.7.1
[INFO] [stderr]    Compiling powerfmt v0.2.0
[INFO] [stderr]    Compiling time-core v0.1.2
[INFO] [stderr]    Compiling num-conv v0.1.0
[INFO] [stderr]    Compiling spin v0.5.2
[INFO] [stderr]    Compiling deranged v0.3.11
[INFO] [stderr]    Compiling futures-channel v0.3.30
[INFO] [stderr]    Compiling time-macros v0.2.18
[INFO] [stderr]    Compiling bumpalo v3.16.0
[INFO] [stderr]    Compiling synstructure v0.12.6
[INFO] [stderr]    Compiling parking v2.2.0
[INFO] [stderr]    Compiling minimal-lexical v0.2.1
[INFO] [stderr]    Compiling concurrent-queue v2.5.0
[INFO] [stderr]    Compiling pin-utils v0.1.0
[INFO] [stderr]    Compiling nom v7.1.3
[INFO] [stderr]    Compiling base64 v0.13.1
[INFO] [stderr]    Compiling tinyvec_macros v0.1.1
[INFO] [stderr]    Compiling tinyvec v1.8.0
[INFO] [stderr]    Compiling bitflags v2.6.0
[INFO] [stderr]    Compiling time v0.3.36
[INFO] [stderr]    Compiling percent-encoding v2.3.1
[INFO] [stderr]    Compiling wasm-bindgen-shared v0.2.93
[INFO] [stderr]    Compiling base64ct v1.6.0
[INFO] [stderr]    Compiling futures-task v0.3.30
[INFO] [stderr]    Compiling ryu v1.0.18
[INFO] [stderr]    Compiling pem-rfc7468 v0.6.0
[INFO] [stderr]    Compiling unicode-normalization v0.1.23
[INFO] [stderr]    Compiling rusticata-macros v4.1.0
[INFO] [stderr]    Compiling asn1-rs-impl v0.1.0
[INFO] [stderr]    Compiling form_urlencoded v1.2.1
[INFO] [stderr]    Compiling ahash v0.8.11
[INFO] [stderr]    Compiling tracing-core v0.1.32
[INFO] [stderr]    Compiling serde_json v1.0.127
[INFO] [stderr]    Compiling const-oid v0.9.6
[INFO] [stderr]    Compiling unicode-bidi v0.3.15
[INFO] [stderr]    Compiling openssl-src v300.3.1+3.3.1
[INFO] [stderr]    Compiling atomic-waker v1.1.2
[INFO] [stderr]    Compiling vcpkg v0.2.15
[INFO] [stderr]    Compiling maybe-uninit v2.0.0
[INFO] [stderr]    Compiling tracing v0.1.40
[INFO] [stderr]    Compiling idna v0.5.0
[INFO] [stderr]    Compiling pkg-config v0.3.30
[INFO] [stderr]    Compiling semver v1.0.23
[INFO] [stderr]    Compiling wasm-bindgen-backend v0.2.93
[INFO] [stderr]    Compiling event-listener v5.3.1
[INFO] [stderr]    Compiling hmac v0.12.1
[INFO] [stderr]    Compiling openssl-sys v0.9.103
[INFO] [stderr]    Compiling url v2.5.2
[INFO] [stderr]    Compiling num-integer v0.1.46
[INFO] [stderr]    Compiling ring v0.17.8
[INFO] [stderr]    Compiling strsim v0.10.0
[INFO] [stderr]    Compiling fastrand v2.1.1
[INFO] [stderr]    Compiling ident_case v1.0.1
[INFO] [stderr]    Compiling num-bigint v0.4.6
[INFO] [stderr]    Compiling darling_core v0.14.4
[INFO] [stderr]    Compiling zerocopy-derive v0.7.35
[INFO] [stderr]    Compiling thiserror-impl v1.0.63
[INFO] [stderr]    Compiling tokio-macros v2.4.0
[INFO] [stderr]    Compiling serde_derive v1.0.209
[INFO] [stderr]    Compiling tokio v1.39.3
[INFO] [stderr]    Compiling zeroize_derive v1.4.2
[INFO] [stderr]    Compiling zerocopy v0.7.35
[INFO] [stderr]    Compiling async-trait v0.1.81
[INFO] [stderr]    Compiling ppv-lite86 v0.2.20
[INFO] [stderr]    Compiling zeroize v1.8.1
[INFO] [stderr]    Compiling futures-macro v0.3.30
[INFO] [stderr]    Compiling rand_chacha v0.3.1
[INFO] [stderr]    Compiling displaydoc v0.2.5
[INFO] [stderr]    Compiling bytemuck_derive v1.8.0
[INFO] [stderr]    Compiling rand v0.8.5
[INFO] [stderr]    Compiling der v0.6.1
[INFO] [stderr]    Compiling futures-util v0.3.30
[INFO] [stderr]    Compiling bytemuck v1.17.1
[INFO] [stderr]    Compiling crypto-bigint v0.4.9
[INFO] [stderr]    Compiling wasm-bindgen-macro-support v0.2.93
[INFO] [stderr]    Compiling spki v0.6.0
[INFO] [stderr]    Compiling pkcs8 v0.9.0
[INFO] [stderr]    Compiling event-listener-strategy v0.5.2
[INFO] [stderr]    Compiling asn1-rs-derive v0.4.0
[INFO] [stderr]    Compiling http v0.2.12
[INFO] [stderr]    Compiling ff v0.12.1
[INFO] [stderr]    Compiling digest v0.9.0
[INFO] [stderr]    Compiling quad-alsa-sys v0.3.2
[INFO] [stderr]    Compiling base16ct v0.1.1
[INFO] [stderr]    Compiling untrusted v0.9.0
[INFO] [stderr]    Compiling rustix v0.38.35
[INFO] [stderr]    Compiling spin v0.9.8
[INFO] [stderr]    Compiling adler2 v2.0.0
[INFO] [stderr]    Compiling httparse v1.9.4
[INFO] [stderr]    Compiling wasm-bindgen v0.2.93
[INFO] [stderr]    Compiling simd-adler32 v0.3.7
[INFO] [stderr]    Compiling crc-catalog v2.4.0
[INFO] [stderr]    Compiling crc v3.2.1
[INFO] [stderr]    Compiling miniz_oxide v0.8.0
[INFO] [stderr]    Compiling asn1-rs v0.5.2
[INFO] [stderr]    Compiling sec1 v0.3.0
[INFO] [stderr]    Compiling group v0.12.1
[INFO] [stderr]    Compiling rustc_version v0.4.1
[INFO] [stderr]    Compiling smallvec v0.6.14
[INFO] [stderr]    Compiling wasm-bindgen-macro v0.2.93
[INFO] [stderr]    Compiling darling_macro v0.14.4
[INFO] [stderr]    Compiling futures-lite v2.3.0
[INFO] [stderr]    Compiling hkdf v0.12.4
[INFO] [stderr]    Compiling asn1-rs-derive v0.1.0
[INFO] [stderr]    Compiling socket2 v0.4.10
[INFO] [stderr]    Compiling inout v0.1.3
[INFO] [stderr]    Compiling cipher v0.2.5
[INFO] [stderr]    Compiling cipher v0.3.0
[INFO] [stderr]    Compiling universal-hash v0.4.1
[INFO] [stderr]    Compiling ogg v0.7.1
[INFO] [stderr]    Compiling crc32fast v1.4.2
[INFO] [stderr]    Compiling getrandom v0.1.16
[INFO] [stderr]    Compiling dasp_sample v0.11.0
[INFO] [stderr]    Compiling io-lifetimes v1.0.11
[INFO] [stderr]    Compiling oid-registry v0.6.1
[INFO] [stderr]    Compiling ttf-parser v0.25.0
[INFO] [stderr]    Compiling miniquad v0.3.16
[INFO] [stderr]    Compiling linux-raw-sys v0.4.14
[INFO] [stderr]    Compiling adler v1.0.2
[INFO] [stderr]    Compiling miniz_oxide v0.7.4
[INFO] [stderr]    Compiling dasp_frame v0.11.0
[INFO] [stderr]    Compiling lewton v0.9.4
[INFO] [stderr]    Compiling flate2 v1.0.33
[INFO] [stderr]    Compiling polyval v0.5.3
[INFO] [stderr]    Compiling owned_ttf_parser v0.25.0
[INFO] [stderr]    Compiling cipher v0.4.4
[INFO] [stderr]    Compiling asn1-rs v0.3.1
[INFO] [stderr]    Compiling elliptic-curve v0.12.3
[INFO] [stderr]    Compiling darling v0.14.4
[INFO] [stderr]    Compiling curve25519-dalek v4.1.3
[INFO] [stderr]    Compiling fdeflate v0.3.4
[INFO] [stderr]    Compiling rfc6979 v0.3.1
[INFO] [stderr]    Compiling signature v1.6.4
[INFO] [stderr]    Compiling universal-hash v0.5.1
[INFO] [stderr]    Compiling aho-corasick v1.1.3
[INFO] [stderr]    Compiling indexmap v1.9.3
[INFO] [stderr]    Compiling polling v2.8.0
[INFO] [stderr]    Compiling oid-registry v0.4.0
[INFO] [stderr]    Compiling data-encoding v2.6.0
[INFO] [stderr]    Compiling quad-rand v0.2.1
[INFO] [stderr]    Compiling quad-snd v0.2.8
[INFO] [stderr]    Compiling openssl v0.10.66
[INFO] [stderr]    Compiling async-task v4.7.1
[INFO] [stderr]    Compiling ab_glyph_rasterizer v0.1.8
[INFO] [stderr]    Compiling regex-syntax v0.8.4
[INFO] [stderr]    Compiling event-listener v2.5.3
[INFO] [stderr]    Compiling rustix v0.37.27
[INFO] [stderr]    Compiling hound v3.5.1
[INFO] [stderr]    Compiling foreign-types-shared v0.1.1
[INFO] [stderr]    Compiling foreign-types v0.3.2
[INFO] [stderr]    Compiling audrey v0.3.0
[INFO] [stderr]    Compiling ab_glyph v0.2.29
[INFO] [stderr]    Compiling png v0.17.13
[INFO] [stderr]    Compiling ecdsa v0.14.8
[INFO] [stderr]    Compiling polyval v0.6.2
[INFO] [stderr]    Compiling js-sys v0.3.70
[INFO] [stderr]    Compiling derive_builder_core v0.11.2
[INFO] [stderr]    Compiling ghash v0.4.4
[INFO] [stderr]    Compiling polling v3.7.3
[INFO] [stderr]    Compiling aes v0.7.5
[INFO] [stderr]    Compiling ctr v0.8.0
[INFO] [stderr]    Compiling der-parser v8.2.0
[INFO] [stderr]    Compiling webpki v0.22.4
[INFO] [stderr]    Compiling regex-automata v0.4.7
[INFO] [stderr]    Compiling futures-executor v0.3.30
[INFO] [stderr]    Compiling async-lock v3.4.0
[INFO] [stderr]    Compiling async-channel v2.3.1
[INFO] [stderr]    Compiling hashbrown v0.13.2
[INFO] [stderr]    Compiling ecolor v0.21.0
[INFO] [stderr]    Compiling emath v0.21.0
[INFO] [stderr]    Compiling openssl-macros v0.1.1
[INFO] [stderr]    Compiling curve25519-dalek-derive v0.1.1
[INFO] [stderr]    Compiling piper v0.2.4
[INFO] [stderr]    Compiling sha1 v0.10.6
[INFO] [stderr]    Compiling md-5 v0.10.6
[INFO] [stderr]    Compiling sha2 v0.10.8
[INFO] [stderr]    Compiling aead v0.4.3
[INFO] [stderr]    Compiling crypto-mac v0.11.1
[INFO] [stderr]    Compiling block-buffer v0.9.0
[INFO] [stderr]    Compiling substring v1.4.5
[INFO] [stderr]    Compiling async-io v1.13.0
[INFO] [stderr]    Compiling color_quant v1.1.0
[INFO] [stderr]    Compiling rustls v0.20.9
[INFO] [stderr]    Compiling nohash-hasher v0.2.0
[INFO] [stderr]    Compiling fastrand v1.9.0
[INFO] [stderr]    Compiling hashbrown v0.14.5
[INFO] [stderr]    Compiling hashbrown v0.12.3
[INFO] [stderr]    Compiling waker-fn v1.2.0
[INFO] [stderr]    Compiling nanoserde-derive v0.1.22
[INFO] [stderr]    Compiling equivalent v1.0.1
[INFO] [stderr]    Compiling linux-raw-sys v0.3.8
[INFO] [stderr]    Compiling base64 v0.21.7
[INFO] [stderr]    Compiling ttf-parser v0.15.2
[INFO] [stderr]    Compiling native-tls v0.2.12
[INFO] [stderr]    Compiling arc-swap v1.7.1
[INFO] [stderr]    Compiling rustls-pemfile v1.0.4
[INFO] [stderr]    Compiling regex v1.10.6
[INFO] [stderr]    Compiling indexmap v2.4.0
[INFO] [stderr]    Compiling nanoserde v0.1.37
[INFO] [stderr]    Compiling fontdue v0.7.3
[INFO] [stderr]    Compiling futures-lite v1.13.0
[INFO] [stderr]    Compiling epaint v0.21.0
[INFO] [stderr]    Compiling image v0.24.9
[INFO] [stderr]    Compiling sha-1 v0.9.8
[INFO] [stderr]    Compiling aes-gcm v0.9.4
[INFO] [stderr]    Compiling hmac v0.11.0
[INFO] [stderr]    Compiling stun v0.4.4
[INFO] [stderr]    Compiling blocking v1.6.1
[INFO] [stderr]    Compiling async-io v2.3.4
[INFO] [stderr]    Compiling futures v0.3.30
[INFO] [stderr]    Compiling x509-parser v0.14.0
[INFO] [stderr]    Compiling derive_builder_macro v0.11.2
[INFO] [stderr]    Compiling rand_core v0.5.1
[INFO] [stderr]    Compiling ghash v0.5.1
[INFO] [stderr]    Compiling async-lock v2.8.0
[INFO] [stderr]    Compiling async-executor v1.13.0
[INFO] [stderr]    Compiling der-parser v7.0.0
[INFO] [stderr]    Compiling ctr v0.9.2
[INFO] [stderr]    Compiling aes v0.8.4
[INFO] [stderr]    Compiling aes-soft v0.6.4
[INFO] [stderr]    Compiling rtcp v0.7.2
[INFO] [stderr]    Compiling rtp v0.6.8
[INFO] [stderr]    Compiling sct v0.7.1
[INFO] [stderr]    Compiling uuid v1.10.0
[INFO] [stderr]    Compiling tokio-util v0.7.11
[INFO] [stderr]    Compiling waitgroup v0.1.2
[INFO] [stderr]    Compiling yasna v0.5.2
[INFO] [stderr]    Compiling webpki v0.21.4
[INFO] [stderr]    Compiling sct v0.6.1
[INFO] [stderr]    Compiling pem v1.1.1
[INFO] [stderr]    Compiling aead v0.5.2
[INFO] [stderr]    Compiling aead v0.3.2
[INFO] [stderr]    Compiling colored v2.1.0
[INFO] [stderr]    Compiling try-lock v0.2.5
[INFO] [stderr]    Compiling openssl-probe v0.1.5
[INFO] [stderr]    Compiling glam v0.21.3
[INFO] [stderr]    Compiling webbrowser v0.5.5
[INFO] [stderr]    Compiling macroquad_macro v0.1.8
[INFO] [stderr]    Compiling block-padding v0.2.1
[INFO] [stderr]    Compiling quad-url v0.1.1
[INFO] [stderr]    Compiling block-modes v0.7.0
[INFO] [stderr]    Compiling want v0.3.1
[INFO] [stderr]    Compiling game-model v0.1.0 (/opt/rustwide/workdir/game-model)
[INFO] [stderr]    Compiling ccm v0.3.0
[INFO] [stderr]    Compiling aes-gcm v0.10.3
[INFO] [stderr]    Compiling rcgen v0.10.0
[INFO] [stderr]    Compiling h2 v0.3.26
[INFO] [stderr]    Compiling webrtc-srtp v0.9.1
[INFO] [stderr]    Compiling rustls v0.19.1
[INFO] [stdout] warning: field `description` is never read
[INFO] [stdout]   --> game-model/src/lib.rs:14:5
[INFO] [stdout]    |
[INFO] [stdout] 13 | pub struct GameError {
[INFO] [stdout]    |            --------- field in this struct
[INFO] [stdout] 14 |     description: String,
[INFO] [stdout]    |     ^^^^^^^^^^^
[INFO] [stdout]    |
[INFO] [stdout]    = note: `GameError` has derived impls for the traits `Clone` and `Debug`, but these are intentionally ignored during dead code analysis
[INFO] [stdout]    = note: `#[warn(dead_code)]` on by default
[INFO] [stdout] 
[INFO] [stdout] 
[INFO] [stdout] warning: method `reaches` is never used
[INFO] [stdout]   --> game-model/src/ranges.rs:27:8
[INFO] [stdout]    |
[INFO] [stdout] 26 | impl Direction {
[INFO] [stdout]    | -------------- method in this implementation
[INFO] [stdout] 27 |     fn reaches(&self, from_x: u8, from_y: u8, to_x: u8, to_y: u8) -> bool {
[INFO] [stdout]    |        ^^^^^^^
[INFO] [stdout] 
[INFO] [stdout] 
[INFO] [stderr]    Compiling x509-parser v0.13.2
[INFO] [stderr]    Compiling aes v0.6.0
[INFO] [stderr]    Compiling macroquad v0.3.26
[INFO] [stderr]    Compiling async-global-executor v2.4.1
[INFO] [stderr]    Compiling curve25519-dalek v3.2.0
[INFO] [stderr]    Compiling derive_builder v0.11.2
[INFO] [stderr]    Compiling turn v0.6.1
[INFO] [stderr]    Compiling x25519-dalek v2.0.1
[INFO] [stderr]    Compiling egui v0.21.0
[INFO] [stderr]    Compiling webrtc-sctp v0.8.0
[INFO] [stderr]    Compiling p384 v0.11.2
[INFO] [stderr]    Compiling p256 v0.11.1
[INFO] [stderr]    Compiling webpki-roots v0.22.6
[INFO] [stderr]    Compiling async-channel v1.9.0
[INFO] [stderr]    Compiling webrtc-mdns v0.5.2
[INFO] [stderr]    Compiling rtp v0.8.0
[INFO] [stderr]    Compiling bincode v1.3.3
[INFO] [stderr]    Compiling http-body v0.4.6
[INFO] [stderr]    Compiling derive-getters v0.2.1
[INFO] [stderr]    Compiling kv-log-macro v1.0.7
[INFO] [stderr]    Compiling convert_case v0.4.0
[INFO] [stderr]    Compiling tower-service v0.3.3
[INFO] [stderr]    Compiling httpdate v1.0.3
[INFO] [stderr]    Compiling utf8parse v0.2.2
[INFO] [stderr]    Compiling utf-8 v0.7.6
[INFO] [stderr]    Compiling game-events v0.1.0 (/opt/rustwide/workdir/game-events)
[INFO] [stderr]    Compiling anstyle-parse v0.2.6
[INFO] [stderr]    Compiling hyper v0.14.30
[INFO] [stderr]    Compiling tungstenite v0.18.0
[INFO] [stderr]    Compiling egui-miniquad v0.14.0
[INFO] [stderr]    Compiling async-std v1.12.0
[INFO] [stderr]    Compiling derive_more v0.99.18
[INFO] [stderr]    Compiling webrtc-dtls v0.7.2
[INFO] [stderr]    Compiling webrtc-media v0.6.1
[INFO] [stderr]    Compiling webrtc-ice v0.9.1
[INFO] [stderr]    Compiling async-tls v0.12.0
[INFO] [stderr]    Compiling webrtc-data v0.7.0
[INFO] [stderr]    Compiling sdp v0.5.3
[INFO] [stderr]    Compiling interceptor v0.8.2
[INFO] [stderr]    Compiling gloo-timers v0.2.6
[INFO] [stderr]    Compiling colorchoice v1.0.3
[INFO] [stderr]    Compiling anstyle v1.0.9
[INFO] [stderr]    Compiling anstyle-query v1.1.2
[INFO] [stderr]    Compiling is_terminal_polyfill v1.70.1
[INFO] [stderr]    Compiling hex v0.4.3
[INFO] [stderr]    Compiling send_wrapper v0.4.0
[INFO] [stderr]    Compiling futures-timer v3.0.3
[INFO] [stderr]    Compiling anstream v0.6.17
[INFO] [stderr]    Compiling matchbox_protocol v0.6.0
[INFO] [stderr]    Compiling async-tungstenite v0.20.0
[INFO] [stderr]    Compiling game-core v0.1.0 (/opt/rustwide/workdir/game-core)
[INFO] [stderr]    Compiling egui-macroquad v0.15.0
[INFO] [stderr]    Compiling webrtc v0.7.3
[INFO] [stderr]    Compiling macroquad-canvas v0.3.2
[INFO] [stderr]    Compiling env_filter v0.1.2
[INFO] [stderr]    Compiling web-sys v0.3.70
[INFO] [stderr]    Compiling serde_urlencoded v0.7.1
[INFO] [stderr]    Compiling async-compat v0.2.4
[INFO] [stderr]    Compiling crossbeam-channel v0.5.13
[INFO] [stderr]    Compiling encoding_rs v0.8.34
[INFO] [stderr]    Compiling instant v0.1.13
[INFO] [stderr]    Compiling sync_wrapper v0.1.2
[INFO] [stderr]    Compiling humantime v2.1.0
[INFO] [stderr]    Compiling mime v0.3.17
[INFO] [stderr]    Compiling env_logger v0.11.5
[INFO] [stderr]    Compiling game-render v0.1.0 (/opt/rustwide/workdir/game-render)
[INFO] [stdout] warning: variable does not need to be mutable
[INFO] [stdout]    --> game-render/src/animation.rs:439:13
[INFO] [stdout]     |
[INFO] [stdout] 439 |         let mut sprite_render = board_render
[INFO] [stdout]     |             ----^^^^^^^^^^^^^
[INFO] [stdout]     |             |
[INFO] [stdout]     |             help: remove this `mut`
[INFO] [stdout]     |
[INFO] [stdout]     = note: `#[warn(unused_mut)]` on by default
[INFO] [stdout] 
[INFO] [stdout] 
[INFO] [stdout] warning: field `effect` is never read
[INFO] [stdout]    --> game-render/src/animation.rs:233:16
[INFO] [stdout]     |
[INFO] [stdout] 232 | pub struct AddEffectAnimation {
[INFO] [stdout]     |            ------------------ field in this struct
[INFO] [stdout] 233 |     pub(crate) effect: EffectKind,
[INFO] [stdout]     |                ^^^^^^
[INFO] [stdout]     |
[INFO] [stdout]     = note: `AddEffectAnimation` has derived impls for the traits `Clone` and `Debug`, but these are intentionally ignored during dead code analysis
[INFO] [stdout]     = note: `#[warn(dead_code)]` on by default
[INFO] [stdout] 
[INFO] [stdout] 
[INFO] [stdout] warning: field `effect` is never read
[INFO] [stdout]    --> game-render/src/animation.rs:239:16
[INFO] [stdout]     |
[INFO] [stdout] 238 | pub struct RemoveEffectAnimation {
[INFO] [stdout]     |            --------------------- field in this struct
[INFO] [stdout] 239 |     pub(crate) effect: EffectKind,
[INFO] [stdout]     |                ^^^^^^
[INFO] [stdout]     |
[INFO] [stdout]     = note: `RemoveEffectAnimation` has derived impls for the traits `Clone` and `Debug`, but these are intentionally ignored during dead code analysis
[INFO] [stdout] 
[INFO] [stdout] 
[INFO] [stdout] warning: field `team_id` is never read
[INFO] [stdout]    --> game-render/src/animation.rs:312:9
[INFO] [stdout]     |
[INFO] [stdout] 311 | pub struct RemoveUnusedAnimation {
[INFO] [stdout]     |            --------------------- field in this struct
[INFO] [stdout] 312 |     pub team_id: usize,
[INFO] [stdout]     |         ^^^^^^^
[INFO] [stdout]     |
[INFO] [stdout]     = note: `RemoveUnusedAnimation` has derived impls for the traits `Clone` and `Debug`, but these are intentionally ignored during dead code analysis
[INFO] [stdout] 
[INFO] [stdout] 
[INFO] [stderr]    Compiling json_comments v0.2.2
[INFO] [stderr]    Compiling urlencoding v2.1.3
[INFO] [stderr]    Compiling console_log v1.0.0
[INFO] [stderr]    Compiling matchbox_socket v0.6.1
[INFO] [stderr]    Compiling tokio-native-tls v0.3.1
[INFO] [stderr]    Compiling hyper-tls v0.5.0
[INFO] [stderr]    Compiling reqwest v0.11.27
[INFO] [stderr]    Compiling bugchess v0.1.0 (/opt/rustwide/workdir/game-main)
[INFO] [stdout] warning: variable does not need to be mutable
[INFO] [stdout]    --> game-main/src/states/loading.rs:180:21
[INFO] [stdout]     |
[INFO] [stdout] 180 |                 let mut core_game_state = self.core_game_state.as_mut().unwrap();
[INFO] [stdout]     |                     ----^^^^^^^^^^^^^^^
[INFO] [stdout]     |                     |
[INFO] [stdout]     |                     help: remove this `mut`
[INFO] [stdout]     |
[INFO] [stdout]     = note: `#[warn(unused_mut)]` on by default
[INFO] [stdout] 
[INFO] [stdout] 
[INFO] [stdout] warning: function `post_error_report` is never used
[INFO] [stdout]    --> game-main/src/states/core_game_state.rs:348:10
[INFO] [stdout]     |
[INFO] [stdout] 348 | async fn post_error_report(url: String, message: String, content: Vec<GameCommand>) {
[INFO] [stdout]     |          ^^^^^^^^^^^^^^^^^
[INFO] [stdout]     |
[INFO] [stdout]     = note: `#[warn(dead_code)]` on by default
[INFO] [stdout] 
[INFO] [stdout] 
[INFO] [stdout] warning: associated function `new` is never used
[INFO] [stdout]   --> game-main/src/states/error_state.rs:10:12
[INFO] [stdout]    |
[INFO] [stdout] 9  | impl ErrorState {
[INFO] [stdout]    | --------------- associated function in this implementation
[INFO] [stdout] 10 |     pub fn new(description: String) -> Self {
[INFO] [stdout]    |            ^^^
[INFO] [stdout] 
[INFO] [stdout] 
[INFO] [stdout] warning: method `offline_game` is never used
[INFO] [stdout]    --> game-main/src/states/loading.rs:119:12
[INFO] [stdout]     |
[INFO] [stdout] 67  | impl LoadingState {
[INFO] [stdout]     | ----------------- method in this implementation
[INFO] [stdout] ...
[INFO] [stdout] 119 |     pub fn offline_game(&mut self) {
[INFO] [stdout]     |            ^^^^^^^^^^^^
[INFO] [stdout] 
[INFO] [stdout] 
[INFO] [stderr]     Finished `dev` profile [unoptimized + debuginfo] target(s) in 8m 19s
[INFO] running `Command { std: "docker" "inspect" "c57b529cf9e6ce25a4c5f3774f00961b8e23a9fbe17a53cd316c2b8ae668c4a6", kill_on_drop: false }`
[INFO] running `Command { std: "docker" "rm" "-f" "c57b529cf9e6ce25a4c5f3774f00961b8e23a9fbe17a53cd316c2b8ae668c4a6", kill_on_drop: false }`
[INFO] [stdout] c57b529cf9e6ce25a4c5f3774f00961b8e23a9fbe17a53cd316c2b8ae668c4a6
[INFO] running `Command { std: "docker" "create" "-v" "/var/lib/crater-agent-workspace/builds/worker-0-tc1/target:/opt/rustwide/target:rw,Z" "-v" "/var/lib/crater-agent-workspace/builds/worker-0-tc1/source:/opt/rustwide/workdir:ro,Z" "-v" "/var/lib/crater-agent-workspace/cargo-home:/opt/rustwide/cargo-home:ro,Z" "-v" "/var/lib/crater-agent-workspace/rustup-home:/opt/rustwide/rustup-home:ro,Z" "-e" "SOURCE_DIR=/opt/rustwide/workdir" "-e" "CARGO_TARGET_DIR=/opt/rustwide/target" "-e" "CARGO_INCREMENTAL=0" "-e" "RUST_BACKTRACE=full" "-e" "RUSTFLAGS=--cap-lints=forbid" "-e" "RUSTDOCFLAGS=--cap-lints=forbid" "-e" "CARGO_HOME=/opt/rustwide/cargo-home" "-e" "RUSTUP_HOME=/opt/rustwide/rustup-home" "-w" "/opt/rustwide/workdir" "-m" "1610612736" "--user" "0:0" "--network" "none" "ghcr.io/rust-lang/crates-build-env/linux@sha256:819108c5571ea2e421544af4d832f968d213c87fbe3707a016657f43d2f853bc" "/opt/rustwide/cargo-home/bin/cargo" "+nightly-2025-01-18" "test" "--frozen" "--no-run" "--message-format=json", kill_on_drop: false }`
[INFO] [stdout] f2b80ae1b5e0c18d785dbe48da07f2a47e0f7e4a9837a7e1a43982f05595f92e
[INFO] running `Command { std: "docker" "start" "-a" "f2b80ae1b5e0c18d785dbe48da07f2a47e0f7e4a9837a7e1a43982f05595f92e", kill_on_drop: false }`
[INFO] [stderr] warning: profiles for the non root package will be ignored, specify profiles at the workspace root:
[INFO] [stderr] package:   /opt/rustwide/workdir/game-main/Cargo.toml
[INFO] [stderr] workspace: /opt/rustwide/workdir/Cargo.toml
[INFO] [stderr] warning: virtual workspace defaulting to `resolver = "1"` despite one or more workspace members being on edition 2021 which implies `resolver = "2"`
[INFO] [stderr] note: to keep the current resolver, specify `workspace.resolver = "1"` in the workspace root's manifest
[INFO] [stderr] note: to use the edition 2021 resolver, specify `workspace.resolver = "2"` in the workspace root's manifest
[INFO] [stderr] note: for more details see https://doc.rust-lang.org/cargo/reference/resolver.html#resolver-versions
[INFO] [stdout] warning: field `description` is never read
[INFO] [stdout]   --> game-model/src/lib.rs:14:5
[INFO] [stdout]    |
[INFO] [stdout] 13 | pub struct GameError {
[INFO] [stdout]    |            --------- field in this struct
[INFO] [stdout] 14 |     description: String,
[INFO] [stdout]    |     ^^^^^^^^^^^
[INFO] [stdout]    |
[INFO] [stdout]    = note: `GameError` has derived impls for the traits `Clone` and `Debug`, but these are intentionally ignored during dead code analysis
[INFO] [stdout]    = note: `#[warn(dead_code)]` on by default
[INFO] [stdout] 
[INFO] [stdout] 
[INFO] [stdout] warning: method `reaches` is never used
[INFO] [stdout]   --> game-model/src/ranges.rs:27:8
[INFO] [stdout]    |
[INFO] [stdout] 26 | impl Direction {
[INFO] [stdout]    | -------------- method in this implementation
[INFO] [stdout] 27 |     fn reaches(&self, from_x: u8, from_y: u8, to_x: u8, to_y: u8) -> bool {
[INFO] [stdout]    |        ^^^^^^^
[INFO] [stdout] 
[INFO] [stdout] 
[INFO] [stderr]    Compiling anyhow v1.0.86
[INFO] [stderr]    Compiling console v0.15.8
[INFO] [stdout] warning: variable does not need to be mutable
[INFO] [stdout]    --> game-render/src/animation.rs:439:13
[INFO] [stdout]     |
[INFO] [stdout] 439 |         let mut sprite_render = board_render
[INFO] [stdout]     |             ----^^^^^^^^^^^^^
[INFO] [stdout]     |             |
[INFO] [stdout]     |             help: remove this `mut`
[INFO] [stdout]     |
[INFO] [stdout]     = note: `#[warn(unused_mut)]` on by default
[INFO] [stdout] 
[INFO] [stdout] 
[INFO] [stdout] warning: field `effect` is never read
[INFO] [stdout]    --> game-render/src/animation.rs:233:16
[INFO] [stdout]     |
[INFO] [stdout] 232 | pub struct AddEffectAnimation {
[INFO] [stdout]     |            ------------------ field in this struct
[INFO] [stdout] 233 |     pub(crate) effect: EffectKind,
[INFO] [stdout]     |                ^^^^^^
[INFO] [stdout]     |
[INFO] [stdout]     = note: `AddEffectAnimation` has derived impls for the traits `Clone` and `Debug`, but these are intentionally ignored during dead code analysis
[INFO] [stdout]     = note: `#[warn(dead_code)]` on by default
[INFO] [stdout] 
[INFO] [stdout] 
[INFO] [stdout] warning: field `effect` is never read
[INFO] [stdout]    --> game-render/src/animation.rs:239:16
[INFO] [stdout]     |
[INFO] [stdout] 238 | pub struct RemoveEffectAnimation {
[INFO] [stdout]     |            --------------------- field in this struct
[INFO] [stdout] 239 |     pub(crate) effect: EffectKind,
[INFO] [stdout]     |                ^^^^^^
[INFO] [stdout]     |
[INFO] [stdout]     = note: `RemoveEffectAnimation` has derived impls for the traits `Clone` and `Debug`, but these are intentionally ignored during dead code analysis
[INFO] [stdout] 
[INFO] [stdout] 
[INFO] [stdout] warning: field `team_id` is never read
[INFO] [stdout]    --> game-render/src/animation.rs:312:9
[INFO] [stdout]     |
[INFO] [stdout] 311 | pub struct RemoveUnusedAnimation {
[INFO] [stdout]     |            --------------------- field in this struct
[INFO] [stdout] 312 |     pub team_id: usize,
[INFO] [stdout]     |         ^^^^^^^
[INFO] [stdout]     |
[INFO] [stdout]     = note: `RemoveUnusedAnimation` has derived impls for the traits `Clone` and `Debug`, but these are intentionally ignored during dead code analysis
[INFO] [stdout] 
[INFO] [stdout] 
[INFO] [stderr]    Compiling linked-hash-map v0.5.6
[INFO] [stderr]    Compiling similar v2.6.0
[INFO] [stdout] warning: variable does not need to be mutable
[INFO] [stdout]    --> game-main/src/states/loading.rs:180:21
[INFO] [stdout]     |
[INFO] [stdout] 180 |                 let mut core_game_state = self.core_game_state.as_mut().unwrap();
[INFO] [stdout]     |                     ----^^^^^^^^^^^^^^^
[INFO] [stdout]     |                     |
[INFO] [stdout]     |                     help: remove this `mut`
[INFO] [stdout]     |
[INFO] [stdout]     = note: `#[warn(unused_mut)]` on by default
[INFO] [stdout] 
[INFO] [stdout] 
[INFO] [stdout] warning: function `post_error_report` is never used
[INFO] [stdout]    --> game-main/src/states/core_game_state.rs:348:10
[INFO] [stdout]     |
[INFO] [stdout] 348 | async fn post_error_report(url: String, message: String, content: Vec<GameCommand>) {
[INFO] [stdout]     |          ^^^^^^^^^^^^^^^^^
[INFO] [stdout]     |
[INFO] [stdout]     = note: `#[warn(dead_code)]` on by default
[INFO] [stdout] 
[INFO] [stdout] 
[INFO] [stdout] warning: associated function `new` is never used
[INFO] [stdout]   --> game-main/src/states/error_state.rs:10:12
[INFO] [stdout]    |
[INFO] [stdout] 9  | impl ErrorState {
[INFO] [stdout]    | --------------- associated function in this implementation
[INFO] [stdout] 10 |     pub fn new(description: String) -> Self {
[INFO] [stdout]    |            ^^^
[INFO] [stdout] 
[INFO] [stdout] 
[INFO] [stdout] warning: method `offline_game` is never used
[INFO] [stdout]    --> game-main/src/states/loading.rs:119:12
[INFO] [stdout]     |
[INFO] [stdout] 67  | impl LoadingState {
[INFO] [stdout]     | ----------------- method in this implementation
[INFO] [stdout] ...
[INFO] [stdout] 119 |     pub fn offline_game(&mut self) {
[INFO] [stdout]     |            ^^^^^^^^^^^^
[INFO] [stdout] 
[INFO] [stdout] 
[INFO] [stderr]    Compiling insta v1.39.0
[INFO] [stderr]    Compiling bugchess v0.1.0 (/opt/rustwide/workdir/game-main)
[INFO] [stdout] warning: field `logs` is never read
[INFO] [stdout]   --> game-main/tests/utils/test_utils.rs:25:9
[INFO] [stdout]    |
[INFO] [stdout] 24 | pub struct TestGame {
[INFO] [stdout]    |            -------- field in this struct
[INFO] [stdout] 25 |     pub logs: Rc<RefCell<VecDeque<GameAction>>>,
[INFO] [stdout]    |         ^^^^
[INFO] [stdout]    |
[INFO] [stdout]    = note: `#[warn(dead_code)]` on by default
[INFO] [stdout] 
[INFO] [stdout] 
[INFO] [stdout] warning: associated function `new_client_pair` is never used
[INFO] [stdout]   --> game-main/tests/utils/fakebox.rs:13:12
[INFO] [stdout]    |
[INFO] [stdout] 12 | impl FakeboxClient {
[INFO] [stdout]    | ------------------ associated function in this implementation
[INFO] [stdout] 13 |     pub fn new_client_pair() -> (Rc<RefCell<Self>>, Rc<RefCell<Self>>) {
[INFO] [stdout]    |            ^^^^^^^^^^^^^^^
[INFO] [stdout]    |
[INFO] [stdout]    = note: `#[warn(dead_code)]` on by default
[INFO] [stdout] 
[INFO] [stdout] 
[INFO] [stdout] warning: fields `logs`, `game_state`, and `multiplayer_connector` are never read
[INFO] [stdout]   --> game-main/tests/utils/test_utils.rs:25:9
[INFO] [stdout]    |
[INFO] [stdout] 24 | pub struct TestGame {
[INFO] [stdout]    |            -------- fields in this struct
[INFO] [stdout] 25 |     pub logs: Rc<RefCell<VecDeque<GameAction>>>,
[INFO] [stdout]    |         ^^^^
[INFO] [stdout] ...
[INFO] [stdout] 28 |     pub game_state: CoreGameSubstate,
[INFO] [stdout]    |         ^^^^^^^^^^
[INFO] [stdout] 29 |     multiplayer_connector: Option<Rc<RefCell<MultiplayerConector>>>,
[INFO] [stdout]    |     ^^^^^^^^^^^^^^^^^^^^^
[INFO] [stdout] 
[INFO] [stdout] 
[INFO] [stdout] warning: multiple methods are never used
[INFO] [stdout]   --> game-main/tests/utils/test_utils.rs:33:12
[INFO] [stdout]    |
[INFO] [stdout] 32 | impl TestGame {
[INFO] [stdout]    | ------------- methods in this implementation
[INFO] [stdout] 33 |     pub fn add_unused_pieces(&mut self, t1: u8, t2: u8) {
[INFO] [stdout]    |            ^^^^^^^^^^^^^^^^^
[INFO] [stdout] ...
[INFO] [stdout] 39 |     pub fn recieve_multiplayer_events(&mut self) {
[INFO] [stdout]    |            ^^^^^^^^^^^^^^^^^^^^^^^^^^
[INFO] [stdout] ...
[INFO] [stdout] 52 |     pub fn click_at_pos(&mut self, pos: (u8, u8)) {
[INFO] [stdout]    |            ^^^^^^^^^^^^
[INFO] [stdout] ...
[INFO] [stdout] 59 |     pub fn next_turn(&mut self) {
[INFO] [stdout]    |            ^^^^^^^^^
[INFO] [stdout] ...
[INFO] [stdout] 65 |     pub fn assert_has_game_state(&self, game_state: CoreGameSubstate) {
[INFO] [stdout]    |            ^^^^^^^^^^^^^^^^^^^^^
[INFO] [stdout] ...
[INFO] [stdout] 69 |     pub fn assert_num_pieces(&self, num_pieces_team_1: usize, num_pieces_team_2: usize) {
[INFO] [stdout]    |            ^^^^^^^^^^^^^^^^^
[INFO] [stdout] ...
[INFO] [stdout] 76 |     pub fn assert_piece_at(&self, piece_pos: (u8, u8), piece_kind: PieceKind) {
[INFO] [stdout]    |            ^^^^^^^^^^^^^^^
[INFO] [stdout] 
[INFO] [stdout] 
[INFO] [stdout] warning: function `create_multiplayer_game` is never used
[INFO] [stdout]   --> game-main/tests/utils/test_utils.rs:86:8
[INFO] [stdout]    |
[INFO] [stdout] 86 | pub fn create_multiplayer_game() -> (TestGame, TestGame) {
[INFO] [stdout]    |        ^^^^^^^^^^^^^^^^^^^^^^^
[INFO] [stdout] 
[INFO] [stdout] 
[INFO] [stdout] warning: function `make_multiplayer` is never used
[INFO] [stdout]    --> game-main/tests/utils/test_utils.rs:100:4
[INFO] [stdout]     |
[INFO] [stdout] 100 | fn make_multiplayer(multiplayer_client1: Rc<RefCell<FakeboxClient>>, test_game: &mut TestGame) {
[INFO] [stdout]     |    ^^^^^^^^^^^^^^^^
[INFO] [stdout] 
[INFO] [stdout] 
[INFO] [stdout] warning: variable does not need to be mutable
[INFO] [stdout]    --> game-main/src/states/loading.rs:180:21
[INFO] [stdout]     |
[INFO] [stdout] 180 |                 let mut core_game_state = self.core_game_state.as_mut().unwrap();
[INFO] [stdout]     |                     ----^^^^^^^^^^^^^^^
[INFO] [stdout]     |                     |
[INFO] [stdout]     |                     help: remove this `mut`
[INFO] [stdout]     |
[INFO] [stdout]     = note: `#[warn(unused_mut)]` on by default
[INFO] [stdout] 
[INFO] [stdout] 
[INFO] [stdout] warning: function `post_error_report` is never used
[INFO] [stdout]    --> game-main/src/states/core_game_state.rs:348:10
[INFO] [stdout]     |
[INFO] [stdout] 348 | async fn post_error_report(url: String, message: String, content: Vec<GameCommand>) {
[INFO] [stdout]     |          ^^^^^^^^^^^^^^^^^
[INFO] [stdout]     |
[INFO] [stdout]     = note: `#[warn(dead_code)]` on by default
[INFO] [stdout] 
[INFO] [stdout] 
[INFO] [stdout] warning: associated function `new` is never used
[INFO] [stdout]   --> game-main/src/states/error_state.rs:10:12
[INFO] [stdout]    |
[INFO] [stdout] 9  | impl ErrorState {
[INFO] [stdout]    | --------------- associated function in this implementation
[INFO] [stdout] 10 |     pub fn new(description: String) -> Self {
[INFO] [stdout]    |            ^^^
[INFO] [stdout] 
[INFO] [stdout] 
[INFO] [stdout] warning: method `offline_game` is never used
[INFO] [stdout]    --> game-main/src/states/loading.rs:119:12
[INFO] [stdout]     |
[INFO] [stdout] 67  | impl LoadingState {
[INFO] [stdout]     | ----------------- method in this implementation
[INFO] [stdout] ...
[INFO] [stdout] 119 |     pub fn offline_game(&mut self) {
[INFO] [stdout]     |            ^^^^^^^^^^^^
[INFO] [stdout] 
[INFO] [stdout] 
[INFO] [stderr]     Finished `test` profile [unoptimized + debuginfo] target(s) in 10.48s
[INFO] running `Command { std: "docker" "inspect" "f2b80ae1b5e0c18d785dbe48da07f2a47e0f7e4a9837a7e1a43982f05595f92e", kill_on_drop: false }`
[INFO] running `Command { std: "docker" "rm" "-f" "f2b80ae1b5e0c18d785dbe48da07f2a47e0f7e4a9837a7e1a43982f05595f92e", kill_on_drop: false }`
[INFO] [stdout] f2b80ae1b5e0c18d785dbe48da07f2a47e0f7e4a9837a7e1a43982f05595f92e
[INFO] running `Command { std: "docker" "create" "-v" "/var/lib/crater-agent-workspace/builds/worker-0-tc1/target:/opt/rustwide/target:rw,Z" "-v" "/var/lib/crater-agent-workspace/builds/worker-0-tc1/source:/opt/rustwide/workdir:ro,Z" "-v" "/var/lib/crater-agent-workspace/cargo-home:/opt/rustwide/cargo-home:ro,Z" "-v" "/var/lib/crater-agent-workspace/rustup-home:/opt/rustwide/rustup-home:ro,Z" "-e" "SOURCE_DIR=/opt/rustwide/workdir" "-e" "CARGO_TARGET_DIR=/opt/rustwide/target" "-e" "CARGO_INCREMENTAL=0" "-e" "RUST_BACKTRACE=full" "-e" "RUSTFLAGS=--cap-lints=forbid" "-e" "RUSTDOCFLAGS=--cap-lints=forbid" "-e" "CARGO_HOME=/opt/rustwide/cargo-home" "-e" "RUSTUP_HOME=/opt/rustwide/rustup-home" "-w" "/opt/rustwide/workdir" "-m" "1610612736" "--user" "0:0" "--network" "none" "ghcr.io/rust-lang/crates-build-env/linux@sha256:819108c5571ea2e421544af4d832f968d213c87fbe3707a016657f43d2f853bc" "/opt/rustwide/cargo-home/bin/cargo" "+nightly-2025-01-18" "test" "--frozen", kill_on_drop: false }`
[INFO] [stdout] e3a4e9493133fce31e12452f8be25531a502d4051c6feaab3a796009bb4724f1
[INFO] running `Command { std: "docker" "start" "-a" "e3a4e9493133fce31e12452f8be25531a502d4051c6feaab3a796009bb4724f1", kill_on_drop: false }`
[INFO] [stderr] warning: profiles for the non root package will be ignored, specify profiles at the workspace root:
[INFO] [stderr] package:   /opt/rustwide/workdir/game-main/Cargo.toml
[INFO] [stderr] workspace: /opt/rustwide/workdir/Cargo.toml
[INFO] [stderr] warning: virtual workspace defaulting to `resolver = "1"` despite one or more workspace members being on edition 2021 which implies `resolver = "2"`
[INFO] [stderr] note: to keep the current resolver, specify `workspace.resolver = "1"` in the workspace root's manifest
[INFO] [stderr] note: to use the edition 2021 resolver, specify `workspace.resolver = "2"` in the workspace root's manifest
[INFO] [stderr] note: for more details see https://doc.rust-lang.org/cargo/reference/resolver.html#resolver-versions
[INFO] [stderr] warning: field `description` is never read
[INFO] [stderr]   --> game-model/src/lib.rs:14:5
[INFO] [stderr]    |
[INFO] [stderr] 13 | pub struct GameError {
[INFO] [stderr]    |            --------- field in this struct
[INFO] [stderr] 14 |     description: String,
[INFO] [stderr]    |     ^^^^^^^^^^^
[INFO] [stderr]    |
[INFO] [stderr]    = note: `GameError` has derived impls for the traits `Clone` and `Debug`, but these are intentionally ignored during dead code analysis
[INFO] [stderr]    = note: `#[warn(dead_code)]` on by default
[INFO] [stderr] 
[INFO] [stderr] warning: method `reaches` is never used
[INFO] [stderr]   --> game-model/src/ranges.rs:27:8
[INFO] [stderr]    |
[INFO] [stderr] 26 | impl Direction {
[INFO] [stderr]    | -------------- method in this implementation
[INFO] [stderr] 27 |     fn reaches(&self, from_x: u8, from_y: u8, to_x: u8, to_y: u8) -> bool {
[INFO] [stderr]    |        ^^^^^^^
[INFO] [stderr] 
[INFO] [stderr] warning: `game-model` (lib) generated 2 warnings
[INFO] [stderr] warning: variable does not need to be mutable
[INFO] [stderr]    --> game-render/src/animation.rs:439:13
[INFO] [stderr]     |
[INFO] [stderr] 439 |         let mut sprite_render = board_render
[INFO] [stderr]     |             ----^^^^^^^^^^^^^
[INFO] [stderr]     |             |
[INFO] [stderr]     |             help: remove this `mut`
[INFO] [stderr]     |
[INFO] [stderr]     = note: `#[warn(unused_mut)]` on by default
[INFO] [stderr] 
[INFO] [stderr] warning: field `effect` is never read
[INFO] [stderr]    --> game-render/src/animation.rs:233:16
[INFO] [stderr]     |
[INFO] [stderr] 232 | pub struct AddEffectAnimation {
[INFO] [stderr]     |            ------------------ field in this struct
[INFO] [stderr] 233 |     pub(crate) effect: EffectKind,
[INFO] [stderr]     |                ^^^^^^
[INFO] [stderr]     |
[INFO] [stderr]     = note: `AddEffectAnimation` has derived impls for the traits `Clone` and `Debug`, but these are intentionally ignored during dead code analysis
[INFO] [stderr]     = note: `#[warn(dead_code)]` on by default
[INFO] [stderr] 
[INFO] [stderr] warning: field `effect` is never read
[INFO] [stderr]    --> game-render/src/animation.rs:239:16
[INFO] [stderr]     |
[INFO] [stderr] 238 | pub struct RemoveEffectAnimation {
[INFO] [stderr]     |            --------------------- field in this struct
[INFO] [stderr] 239 |     pub(crate) effect: EffectKind,
[INFO] [stderr]     |                ^^^^^^
[INFO] [stderr]     |
[INFO] [stderr]     = note: `RemoveEffectAnimation` has derived impls for the traits `Clone` and `Debug`, but these are intentionally ignored during dead code analysis
[INFO] [stderr] 
[INFO] [stderr] warning: field `team_id` is never read
[INFO] [stderr]    --> game-render/src/animation.rs:312:9
[INFO] [stderr]     |
[INFO] [stderr] 311 | pub struct RemoveUnusedAnimation {
[INFO] [stderr]     |            --------------------- field in this struct
[INFO] [stderr] 312 |     pub team_id: usize,
[INFO] [stderr]     |         ^^^^^^^
[INFO] [stderr]     |
[INFO] [stderr]     = note: `RemoveUnusedAnimation` has derived impls for the traits `Clone` and `Debug`, but these are intentionally ignored during dead code analysis
[INFO] [stderr] 
[INFO] [stderr] warning: `game-render` (lib) generated 4 warnings (run `cargo fix --lib -p game-render` to apply 1 suggestion)
[INFO] [stderr] warning: variable does not need to be mutable
[INFO] [stderr]    --> game-main/src/states/loading.rs:180:21
[INFO] [stderr]     |
[INFO] [stderr] 180 |                 let mut core_game_state = self.core_game_state.as_mut().unwrap();
[INFO] [stderr]     |                     ----^^^^^^^^^^^^^^^
[INFO] [stderr]     |                     |
[INFO] [stderr]     |                     help: remove this `mut`
[INFO] [stderr]     |
[INFO] [stderr]     = note: `#[warn(unused_mut)]` on by default
[INFO] [stderr] 
[INFO] [stderr] warning: function `post_error_report` is never used
[INFO] [stderr]    --> game-main/src/states/core_game_state.rs:348:10
[INFO] [stderr]     |
[INFO] [stderr] 348 | async fn post_error_report(url: String, message: String, content: Vec<GameCommand>) {
[INFO] [stderr]     |          ^^^^^^^^^^^^^^^^^
[INFO] [stderr]     |
[INFO] [stderr]     = note: `#[warn(dead_code)]` on by default
[INFO] [stderr] 
[INFO] [stderr] warning: associated function `new` is never used
[INFO] [stderr]   --> game-main/src/states/error_state.rs:10:12
[INFO] [stderr]    |
[INFO] [stderr] 9  | impl ErrorState {
[INFO] [stderr]    | --------------- associated function in this implementation
[INFO] [stderr] 10 |     pub fn new(description: String) -> Self {
[INFO] [stderr]    |            ^^^
[INFO] [stderr] 
[INFO] [stderr] warning: method `offline_game` is never used
[INFO] [stderr]    --> game-main/src/states/loading.rs:119:12
[INFO] [stderr]     |
[INFO] [stderr] 67  | impl LoadingState {
[INFO] [stderr]     | ----------------- method in this implementation
[INFO] [stderr] ...
[INFO] [stderr] 119 |     pub fn offline_game(&mut self) {
[INFO] [stderr]     |            ^^^^^^^^^^^^
[INFO] [stderr] 
[INFO] [stderr] warning: `bugchess` (bin "bugchess") generated 4 warnings (run `cargo fix --bin "bugchess"` to apply 1 suggestion)
[INFO] [stderr] warning: associated function `new_client_pair` is never used
[INFO] [stderr]   --> game-main/tests/utils/fakebox.rs:13:12
[INFO] [stderr]    |
[INFO] [stderr] 12 | impl FakeboxClient {
[INFO] [stderr]    | ------------------ associated function in this implementation
[INFO] [stderr] 13 |     pub fn new_client_pair() -> (Rc<RefCell<Self>>, Rc<RefCell<Self>>) {
[INFO] [stderr]    |            ^^^^^^^^^^^^^^^
[INFO] [stderr]    |
[INFO] [stderr]    = note: `#[warn(dead_code)]` on by default
[INFO] [stderr] 
[INFO] [stderr] warning: fields `logs`, `game_state`, and `multiplayer_connector` are never read
[INFO] [stderr]   --> game-main/tests/utils/test_utils.rs:25:9
[INFO] [stderr]    |
[INFO] [stderr] 24 | pub struct TestGame {
[INFO] [stderr]    |            -------- fields in this struct
[INFO] [stderr] 25 |     pub logs: Rc<RefCell<VecDeque<GameAction>>>,
[INFO] [stderr]    |         ^^^^
[INFO] [stderr] ...
[INFO] [stderr] 28 |     pub game_state: CoreGameSubstate,
[INFO] [stderr]    |         ^^^^^^^^^^
[INFO] [stderr] 29 |     multiplayer_connector: Option<Rc<RefCell<MultiplayerConector>>>,
[INFO] [stderr]    |     ^^^^^^^^^^^^^^^^^^^^^
[INFO] [stderr] 
[INFO] [stderr] warning: multiple methods are never used
[INFO] [stderr]   --> game-main/tests/utils/test_utils.rs:33:12
[INFO] [stderr]    |
[INFO] [stderr] 32 | impl TestGame {
[INFO] [stderr]    | ------------- methods in this implementation
[INFO] [stderr] 33 |     pub fn add_unused_pieces(&mut self, t1: u8, t2: u8) {
[INFO] [stderr]    |            ^^^^^^^^^^^^^^^^^
[INFO] [stderr] ...
[INFO] [stderr] 39 |     pub fn recieve_multiplayer_events(&mut self) {
[INFO] [stderr]    |            ^^^^^^^^^^^^^^^^^^^^^^^^^^
[INFO] [stderr] ...
[INFO] [stderr] 52 |     pub fn click_at_pos(&mut self, pos: (u8, u8)) {
[INFO] [stderr]    |            ^^^^^^^^^^^^
[INFO] [stderr] ...
[INFO] [stderr] 59 |     pub fn next_turn(&mut self) {
[INFO] [stderr]    |            ^^^^^^^^^
[INFO] [stderr] ...
[INFO] [stderr] 65 |     pub fn assert_has_game_state(&self, game_state: CoreGameSubstate) {
[INFO] [stderr]    |            ^^^^^^^^^^^^^^^^^^^^^
[INFO] [stderr] ...
[INFO] [stderr] 69 |     pub fn assert_num_pieces(&self, num_pieces_team_1: usize, num_pieces_team_2: usize) {
[INFO] [stderr]    |            ^^^^^^^^^^^^^^^^^
[INFO] [stderr] ...
[INFO] [stderr] 76 |     pub fn assert_piece_at(&self, piece_pos: (u8, u8), piece_kind: PieceKind) {
[INFO] [stderr]    |            ^^^^^^^^^^^^^^^
[INFO] [stderr] 
[INFO] [stderr] warning: function `create_multiplayer_game` is never used
[INFO] [stderr]   --> game-main/tests/utils/test_utils.rs:86:8
[INFO] [stderr]    |
[INFO] [stderr] 86 | pub fn create_multiplayer_game() -> (TestGame, TestGame) {
[INFO] [stderr]    |        ^^^^^^^^^^^^^^^^^^^^^^^
[INFO] [stderr] 
[INFO] [stderr] warning: function `make_multiplayer` is never used
[INFO] [stderr]    --> game-main/tests/utils/test_utils.rs:100:4
[INFO] [stderr]     |
[INFO] [stderr] 100 | fn make_multiplayer(multiplayer_client1: Rc<RefCell<FakeboxClient>>, test_game: &mut TestGame) {
[INFO] [stderr]     |    ^^^^^^^^^^^^^^^^
[INFO] [stderr] 
[INFO] [stderr] warning: field `logs` is never read
[INFO] [stderr]   --> game-main/tests/utils/test_utils.rs:25:9
[INFO] [stderr]    |
[INFO] [stderr] 24 | pub struct TestGame {
[INFO] [stderr]    |            -------- field in this struct
[INFO] [stderr] 25 |     pub logs: Rc<RefCell<VecDeque<GameAction>>>,
[INFO] [stderr]    |         ^^^^
[INFO] [stderr]    |
[INFO] [stderr]    = note: `#[warn(dead_code)]` on by default
[INFO] [stderr] 
[INFO] [stderr] warning: `bugchess` (bin "bugchess" test) generated 4 warnings (4 duplicates)
[INFO] [stderr] warning: `bugchess` (test "snapshots") generated 5 warnings
[INFO] [stderr] warning: `bugchess` (test "basic") generated 1 warning
[INFO] [stderr]     Finished `test` profile [unoptimized + debuginfo] target(s) in 0.65s
[INFO] [stderr]      Running unittests src/main.rs (/opt/rustwide/target/debug/deps/bugchess-d331ddc41336a82a)
[INFO] [stdout] 
[INFO] [stdout] running 0 tests
[INFO] [stdout] 
[INFO] [stdout] test result: ok. 0 passed; 0 failed; 0 ignored; 0 measured; 0 filtered out; finished in 0.00s
[INFO] [stdout] 
[INFO] [stderr]      Running tests/basic.rs (/opt/rustwide/target/debug/deps/basic-5a50f64363329d52)
[INFO] [stdout] 
[INFO] [stdout] running 3 tests
[INFO] [stdout] test test_place_single_piece_multiplayer ... ok
[INFO] [stdout] test test_merge_piece_multiplayer ... ok
[INFO] [stdout] test test_remove_effects ... ok
[INFO] [stdout] 
[INFO] [stdout] test result: ok. 3 passed; 0 failed; 0 ignored; 0 measured; 0 filtered out; finished in 0.02s
[INFO] [stdout] 
[INFO] [stderr]      Running tests/snapshots.rs (/opt/rustwide/target/debug/deps/snapshots-7f94af12f01e205f)
[INFO] [stdout] 
[INFO] [stdout] running 1 test
[INFO] [stdout] test test_all_snapshots ... FAILED
[INFO] [stdout] 
[INFO] [stdout] failures:
[INFO] [stdout] 
[INFO] [stdout] ---- test_all_snapshots stdout ----
[INFO] [stdout] Testing snapshot "tests/exported_games/0001_exported_game.json"
[INFO] [stdout] From team 0 to next team.
[INFO] [stdout] Next team is 1
[INFO] [stdout] From team 1 to next team.
[INFO] [stdout] Next team is 0
[INFO] [stdout] From team 0 to next team.
[INFO] [stdout] Next team is 1
[INFO] [stdout] From team 1 to next team.
[INFO] [stdout] Next team is 0
[INFO] [stdout] Testing snapshot "tests/exported_games/0002_Error on Purpose.json"
[INFO] [stdout] From team 0 to next team.
[INFO] [stdout] Next team is 1
[INFO] [stdout] From team 1 to next team.
[INFO] [stdout] Next team is 0
[INFO] [stdout] From team 0 to next team.
[INFO] [stdout] Next team is 1
[INFO] [stdout] From team 1 to next team.
[INFO] [stdout] Next team is 0
[INFO] [stdout] Testing snapshot "tests/exported_games/0003_Undo before making a move.json"
[INFO] [stdout] From team 0 to next team.
[INFO] [stdout] Next team is 1
[INFO] [stdout] From team 1 to next team.
[INFO] [stdout] Next team is 0
[INFO] [stdout] From team 0 to next team.
[INFO] [stdout] Next team is 1
[INFO] [stdout] From team 1 to next team.
[INFO] [stdout] Next team is 0
[INFO] [stdout] Testing snapshot "tests/exported_games/0004_function not implemented on non-wasm32 targets.json"
[INFO] [stdout] From team 0 to next team.
[INFO] [stdout] Next team is 1
[INFO] [stdout] ━━━━━━━━━━━━━━━━━━━━━━━━━━━━━━━ Snapshot Summary ━━━━━━━━━━━━━━━━━━━━━━━━━━━━━━━
[INFO] [stdout] Snapshot file: game-main/tests/snapshots/snapshots__0004_function not implemented on non-wasm32 targets.snap
[INFO] [stdout] Snapshot: 0004_function not implemented on non-wasm32 targets
[INFO] [stdout] Source: game-main/tests/snapshots.rs:41
[INFO] [stdout] ────────────────────────────────────────────────────────────────────────────────
[INFO] [stdout] Expression: game
[INFO] [stdout] ────────────────────────────────────────────────────────────────────────────────
[INFO] [stdout] +new results
[INFO] [stdout] ────────────┬───────────────────────────────────────────────────────────────────
[INFO] [stdout]           0 │+  0: 6
[INFO] [stdout]           1 │+* 1: 0
[INFO] [stdout]           2 │+
[INFO] [stdout]           3 │+    0   1   2   3   4   5   6   7
[INFO] [stdout]           4 │+0:|   |   |   |   |   |   |   |   |
[INFO] [stdout]           5 │+1:|   |   |   |   |   |   |   |   |
[INFO] [stdout]           6 │+2:|   |   |   |   |   |   |   |   |
[INFO] [stdout]           7 │+3:|   |   |   |   |   |   |   |   |
[INFO] [stdout]           8 │+4:|   |   |   |   |   |   |   |   |
[INFO] [stdout]           9 │+5:|   |   |   |   |   |   |   |   |
[INFO] [stdout]          10 │+6:|   |   |   |   |   |   |   |   |
[INFO] [stdout]          11 │+7:|   |   |   |   |   |   |   |   |
[INFO] [stdout] ────────────┴───────────────────────────────────────────────────────────────────
[INFO] [stdout] 
[INFO] [stdout] thread 'test_all_snapshots' panicked at game-main/tests/snapshots.rs:41:9:
[INFO] [stdout] called `Result::unwrap()` on an `Err` value: Os { code: 30, kind: ReadOnlyFilesystem, message: "Read-only file system" }
[INFO] [stdout] stack backtrace:
[INFO] [stdout]    0:     0x5ec374434b5a - std::backtrace_rs::backtrace::libunwind::trace::hb059275cfc8d6126
[INFO] [stdout]                                at /rustc/6067b36314ab5eb2eb47cecc464545ba58e1ad24/library/std/src/../../backtrace/src/backtrace/libunwind.rs:116:5
[INFO] [stdout]    1:     0x5ec374434b5a - std::backtrace_rs::backtrace::trace_unsynchronized::h2da071e4327ce3ee
[INFO] [stdout]                                at /rustc/6067b36314ab5eb2eb47cecc464545ba58e1ad24/library/std/src/../../backtrace/src/backtrace/mod.rs:66:5
[INFO] [stdout]    2:     0x5ec374434b5a - std::sys::backtrace::_print_fmt::h842a1474e6f8d23f
[INFO] [stdout]                                at /rustc/6067b36314ab5eb2eb47cecc464545ba58e1ad24/library/std/src/sys/backtrace.rs:66:9
[INFO] [stdout]    3:     0x5ec374434b5a - <std::sys::backtrace::BacktraceLock::print::DisplayBacktrace as core::fmt::Display>::fmt::h71a62eb3b9696b12
[INFO] [stdout]                                at /rustc/6067b36314ab5eb2eb47cecc464545ba58e1ad24/library/std/src/sys/backtrace.rs:39:26
[INFO] [stdout]    4:     0x5ec374460063 - core::fmt::rt::Argument::fmt::hdb6b616786b41dc1
[INFO] [stdout]                                at /rustc/6067b36314ab5eb2eb47cecc464545ba58e1ad24/library/core/src/fmt/rt.rs:177:76
[INFO] [stdout]    5:     0x5ec374460063 - core::fmt::write::h2cc1698af7e2d686
[INFO] [stdout]                                at /rustc/6067b36314ab5eb2eb47cecc464545ba58e1ad24/library/core/src/fmt/mod.rs:1440:21
[INFO] [stdout]    6:     0x5ec374430583 - std::io::Write::write_fmt::hab1b4cd059a79022
[INFO] [stdout]                                at /rustc/6067b36314ab5eb2eb47cecc464545ba58e1ad24/library/std/src/io/mod.rs:1887:15
[INFO] [stdout]    7:     0x5ec3744349a2 - std::sys::backtrace::BacktraceLock::print::h147fe35b4ea13b08
[INFO] [stdout]                                at /rustc/6067b36314ab5eb2eb47cecc464545ba58e1ad24/library/std/src/sys/backtrace.rs:42:9
[INFO] [stdout]    8:     0x5ec374435f7f - std::panicking::default_hook::{{closure}}::hbd44223dbdc0d208
[INFO] [stdout]                                at /rustc/6067b36314ab5eb2eb47cecc464545ba58e1ad24/library/std/src/panicking.rs:298:22
[INFO] [stdout]    9:     0x5ec374435d98 - std::panicking::default_hook::h20f81eb0576efcec
[INFO] [stdout]                                at /rustc/6067b36314ab5eb2eb47cecc464545ba58e1ad24/library/std/src/panicking.rs:322:9
[INFO] [stdout]   10:     0x5ec3743953a3 - <alloc::boxed::Box<F,A> as core::ops::function::Fn<Args>>::call::hdb53814c496a4d34
[INFO] [stdout]                                at /rustc/6067b36314ab5eb2eb47cecc464545ba58e1ad24/library/alloc/src/boxed.rs:2027:9
[INFO] [stdout]   11:     0x5ec3743953a3 - test::test_main::{{closure}}::hc0a4963c59427c24
[INFO] [stdout]                                at /rustc/6067b36314ab5eb2eb47cecc464545ba58e1ad24/library/test/src/lib.rs:134:21
[INFO] [stdout]   12:     0x5ec374436a73 - <alloc::boxed::Box<F,A> as core::ops::function::Fn<Args>>::call::h591b2225413a77e9
[INFO] [stdout]                                at /rustc/6067b36314ab5eb2eb47cecc464545ba58e1ad24/library/alloc/src/boxed.rs:2027:9
[INFO] [stdout]   13:     0x5ec374436a73 - std::panicking::rust_panic_with_hook::h625eea43051b2edc
[INFO] [stdout]                                at /rustc/6067b36314ab5eb2eb47cecc464545ba58e1ad24/library/std/src/panicking.rs:839:13
[INFO] [stdout]   14:     0x5ec37443672a - std::panicking::begin_panic_handler::{{closure}}::h4f9159cfbc3f6bd3
[INFO] [stdout]                                at /rustc/6067b36314ab5eb2eb47cecc464545ba58e1ad24/library/std/src/panicking.rs:704:13
[INFO] [stdout]   15:     0x5ec374435059 - std::sys::backtrace::__rust_end_short_backtrace::h0390abce48353151
[INFO] [stdout]                                at /rustc/6067b36314ab5eb2eb47cecc464545ba58e1ad24/library/std/src/sys/backtrace.rs:168:18
[INFO] [stdout]   16:     0x5ec3744363bd - rust_begin_unwind
[INFO] [stdout]                                at /rustc/6067b36314ab5eb2eb47cecc464545ba58e1ad24/library/std/src/panicking.rs:695:5
[INFO] [stdout]   17:     0x5ec37445d6c0 - core::panicking::panic_fmt::h9e7c637e9e5f29c9
[INFO] [stdout]                                at /rustc/6067b36314ab5eb2eb47cecc464545ba58e1ad24/library/core/src/panicking.rs:75:14
[INFO] [stdout]   18:     0x5ec37445db36 - core::result::unwrap_failed::h7979f09313fe1849
[INFO] [stdout]                                at /rustc/6067b36314ab5eb2eb47cecc464545ba58e1ad24/library/core/src/result.rs:1704:5
[INFO] [stdout]   19:     0x5ec37423548a - core::result::Result<T,E>::unwrap::hf2d214a93f9504bf
[INFO] [stdout]                                at /rustc/6067b36314ab5eb2eb47cecc464545ba58e1ad24/library/core/src/result.rs:1109:23
[INFO] [stdout]   20:     0x5ec37423548a - snapshots::test_all_snapshots::heb7d6d191cdab488
[INFO] [stdout]                                at /opt/rustwide/workdir/game-main/tests/snapshots.rs:41:9
[INFO] [stdout]   21:     0x5ec3742347f7 - snapshots::test_all_snapshots::{{closure}}::he3c52633217a3da3
[INFO] [stdout]                                at /opt/rustwide/workdir/game-main/tests/snapshots.rs:9:28
[INFO] [stdout]   22:     0x5ec37422dc56 - core::ops::function::FnOnce::call_once::h6a6f625d5a7f11a7
[INFO] [stdout]                                at /rustc/6067b36314ab5eb2eb47cecc464545ba58e1ad24/library/core/src/ops/function.rs:250:5
[INFO] [stdout]   23:     0x5ec37439aafb - core::ops::function::FnOnce::call_once::he27718dfdd183f43
[INFO] [stdout]                                at /rustc/6067b36314ab5eb2eb47cecc464545ba58e1ad24/library/core/src/ops/function.rs:250:5
[INFO] [stdout]   24:     0x5ec37439aafb - test::__rust_begin_short_backtrace::h4e84902998457a5d
[INFO] [stdout]                                at /rustc/6067b36314ab5eb2eb47cecc464545ba58e1ad24/library/test/src/lib.rs:632:18
[INFO] [stdout]   25:     0x5ec374399a33 - test::run_test_in_process::{{closure}}::h7176fd18fc1feca0
[INFO] [stdout]                                at /rustc/6067b36314ab5eb2eb47cecc464545ba58e1ad24/library/test/src/lib.rs:655:60
[INFO] [stdout]   26:     0x5ec374399a33 - <core::panic::unwind_safe::AssertUnwindSafe<F> as core::ops::function::FnOnce<()>>::call_once::hf79cff2a624d8cf7
[INFO] [stdout]                                at /rustc/6067b36314ab5eb2eb47cecc464545ba58e1ad24/library/core/src/panic/unwind_safe.rs:272:9
[INFO] [stdout]   27:     0x5ec374399a33 - std::panicking::try::do_call::h3da0561d9ab99c25
[INFO] [stdout]                                at /rustc/6067b36314ab5eb2eb47cecc464545ba58e1ad24/library/std/src/panicking.rs:587:40
[INFO] [stdout]   28:     0x5ec374399a33 - std::panicking::try::h41c9fa508bc61df6
[INFO] [stdout]                                at /rustc/6067b36314ab5eb2eb47cecc464545ba58e1ad24/library/std/src/panicking.rs:550:19
[INFO] [stdout]   29:     0x5ec374399a33 - std::panic::catch_unwind::h6b3ff07bb5afad93
[INFO] [stdout]                                at /rustc/6067b36314ab5eb2eb47cecc464545ba58e1ad24/library/std/src/panic.rs:358:14
[INFO] [stdout]   30:     0x5ec374399a33 - test::run_test_in_process::hc7253dd11b39b9f4
[INFO] [stdout]                                at /rustc/6067b36314ab5eb2eb47cecc464545ba58e1ad24/library/test/src/lib.rs:655:27
[INFO] [stdout]   31:     0x5ec374399a33 - test::run_test::{{closure}}::hfb2007f8649c30bb
[INFO] [stdout]                                at /rustc/6067b36314ab5eb2eb47cecc464545ba58e1ad24/library/test/src/lib.rs:576:43
[INFO] [stdout]   32:     0x5ec37435cb15 - test::run_test::{{closure}}::h56a17aa7a282a9f4
[INFO] [stdout]                                at /rustc/6067b36314ab5eb2eb47cecc464545ba58e1ad24/library/test/src/lib.rs:606:41
[INFO] [stdout]   33:     0x5ec37435cb15 - std::sys::backtrace::__rust_begin_short_backtrace::hd2d2d2fb8e8c6aac
[INFO] [stdout]                                at /rustc/6067b36314ab5eb2eb47cecc464545ba58e1ad24/library/std/src/sys/backtrace.rs:152:18
[INFO] [stdout]   34:     0x5ec3743603fa - std::thread::Builder::spawn_unchecked_::{{closure}}::{{closure}}::h4faa3f9db6133423
[INFO] [stdout]                                at /rustc/6067b36314ab5eb2eb47cecc464545ba58e1ad24/library/std/src/thread/mod.rs:559:17
[INFO] [stdout]   35:     0x5ec3743603fa - <core::panic::unwind_safe::AssertUnwindSafe<F> as core::ops::function::FnOnce<()>>::call_once::hf2e855a36a4ea846
[INFO] [stdout]                                at /rustc/6067b36314ab5eb2eb47cecc464545ba58e1ad24/library/core/src/panic/unwind_safe.rs:272:9
[INFO] [stdout]   36:     0x5ec3743603fa - std::panicking::try::do_call::h2f73af3616c35465
[INFO] [stdout]                                at /rustc/6067b36314ab5eb2eb47cecc464545ba58e1ad24/library/std/src/panicking.rs:587:40
[INFO] [stdout]   37:     0x5ec3743603fa - std::panicking::try::hd1660ce9efadef5a
[INFO] [stdout]                                at /rustc/6067b36314ab5eb2eb47cecc464545ba58e1ad24/library/std/src/panicking.rs:550:19
[INFO] [stdout]   38:     0x5ec3743603fa - std::panic::catch_unwind::h5ee8d7823b8ca744
[INFO] [stdout]                                at /rustc/6067b36314ab5eb2eb47cecc464545ba58e1ad24/library/std/src/panic.rs:358:14
[INFO] [stdout]   39:     0x5ec3743603fa - std::thread::Builder::spawn_unchecked_::{{closure}}::h53c3a1894dce8407
[INFO] [stdout]                                at /rustc/6067b36314ab5eb2eb47cecc464545ba58e1ad24/library/std/src/thread/mod.rs:557:30
[INFO] [stdout]   40:     0x5ec3743603fa - core::ops::function::FnOnce::call_once{{vtable.shim}}::h048ce291ad4f62bf
[INFO] [stdout]                                at /rustc/6067b36314ab5eb2eb47cecc464545ba58e1ad24/library/core/src/ops/function.rs:250:5
[INFO] [stdout]   41:     0x5ec37443b4eb - <alloc::boxed::Box<F,A> as core::ops::function::FnOnce<Args>>::call_once::ha52bedf99a3b4981
[INFO] [stdout]                                at /rustc/6067b36314ab5eb2eb47cecc464545ba58e1ad24/library/alloc/src/boxed.rs:2013:9
[INFO] [stdout]   42:     0x5ec37443b4eb - <alloc::boxed::Box<F,A> as core::ops::function::FnOnce<Args>>::call_once::h567748934d80ccf8
[INFO] [stdout]                                at /rustc/6067b36314ab5eb2eb47cecc464545ba58e1ad24/library/alloc/src/boxed.rs:2013:9
[INFO] [stdout]   43:     0x5ec37443b4eb - std::sys::pal::unix::thread::Thread::new::thread_start::h2d970728ae887adc
[INFO] [stdout]                                at /rustc/6067b36314ab5eb2eb47cecc464545ba58e1ad24/library/std/src/sys/pal/unix/thread.rs:106:17
[INFO] [stdout]   44:     0x796895423ac3 - <unknown>
[INFO] [stdout]   45:     0x7968954b4a04 - clone
[INFO] [stdout]   46:                0x0 - <unknown>
[INFO] [stdout] 
[INFO] [stdout] 
[INFO] [stdout] failures:
[INFO] [stdout]     test_all_snapshots
[INFO] [stdout] 
[INFO] [stdout] test result: FAILED. 0 passed; 1 failed; 0 ignored; 0 measured; 0 filtered out; finished in 2.20s
[INFO] [stdout] 
[INFO] [stderr] error: test failed, to rerun pass `--test snapshots`
[INFO] running `Command { std: "docker" "inspect" "e3a4e9493133fce31e12452f8be25531a502d4051c6feaab3a796009bb4724f1", kill_on_drop: false }`
[INFO] running `Command { std: "docker" "rm" "-f" "e3a4e9493133fce31e12452f8be25531a502d4051c6feaab3a796009bb4724f1", kill_on_drop: false }`
[INFO] [stdout] e3a4e9493133fce31e12452f8be25531a502d4051c6feaab3a796009bb4724f1
