[INFO] cloning repository https://github.com/haze518/harvester_rs
[INFO] running `Command { std: "git" "-c" "credential.helper=" "-c" "credential.helper=/workspace/cargo-home/bin/git-credential-null" "clone" "--bare" "https://github.com/haze518/harvester_rs" "/workspace/cache/git-repos/https%3A%2F%2Fgithub.com%2Fhaze518%2Fharvester_rs", kill_on_drop: false }`
[INFO] [stderr] Cloning into bare repository '/workspace/cache/git-repos/https%3A%2F%2Fgithub.com%2Fhaze518%2Fharvester_rs'...
[INFO] running `Command { std: "git" "rev-parse" "HEAD", kill_on_drop: false }`
[INFO] [stdout] 45bb309af20a82cff611230e9c976df36052c770
[INFO] testing haze518/harvester_rs against nightly-2025-01-18 for randomize-layout-2
[INFO] running `Command { std: "git" "clone" "/workspace/cache/git-repos/https%3A%2F%2Fgithub.com%2Fhaze518%2Fharvester_rs" "/workspace/builds/worker-7-tc1/source", kill_on_drop: false }`
[INFO] [stderr] Cloning into '/workspace/builds/worker-7-tc1/source'...
[INFO] [stderr] done.
[INFO] validating manifest of git repo https://github.com/haze518/harvester_rs on toolchain nightly-2025-01-18
[INFO] running `Command { std: CARGO_HOME="/workspace/cargo-home" RUSTUP_HOME="/workspace/rustup-home" "/workspace/cargo-home/bin/cargo" "+nightly-2025-01-18" "metadata" "--manifest-path" "Cargo.toml" "--no-deps", kill_on_drop: false }`
[INFO] started tweaking git repo https://github.com/haze518/harvester_rs
[INFO] finished tweaking git repo https://github.com/haze518/harvester_rs
[INFO] tweaked toml for git repo https://github.com/haze518/harvester_rs written to /workspace/builds/worker-7-tc1/source/Cargo.toml
[INFO] crate git repo https://github.com/haze518/harvester_rs already has a lockfile, it will not be regenerated
[INFO] running `Command { std: CARGO_HOME="/workspace/cargo-home" RUSTUP_HOME="/workspace/rustup-home" "/workspace/cargo-home/bin/cargo" "+nightly-2025-01-18" "fetch" "--manifest-path" "Cargo.toml", kill_on_drop: false }`
[INFO] running `Command { std: "docker" "create" "-v" "/var/lib/crater-agent-workspace/builds/worker-7-tc1/target:/opt/rustwide/target:rw,Z" "-v" "/var/lib/crater-agent-workspace/builds/worker-7-tc1/source:/opt/rustwide/workdir:ro,Z" "-v" "/var/lib/crater-agent-workspace/cargo-home:/opt/rustwide/cargo-home:ro,Z" "-v" "/var/lib/crater-agent-workspace/rustup-home:/opt/rustwide/rustup-home:ro,Z" "-e" "SOURCE_DIR=/opt/rustwide/workdir" "-e" "CARGO_TARGET_DIR=/opt/rustwide/target" "-e" "CARGO_HOME=/opt/rustwide/cargo-home" "-e" "RUSTUP_HOME=/opt/rustwide/rustup-home" "-w" "/opt/rustwide/workdir" "-m" "1610612736" "--user" "0:0" "--network" "none" "ghcr.io/rust-lang/crates-build-env/linux@sha256:819108c5571ea2e421544af4d832f968d213c87fbe3707a016657f43d2f853bc" "/opt/rustwide/cargo-home/bin/cargo" "+nightly-2025-01-18" "metadata" "--no-deps" "--format-version=1", kill_on_drop: false }`
[INFO] [stdout] edde9c89e689cfa238158cef69574b782f9a161e86a2c9e76b456fea7298beae
[INFO] running `Command { std: "docker" "start" "-a" "edde9c89e689cfa238158cef69574b782f9a161e86a2c9e76b456fea7298beae", kill_on_drop: false }`
[INFO] running `Command { std: "docker" "inspect" "edde9c89e689cfa238158cef69574b782f9a161e86a2c9e76b456fea7298beae", kill_on_drop: false }`
[INFO] running `Command { std: "docker" "rm" "-f" "edde9c89e689cfa238158cef69574b782f9a161e86a2c9e76b456fea7298beae", kill_on_drop: false }`
[INFO] [stdout] edde9c89e689cfa238158cef69574b782f9a161e86a2c9e76b456fea7298beae
[INFO] running `Command { std: "docker" "create" "-v" "/var/lib/crater-agent-workspace/builds/worker-7-tc1/target:/opt/rustwide/target:rw,Z" "-v" "/var/lib/crater-agent-workspace/builds/worker-7-tc1/source:/opt/rustwide/workdir:ro,Z" "-v" "/var/lib/crater-agent-workspace/cargo-home:/opt/rustwide/cargo-home:ro,Z" "-v" "/var/lib/crater-agent-workspace/rustup-home:/opt/rustwide/rustup-home:ro,Z" "-e" "SOURCE_DIR=/opt/rustwide/workdir" "-e" "CARGO_TARGET_DIR=/opt/rustwide/target" "-e" "CARGO_INCREMENTAL=0" "-e" "RUST_BACKTRACE=full" "-e" "RUSTFLAGS=--cap-lints=forbid" "-e" "RUSTDOCFLAGS=--cap-lints=forbid" "-e" "CARGO_HOME=/opt/rustwide/cargo-home" "-e" "RUSTUP_HOME=/opt/rustwide/rustup-home" "-w" "/opt/rustwide/workdir" "-m" "1610612736" "--user" "0:0" "--network" "none" "ghcr.io/rust-lang/crates-build-env/linux@sha256:819108c5571ea2e421544af4d832f968d213c87fbe3707a016657f43d2f853bc" "/opt/rustwide/cargo-home/bin/cargo" "+nightly-2025-01-18" "build" "--frozen" "--message-format=json", kill_on_drop: false }`
[INFO] [stdout] 512551c5fb09132217fbbbcf11fcac45de36aca53b20f0f881c77de35b051268
[INFO] running `Command { std: "docker" "start" "-a" "512551c5fb09132217fbbbcf11fcac45de36aca53b20f0f881c77de35b051268", kill_on_drop: false }`
[INFO] [stderr]    Compiling libc v0.2.147
[INFO] [stderr]    Compiling pkg-config v0.3.27
[INFO] [stderr]    Compiling vcpkg v0.2.15
[INFO] [stderr]    Compiling autocfg v1.1.0
[INFO] [stderr]    Compiling cfg-if v1.0.0
[INFO] [stderr]    Compiling smallvec v1.11.0
[INFO] [stderr]    Compiling scopeguard v1.2.0
[INFO] [stderr]    Compiling proc-macro2 v1.0.66
[INFO] [stderr]    Compiling unicode-ident v1.0.11
[INFO] [stderr]    Compiling parking_lot_core v0.9.8
[INFO] [stderr]    Compiling parking_lot_core v0.8.6
[INFO] [stderr]    Compiling serde v1.0.182
[INFO] [stderr]    Compiling serde_derive v1.0.182
[INFO] [stderr]    Compiling curl v0.4.44
[INFO] [stderr]    Compiling itoa v1.0.9
[INFO] [stderr]    Compiling anyhow v1.0.72
[INFO] [stderr]    Compiling instant v0.1.12
[INFO] [stderr]    Compiling thiserror v1.0.44
[INFO] [stderr]    Compiling equivalent v1.0.1
[INFO] [stderr]    Compiling hashbrown v0.14.0
[INFO] [stderr]    Compiling ryu v1.0.15
[INFO] [stderr]    Compiling serde_json v1.0.104
[INFO] [stderr]    Compiling unsafe-libyaml v0.2.9
[INFO] [stderr]    Compiling match_cfg v0.1.0
[INFO] [stderr]    Compiling iana-time-zone v0.1.57
[INFO] [stderr]    Compiling openssl-probe v0.1.5
[INFO] [stderr]    Compiling bitflags v1.3.2
[INFO] [stderr]    Compiling log v0.4.19
[INFO] [stderr]    Compiling base64 v0.21.2
[INFO] [stderr]    Compiling lock_api v0.4.10
[INFO] [stderr]    Compiling num-traits v0.2.16
[INFO] [stderr]    Compiling cc v1.0.81
[INFO] [stderr]    Compiling socket2 v0.4.9
[INFO] [stderr]    Compiling time v0.1.45
[INFO] [stderr]    Compiling hostname v0.3.1
[INFO] [stderr]    Compiling indexmap v2.0.0
[INFO] [stderr]    Compiling parking_lot v0.12.1
[INFO] [stderr]    Compiling parking_lot v0.11.2
[INFO] [stderr]    Compiling quote v1.0.32
[INFO] [stderr]    Compiling scheduled-thread-pool v0.2.7
[INFO] [stderr]    Compiling r2d2 v0.8.10
[INFO] [stderr]    Compiling syn v2.0.28
[INFO] [stderr]    Compiling openssl-sys v0.9.91
[INFO] [stderr]    Compiling libz-sys v1.1.12
[INFO] [stderr]    Compiling curl-sys v0.4.65+curl-8.2.1
[INFO] [stderr]    Compiling libssh2-sys v0.3.0
[INFO] [stderr]    Compiling chrono v0.4.26
[INFO] [stderr]    Compiling thiserror-impl v1.0.44
[INFO] [stderr]    Compiling serde_yaml v0.9.25
[INFO] [stderr]    Compiling ssh2 v0.9.4
[INFO] [stderr]    Compiling harvester v0.1.0 (/opt/rustwide/workdir)
[INFO] [stdout] warning: unused import: `std::path`
[INFO] [stdout]  --> src/session_manager.rs:6:5
[INFO] [stdout]   |
[INFO] [stdout] 6 | use std::path;
[INFO] [stdout]   |     ^^^^^^^^^
[INFO] [stdout]   |
[INFO] [stdout]   = note: `#[warn(unused_imports)]` on by default
[INFO] [stdout] 
[INFO] [stdout] 
[INFO] [stdout] warning: unused import: `super::*`
[INFO] [stdout]   --> src/session_manager.rs:80:9
[INFO] [stdout]    |
[INFO] [stdout] 80 |     use super::*;
[INFO] [stdout]    |         ^^^^^^^^
[INFO] [stdout] 
[INFO] [stdout] 
[INFO] [stdout] warning: unused import: `std::collections::HashMap`
[INFO] [stdout]  --> src/ssh_utils.rs:3:5
[INFO] [stdout]   |
[INFO] [stdout] 3 | use std::collections::HashMap;
[INFO] [stdout]   |     ^^^^^^^^^^^^^^^^^^^^^^^^^
[INFO] [stdout] 
[INFO] [stdout] 
[INFO] [stdout] warning: unused import: `super::*`
[INFO] [stdout]    --> src/ssh_utils.rs:117:9
[INFO] [stdout]     |
[INFO] [stdout] 117 |     use super::*;
[INFO] [stdout]     |         ^^^^^^^^
[INFO] [stdout] 
[INFO] [stdout] 
[INFO] [stdout] warning: unused import: `std::sync::Arc`
[INFO] [stdout]  --> src/ptaf_node.rs:1:5
[INFO] [stdout]   |
[INFO] [stdout] 1 | use std::sync::Arc;
[INFO] [stdout]   |     ^^^^^^^^^^^^^^
[INFO] [stdout] 
[INFO] [stdout] 
[INFO] [stdout] warning: unused import: `std::sync::Mutex`
[INFO] [stdout]  --> src/ptaf_node.rs:2:5
[INFO] [stdout]   |
[INFO] [stdout] 2 | use std::sync::Mutex;
[INFO] [stdout]   |     ^^^^^^^^^^^^^^^^
[INFO] [stdout] 
[INFO] [stdout] 
[INFO] [stdout] warning: unused import: `std::thread`
[INFO] [stdout]  --> src/ptaf_node.rs:3:5
[INFO] [stdout]   |
[INFO] [stdout] 3 | use std::thread;
[INFO] [stdout]   |     ^^^^^^^^^^^
[INFO] [stdout] 
[INFO] [stdout] 
[INFO] [stdout] warning: unused import: `std::path::PathBuf`
[INFO] [stdout]  --> src/ptaf_node.rs:6:5
[INFO] [stdout]   |
[INFO] [stdout] 6 | use std::path::PathBuf;
[INFO] [stdout]   |     ^^^^^^^^^^^^^^^^^^
[INFO] [stdout] 
[INFO] [stdout] 
[INFO] [stdout] warning: unused import: `crate::constants`
[INFO] [stdout]   --> src/ptaf_node.rs:11:5
[INFO] [stdout]    |
[INFO] [stdout] 11 | use crate::constants;
[INFO] [stdout]    |     ^^^^^^^^^^^^^^^^
[INFO] [stdout] 
[INFO] [stdout] 
[INFO] [stdout] warning: unused import: `super::*`
[INFO] [stdout]   --> src/ptaf_node.rs:51:9
[INFO] [stdout]    |
[INFO] [stdout] 51 |     use super::*;
[INFO] [stdout]    |         ^^^^^^^^
[INFO] [stdout] 
[INFO] [stdout] 
[INFO] [stdout] warning: unused import: `serde_yaml::Deserializer`
[INFO] [stdout]  --> src/k8s_manager.rs:3:5
[INFO] [stdout]   |
[INFO] [stdout] 3 | use serde_yaml::Deserializer;
[INFO] [stdout]   |     ^^^^^^^^^^^^^^^^^^^^^^^^
[INFO] [stdout] 
[INFO] [stdout] 
[INFO] [stdout] warning: unused imports: `alphabet` and `self`
[INFO] [stdout]  --> src/k8s_manager.rs:5:27
[INFO] [stdout]   |
[INFO] [stdout] 5 | use base64::{Engine as _, alphabet, engine::{self, general_purpose}};
[INFO] [stdout]   |                           ^^^^^^^^           ^^^^
[INFO] [stdout] 
[INFO] [stdout] 
[INFO] [stdout] warning: unused import: `super::*`
[INFO] [stdout]    --> src/k8s_manager.rs:123:9
[INFO] [stdout]     |
[INFO] [stdout] 123 |     use super::*;
[INFO] [stdout]     |         ^^^^^^^^
[INFO] [stdout] 
[INFO] [stdout] 
[INFO] [stdout] warning: unused imports: `DateTime` and `Utc`
[INFO] [stdout]  --> src/loki_worker.rs:3:14
[INFO] [stdout]   |
[INFO] [stdout] 3 | use chrono::{DateTime, Utc};
[INFO] [stdout]   |              ^^^^^^^^  ^^^
[INFO] [stdout] 
[INFO] [stdout] 
[INFO] [stdout] warning: unused import: `std::path::PathBuf`
[INFO] [stdout]  --> src/loki_worker.rs:4:5
[INFO] [stdout]   |
[INFO] [stdout] 4 | use std::path::PathBuf;
[INFO] [stdout]   |     ^^^^^^^^^^^^^^^^^^
[INFO] [stdout] 
[INFO] [stdout] 
[INFO] [stdout] warning: unused import: `std::thread`
[INFO] [stdout]  --> src/loki_worker.rs:6:5
[INFO] [stdout]   |
[INFO] [stdout] 6 | use std::thread;
[INFO] [stdout]   |     ^^^^^^^^^^^
[INFO] [stdout] 
[INFO] [stdout] 
[INFO] [stdout] warning: unused import: `chrono::NaiveDateTime`
[INFO] [stdout]    --> src/loki_worker.rs:231:9
[INFO] [stdout]     |
[INFO] [stdout] 231 |     use chrono::NaiveDateTime;
[INFO] [stdout]     |         ^^^^^^^^^^^^^^^^^^^^^
[INFO] [stdout] 
[INFO] [stdout] 
[INFO] [stdout] warning: unused import: `super::*`
[INFO] [stdout]    --> src/loki_worker.rs:233:9
[INFO] [stdout]     |
[INFO] [stdout] 233 |     use super::*;
[INFO] [stdout]     |         ^^^^^^^^
[INFO] [stdout] 
[INFO] [stdout] 
[INFO] [stdout] warning: unused import: `fs`
[INFO] [stdout]  --> src/config.rs:3:11
[INFO] [stdout]   |
[INFO] [stdout] 3 | use std::{fs, sync::Arc};
[INFO] [stdout]   |           ^^
[INFO] [stdout] 
[INFO] [stdout] 
[INFO] [stdout] warning: unused import: `Context`
[INFO] [stdout]  --> src/config.rs:4:22
[INFO] [stdout]   |
[INFO] [stdout] 4 | use anyhow::{Result, Context};
[INFO] [stdout]   |                      ^^^^^^^
[INFO] [stdout] 
[INFO] [stdout] 
[INFO] [stdout] warning: unused import: `crate::constants`
[INFO] [stdout]  --> src/config.rs:7:5
[INFO] [stdout]   |
[INFO] [stdout] 7 | use crate::constants;
[INFO] [stdout]   |     ^^^^^^^^^^^^^^^^
[INFO] [stdout] 
[INFO] [stdout] 
[INFO] [stdout] warning: unused import: `super::*`
[INFO] [stdout]    --> src/config.rs:197:9
[INFO] [stdout]     |
[INFO] [stdout] 197 |     use super::*;
[INFO] [stdout]     |         ^^^^^^^^
[INFO] [stdout] 
[INFO] [stdout] 
[INFO] [stdout] warning: unused variable: `dead_pods`
[INFO] [stdout]    --> src/loki_worker.rs:160:13
[INFO] [stdout]     |
[INFO] [stdout] 160 |         let dead_pods = loki_pods
[INFO] [stdout]     |             ^^^^^^^^^ help: if this is intentional, prefix it with an underscore: `_dead_pods`
[INFO] [stdout]     |
[INFO] [stdout]     = note: `#[warn(unused_variables)]` on by default
[INFO] [stdout] 
[INFO] [stdout] 
[INFO] [stdout] warning: method `copy_to_local` is never used
[INFO] [stdout]   --> src/ssh_utils.rs:58:12
[INFO] [stdout]    |
[INFO] [stdout] 14 | impl SSHConnection {
[INFO] [stdout]    | ------------------ method in this implementation
[INFO] [stdout] ...
[INFO] [stdout] 58 |     pub fn copy_to_local(
[INFO] [stdout]    |            ^^^^^^^^^^^^^
[INFO] [stdout]    |
[INFO] [stdout]    = note: `#[warn(dead_code)]` on by default
[INFO] [stdout] 
[INFO] [stdout] 
[INFO] [stdout] warning: function `ensure_dir_exists` is never used
[INFO] [stdout]    --> src/ssh_utils.rs:107:4
[INFO] [stdout]     |
[INFO] [stdout] 107 | fn ensure_dir_exists(dir_path: &str) -> Result<()> {
[INFO] [stdout]     |    ^^^^^^^^^^^^^^^^^
[INFO] [stdout] 
[INFO] [stdout] 
[INFO] [stdout] warning: fields `host`, `port`, and `config` are never read
[INFO] [stdout]   --> src/ptaf_node.rs:14:5
[INFO] [stdout]    |
[INFO] [stdout] 13 | pub struct PTAFNode {
[INFO] [stdout]    |            -------- fields in this struct
[INFO] [stdout] 14 |     host: String,
[INFO] [stdout]    |     ^^^^
[INFO] [stdout] 15 |     port: String,
[INFO] [stdout]    |     ^^^^
[INFO] [stdout] 16 |     config: config::SharedConfig,
[INFO] [stdout]    |     ^^^^^^
[INFO] [stdout] 
[INFO] [stdout] 
[INFO] [stdout] warning: field `name` is never read
[INFO] [stdout]   --> src/k8s_manager.rs:12:5
[INFO] [stdout]    |
[INFO] [stdout] 10 | struct ClusterData {
[INFO] [stdout]    |        ----------- field in this struct
[INFO] [stdout] 11 |     cluster: Cluster,
[INFO] [stdout] 12 |     name: String,
[INFO] [stdout]    |     ^^^^
[INFO] [stdout]    |
[INFO] [stdout]    = note: `ClusterData` has a derived impl for the trait `Debug`, but this is intentionally ignored during dead code analysis
[INFO] [stdout] 
[INFO] [stdout] 
[INFO] [stdout] warning: fields `context` and `name` are never read
[INFO] [stdout]   --> src/k8s_manager.rs:24:5
[INFO] [stdout]    |
[INFO] [stdout] 23 | struct ContextData {
[INFO] [stdout]    |        ----------- fields in this struct
[INFO] [stdout] 24 |     context: Context,
[INFO] [stdout]    |     ^^^^^^^
[INFO] [stdout] 25 |     name: String,
[INFO] [stdout]    |     ^^^^
[INFO] [stdout]    |
[INFO] [stdout]    = note: `ContextData` has a derived impl for the trait `Debug`, but this is intentionally ignored during dead code analysis
[INFO] [stdout] 
[INFO] [stdout] 
[INFO] [stdout] warning: fields `cluster` and `user` are never read
[INFO] [stdout]   --> src/k8s_manager.rs:30:5
[INFO] [stdout]    |
[INFO] [stdout] 29 | struct Context {
[INFO] [stdout]    |        ------- fields in this struct
[INFO] [stdout] 30 |     cluster: String,
[INFO] [stdout]    |     ^^^^^^^
[INFO] [stdout] 31 |     user: String,
[INFO] [stdout]    |     ^^^^
[INFO] [stdout]    |
[INFO] [stdout]    = note: `Context` has a derived impl for the trait `Debug`, but this is intentionally ignored during dead code analysis
[INFO] [stdout] 
[INFO] [stdout] 
[INFO] [stdout] warning: field `name` is never read
[INFO] [stdout]   --> src/k8s_manager.rs:36:5
[INFO] [stdout]    |
[INFO] [stdout] 35 | struct UserData {
[INFO] [stdout]    |        -------- field in this struct
[INFO] [stdout] 36 |     name: String,
[INFO] [stdout]    |     ^^^^
[INFO] [stdout]    |
[INFO] [stdout]    = note: `UserData` has a derived impl for the trait `Debug`, but this is intentionally ignored during dead code analysis
[INFO] [stdout] 
[INFO] [stdout] 
[INFO] [stdout] warning: field `contexts` is never read
[INFO] [stdout]   --> src/k8s_manager.rs:51:5
[INFO] [stdout]    |
[INFO] [stdout] 49 | struct KubeConfig {
[INFO] [stdout]    |        ---------- field in this struct
[INFO] [stdout] 50 |     clusters: Vec<ClusterData>,
[INFO] [stdout] 51 |     contexts: Vec<ContextData>,
[INFO] [stdout]    |     ^^^^^^^^
[INFO] [stdout]    |
[INFO] [stdout]    = note: `KubeConfig` has a derived impl for the trait `Debug`, but this is intentionally ignored during dead code analysis
[INFO] [stdout] 
[INFO] [stdout] 
[INFO] [stdout] warning: field `namespace` is never read
[INFO] [stdout]   --> src/k8s_manager.rs:64:9
[INFO] [stdout]    |
[INFO] [stdout] 62 | pub struct Metadata {
[INFO] [stdout]    |            -------- field in this struct
[INFO] [stdout] 63 |     pub name: String,
[INFO] [stdout] 64 |     pub namespace: String,
[INFO] [stdout]    |         ^^^^^^^^^
[INFO] [stdout]    |
[INFO] [stdout]    = note: `Metadata` has a derived impl for the trait `Debug`, but this is intentionally ignored during dead code analysis
[INFO] [stdout] 
[INFO] [stdout] 
[INFO] [stdout] warning: method `add_instance` is never used
[INFO] [stdout]   --> src/loki_worker.rs:42:8
[INFO] [stdout]    |
[INFO] [stdout] 21 | impl<'a> LokiQueryBuilder<'a> {
[INFO] [stdout]    | ----------------------------- method in this implementation
[INFO] [stdout] ...
[INFO] [stdout] 42 |     fn add_instance(&mut self, pod_name: &str) -> &mut Self {
[INFO] [stdout]    |        ^^^^^^^^^^^^
[INFO] [stdout] 
[INFO] [stdout] 
[INFO] [stdout] warning: method `get_svc_names` is never used
[INFO] [stdout]   --> src/config.rs:16:12
[INFO] [stdout]    |
[INFO] [stdout] 15 | impl Labels {
[INFO] [stdout]    | ----------- method in this implementation
[INFO] [stdout] 16 |     pub fn get_svc_names(&self) -> Vec<&String> {
[INFO] [stdout]    |            ^^^^^^^^^^^^^
[INFO] [stdout] 
[INFO] [stdout] 
[INFO] [stdout] warning: field `items` is never read
[INFO] [stdout]   --> src/config.rs:28:9
[INFO] [stdout]    |
[INFO] [stdout] 27 | pub struct App {
[INFO] [stdout]    |            --- field in this struct
[INFO] [stdout] 28 |     pub items: Vec<String>,
[INFO] [stdout]    |         ^^^^^
[INFO] [stdout]    |
[INFO] [stdout]    = note: `App` has a derived impl for the trait `Debug`, but this is intentionally ignored during dead code analysis
[INFO] [stdout] 
[INFO] [stdout] 
[INFO] [stdout] warning: field `items` is never read
[INFO] [stdout]   --> src/config.rs:33:9
[INFO] [stdout]    |
[INFO] [stdout] 32 | pub struct Unit {
[INFO] [stdout]    |            ---- field in this struct
[INFO] [stdout] 33 |     pub items: Vec<String>,
[INFO] [stdout]    |         ^^^^^
[INFO] [stdout]    |
[INFO] [stdout]    = note: `Unit` has a derived impl for the trait `Debug`, but this is intentionally ignored during dead code analysis
[INFO] [stdout] 
[INFO] [stdout] 
[INFO] [stdout] warning: method `get_svc_names` is never used
[INFO] [stdout]   --> src/config.rs:67:12
[INFO] [stdout]    |
[INFO] [stdout] 54 | impl Artifacts {
[INFO] [stdout]    | -------------- method in this implementation
[INFO] [stdout] ...
[INFO] [stdout] 67 |     pub fn get_svc_names(&self) -> Vec<&String> {
[INFO] [stdout]    |            ^^^^^^^^^^^^^
[INFO] [stdout] 
[INFO] [stdout] 
[INFO] [stdout] warning: field `addr` is never read
[INFO] [stdout]   --> src/config.rs:89:9
[INFO] [stdout]    |
[INFO] [stdout] 88 | pub struct SshConfig {
[INFO] [stdout]    |            --------- field in this struct
[INFO] [stdout] 89 |     pub addr: String,
[INFO] [stdout]    |         ^^^^
[INFO] [stdout]    |
[INFO] [stdout]    = note: `SshConfig` has derived impls for the traits `Debug` and `Clone`, but these are intentionally ignored during dead code analysis
[INFO] [stdout] 
[INFO] [stdout] 
[INFO] [stdout] warning: fields `since`, `time_zone`, and `tenant_id` are never read
[INFO] [stdout]    --> src/config.rs:108:9
[INFO] [stdout]     |
[INFO] [stdout] 101 | pub struct LokiConfig {
[INFO] [stdout]     |            ---------- fields in this struct
[INFO] [stdout] ...
[INFO] [stdout] 108 |     pub since: String,
[INFO] [stdout]     |         ^^^^^
[INFO] [stdout] 109 |     pub time_zone: String,
[INFO] [stdout]     |         ^^^^^^^^^
[INFO] [stdout] 110 |     pub tenant_id: String,
[INFO] [stdout]     |         ^^^^^^^^^
[INFO] [stdout]     |
[INFO] [stdout]     = note: `LokiConfig` has derived impls for the traits `Debug` and `Clone`, but these are intentionally ignored during dead code analysis
[INFO] [stdout] 
[INFO] [stdout] 
[INFO] [stderr]     Finished `dev` profile [unoptimized + debuginfo] target(s) in 15.60s
[INFO] running `Command { std: "docker" "inspect" "512551c5fb09132217fbbbcf11fcac45de36aca53b20f0f881c77de35b051268", kill_on_drop: false }`
[INFO] running `Command { std: "docker" "rm" "-f" "512551c5fb09132217fbbbcf11fcac45de36aca53b20f0f881c77de35b051268", kill_on_drop: false }`
[INFO] [stdout] 512551c5fb09132217fbbbcf11fcac45de36aca53b20f0f881c77de35b051268
[INFO] running `Command { std: "docker" "create" "-v" "/var/lib/crater-agent-workspace/builds/worker-7-tc1/target:/opt/rustwide/target:rw,Z" "-v" "/var/lib/crater-agent-workspace/builds/worker-7-tc1/source:/opt/rustwide/workdir:ro,Z" "-v" "/var/lib/crater-agent-workspace/cargo-home:/opt/rustwide/cargo-home:ro,Z" "-v" "/var/lib/crater-agent-workspace/rustup-home:/opt/rustwide/rustup-home:ro,Z" "-e" "SOURCE_DIR=/opt/rustwide/workdir" "-e" "CARGO_TARGET_DIR=/opt/rustwide/target" "-e" "CARGO_INCREMENTAL=0" "-e" "RUST_BACKTRACE=full" "-e" "RUSTFLAGS=--cap-lints=forbid" "-e" "RUSTDOCFLAGS=--cap-lints=forbid" "-e" "CARGO_HOME=/opt/rustwide/cargo-home" "-e" "RUSTUP_HOME=/opt/rustwide/rustup-home" "-w" "/opt/rustwide/workdir" "-m" "1610612736" "--user" "0:0" "--network" "none" "ghcr.io/rust-lang/crates-build-env/linux@sha256:819108c5571ea2e421544af4d832f968d213c87fbe3707a016657f43d2f853bc" "/opt/rustwide/cargo-home/bin/cargo" "+nightly-2025-01-18" "test" "--frozen" "--no-run" "--message-format=json", kill_on_drop: false }`
[INFO] [stdout] c2aae95e83eb6b66fcd8daf07242582e6dc2374a8b521ec1c55c031a25816ffd
[INFO] running `Command { std: "docker" "start" "-a" "c2aae95e83eb6b66fcd8daf07242582e6dc2374a8b521ec1c55c031a25816ffd", kill_on_drop: false }`
[INFO] [stderr]    Compiling harvester v0.1.0 (/opt/rustwide/workdir)
[INFO] [stdout] warning: unused import: `std::path`
[INFO] [stdout]  --> src/session_manager.rs:6:5
[INFO] [stdout]   |
[INFO] [stdout] 6 | use std::path;
[INFO] [stdout]   |     ^^^^^^^^^
[INFO] [stdout]   |
[INFO] [stdout]   = note: `#[warn(unused_imports)]` on by default
[INFO] [stdout] 
[INFO] [stdout] 
[INFO] [stdout] warning: unused import: `std::collections::HashMap`
[INFO] [stdout]  --> src/ssh_utils.rs:3:5
[INFO] [stdout]   |
[INFO] [stdout] 3 | use std::collections::HashMap;
[INFO] [stdout]   |     ^^^^^^^^^^^^^^^^^^^^^^^^^
[INFO] [stdout] 
[INFO] [stdout] 
[INFO] [stdout] warning: unused import: `std::sync::Mutex`
[INFO] [stdout]  --> src/ptaf_node.rs:2:5
[INFO] [stdout]   |
[INFO] [stdout] 2 | use std::sync::Mutex;
[INFO] [stdout]   |     ^^^^^^^^^^^^^^^^
[INFO] [stdout] 
[INFO] [stdout] 
[INFO] [stdout] warning: unused import: `std::path::PathBuf`
[INFO] [stdout]  --> src/ptaf_node.rs:6:5
[INFO] [stdout]   |
[INFO] [stdout] 6 | use std::path::PathBuf;
[INFO] [stdout]   |     ^^^^^^^^^^^^^^^^^^
[INFO] [stdout] 
[INFO] [stdout] 
[INFO] [stdout] warning: unused import: `serde_yaml::Deserializer`
[INFO] [stdout]  --> src/k8s_manager.rs:3:5
[INFO] [stdout]   |
[INFO] [stdout] 3 | use serde_yaml::Deserializer;
[INFO] [stdout]   |     ^^^^^^^^^^^^^^^^^^^^^^^^
[INFO] [stdout] 
[INFO] [stdout] 
[INFO] [stdout] warning: unused imports: `alphabet` and `self`
[INFO] [stdout]  --> src/k8s_manager.rs:5:27
[INFO] [stdout]   |
[INFO] [stdout] 5 | use base64::{Engine as _, alphabet, engine::{self, general_purpose}};
[INFO] [stdout]   |                           ^^^^^^^^           ^^^^
[INFO] [stdout] 
[INFO] [stdout] 
[INFO] [stdout] warning: unused imports: `DateTime` and `Utc`
[INFO] [stdout]  --> src/loki_worker.rs:3:14
[INFO] [stdout]   |
[INFO] [stdout] 3 | use chrono::{DateTime, Utc};
[INFO] [stdout]   |              ^^^^^^^^  ^^^
[INFO] [stdout] 
[INFO] [stdout] 
[INFO] [stdout] warning: unused import: `std::path::PathBuf`
[INFO] [stdout]  --> src/loki_worker.rs:4:5
[INFO] [stdout]   |
[INFO] [stdout] 4 | use std::path::PathBuf;
[INFO] [stdout]   |     ^^^^^^^^^^^^^^^^^^
[INFO] [stdout] 
[INFO] [stdout] 
[INFO] [stdout] warning: unused import: `std::thread`
[INFO] [stdout]  --> src/loki_worker.rs:6:5
[INFO] [stdout]   |
[INFO] [stdout] 6 | use std::thread;
[INFO] [stdout]   |     ^^^^^^^^^^^
[INFO] [stdout] 
[INFO] [stdout] 
[INFO] [stdout] warning: unused import: `chrono::NaiveDateTime`
[INFO] [stdout]    --> src/loki_worker.rs:231:9
[INFO] [stdout]     |
[INFO] [stdout] 231 |     use chrono::NaiveDateTime;
[INFO] [stdout]     |         ^^^^^^^^^^^^^^^^^^^^^
[INFO] [stdout] 
[INFO] [stdout] 
[INFO] [stdout] warning: unused import: `super::*`
[INFO] [stdout]    --> src/loki_worker.rs:233:9
[INFO] [stdout]     |
[INFO] [stdout] 233 |     use super::*;
[INFO] [stdout]     |         ^^^^^^^^
[INFO] [stdout] 
[INFO] [stdout] 
[INFO] [stdout] warning: unused import: `fs`
[INFO] [stdout]  --> src/config.rs:3:11
[INFO] [stdout]   |
[INFO] [stdout] 3 | use std::{fs, sync::Arc};
[INFO] [stdout]   |           ^^
[INFO] [stdout] 
[INFO] [stdout] 
[INFO] [stdout] warning: unused import: `Context`
[INFO] [stdout]  --> src/config.rs:4:22
[INFO] [stdout]   |
[INFO] [stdout] 4 | use anyhow::{Result, Context};
[INFO] [stdout]   |                      ^^^^^^^
[INFO] [stdout] 
[INFO] [stdout] 
[INFO] [stdout] warning: unused variable: `dead_pods`
[INFO] [stdout]    --> src/loki_worker.rs:160:13
[INFO] [stdout]     |
[INFO] [stdout] 160 |         let dead_pods = loki_pods
[INFO] [stdout]     |             ^^^^^^^^^ help: if this is intentional, prefix it with an underscore: `_dead_pods`
[INFO] [stdout]     |
[INFO] [stdout]     = note: `#[warn(unused_variables)]` on by default
[INFO] [stdout] 
[INFO] [stdout] 
[INFO] [stdout] warning: method `copy_to_local` is never used
[INFO] [stdout]   --> src/ssh_utils.rs:58:12
[INFO] [stdout]    |
[INFO] [stdout] 14 | impl SSHConnection {
[INFO] [stdout]    | ------------------ method in this implementation
[INFO] [stdout] ...
[INFO] [stdout] 58 |     pub fn copy_to_local(
[INFO] [stdout]    |            ^^^^^^^^^^^^^
[INFO] [stdout]    |
[INFO] [stdout]    = note: `#[warn(dead_code)]` on by default
[INFO] [stdout] 
[INFO] [stdout] 
[INFO] [stdout] warning: function `ensure_dir_exists` is never used
[INFO] [stdout]    --> src/ssh_utils.rs:107:4
[INFO] [stdout]     |
[INFO] [stdout] 107 | fn ensure_dir_exists(dir_path: &str) -> Result<()> {
[INFO] [stdout]     |    ^^^^^^^^^^^^^^^^^
[INFO] [stdout] 
[INFO] [stdout] 
[INFO] [stdout] warning: fields `host`, `port`, and `config` are never read
[INFO] [stdout]   --> src/ptaf_node.rs:14:5
[INFO] [stdout]    |
[INFO] [stdout] 13 | pub struct PTAFNode {
[INFO] [stdout]    |            -------- fields in this struct
[INFO] [stdout] 14 |     host: String,
[INFO] [stdout]    |     ^^^^
[INFO] [stdout] 15 |     port: String,
[INFO] [stdout]    |     ^^^^
[INFO] [stdout] 16 |     config: config::SharedConfig,
[INFO] [stdout]    |     ^^^^^^
[INFO] [stdout] 
[INFO] [stdout] 
[INFO] [stdout] warning: field `name` is never read
[INFO] [stdout]   --> src/k8s_manager.rs:12:5
[INFO] [stdout]    |
[INFO] [stdout] 10 | struct ClusterData {
[INFO] [stdout]    |        ----------- field in this struct
[INFO] [stdout] 11 |     cluster: Cluster,
[INFO] [stdout] 12 |     name: String,
[INFO] [stdout]    |     ^^^^
[INFO] [stdout]    |
[INFO] [stdout]    = note: `ClusterData` has a derived impl for the trait `Debug`, but this is intentionally ignored during dead code analysis
[INFO] [stdout] 
[INFO] [stdout] 
[INFO] [stdout] warning: fields `context` and `name` are never read
[INFO] [stdout]   --> src/k8s_manager.rs:24:5
[INFO] [stdout]    |
[INFO] [stdout] 23 | struct ContextData {
[INFO] [stdout]    |        ----------- fields in this struct
[INFO] [stdout] 24 |     context: Context,
[INFO] [stdout]    |     ^^^^^^^
[INFO] [stdout] 25 |     name: String,
[INFO] [stdout]    |     ^^^^
[INFO] [stdout]    |
[INFO] [stdout]    = note: `ContextData` has a derived impl for the trait `Debug`, but this is intentionally ignored during dead code analysis
[INFO] [stdout] 
[INFO] [stdout] 
[INFO] [stdout] warning: fields `cluster` and `user` are never read
[INFO] [stdout]   --> src/k8s_manager.rs:30:5
[INFO] [stdout]    |
[INFO] [stdout] 29 | struct Context {
[INFO] [stdout]    |        ------- fields in this struct
[INFO] [stdout] 30 |     cluster: String,
[INFO] [stdout]    |     ^^^^^^^
[INFO] [stdout] 31 |     user: String,
[INFO] [stdout]    |     ^^^^
[INFO] [stdout]    |
[INFO] [stdout]    = note: `Context` has a derived impl for the trait `Debug`, but this is intentionally ignored during dead code analysis
[INFO] [stdout] 
[INFO] [stdout] 
[INFO] [stdout] warning: field `name` is never read
[INFO] [stdout]   --> src/k8s_manager.rs:36:5
[INFO] [stdout]    |
[INFO] [stdout] 35 | struct UserData {
[INFO] [stdout]    |        -------- field in this struct
[INFO] [stdout] 36 |     name: String,
[INFO] [stdout]    |     ^^^^
[INFO] [stdout]    |
[INFO] [stdout]    = note: `UserData` has a derived impl for the trait `Debug`, but this is intentionally ignored during dead code analysis
[INFO] [stdout] 
[INFO] [stdout] 
[INFO] [stdout] warning: field `contexts` is never read
[INFO] [stdout]   --> src/k8s_manager.rs:51:5
[INFO] [stdout]    |
[INFO] [stdout] 49 | struct KubeConfig {
[INFO] [stdout]    |        ---------- field in this struct
[INFO] [stdout] 50 |     clusters: Vec<ClusterData>,
[INFO] [stdout] 51 |     contexts: Vec<ContextData>,
[INFO] [stdout]    |     ^^^^^^^^
[INFO] [stdout]    |
[INFO] [stdout]    = note: `KubeConfig` has a derived impl for the trait `Debug`, but this is intentionally ignored during dead code analysis
[INFO] [stdout] 
[INFO] [stdout] 
[INFO] [stdout] warning: field `namespace` is never read
[INFO] [stdout]   --> src/k8s_manager.rs:64:9
[INFO] [stdout]    |
[INFO] [stdout] 62 | pub struct Metadata {
[INFO] [stdout]    |            -------- field in this struct
[INFO] [stdout] 63 |     pub name: String,
[INFO] [stdout] 64 |     pub namespace: String,
[INFO] [stdout]    |         ^^^^^^^^^
[INFO] [stdout]    |
[INFO] [stdout]    = note: `Metadata` has a derived impl for the trait `Debug`, but this is intentionally ignored during dead code analysis
[INFO] [stdout] 
[INFO] [stdout] 
[INFO] [stdout] warning: method `add_instance` is never used
[INFO] [stdout]   --> src/loki_worker.rs:42:8
[INFO] [stdout]    |
[INFO] [stdout] 21 | impl<'a> LokiQueryBuilder<'a> {
[INFO] [stdout]    | ----------------------------- method in this implementation
[INFO] [stdout] ...
[INFO] [stdout] 42 |     fn add_instance(&mut self, pod_name: &str) -> &mut Self {
[INFO] [stdout]    |        ^^^^^^^^^^^^
[INFO] [stdout] 
[INFO] [stdout] 
[INFO] [stdout] warning: method `get_svc_names` is never used
[INFO] [stdout]   --> src/config.rs:16:12
[INFO] [stdout]    |
[INFO] [stdout] 15 | impl Labels {
[INFO] [stdout]    | ----------- method in this implementation
[INFO] [stdout] 16 |     pub fn get_svc_names(&self) -> Vec<&String> {
[INFO] [stdout]    |            ^^^^^^^^^^^^^
[INFO] [stdout] 
[INFO] [stdout] 
[INFO] [stdout] warning: field `items` is never read
[INFO] [stdout]   --> src/config.rs:28:9
[INFO] [stdout]    |
[INFO] [stdout] 27 | pub struct App {
[INFO] [stdout]    |            --- field in this struct
[INFO] [stdout] 28 |     pub items: Vec<String>,
[INFO] [stdout]    |         ^^^^^
[INFO] [stdout]    |
[INFO] [stdout]    = note: `App` has a derived impl for the trait `Debug`, but this is intentionally ignored during dead code analysis
[INFO] [stdout] 
[INFO] [stdout] 
[INFO] [stdout] warning: field `items` is never read
[INFO] [stdout]   --> src/config.rs:33:9
[INFO] [stdout]    |
[INFO] [stdout] 32 | pub struct Unit {
[INFO] [stdout]    |            ---- field in this struct
[INFO] [stdout] 33 |     pub items: Vec<String>,
[INFO] [stdout]    |         ^^^^^
[INFO] [stdout]    |
[INFO] [stdout]    = note: `Unit` has a derived impl for the trait `Debug`, but this is intentionally ignored during dead code analysis
[INFO] [stdout] 
[INFO] [stdout] 
[INFO] [stdout] warning: method `get_svc_names` is never used
[INFO] [stdout]   --> src/config.rs:67:12
[INFO] [stdout]    |
[INFO] [stdout] 54 | impl Artifacts {
[INFO] [stdout]    | -------------- method in this implementation
[INFO] [stdout] ...
[INFO] [stdout] 67 |     pub fn get_svc_names(&self) -> Vec<&String> {
[INFO] [stdout]    |            ^^^^^^^^^^^^^
[INFO] [stdout] 
[INFO] [stdout] 
[INFO] [stdout] warning: field `addr` is never read
[INFO] [stdout]   --> src/config.rs:89:9
[INFO] [stdout]    |
[INFO] [stdout] 88 | pub struct SshConfig {
[INFO] [stdout]    |            --------- field in this struct
[INFO] [stdout] 89 |     pub addr: String,
[INFO] [stdout]    |         ^^^^
[INFO] [stdout]    |
[INFO] [stdout]    = note: `SshConfig` has derived impls for the traits `Debug` and `Clone`, but these are intentionally ignored during dead code analysis
[INFO] [stdout] 
[INFO] [stdout] 
[INFO] [stdout] warning: fields `since`, `time_zone`, and `tenant_id` are never read
[INFO] [stdout]    --> src/config.rs:108:9
[INFO] [stdout]     |
[INFO] [stdout] 101 | pub struct LokiConfig {
[INFO] [stdout]     |            ---------- fields in this struct
[INFO] [stdout] ...
[INFO] [stdout] 108 |     pub since: String,
[INFO] [stdout]     |         ^^^^^
[INFO] [stdout] 109 |     pub time_zone: String,
[INFO] [stdout]     |         ^^^^^^^^^
[INFO] [stdout] 110 |     pub tenant_id: String,
[INFO] [stdout]     |         ^^^^^^^^^
[INFO] [stdout]     |
[INFO] [stdout]     = note: `LokiConfig` has derived impls for the traits `Debug` and `Clone`, but these are intentionally ignored during dead code analysis
[INFO] [stdout] 
[INFO] [stdout] 
[INFO] [stderr]     Finished `test` profile [unoptimized + debuginfo] target(s) in 1.44s
[INFO] running `Command { std: "docker" "inspect" "c2aae95e83eb6b66fcd8daf07242582e6dc2374a8b521ec1c55c031a25816ffd", kill_on_drop: false }`
[INFO] running `Command { std: "docker" "rm" "-f" "c2aae95e83eb6b66fcd8daf07242582e6dc2374a8b521ec1c55c031a25816ffd", kill_on_drop: false }`
[INFO] [stdout] c2aae95e83eb6b66fcd8daf07242582e6dc2374a8b521ec1c55c031a25816ffd
[INFO] running `Command { std: "docker" "create" "-v" "/var/lib/crater-agent-workspace/builds/worker-7-tc1/target:/opt/rustwide/target:rw,Z" "-v" "/var/lib/crater-agent-workspace/builds/worker-7-tc1/source:/opt/rustwide/workdir:ro,Z" "-v" "/var/lib/crater-agent-workspace/cargo-home:/opt/rustwide/cargo-home:ro,Z" "-v" "/var/lib/crater-agent-workspace/rustup-home:/opt/rustwide/rustup-home:ro,Z" "-e" "SOURCE_DIR=/opt/rustwide/workdir" "-e" "CARGO_TARGET_DIR=/opt/rustwide/target" "-e" "CARGO_INCREMENTAL=0" "-e" "RUST_BACKTRACE=full" "-e" "RUSTFLAGS=--cap-lints=forbid" "-e" "RUSTDOCFLAGS=--cap-lints=forbid" "-e" "CARGO_HOME=/opt/rustwide/cargo-home" "-e" "RUSTUP_HOME=/opt/rustwide/rustup-home" "-w" "/opt/rustwide/workdir" "-m" "1610612736" "--user" "0:0" "--network" "none" "ghcr.io/rust-lang/crates-build-env/linux@sha256:819108c5571ea2e421544af4d832f968d213c87fbe3707a016657f43d2f853bc" "/opt/rustwide/cargo-home/bin/cargo" "+nightly-2025-01-18" "test" "--frozen", kill_on_drop: false }`
[INFO] [stdout] aae752e874c3bbc6915bc734445b2db22e61047751c9e60f3c9c75e22fde3e3b
[INFO] running `Command { std: "docker" "start" "-a" "aae752e874c3bbc6915bc734445b2db22e61047751c9e60f3c9c75e22fde3e3b", kill_on_drop: false }`
[INFO] [stderr] warning: unused import: `std::path`
[INFO] [stderr]  --> src/session_manager.rs:6:5
[INFO] [stderr]   |
[INFO] [stderr] 6 | use std::path;
[INFO] [stderr]   |     ^^^^^^^^^
[INFO] [stderr]   |
[INFO] [stderr]   = note: `#[warn(unused_imports)]` on by default
[INFO] [stderr] 
[INFO] [stderr] warning: unused import: `std::collections::HashMap`
[INFO] [stderr]  --> src/ssh_utils.rs:3:5
[INFO] [stderr]   |
[INFO] [stderr] 3 | use std::collections::HashMap;
[INFO] [stderr]   |     ^^^^^^^^^^^^^^^^^^^^^^^^^
[INFO] [stderr] 
[INFO] [stderr] warning: unused import: `std::sync::Mutex`
[INFO] [stderr]  --> src/ptaf_node.rs:2:5
[INFO] [stderr]   |
[INFO] [stderr] 2 | use std::sync::Mutex;
[INFO] [stderr]   |     ^^^^^^^^^^^^^^^^
[INFO] [stderr] 
[INFO] [stderr] warning: unused import: `std::path::PathBuf`
[INFO] [stderr]  --> src/ptaf_node.rs:6:5
[INFO] [stderr]   |
[INFO] [stderr] 6 | use std::path::PathBuf;
[INFO] [stderr]   |     ^^^^^^^^^^^^^^^^^^
[INFO] [stderr] 
[INFO] [stderr] warning: unused import: `serde_yaml::Deserializer`
[INFO] [stderr]  --> src/k8s_manager.rs:3:5
[INFO] [stderr]   |
[INFO] [stderr] 3 | use serde_yaml::Deserializer;
[INFO] [stderr]   |     ^^^^^^^^^^^^^^^^^^^^^^^^
[INFO] [stderr] 
[INFO] [stderr] warning: unused imports: `alphabet` and `self`
[INFO] [stderr]  --> src/k8s_manager.rs:5:27
[INFO] [stderr]   |
[INFO] [stderr] 5 | use base64::{Engine as _, alphabet, engine::{self, general_purpose}};
[INFO] [stderr]   |                           ^^^^^^^^           ^^^^
[INFO] [stderr] 
[INFO] [stderr] warning: unused imports: `DateTime` and `Utc`
[INFO] [stderr]  --> src/loki_worker.rs:3:14
[INFO] [stderr]   |
[INFO] [stderr] 3 | use chrono::{DateTime, Utc};
[INFO] [stderr]   |              ^^^^^^^^  ^^^
[INFO] [stderr] 
[INFO] [stderr] warning: unused import: `std::path::PathBuf`
[INFO] [stderr]  --> src/loki_worker.rs:4:5
[INFO] [stderr]   |
[INFO] [stderr] 4 | use std::path::PathBuf;
[INFO] [stderr]   |     ^^^^^^^^^^^^^^^^^^
[INFO] [stderr] 
[INFO] [stderr] warning: unused import: `std::thread`
[INFO] [stderr]  --> src/loki_worker.rs:6:5
[INFO] [stderr]   |
[INFO] [stderr] 6 | use std::thread;
[INFO] [stderr]   |     ^^^^^^^^^^^
[INFO] [stderr] 
[INFO] [stderr] warning: unused import: `chrono::NaiveDateTime`
[INFO] [stderr]    --> src/loki_worker.rs:231:9
[INFO] [stderr]     |
[INFO] [stderr] 231 |     use chrono::NaiveDateTime;
[INFO] [stderr]     |         ^^^^^^^^^^^^^^^^^^^^^
[INFO] [stderr] 
[INFO] [stderr] warning: unused import: `super::*`
[INFO] [stderr]    --> src/loki_worker.rs:233:9
[INFO] [stderr]     |
[INFO] [stderr] 233 |     use super::*;
[INFO] [stderr]     |         ^^^^^^^^
[INFO] [stderr] 
[INFO] [stderr] warning: unused import: `fs`
[INFO] [stderr]  --> src/config.rs:3:11
[INFO] [stderr]   |
[INFO] [stderr] 3 | use std::{fs, sync::Arc};
[INFO] [stderr]   |           ^^
[INFO] [stderr] 
[INFO] [stderr] warning: unused import: `Context`
[INFO] [stderr]  --> src/config.rs:4:22
[INFO] [stderr]   |
[INFO] [stderr] 4 | use anyhow::{Result, Context};
[INFO] [stderr]   |                      ^^^^^^^
[INFO] [stderr] 
[INFO] [stderr] warning: unused variable: `dead_pods`
[INFO] [stderr]    --> src/loki_worker.rs:160:13
[INFO] [stderr]     |
[INFO] [stderr] 160 |         let dead_pods = loki_pods
[INFO] [stderr]     |             ^^^^^^^^^ help: if this is intentional, prefix it with an underscore: `_dead_pods`
[INFO] [stderr]     |
[INFO] [stderr]     = note: `#[warn(unused_variables)]` on by default
[INFO] [stderr] 
[INFO] [stderr] warning: method `copy_to_local` is never used
[INFO] [stderr]   --> src/ssh_utils.rs:58:12
[INFO] [stderr]    |
[INFO] [stderr] 14 | impl SSHConnection {
[INFO] [stderr]    | ------------------ method in this implementation
[INFO] [stderr] ...
[INFO] [stderr] 58 |     pub fn copy_to_local(
[INFO] [stderr]    |            ^^^^^^^^^^^^^
[INFO] [stderr]    |
[INFO] [stderr]    = note: `#[warn(dead_code)]` on by default
[INFO] [stderr] 
[INFO] [stderr] warning: function `ensure_dir_exists` is never used
[INFO] [stderr]    --> src/ssh_utils.rs:107:4
[INFO] [stderr]     |
[INFO] [stderr] 107 | fn ensure_dir_exists(dir_path: &str) -> Result<()> {
[INFO] [stderr]     |    ^^^^^^^^^^^^^^^^^
[INFO] [stderr] 
[INFO] [stderr] warning: fields `host`, `port`, and `config` are never read
[INFO] [stderr]   --> src/ptaf_node.rs:14:5
[INFO] [stderr]    |
[INFO] [stderr] 13 | pub struct PTAFNode {
[INFO] [stderr]    |            -------- fields in this struct
[INFO] [stderr] 14 |     host: String,
[INFO] [stderr]    |     ^^^^
[INFO] [stderr] 15 |     port: String,
[INFO] [stderr]    |     ^^^^
[INFO] [stderr] 16 |     config: config::SharedConfig,
[INFO] [stderr]    |     ^^^^^^
[INFO] [stderr] 
[INFO] [stderr] warning: field `name` is never read
[INFO] [stderr]   --> src/k8s_manager.rs:12:5
[INFO] [stderr]    |
[INFO] [stderr] 10 | struct ClusterData {
[INFO] [stderr]    |        ----------- field in this struct
[INFO] [stderr] 11 |     cluster: Cluster,
[INFO] [stderr] 12 |     name: String,
[INFO] [stderr]    |     ^^^^
[INFO] [stderr]    |
[INFO] [stderr]    = note: `ClusterData` has a derived impl for the trait `Debug`, but this is intentionally ignored during dead code analysis
[INFO] [stderr] 
[INFO] [stderr] warning: fields `context` and `name` are never read
[INFO] [stderr]   --> src/k8s_manager.rs:24:5
[INFO] [stderr]    |
[INFO] [stderr] 23 | struct ContextData {
[INFO] [stderr]    |        ----------- fields in this struct
[INFO] [stderr] 24 |     context: Context,
[INFO] [stderr]    |     ^^^^^^^
[INFO] [stderr] 25 |     name: String,
[INFO] [stderr]    |     ^^^^
[INFO] [stderr]    |
[INFO] [stderr]    = note: `ContextData` has a derived impl for the trait `Debug`, but this is intentionally ignored during dead code analysis
[INFO] [stderr] 
[INFO] [stderr] warning: fields `cluster` and `user` are never read
[INFO] [stderr]   --> src/k8s_manager.rs:30:5
[INFO] [stderr]    |
[INFO] [stderr] 29 | struct Context {
[INFO] [stderr]    |        ------- fields in this struct
[INFO] [stderr] 30 |     cluster: String,
[INFO] [stderr]    |     ^^^^^^^
[INFO] [stderr] 31 |     user: String,
[INFO] [stderr]    |     ^^^^
[INFO] [stderr]    |
[INFO] [stderr]    = note: `Context` has a derived impl for the trait `Debug`, but this is intentionally ignored during dead code analysis
[INFO] [stderr] 
[INFO] [stderr] warning: field `name` is never read
[INFO] [stderr]   --> src/k8s_manager.rs:36:5
[INFO] [stderr]    |
[INFO] [stderr] 35 | struct UserData {
[INFO] [stderr]    |        -------- field in this struct
[INFO] [stderr] 36 |     name: String,
[INFO] [stderr]    |     ^^^^
[INFO] [stderr]    |
[INFO] [stderr]    = note: `UserData` has a derived impl for the trait `Debug`, but this is intentionally ignored during dead code analysis
[INFO] [stderr] 
[INFO] [stderr] warning: field `contexts` is never read
[INFO] [stderr]   --> src/k8s_manager.rs:51:5
[INFO] [stderr]    |
[INFO] [stderr] 49 | struct KubeConfig {
[INFO] [stderr]    |        ---------- field in this struct
[INFO] [stderr] 50 |     clusters: Vec<ClusterData>,
[INFO] [stderr] 51 |     contexts: Vec<ContextData>,
[INFO] [stderr]    |     ^^^^^^^^
[INFO] [stderr]    |
[INFO] [stderr]    = note: `KubeConfig` has a derived impl for the trait `Debug`, but this is intentionally ignored during dead code analysis
[INFO] [stderr] 
[INFO] [stderr] warning: field `namespace` is never read
[INFO] [stderr]   --> src/k8s_manager.rs:64:9
[INFO] [stderr]    |
[INFO] [stderr] 62 | pub struct Metadata {
[INFO] [stderr]    |            -------- field in this struct
[INFO] [stderr] 63 |     pub name: String,
[INFO] [stderr] 64 |     pub namespace: String,
[INFO] [stderr]    |         ^^^^^^^^^
[INFO] [stderr]    |
[INFO] [stderr]    = note: `Metadata` has a derived impl for the trait `Debug`, but this is intentionally ignored during dead code analysis
[INFO] [stderr] 
[INFO] [stderr] warning: method `add_instance` is never used
[INFO] [stderr]   --> src/loki_worker.rs:42:8
[INFO] [stderr]    |
[INFO] [stderr] 21 | impl<'a> LokiQueryBuilder<'a> {
[INFO] [stderr]    | ----------------------------- method in this implementation
[INFO] [stderr] ...
[INFO] [stderr] 42 |     fn add_instance(&mut self, pod_name: &str) -> &mut Self {
[INFO] [stderr]    |        ^^^^^^^^^^^^
[INFO] [stderr] 
[INFO] [stderr] warning: method `get_svc_names` is never used
[INFO] [stderr]   --> src/config.rs:16:12
[INFO] [stderr]    |
[INFO] [stderr] 15 | impl Labels {
[INFO] [stderr]    | ----------- method in this implementation
[INFO] [stderr] 16 |     pub fn get_svc_names(&self) -> Vec<&String> {
[INFO] [stderr]    |            ^^^^^^^^^^^^^
[INFO] [stderr] 
[INFO] [stderr] warning: field `items` is never read
[INFO] [stderr]   --> src/config.rs:28:9
[INFO] [stderr]    |
[INFO] [stderr] 27 | pub struct App {
[INFO] [stderr]    |            --- field in this struct
[INFO] [stderr] 28 |     pub items: Vec<String>,
[INFO] [stderr]    |         ^^^^^
[INFO] [stderr]    |
[INFO] [stderr]    = note: `App` has a derived impl for the trait `Debug`, but this is intentionally ignored during dead code analysis
[INFO] [stderr] 
[INFO] [stderr] warning: field `items` is never read
[INFO] [stderr]   --> src/config.rs:33:9
[INFO] [stderr]    |
[INFO] [stderr] 32 | pub struct Unit {
[INFO] [stderr]    |            ---- field in this struct
[INFO] [stderr] 33 |     pub items: Vec<String>,
[INFO] [stderr]    |         ^^^^^
[INFO] [stderr]    |
[INFO] [stderr]    = note: `Unit` has a derived impl for the trait `Debug`, but this is intentionally ignored during dead code analysis
[INFO] [stderr] 
[INFO] [stderr] warning: method `get_svc_names` is never used
[INFO] [stderr]   --> src/config.rs:67:12
[INFO] [stderr]    |
[INFO] [stderr] 54 | impl Artifacts {
[INFO] [stderr]    | -------------- method in this implementation
[INFO] [stderr] ...
[INFO] [stderr] 67 |     pub fn get_svc_names(&self) -> Vec<&String> {
[INFO] [stderr]    |            ^^^^^^^^^^^^^
[INFO] [stderr] 
[INFO] [stderr] warning: field `addr` is never read
[INFO] [stderr]   --> src/config.rs:89:9
[INFO] [stderr]    |
[INFO] [stderr] 88 | pub struct SshConfig {
[INFO] [stderr]    |            --------- field in this struct
[INFO] [stderr] 89 |     pub addr: String,
[INFO] [stderr]    |         ^^^^
[INFO] [stderr]    |
[INFO] [stderr]    = note: `SshConfig` has derived impls for the traits `Debug` and `Clone`, but these are intentionally ignored during dead code analysis
[INFO] [stderr] 
[INFO] [stderr] warning: fields `since`, `time_zone`, and `tenant_id` are never read
[INFO] [stderr]    --> src/config.rs:108:9
[INFO] [stderr]     |
[INFO] [stderr] 101 | pub struct LokiConfig {
[INFO] [stderr]     |            ---------- fields in this struct
[INFO] [stderr] ...
[INFO] [stderr] 108 |     pub since: String,
[INFO] [stderr]     |         ^^^^^
[INFO] [stderr] 109 |     pub time_zone: String,
[INFO] [stderr]     |         ^^^^^^^^^
[INFO] [stderr] 110 |     pub tenant_id: String,
[INFO] [stderr]     |         ^^^^^^^^^
[INFO] [stderr]     |
[INFO] [stderr]     = note: `LokiConfig` has derived impls for the traits `Debug` and `Clone`, but these are intentionally ignored during dead code analysis
[INFO] [stderr] 
[INFO] [stderr] warning: `harvester` (bin "harvester" test) generated 30 warnings (run `cargo fix --bin "harvester" --tests` to apply 13 suggestions)
[INFO] [stderr]     Finished `test` profile [unoptimized + debuginfo] target(s) in 0.08s
[INFO] [stderr]      Running unittests src/main.rs (/opt/rustwide/target/debug/deps/harvester-341cdeec20a382d9)
[INFO] [stdout] 
[INFO] [stdout] running 8 tests
[INFO] [stdout] test k8s_manager::tests::test_pod_list ... ok
[INFO] [stdout] test config::tests::test_config_from_file ... ok
[INFO] [stdout] test k8s_manager::tests::test_kubeconfig ... ok
[INFO] [stdout] test loki_worker::tests::test_query_builder ... ok
[INFO] [stdout] test session_manager::tests::test_is_valid ... FAILED
[INFO] [stdout] test session_manager::tests::test_connect ... FAILED
[INFO] [stdout] test ssh_utils::tests::test_execute ... FAILED
[INFO] [stdout] test ptaf_node::tests::test_get_ssh_conn ... FAILED
[INFO] [stdout] 
[INFO] [stdout] failures:
[INFO] [stdout] 
[INFO] [stdout] ---- session_manager::tests::test_is_valid stdout ----
[INFO] [stdout] 
[INFO] [stdout] thread 'session_manager::tests::test_is_valid' panicked at src/session_manager.rs:104:56:
[INFO] [stdout] called `Result::unwrap()` on an `Err` value: TcpError(Os { code: 111, kind: ConnectionRefused, message: "Connection refused" })
[INFO] [stdout] stack backtrace:
[INFO] [stdout]    0:     0x647700a55f3a - std::backtrace_rs::backtrace::libunwind::trace::hb059275cfc8d6126
[INFO] [stdout]                                at /rustc/6067b36314ab5eb2eb47cecc464545ba58e1ad24/library/std/src/../../backtrace/src/backtrace/libunwind.rs:116:5
[INFO] [stdout]    1:     0x647700a55f3a - std::backtrace_rs::backtrace::trace_unsynchronized::h2da071e4327ce3ee
[INFO] [stdout]                                at /rustc/6067b36314ab5eb2eb47cecc464545ba58e1ad24/library/std/src/../../backtrace/src/backtrace/mod.rs:66:5
[INFO] [stdout]    2:     0x647700a55f3a - std::sys::backtrace::_print_fmt::h842a1474e6f8d23f
[INFO] [stdout]                                at /rustc/6067b36314ab5eb2eb47cecc464545ba58e1ad24/library/std/src/sys/backtrace.rs:66:9
[INFO] [stdout]    3:     0x647700a55f3a - <std::sys::backtrace::BacktraceLock::print::DisplayBacktrace as core::fmt::Display>::fmt::h71a62eb3b9696b12
[INFO] [stdout]                                at /rustc/6067b36314ab5eb2eb47cecc464545ba58e1ad24/library/std/src/sys/backtrace.rs:39:26
[INFO] [stdout]    4:     0x647700a800d3 - core::fmt::rt::Argument::fmt::hdb6b616786b41dc1
[INFO] [stdout]                                at /rustc/6067b36314ab5eb2eb47cecc464545ba58e1ad24/library/core/src/fmt/rt.rs:177:76
[INFO] [stdout]    5:     0x647700a800d3 - core::fmt::write::h2cc1698af7e2d686
[INFO] [stdout]                                at /rustc/6067b36314ab5eb2eb47cecc464545ba58e1ad24/library/core/src/fmt/mod.rs:1440:21
[INFO] [stdout]    6:     0x647700a52543 - std::io::Write::write_fmt::hab1b4cd059a79022
[INFO] [stdout]                                at /rustc/6067b36314ab5eb2eb47cecc464545ba58e1ad24/library/std/src/io/mod.rs:1887:15
[INFO] [stdout]    7:     0x647700a55d82 - std::sys::backtrace::BacktraceLock::print::h147fe35b4ea13b08
[INFO] [stdout]                                at /rustc/6067b36314ab5eb2eb47cecc464545ba58e1ad24/library/std/src/sys/backtrace.rs:42:9
[INFO] [stdout]    8:     0x647700a5735f - std::panicking::default_hook::{{closure}}::hbd44223dbdc0d208
[INFO] [stdout]                                at /rustc/6067b36314ab5eb2eb47cecc464545ba58e1ad24/library/std/src/panicking.rs:298:22
[INFO] [stdout]    9:     0x647700a57178 - std::panicking::default_hook::h20f81eb0576efcec
[INFO] [stdout]                                at /rustc/6067b36314ab5eb2eb47cecc464545ba58e1ad24/library/std/src/panicking.rs:322:9
[INFO] [stdout]   10:     0x64770095af33 - <alloc::boxed::Box<F,A> as core::ops::function::Fn<Args>>::call::hdb53814c496a4d34
[INFO] [stdout]                                at /rustc/6067b36314ab5eb2eb47cecc464545ba58e1ad24/library/alloc/src/boxed.rs:2027:9
[INFO] [stdout]   11:     0x64770095af33 - test::test_main::{{closure}}::hc0a4963c59427c24
[INFO] [stdout]                                at /rustc/6067b36314ab5eb2eb47cecc464545ba58e1ad24/library/test/src/lib.rs:134:21
[INFO] [stdout]   12:     0x647700a57e53 - <alloc::boxed::Box<F,A> as core::ops::function::Fn<Args>>::call::h591b2225413a77e9
[INFO] [stdout]                                at /rustc/6067b36314ab5eb2eb47cecc464545ba58e1ad24/library/alloc/src/boxed.rs:2027:9
[INFO] [stdout]   13:     0x647700a57e53 - std::panicking::rust_panic_with_hook::h625eea43051b2edc
[INFO] [stdout]                                at /rustc/6067b36314ab5eb2eb47cecc464545ba58e1ad24/library/std/src/panicking.rs:839:13
[INFO] [stdout]   14:     0x647700a57b0a - std::panicking::begin_panic_handler::{{closure}}::h4f9159cfbc3f6bd3
[INFO] [stdout]                                at /rustc/6067b36314ab5eb2eb47cecc464545ba58e1ad24/library/std/src/panicking.rs:704:13
[INFO] [stdout]   15:     0x647700a56439 - std::sys::backtrace::__rust_end_short_backtrace::h0390abce48353151
[INFO] [stdout]                                at /rustc/6067b36314ab5eb2eb47cecc464545ba58e1ad24/library/std/src/sys/backtrace.rs:168:18
[INFO] [stdout]   16:     0x647700a5779d - rust_begin_unwind
[INFO] [stdout]                                at /rustc/6067b36314ab5eb2eb47cecc464545ba58e1ad24/library/std/src/panicking.rs:695:5
[INFO] [stdout]   17:     0x647700a7e4f0 - core::panicking::panic_fmt::h9e7c637e9e5f29c9
[INFO] [stdout]                                at /rustc/6067b36314ab5eb2eb47cecc464545ba58e1ad24/library/core/src/panicking.rs:75:14
[INFO] [stdout]   18:     0x647700a7e996 - core::result::unwrap_failed::h7979f09313fe1849
[INFO] [stdout]                                at /rustc/6067b36314ab5eb2eb47cecc464545ba58e1ad24/library/core/src/result.rs:1704:5
[INFO] [stdout]   19:     0x6477008ded94 - core::result::Result<T,E>::unwrap::h5b420e30ac7ba0ab
[INFO] [stdout]                                at /rustc/6067b36314ab5eb2eb47cecc464545ba58e1ad24/library/core/src/result.rs:1109:23
[INFO] [stdout]   20:     0x6477008ded94 - harvester::session_manager::tests::test_is_valid::h0aed10e492bebc18
[INFO] [stdout]                                at /opt/rustwide/workdir/src/session_manager.rs:104:30
[INFO] [stdout]   21:     0x6477008deb07 - harvester::session_manager::tests::test_is_valid::{{closure}}::h92c7474b22c4c087
[INFO] [stdout]                                at /opt/rustwide/workdir/src/session_manager.rs:96:23
[INFO] [stdout]   22:     0x6477008d7656 - core::ops::function::FnOnce::call_once::h6c86d0efbba05f7b
[INFO] [stdout]                                at /rustc/6067b36314ab5eb2eb47cecc464545ba58e1ad24/library/core/src/ops/function.rs:250:5
[INFO] [stdout]   23:     0x64770096068b - core::ops::function::FnOnce::call_once::he27718dfdd183f43
[INFO] [stdout]                                at /rustc/6067b36314ab5eb2eb47cecc464545ba58e1ad24/library/core/src/ops/function.rs:250:5
[INFO] [stdout]   24:     0x64770096068b - test::__rust_begin_short_backtrace::h4e84902998457a5d
[INFO] [stdout]                                at /rustc/6067b36314ab5eb2eb47cecc464545ba58e1ad24/library/test/src/lib.rs:632:18
[INFO] [stdout]   25:     0x64770095f5c3 - test::run_test_in_process::{{closure}}::h7176fd18fc1feca0
[INFO] [stdout]                                at /rustc/6067b36314ab5eb2eb47cecc464545ba58e1ad24/library/test/src/lib.rs:655:60
[INFO] [stdout]   26:     0x64770095f5c3 - <core::panic::unwind_safe::AssertUnwindSafe<F> as core::ops::function::FnOnce<()>>::call_once::hf79cff2a624d8cf7
[INFO] [stdout]                                at /rustc/6067b36314ab5eb2eb47cecc464545ba58e1ad24/library/core/src/panic/unwind_safe.rs:272:9
[INFO] [stdout]   27:     0x64770095f5c3 - std::panicking::try::do_call::h3da0561d9ab99c25
[INFO] [stdout]                                at /rustc/6067b36314ab5eb2eb47cecc464545ba58e1ad24/library/std/src/panicking.rs:587:40
[INFO] [stdout]   28:     0x64770095f5c3 - std::panicking::try::h41c9fa508bc61df6
[INFO] [stdout]                                at /rustc/6067b36314ab5eb2eb47cecc464545ba58e1ad24/library/std/src/panicking.rs:550:19
[INFO] [stdout]   29:     0x64770095f5c3 - std::panic::catch_unwind::h6b3ff07bb5afad93
[INFO] [stdout]                                at /rustc/6067b36314ab5eb2eb47cecc464545ba58e1ad24/library/std/src/panic.rs:358:14
[INFO] [stdout]   30:     0x64770095f5c3 - test::run_test_in_process::hc7253dd11b39b9f4
[INFO] [stdout]                                at /rustc/6067b36314ab5eb2eb47cecc464545ba58e1ad24/library/test/src/lib.rs:655:27
[INFO] [stdout]   31:     0x64770095f5c3 - test::run_test::{{closure}}::hfb2007f8649c30bb
[INFO] [stdout]                                at /rustc/6067b36314ab5eb2eb47cecc464545ba58e1ad24/library/test/src/lib.rs:576:43
[INFO] [stdout]   32:     0x6477009226a5 - test::run_test::{{closure}}::h56a17aa7a282a9f4
[INFO] [stdout]                                at /rustc/6067b36314ab5eb2eb47cecc464545ba58e1ad24/library/test/src/lib.rs:606:41
[INFO] [stdout]   33:     0x6477009226a5 - std::sys::backtrace::__rust_begin_short_backtrace::hd2d2d2fb8e8c6aac
[INFO] [stdout]                                at /rustc/6067b36314ab5eb2eb47cecc464545ba58e1ad24/library/std/src/sys/backtrace.rs:152:18
[INFO] [stdout]   34:     0x647700925f8a - std::thread::Builder::spawn_unchecked_::{{closure}}::{{closure}}::h4faa3f9db6133423
[INFO] [stdout]                                at /rustc/6067b36314ab5eb2eb47cecc464545ba58e1ad24/library/std/src/thread/mod.rs:559:17
[INFO] [stdout]   35:     0x647700925f8a - <core::panic::unwind_safe::AssertUnwindSafe<F> as core::ops::function::FnOnce<()>>::call_once::hf2e855a36a4ea846
[INFO] [stdout]                                at /rustc/6067b36314ab5eb2eb47cecc464545ba58e1ad24/library/core/src/panic/unwind_safe.rs:272:9
[INFO] [stdout]   36:     0x647700925f8a - std::panicking::try::do_call::h2f73af3616c35465
[INFO] [stdout]                                at /rustc/6067b36314ab5eb2eb47cecc464545ba58e1ad24/library/std/src/panicking.rs:587:40
[INFO] [stdout]   37:     0x647700925f8a - std::panicking::try::hd1660ce9efadef5a
[INFO] [stdout]                                at /rustc/6067b36314ab5eb2eb47cecc464545ba58e1ad24/library/std/src/panicking.rs:550:19
[INFO] [stdout]   38:     0x647700925f8a - std::panic::catch_unwind::h5ee8d7823b8ca744
[INFO] [stdout]                                at /rustc/6067b36314ab5eb2eb47cecc464545ba58e1ad24/library/std/src/panic.rs:358:14
[INFO] [stdout]   39:     0x647700925f8a - std::thread::Builder::spawn_unchecked_::{{closure}}::h53c3a1894dce8407
[INFO] [stdout]                                at /rustc/6067b36314ab5eb2eb47cecc464545ba58e1ad24/library/std/src/thread/mod.rs:557:30
[INFO] [stdout]   40:     0x647700925f8a - core::ops::function::FnOnce::call_once{{vtable.shim}}::h048ce291ad4f62bf
[INFO] [stdout]                                at /rustc/6067b36314ab5eb2eb47cecc464545ba58e1ad24/library/core/src/ops/function.rs:250:5
[INFO] [stdout]   41:     0x647700a5bd9b - <alloc::boxed::Box<F,A> as core::ops::function::FnOnce<Args>>::call_once::ha52bedf99a3b4981
[INFO] [stdout]                                at /rustc/6067b36314ab5eb2eb47cecc464545ba58e1ad24/library/alloc/src/boxed.rs:2013:9
[INFO] [stdout]   42:     0x647700a5bd9b - <alloc::boxed::Box<F,A> as core::ops::function::FnOnce<Args>>::call_once::h567748934d80ccf8
[INFO] [stdout]                                at /rustc/6067b36314ab5eb2eb47cecc464545ba58e1ad24/library/alloc/src/boxed.rs:2013:9
[INFO] [stdout]   43:     0x647700a5bd9b - std::sys::pal::unix::thread::Thread::new::thread_start::h2d970728ae887adc
[INFO] [stdout]                                at /rustc/6067b36314ab5eb2eb47cecc464545ba58e1ad24/library/std/src/sys/pal/unix/thread.rs:106:17
[INFO] [stdout]   44:     0x74ce8507aac3 - <unknown>
[INFO] [stdout]   45:     0x74ce8510ba04 - clone
[INFO] [stdout]   46:                0x0 - <unknown>
[INFO] [stdout] 
[INFO] [stdout] ---- session_manager::tests::test_connect stdout ----
[INFO] [stdout] 
[INFO] [stdout] thread 'session_manager::tests::test_connect' panicked at src/session_manager.rs:92:9:
[INFO] [stdout] assertion failed: result.is_ok()
[INFO] [stdout] stack backtrace:
[INFO] [stdout]    0:     0x647700a55f3a - std::backtrace_rs::backtrace::libunwind::trace::hb059275cfc8d6126
[INFO] [stdout]                                at /rustc/6067b36314ab5eb2eb47cecc464545ba58e1ad24/library/std/src/../../backtrace/src/backtrace/libunwind.rs:116:5
[INFO] [stdout]    1:     0x647700a55f3a - std::backtrace_rs::backtrace::trace_unsynchronized::h2da071e4327ce3ee
[INFO] [stdout]                                at /rustc/6067b36314ab5eb2eb47cecc464545ba58e1ad24/library/std/src/../../backtrace/src/backtrace/mod.rs:66:5
[INFO] [stdout]    2:     0x647700a55f3a - std::sys::backtrace::_print_fmt::h842a1474e6f8d23f
[INFO] [stdout]                                at /rustc/6067b36314ab5eb2eb47cecc464545ba58e1ad24/library/std/src/sys/backtrace.rs:66:9
[INFO] [stdout]    3:     0x647700a55f3a - <std::sys::backtrace::BacktraceLock::print::DisplayBacktrace as core::fmt::Display>::fmt::h71a62eb3b9696b12
[INFO] [stdout]                                at /rustc/6067b36314ab5eb2eb47cecc464545ba58e1ad24/library/std/src/sys/backtrace.rs:39:26
[INFO] [stdout]    4:     0x647700a800d3 - core::fmt::rt::Argument::fmt::hdb6b616786b41dc1
[INFO] [stdout]                                at /rustc/6067b36314ab5eb2eb47cecc464545ba58e1ad24/library/core/src/fmt/rt.rs:177:76
[INFO] [stdout]    5:     0x647700a800d3 - core::fmt::write::h2cc1698af7e2d686
[INFO] [stdout]                                at /rustc/6067b36314ab5eb2eb47cecc464545ba58e1ad24/library/core/src/fmt/mod.rs:1440:21
[INFO] [stdout]    6:     0x647700a52543 - std::io::Write::write_fmt::hab1b4cd059a79022
[INFO] [stdout]                                at /rustc/6067b36314ab5eb2eb47cecc464545ba58e1ad24/library/std/src/io/mod.rs:1887:15
[INFO] [stdout]    7:     0x647700a55d82 - std::sys::backtrace::BacktraceLock::print::h147fe35b4ea13b08
[INFO] [stdout]                                at /rustc/6067b36314ab5eb2eb47cecc464545ba58e1ad24/library/std/src/sys/backtrace.rs:42:9
[INFO] [stdout]    8:     0x647700a5735f - std::panicking::default_hook::{{closure}}::hbd44223dbdc0d208
[INFO] [stdout]                                at /rustc/6067b36314ab5eb2eb47cecc464545ba58e1ad24/library/std/src/panicking.rs:298:22
[INFO] [stdout]    9:     0x647700a57178 - std::panicking::default_hook::h20f81eb0576efcec
[INFO] [stdout]                                at /rustc/6067b36314ab5eb2eb47cecc464545ba58e1ad24/library/std/src/panicking.rs:322:9
[INFO] [stdout]   10:     0x64770095af33 - <alloc::boxed::Box<F,A> as core::ops::function::Fn<Args>>::call::hdb53814c496a4d34
[INFO] [stdout]                                at /rustc/6067b36314ab5eb2eb47cecc464545ba58e1ad24/library/alloc/src/boxed.rs:2027:9
[INFO] [stdout]   11:     0x64770095af33 - test::test_main::{{closure}}::hc0a4963c59427c24
[INFO] [stdout]                                at /rustc/6067b36314ab5eb2eb47cecc464545ba58e1ad24/library/test/src/lib.rs:134:21
[INFO] [stdout]   12:     0x647700a57e53 - <alloc::boxed::Box<F,A> as core::ops::function::Fn<Args>>::call::h591b2225413a77e9
[INFO] [stdout]                                at /rustc/6067b36314ab5eb2eb47cecc464545ba58e1ad24/library/alloc/src/boxed.rs:2027:9
[INFO] [stdout]   13:     0x647700a57e53 - std::panicking::rust_panic_with_hook::h625eea43051b2edc
[INFO] [stdout]                                at /rustc/6067b36314ab5eb2eb47cecc464545ba58e1ad24/library/std/src/panicking.rs:839:13
[INFO] [stdout]   14:     0x647700a57ad6 - std::panicking::begin_panic_handler::{{closure}}::h4f9159cfbc3f6bd3
[INFO] [stdout]                                at /rustc/6067b36314ab5eb2eb47cecc464545ba58e1ad24/library/std/src/panicking.rs:697:13
[INFO] [stdout]   15:     0x647700a56439 - std::sys::backtrace::__rust_end_short_backtrace::h0390abce48353151
[INFO] [stdout]                                at /rustc/6067b36314ab5eb2eb47cecc464545ba58e1ad24/library/std/src/sys/backtrace.rs:168:18
[INFO] [stdout]   16:     0x647700a5779d - rust_begin_unwind
[INFO] [stdout]                                at /rustc/6067b36314ab5eb2eb47cecc464545ba58e1ad24/library/std/src/panicking.rs:695:5
[INFO] [stdout]   17:     0x647700a7e4f0 - core::panicking::panic_fmt::h9e7c637e9e5f29c9
[INFO] [stdout]                                at /rustc/6067b36314ab5eb2eb47cecc464545ba58e1ad24/library/core/src/panicking.rs:75:14
[INFO] [stdout]   18:     0x647700a7e57c - core::panicking::panic::haa3255ea20181a33
[INFO] [stdout]                                at /rustc/6067b36314ab5eb2eb47cecc464545ba58e1ad24/library/core/src/panicking.rs:145:5
[INFO] [stdout]   19:     0x6477008deab0 - harvester::session_manager::tests::test_connect::h2d2ff4e29687a9e5
[INFO] [stdout]                                at /opt/rustwide/workdir/src/session_manager.rs:92:9
[INFO] [stdout]   20:     0x6477008de847 - harvester::session_manager::tests::test_connect::{{closure}}::hd8b61a6ab73ea91a
[INFO] [stdout]                                at /opt/rustwide/workdir/src/session_manager.rs:83:22
[INFO] [stdout]   21:     0x6477008d78b6 - core::ops::function::FnOnce::call_once::hbb7cf4e83e56db6a
[INFO] [stdout]                                at /rustc/6067b36314ab5eb2eb47cecc464545ba58e1ad24/library/core/src/ops/function.rs:250:5
[INFO] [stdout]   22:     0x64770096068b - core::ops::function::FnOnce::call_once::he27718dfdd183f43
[INFO] [stdout]                                at /rustc/6067b36314ab5eb2eb47cecc464545ba58e1ad24/library/core/src/ops/function.rs:250:5
[INFO] [stdout]   23:     0x64770096068b - test::__rust_begin_short_backtrace::h4e84902998457a5d
[INFO] [stdout]                                at /rustc/6067b36314ab5eb2eb47cecc464545ba58e1ad24/library/test/src/lib.rs:632:18
[INFO] [stdout]   24:     0x64770095f5c3 - test::run_test_in_process::{{closure}}::h7176fd18fc1feca0
[INFO] [stdout]                                at /rustc/6067b36314ab5eb2eb47cecc464545ba58e1ad24/library/test/src/lib.rs:655:60
[INFO] [stdout]   25:     0x64770095f5c3 - <core::panic::unwind_safe::AssertUnwindSafe<F> as core::ops::function::FnOnce<()>>::call_once::hf79cff2a624d8cf7
[INFO] [stdout]                                at /rustc/6067b36314ab5eb2eb47cecc464545ba58e1ad24/library/core/src/panic/unwind_safe.rs:272:9
[INFO] [stdout]   26:     0x64770095f5c3 - std::panicking::try::do_call::h3da0561d9ab99c25
[INFO] [stdout]                                at /rustc/6067b36314ab5eb2eb47cecc464545ba58e1ad24/library/std/src/panicking.rs:587:40
[INFO] [stdout]   27:     0x64770095f5c3 - std::panicking::try::h41c9fa508bc61df6
[INFO] [stdout]                                at /rustc/6067b36314ab5eb2eb47cecc464545ba58e1ad24/library/std/src/panicking.rs:550:19
[INFO] [stdout]   28:     0x64770095f5c3 - std::panic::catch_unwind::h6b3ff07bb5afad93
[INFO] [stdout]                                at /rustc/6067b36314ab5eb2eb47cecc464545ba58e1ad24/library/std/src/panic.rs:358:14
[INFO] [stdout]   29:     0x64770095f5c3 - test::run_test_in_process::hc7253dd11b39b9f4
[INFO] [stdout]                                at /rustc/6067b36314ab5eb2eb47cecc464545ba58e1ad24/library/test/src/lib.rs:655:27
[INFO] [stdout]   30:     0x64770095f5c3 - test::run_test::{{closure}}::hfb2007f8649c30bb
[INFO] [stdout]                                at /rustc/6067b36314ab5eb2eb47cecc464545ba58e1ad24/library/test/src/lib.rs:576:43
[INFO] [stdout]   31:     0x6477009226a5 - test::run_test::{{closure}}::h56a17aa7a282a9f4
[INFO] [stdout]                                at /rustc/6067b36314ab5eb2eb47cecc464545ba58e1ad24/library/test/src/lib.rs:606:41
[INFO] [stdout]   32:     0x6477009226a5 - std::sys::backtrace::__rust_begin_short_backtrace::hd2d2d2fb8e8c6aac
[INFO] [stdout]                                at /rustc/6067b36314ab5eb2eb47cecc464545ba58e1ad24/library/std/src/sys/backtrace.rs:152:18
[INFO] [stdout]   33:     0x647700925f8a - std::thread::Builder::spawn_unchecked_::{{closure}}::{{closure}}::h4faa3f9db6133423
[INFO] [stdout]                                at /rustc/6067b36314ab5eb2eb47cecc464545ba58e1ad24/library/std/src/thread/mod.rs:559:17
[INFO] [stdout]   34:     0x647700925f8a - <core::panic::unwind_safe::AssertUnwindSafe<F> as core::ops::function::FnOnce<()>>::call_once::hf2e855a36a4ea846
[INFO] [stdout]                                at /rustc/6067b36314ab5eb2eb47cecc464545ba58e1ad24/library/core/src/panic/unwind_safe.rs:272:9
[INFO] [stdout]   35:     0x647700925f8a - std::panicking::try::do_call::h2f73af3616c35465
[INFO] [stdout]                                at /rustc/6067b36314ab5eb2eb47cecc464545ba58e1ad24/library/std/src/panicking.rs:587:40
[INFO] [stdout]   36:     0x647700925f8a - std::panicking::try::hd1660ce9efadef5a
[INFO] [stdout]                                at /rustc/6067b36314ab5eb2eb47cecc464545ba58e1ad24/library/std/src/panicking.rs:550:19
[INFO] [stdout]   37:     0x647700925f8a - std::panic::catch_unwind::h5ee8d7823b8ca744
[INFO] [stdout]                                at /rustc/6067b36314ab5eb2eb47cecc464545ba58e1ad24/library/std/src/panic.rs:358:14
[INFO] [stdout]   38:     0x647700925f8a - std::thread::Builder::spawn_unchecked_::{{closure}}::h53c3a1894dce8407
[INFO] [stdout]                                at /rustc/6067b36314ab5eb2eb47cecc464545ba58e1ad24/library/std/src/thread/mod.rs:557:30
[INFO] [stdout]   39:     0x647700925f8a - core::ops::function::FnOnce::call_once{{vtable.shim}}::h048ce291ad4f62bf
[INFO] [stdout]                                at /rustc/6067b36314ab5eb2eb47cecc464545ba58e1ad24/library/core/src/ops/function.rs:250:5
[INFO] [stdout]   40:     0x647700a5bd9b - <alloc::boxed::Box<F,A> as core::ops::function::FnOnce<Args>>::call_once::ha52bedf99a3b4981
[INFO] [stdout]                                at /rustc/6067b36314ab5eb2eb47cecc464545ba58e1ad24/library/alloc/src/boxed.rs:2013:9
[INFO] [stdout]   41:     0x647700a5bd9b - <alloc::boxed::Box<F,A> as core::ops::function::FnOnce<Args>>::call_once::h567748934d80ccf8
[INFO] [stdout]                                at /rustc/6067b36314ab5eb2eb47cecc464545ba58e1ad24/library/alloc/src/boxed.rs:2013:9
[INFO] [stdout]   42:     0x647700a5bd9b - std::sys::pal::unix::thread::Thread::new::thread_start::h2d970728ae887adc
[INFO] [stdout]                                at /rustc/6067b36314ab5eb2eb47cecc464545ba58e1ad24/library/std/src/sys/pal/unix/thread.rs:106:17
[INFO] [stdout]   43:     0x74ce8507aac3 - <unknown>
[INFO] [stdout]   44:     0x74ce8510ba04 - clone
[INFO] [stdout]   45:                0x0 - <unknown>
[INFO] [stdout] 
[INFO] [stdout] ---- ssh_utils::tests::test_execute stdout ----
[INFO] [stdout] 
[INFO] [stdout] thread 'ssh_utils::tests::test_execute' panicked at src/ssh_utils.rs:133:14:
[INFO] [stdout] called `Result::unwrap()` on an `Err` value: Error(Some("TCP connection error: Connection refused (os error 111)"))
[INFO] [stdout] stack backtrace:
[INFO] [stdout]    0:     0x647700a55f3a - std::backtrace_rs::backtrace::libunwind::trace::hb059275cfc8d6126
[INFO] [stdout]                                at /rustc/6067b36314ab5eb2eb47cecc464545ba58e1ad24/library/std/src/../../backtrace/src/backtrace/libunwind.rs:116:5
[INFO] [stdout]    1:     0x647700a55f3a - std::backtrace_rs::backtrace::trace_unsynchronized::h2da071e4327ce3ee
[INFO] [stdout]                                at /rustc/6067b36314ab5eb2eb47cecc464545ba58e1ad24/library/std/src/../../backtrace/src/backtrace/mod.rs:66:5
[INFO] [stdout]    2:     0x647700a55f3a - std::sys::backtrace::_print_fmt::h842a1474e6f8d23f
[INFO] [stdout]                                at /rustc/6067b36314ab5eb2eb47cecc464545ba58e1ad24/library/std/src/sys/backtrace.rs:66:9
[INFO] [stdout]    3:     0x647700a55f3a - <std::sys::backtrace::BacktraceLock::print::DisplayBacktrace as core::fmt::Display>::fmt::h71a62eb3b9696b12
[INFO] [stdout]                                at /rustc/6067b36314ab5eb2eb47cecc464545ba58e1ad24/library/std/src/sys/backtrace.rs:39:26
[INFO] [stdout]    4:     0x647700a800d3 - core::fmt::rt::Argument::fmt::hdb6b616786b41dc1
[INFO] [stdout]                                at /rustc/6067b36314ab5eb2eb47cecc464545ba58e1ad24/library/core/src/fmt/rt.rs:177:76
[INFO] [stdout]    5:     0x647700a800d3 - core::fmt::write::h2cc1698af7e2d686
[INFO] [stdout]                                at /rustc/6067b36314ab5eb2eb47cecc464545ba58e1ad24/library/core/src/fmt/mod.rs:1440:21
[INFO] [stdout]    6:     0x647700a52543 - std::io::Write::write_fmt::hab1b4cd059a79022
[INFO] [stdout]                                at /rustc/6067b36314ab5eb2eb47cecc464545ba58e1ad24/library/std/src/io/mod.rs:1887:15
[INFO] [stdout]    7:     0x647700a55d82 - std::sys::backtrace::BacktraceLock::print::h147fe35b4ea13b08
[INFO] [stdout]                                at /rustc/6067b36314ab5eb2eb47cecc464545ba58e1ad24/library/std/src/sys/backtrace.rs:42:9
[INFO] [stdout]    8:     0x647700a5735f - std::panicking::default_hook::{{closure}}::hbd44223dbdc0d208
[INFO] [stdout]                                at /rustc/6067b36314ab5eb2eb47cecc464545ba58e1ad24/library/std/src/panicking.rs:298:22
[INFO] [stdout]    9:     0x647700a57178 - std::panicking::default_hook::h20f81eb0576efcec
[INFO] [stdout]                                at /rustc/6067b36314ab5eb2eb47cecc464545ba58e1ad24/library/std/src/panicking.rs:322:9
[INFO] [stdout]   10:     0x64770095af33 - <alloc::boxed::Box<F,A> as core::ops::function::Fn<Args>>::call::hdb53814c496a4d34
[INFO] [stdout]                                at /rustc/6067b36314ab5eb2eb47cecc464545ba58e1ad24/library/alloc/src/boxed.rs:2027:9
[INFO] [stdout]   11:     0x64770095af33 - test::test_main::{{closure}}::hc0a4963c59427c24
[INFO] [stdout]                                at /rustc/6067b36314ab5eb2eb47cecc464545ba58e1ad24/library/test/src/lib.rs:134:21
[INFO] [stdout]   12:     0x647700a57e53 - <alloc::boxed::Box<F,A> as core::ops::function::Fn<Args>>::call::h591b2225413a77e9
[INFO] [stdout]                                at /rustc/6067b36314ab5eb2eb47cecc464545ba58e1ad24/library/alloc/src/boxed.rs:2027:9
[INFO] [stdout]   13:     0x647700a57e53 - std::panicking::rust_panic_with_hook::h625eea43051b2edc
[INFO] [stdout]                                at /rustc/6067b36314ab5eb2eb47cecc464545ba58e1ad24/library/std/src/panicking.rs:839:13
[INFO] [stdout]   14:     0x647700a57b0a - std::panicking::begin_panic_handler::{{closure}}::h4f9159cfbc3f6bd3
[INFO] [stdout]                                at /rustc/6067b36314ab5eb2eb47cecc464545ba58e1ad24/library/std/src/panicking.rs:704:13
[INFO] [stdout]   15:     0x647700a56439 - std::sys::backtrace::__rust_end_short_backtrace::h0390abce48353151
[INFO] [stdout]                                at /rustc/6067b36314ab5eb2eb47cecc464545ba58e1ad24/library/std/src/sys/backtrace.rs:168:18
[INFO] [stdout]   16:     0x647700a5779d - rust_begin_unwind
[INFO] [stdout]                                at /rustc/6067b36314ab5eb2eb47cecc464545ba58e1ad24/library/std/src/panicking.rs:695:5
[INFO] [stdout]   17:     0x647700a7e4f0 - core::panicking::panic_fmt::h9e7c637e9e5f29c9
[INFO] [stdout]                                at /rustc/6067b36314ab5eb2eb47cecc464545ba58e1ad24/library/core/src/panicking.rs:75:14
[INFO] [stdout]   18:     0x647700a7e996 - core::result::unwrap_failed::h7979f09313fe1849
[INFO] [stdout]                                at /rustc/6067b36314ab5eb2eb47cecc464545ba58e1ad24/library/core/src/result.rs:1704:5
[INFO] [stdout]   19:     0x6477008f0b21 - core::result::Result<T,E>::unwrap::hc8c8f6d410cefacb
[INFO] [stdout]                                at /rustc/6067b36314ab5eb2eb47cecc464545ba58e1ad24/library/core/src/result.rs:1109:23
[INFO] [stdout]   20:     0x6477008f0b21 - harvester::ssh_utils::tests::test_execute::h7bcfb415676590d6
[INFO] [stdout]                                at /opt/rustwide/workdir/src/ssh_utils.rs:130:20
[INFO] [stdout]   21:     0x6477008f0757 - harvester::ssh_utils::tests::test_execute::{{closure}}::h4cf8766c624d60ec
[INFO] [stdout]                                at /opt/rustwide/workdir/src/ssh_utils.rs:120:22
[INFO] [stdout]   22:     0x6477008d7a36 - core::ops::function::FnOnce::call_once::hfcf18f592364cf71
[INFO] [stdout]                                at /rustc/6067b36314ab5eb2eb47cecc464545ba58e1ad24/library/core/src/ops/function.rs:250:5
[INFO] [stdout]   23:     0x64770096068b - core::ops::function::FnOnce::call_once::he27718dfdd183f43
[INFO] [stdout]                                at /rustc/6067b36314ab5eb2eb47cecc464545ba58e1ad24/library/core/src/ops/function.rs:250:5
[INFO] [stdout]   24:     0x64770096068b - test::__rust_begin_short_backtrace::h4e84902998457a5d
[INFO] [stdout]                                at /rustc/6067b36314ab5eb2eb47cecc464545ba58e1ad24/library/test/src/lib.rs:632:18
[INFO] [stdout]   25:     0x64770095f5c3 - test::run_test_in_process::{{closure}}::h7176fd18fc1feca0
[INFO] [stdout]                                at /rustc/6067b36314ab5eb2eb47cecc464545ba58e1ad24/library/test/src/lib.rs:655:60
[INFO] [stdout]   26:     0x64770095f5c3 - <core::panic::unwind_safe::AssertUnwindSafe<F> as core::ops::function::FnOnce<()>>::call_once::hf79cff2a624d8cf7
[INFO] [stdout]                                at /rustc/6067b36314ab5eb2eb47cecc464545ba58e1ad24/library/core/src/panic/unwind_safe.rs:272:9
[INFO] [stdout]   27:     0x64770095f5c3 - std::panicking::try::do_call::h3da0561d9ab99c25
[INFO] [stdout]                                at /rustc/6067b36314ab5eb2eb47cecc464545ba58e1ad24/library/std/src/panicking.rs:587:40
[INFO] [stdout]   28:     0x64770095f5c3 - std::panicking::try::h41c9fa508bc61df6
[INFO] [stdout]                                at /rustc/6067b36314ab5eb2eb47cecc464545ba58e1ad24/library/std/src/panicking.rs:550:19
[INFO] [stdout]   29:     0x64770095f5c3 - std::panic::catch_unwind::h6b3ff07bb5afad93
[INFO] [stdout]                                at /rustc/6067b36314ab5eb2eb47cecc464545ba58e1ad24/library/std/src/panic.rs:358:14
[INFO] [stdout]   30:     0x64770095f5c3 - test::run_test_in_process::hc7253dd11b39b9f4
[INFO] [stdout]                                at /rustc/6067b36314ab5eb2eb47cecc464545ba58e1ad24/library/test/src/lib.rs:655:27
[INFO] [stdout]   31:     0x64770095f5c3 - test::run_test::{{closure}}::hfb2007f8649c30bb
[INFO] [stdout]                                at /rustc/6067b36314ab5eb2eb47cecc464545ba58e1ad24/library/test/src/lib.rs:576:43
[INFO] [stdout]   32:     0x6477009226a5 - test::run_test::{{closure}}::h56a17aa7a282a9f4
[INFO] [stdout]                                at /rustc/6067b36314ab5eb2eb47cecc464545ba58e1ad24/library/test/src/lib.rs:606:41
[INFO] [stdout]   33:     0x6477009226a5 - std::sys::backtrace::__rust_begin_short_backtrace::hd2d2d2fb8e8c6aac
[INFO] [stdout]                                at /rustc/6067b36314ab5eb2eb47cecc464545ba58e1ad24/library/std/src/sys/backtrace.rs:152:18
[INFO] [stdout]   34:     0x647700925f8a - std::thread::Builder::spawn_unchecked_::{{closure}}::{{closure}}::h4faa3f9db6133423
[INFO] [stdout]                                at /rustc/6067b36314ab5eb2eb47cecc464545ba58e1ad24/library/std/src/thread/mod.rs:559:17
[INFO] [stdout]   35:     0x647700925f8a - <core::panic::unwind_safe::AssertUnwindSafe<F> as core::ops::function::FnOnce<()>>::call_once::hf2e855a36a4ea846
[INFO] [stdout]                                at /rustc/6067b36314ab5eb2eb47cecc464545ba58e1ad24/library/core/src/panic/unwind_safe.rs:272:9
[INFO] [stdout]   36:     0x647700925f8a - std::panicking::try::do_call::h2f73af3616c35465
[INFO] [stdout]                                at /rustc/6067b36314ab5eb2eb47cecc464545ba58e1ad24/library/std/src/panicking.rs:587:40
[INFO] [stdout]   37:     0x647700925f8a - std::panicking::try::hd1660ce9efadef5a
[INFO] [stdout]                                at /rustc/6067b36314ab5eb2eb47cecc464545ba58e1ad24/library/std/src/panicking.rs:550:19
[INFO] [stdout]   38:     0x647700925f8a - std::panic::catch_unwind::h5ee8d7823b8ca744
[INFO] [stdout]                                at /rustc/6067b36314ab5eb2eb47cecc464545ba58e1ad24/library/std/src/panic.rs:358:14
[INFO] [stdout]   39:     0x647700925f8a - std::thread::Builder::spawn_unchecked_::{{closure}}::h53c3a1894dce8407
[INFO] [stdout]                                at /rustc/6067b36314ab5eb2eb47cecc464545ba58e1ad24/library/std/src/thread/mod.rs:557:30
[INFO] [stdout]   40:     0x647700925f8a - core::ops::function::FnOnce::call_once{{vtable.shim}}::h048ce291ad4f62bf
[INFO] [stdout]                                at /rustc/6067b36314ab5eb2eb47cecc464545ba58e1ad24/library/core/src/ops/function.rs:250:5
[INFO] [stdout]   41:     0x647700a5bd9b - <alloc::boxed::Box<F,A> as core::ops::function::FnOnce<Args>>::call_once::ha52bedf99a3b4981
[INFO] [stdout]                                at /rustc/6067b36314ab5eb2eb47cecc464545ba58e1ad24/library/alloc/src/boxed.rs:2013:9
[INFO] [stdout]   42:     0x647700a5bd9b - <alloc::boxed::Box<F,A> as core::ops::function::FnOnce<Args>>::call_once::h567748934d80ccf8
[INFO] [stdout]                                at /rustc/6067b36314ab5eb2eb47cecc464545ba58e1ad24/library/alloc/src/boxed.rs:2013:9
[INFO] [stdout]   43:     0x647700a5bd9b - std::sys::pal::unix::thread::Thread::new::thread_start::h2d970728ae887adc
[INFO] [stdout]                                at /rustc/6067b36314ab5eb2eb47cecc464545ba58e1ad24/library/std/src/sys/pal/unix/thread.rs:106:17
[INFO] [stdout]   44:     0x74ce8507aac3 - <unknown>
[INFO] [stdout]   45:     0x74ce8510ba04 - clone
[INFO] [stdout]   46:                0x0 - <unknown>
[INFO] [stdout] 
[INFO] [stdout] ---- ptaf_node::tests::test_get_ssh_conn stdout ----
[INFO] [stdout] init ssh manager
[INFO] [stdout] 
[INFO] [stdout] thread 'ptaf_node::tests::test_get_ssh_conn' panicked at src/ptaf_node.rs:23:117:
[INFO] [stdout] called `Result::unwrap()` on an `Err` value: timed out waiting for connection: TCP connection error: Connection refused (os error 111)
[INFO] [stdout] stack backtrace:
[INFO] [stdout]    0:     0x647700a55f3a - std::backtrace_rs::backtrace::libunwind::trace::hb059275cfc8d6126
[INFO] [stdout]                                at /rustc/6067b36314ab5eb2eb47cecc464545ba58e1ad24/library/std/src/../../backtrace/src/backtrace/libunwind.rs:116:5
[INFO] [stdout]    1:     0x647700a55f3a - std::backtrace_rs::backtrace::trace_unsynchronized::h2da071e4327ce3ee
[INFO] [stdout]                                at /rustc/6067b36314ab5eb2eb47cecc464545ba58e1ad24/library/std/src/../../backtrace/src/backtrace/mod.rs:66:5
[INFO] [stdout]    2:     0x647700a55f3a - std::sys::backtrace::_print_fmt::h842a1474e6f8d23f
[INFO] [stdout]                                at /rustc/6067b36314ab5eb2eb47cecc464545ba58e1ad24/library/std/src/sys/backtrace.rs:66:9
[INFO] [stdout]    3:     0x647700a55f3a - <std::sys::backtrace::BacktraceLock::print::DisplayBacktrace as core::fmt::Display>::fmt::h71a62eb3b9696b12
[INFO] [stdout]                                at /rustc/6067b36314ab5eb2eb47cecc464545ba58e1ad24/library/std/src/sys/backtrace.rs:39:26
[INFO] [stdout]    4:     0x647700a800d3 - core::fmt::rt::Argument::fmt::hdb6b616786b41dc1
[INFO] [stdout]                                at /rustc/6067b36314ab5eb2eb47cecc464545ba58e1ad24/library/core/src/fmt/rt.rs:177:76
[INFO] [stdout]    5:     0x647700a800d3 - core::fmt::write::h2cc1698af7e2d686
[INFO] [stdout]                                at /rustc/6067b36314ab5eb2eb47cecc464545ba58e1ad24/library/core/src/fmt/mod.rs:1440:21
[INFO] [stdout]    6:     0x647700a52543 - std::io::Write::write_fmt::hab1b4cd059a79022
[INFO] [stdout]                                at /rustc/6067b36314ab5eb2eb47cecc464545ba58e1ad24/library/std/src/io/mod.rs:1887:15
[INFO] [stdout]    7:     0x647700a55d82 - std::sys::backtrace::BacktraceLock::print::h147fe35b4ea13b08
[INFO] [stdout]                                at /rustc/6067b36314ab5eb2eb47cecc464545ba58e1ad24/library/std/src/sys/backtrace.rs:42:9
[INFO] [stdout]    8:     0x647700a5735f - std::panicking::default_hook::{{closure}}::hbd44223dbdc0d208
[INFO] [stdout]                                at /rustc/6067b36314ab5eb2eb47cecc464545ba58e1ad24/library/std/src/panicking.rs:298:22
[INFO] [stdout]    9:     0x647700a57178 - std::panicking::default_hook::h20f81eb0576efcec
[INFO] [stdout]                                at /rustc/6067b36314ab5eb2eb47cecc464545ba58e1ad24/library/std/src/panicking.rs:322:9
[INFO] [stdout]   10:     0x64770095af33 - <alloc::boxed::Box<F,A> as core::ops::function::Fn<Args>>::call::hdb53814c496a4d34
[INFO] [stdout]                                at /rustc/6067b36314ab5eb2eb47cecc464545ba58e1ad24/library/alloc/src/boxed.rs:2027:9
[INFO] [stdout]   11:     0x64770095af33 - test::test_main::{{closure}}::hc0a4963c59427c24
[INFO] [stdout]                                at /rustc/6067b36314ab5eb2eb47cecc464545ba58e1ad24/library/test/src/lib.rs:134:21
[INFO] [stdout]   12:     0x647700a57e53 - <alloc::boxed::Box<F,A> as core::ops::function::Fn<Args>>::call::h591b2225413a77e9
[INFO] [stdout]                                at /rustc/6067b36314ab5eb2eb47cecc464545ba58e1ad24/library/alloc/src/boxed.rs:2027:9
[INFO] [stdout]   13:     0x647700a57e53 - std::panicking::rust_panic_with_hook::h625eea43051b2edc
[INFO] [stdout]                                at /rustc/6067b36314ab5eb2eb47cecc464545ba58e1ad24/library/std/src/panicking.rs:839:13
[INFO] [stdout]   14:     0x647700a57b0a - std::panicking::begin_panic_handler::{{closure}}::h4f9159cfbc3f6bd3
[INFO] [stdout]                                at /rustc/6067b36314ab5eb2eb47cecc464545ba58e1ad24/library/std/src/panicking.rs:704:13
[INFO] [stdout]   15:     0x647700a56439 - std::sys::backtrace::__rust_end_short_backtrace::h0390abce48353151
[INFO] [stdout]                                at /rustc/6067b36314ab5eb2eb47cecc464545ba58e1ad24/library/std/src/sys/backtrace.rs:168:18
[INFO] [stdout]   16:     0x647700a5779d - rust_begin_unwind
[INFO] [stdout]                                at /rustc/6067b36314ab5eb2eb47cecc464545ba58e1ad24/library/std/src/panicking.rs:695:5
[INFO] [stdout]   17:     0x647700a7e4f0 - core::panicking::panic_fmt::h9e7c637e9e5f29c9
[INFO] [stdout]                                at /rustc/6067b36314ab5eb2eb47cecc464545ba58e1ad24/library/core/src/panicking.rs:75:14
[INFO] [stdout]   18:     0x647700a7e996 - core::result::unwrap_failed::h7979f09313fe1849
[INFO] [stdout]                                at /rustc/6067b36314ab5eb2eb47cecc464545ba58e1ad24/library/core/src/result.rs:1704:5
[INFO] [stdout]   19:     0x6477008dddfe - core::result::Result<T,E>::unwrap::h24bca99d26bdce80
[INFO] [stdout]                                at /rustc/6067b36314ab5eb2eb47cecc464545ba58e1ad24/library/core/src/result.rs:1109:23
[INFO] [stdout]   20:     0x6477008dddfe - harvester::ptaf_node::PTAFNode::new::h9cd8883dce0d22fb
[INFO] [stdout]                                at /opt/rustwide/workdir/src/ptaf_node.rs:23:50
[INFO] [stdout]   21:     0x6477008f157b - harvester::ptaf_node::tests::test_get_ssh_conn::h5b90972f5aef40f1
[INFO] [stdout]                                at /opt/rustwide/workdir/src/ptaf_node.rs:62:13
[INFO] [stdout]   22:     0x6477008f1147 - harvester::ptaf_node::tests::test_get_ssh_conn::{{closure}}::hf9ec0b92b93208ca
[INFO] [stdout]                                at /opt/rustwide/workdir/src/ptaf_node.rs:54:27
[INFO] [stdout]   23:     0x6477008d7586 - core::ops::function::FnOnce::call_once::h470d5928a180a44e
[INFO] [stdout]                                at /rustc/6067b36314ab5eb2eb47cecc464545ba58e1ad24/library/core/src/ops/function.rs:250:5
[INFO] [stdout]   24:     0x64770096068b - core::ops::function::FnOnce::call_once::he27718dfdd183f43
[INFO] [stdout]                                at /rustc/6067b36314ab5eb2eb47cecc464545ba58e1ad24/library/core/src/ops/function.rs:250:5
[INFO] [stdout]   25:     0x64770096068b - test::__rust_begin_short_backtrace::h4e84902998457a5d
[INFO] [stdout]                                at /rustc/6067b36314ab5eb2eb47cecc464545ba58e1ad24/library/test/src/lib.rs:632:18
[INFO] [stdout]   26:     0x64770095f5c3 - test::run_test_in_process::{{closure}}::h7176fd18fc1feca0
[INFO] [stdout]                                at /rustc/6067b36314ab5eb2eb47cecc464545ba58e1ad24/library/test/src/lib.rs:655:60
[INFO] [stdout]   27:     0x64770095f5c3 - <core::panic::unwind_safe::AssertUnwindSafe<F> as core::ops::function::FnOnce<()>>::call_once::hf79cff2a624d8cf7
[INFO] [stdout]                                at /rustc/6067b36314ab5eb2eb47cecc464545ba58e1ad24/library/core/src/panic/unwind_safe.rs:272:9
[INFO] [stdout]   28:     0x64770095f5c3 - std::panicking::try::do_call::h3da0561d9ab99c25
[INFO] [stdout]                                at /rustc/6067b36314ab5eb2eb47cecc464545ba58e1ad24/library/std/src/panicking.rs:587:40
[INFO] [stdout]   29:     0x64770095f5c3 - std::panicking::try::h41c9fa508bc61df6
[INFO] [stdout]                                at /rustc/6067b36314ab5eb2eb47cecc464545ba58e1ad24/library/std/src/panicking.rs:550:19
[INFO] [stdout]   30:     0x64770095f5c3 - std::panic::catch_unwind::h6b3ff07bb5afad93
[INFO] [stdout]                                at /rustc/6067b36314ab5eb2eb47cecc464545ba58e1ad24/library/std/src/panic.rs:358:14
[INFO] [stdout]   31:     0x64770095f5c3 - test::run_test_in_process::hc7253dd11b39b9f4
[INFO] [stdout]                                at /rustc/6067b36314ab5eb2eb47cecc464545ba58e1ad24/library/test/src/lib.rs:655:27
[INFO] [stdout]   32:     0x64770095f5c3 - test::run_test::{{closure}}::hfb2007f8649c30bb
[INFO] [stdout]                                at /rustc/6067b36314ab5eb2eb47cecc464545ba58e1ad24/library/test/src/lib.rs:576:43
[INFO] [stdout]   33:     0x6477009226a5 - test::run_test::{{closure}}::h56a17aa7a282a9f4
[INFO] [stdout]                                at /rustc/6067b36314ab5eb2eb47cecc464545ba58e1ad24/library/test/src/lib.rs:606:41
[INFO] [stdout]   34:     0x6477009226a5 - std::sys::backtrace::__rust_begin_short_backtrace::hd2d2d2fb8e8c6aac
[INFO] [stdout]                                at /rustc/6067b36314ab5eb2eb47cecc464545ba58e1ad24/library/std/src/sys/backtrace.rs:152:18
[INFO] [stdout]   35:     0x647700925f8a - std::thread::Builder::spawn_unchecked_::{{closure}}::{{closure}}::h4faa3f9db6133423
[INFO] [stdout]                                at /rustc/6067b36314ab5eb2eb47cecc464545ba58e1ad24/library/std/src/thread/mod.rs:559:17
[INFO] [stdout]   36:     0x647700925f8a - <core::panic::unwind_safe::AssertUnwindSafe<F> as core::ops::function::FnOnce<()>>::call_once::hf2e855a36a4ea846
[INFO] [stdout]                                at /rustc/6067b36314ab5eb2eb47cecc464545ba58e1ad24/library/core/src/panic/unwind_safe.rs:272:9
[INFO] [stdout]   37:     0x647700925f8a - std::panicking::try::do_call::h2f73af3616c35465
[INFO] [stdout]                                at /rustc/6067b36314ab5eb2eb47cecc464545ba58e1ad24/library/std/src/panicking.rs:587:40
[INFO] [stdout]   38:     0x647700925f8a - std::panicking::try::hd1660ce9efadef5a
[INFO] [stdout]                                at /rustc/6067b36314ab5eb2eb47cecc464545ba58e1ad24/library/std/src/panicking.rs:550:19
[INFO] [stdout]   39:     0x647700925f8a - std::panic::catch_unwind::h5ee8d7823b8ca744
[INFO] [stdout]                                at /rustc/6067b36314ab5eb2eb47cecc464545ba58e1ad24/library/std/src/panic.rs:358:14
[INFO] [stdout]   40:     0x647700925f8a - std::thread::Builder::spawn_unchecked_::{{closure}}::h53c3a1894dce8407
[INFO] [stdout]                                at /rustc/6067b36314ab5eb2eb47cecc464545ba58e1ad24/library/std/src/thread/mod.rs:557:30
[INFO] [stdout]   41:     0x647700925f8a - core::ops::function::FnOnce::call_once{{vtable.shim}}::h048ce291ad4f62bf
[INFO] [stdout]                                at /rustc/6067b36314ab5eb2eb47cecc464545ba58e1ad24/library/core/src/ops/function.rs:250:5
[INFO] [stdout]   42:     0x647700a5bd9b - <alloc::boxed::Box<F,A> as core::ops::function::FnOnce<Args>>::call_once::ha52bedf99a3b4981
[INFO] [stdout]                                at /rustc/6067b36314ab5eb2eb47cecc464545ba58e1ad24/library/alloc/src/boxed.rs:2013:9
[INFO] [stdout]   43:     0x647700a5bd9b - <alloc::boxed::Box<F,A> as core::ops::function::FnOnce<Args>>::call_once::h567748934d80ccf8
[INFO] [stdout]                                at /rustc/6067b36314ab5eb2eb47cecc464545ba58e1ad24/library/alloc/src/boxed.rs:2013:9
[INFO] [stdout]   44:     0x647700a5bd9b - std::sys::pal::unix::thread::Thread::new::thread_start::h2d970728ae887adc
[INFO] [stdout]                                at /rustc/6067b36314ab5eb2eb47cecc464545ba58e1ad24/library/std/src/sys/pal/unix/thread.rs:106:17
[INFO] [stdout]   45:     0x74ce8507aac3 - <unknown>
[INFO] [stdout]   46:     0x74ce8510ba04 - clone
[INFO] [stdout]   47:                0x0 - <unknown>
[INFO] [stdout] 
[INFO] [stdout] 
[INFO] [stdout] failures:
[INFO] [stdout]     ptaf_node::tests::test_get_ssh_conn
[INFO] [stdout]     session_manager::tests::test_connect
[INFO] [stdout]     session_manager::tests::test_is_valid
[INFO] [stdout]     ssh_utils::tests::test_execute
[INFO] [stdout] 
[INFO] [stdout] test result: FAILED. 4 passed; 4 failed; 0 ignored; 0 measured; 0 filtered out; finished in 30.01s
[INFO] [stdout] 
[INFO] [stderr] error: test failed, to rerun pass `--bin harvester`
[INFO] running `Command { std: "docker" "inspect" "aae752e874c3bbc6915bc734445b2db22e61047751c9e60f3c9c75e22fde3e3b", kill_on_drop: false }`
[INFO] running `Command { std: "docker" "rm" "-f" "aae752e874c3bbc6915bc734445b2db22e61047751c9e60f3c9c75e22fde3e3b", kill_on_drop: false }`
[INFO] [stdout] aae752e874c3bbc6915bc734445b2db22e61047751c9e60f3c9c75e22fde3e3b
