[INFO] cloning repository https://github.com/grossamos/rudra
[INFO] running `Command { std: "git" "-c" "credential.helper=" "-c" "credential.helper=/workspace/cargo-home/bin/git-credential-null" "clone" "--bare" "https://github.com/grossamos/rudra" "/workspace/cache/git-repos/https%3A%2F%2Fgithub.com%2Fgrossamos%2Frudra", kill_on_drop: false }`
[INFO] [stderr] Cloning into bare repository '/workspace/cache/git-repos/https%3A%2F%2Fgithub.com%2Fgrossamos%2Frudra'...
[INFO] running `Command { std: "git" "rev-parse" "HEAD", kill_on_drop: false }`
[INFO] [stdout] d90bacb00bf8cf4782a27e473c2d9f6bb6706593
[INFO] testing grossamos/rudra against nightly-2025-01-18 for randomize-layout-2
[INFO] running `Command { std: "git" "clone" "/workspace/cache/git-repos/https%3A%2F%2Fgithub.com%2Fgrossamos%2Frudra" "/workspace/builds/worker-3-tc1/source", kill_on_drop: false }`
[INFO] [stderr] Cloning into '/workspace/builds/worker-3-tc1/source'...
[INFO] [stderr] done.
[INFO] validating manifest of git repo https://github.com/grossamos/rudra on toolchain nightly-2025-01-18
[INFO] running `Command { std: CARGO_HOME="/workspace/cargo-home" RUSTUP_HOME="/workspace/rustup-home" "/workspace/cargo-home/bin/cargo" "+nightly-2025-01-18" "metadata" "--manifest-path" "Cargo.toml" "--no-deps", kill_on_drop: false }`
[INFO] started tweaking git repo https://github.com/grossamos/rudra
[INFO] finished tweaking git repo https://github.com/grossamos/rudra
[INFO] tweaked toml for git repo https://github.com/grossamos/rudra written to /workspace/builds/worker-3-tc1/source/Cargo.toml
[INFO] crate git repo https://github.com/grossamos/rudra already has a lockfile, it will not be regenerated
[INFO] running `Command { std: CARGO_HOME="/workspace/cargo-home" RUSTUP_HOME="/workspace/rustup-home" "/workspace/cargo-home/bin/cargo" "+nightly-2025-01-18" "fetch" "--manifest-path" "Cargo.toml", kill_on_drop: false }`
[INFO] [stderr]     Blocking waiting for file lock on package cache
[INFO] [stderr]     Updating crates.io index
[INFO] [stderr]     Blocking waiting for file lock on package cache
[INFO] [stderr]  Downloading crates ...
[INFO] [stderr]   Downloaded float_eq v1.0.0
[INFO] running `Command { std: "docker" "create" "-v" "/var/lib/crater-agent-workspace/builds/worker-3-tc1/target:/opt/rustwide/target:rw,Z" "-v" "/var/lib/crater-agent-workspace/builds/worker-3-tc1/source:/opt/rustwide/workdir:ro,Z" "-v" "/var/lib/crater-agent-workspace/cargo-home:/opt/rustwide/cargo-home:ro,Z" "-v" "/var/lib/crater-agent-workspace/rustup-home:/opt/rustwide/rustup-home:ro,Z" "-e" "SOURCE_DIR=/opt/rustwide/workdir" "-e" "CARGO_TARGET_DIR=/opt/rustwide/target" "-e" "CARGO_HOME=/opt/rustwide/cargo-home" "-e" "RUSTUP_HOME=/opt/rustwide/rustup-home" "-w" "/opt/rustwide/workdir" "-m" "1610612736" "--user" "0:0" "--network" "none" "ghcr.io/rust-lang/crates-build-env/linux@sha256:819108c5571ea2e421544af4d832f968d213c87fbe3707a016657f43d2f853bc" "/opt/rustwide/cargo-home/bin/cargo" "+nightly-2025-01-18" "metadata" "--no-deps" "--format-version=1", kill_on_drop: false }`
[INFO] [stdout] ee0be7c7214d0211d7a9cb465a60fd8c4c46bf71f7d0a5f1c056305945a6423c
[INFO] running `Command { std: "docker" "start" "-a" "ee0be7c7214d0211d7a9cb465a60fd8c4c46bf71f7d0a5f1c056305945a6423c", kill_on_drop: false }`
[INFO] running `Command { std: "docker" "inspect" "ee0be7c7214d0211d7a9cb465a60fd8c4c46bf71f7d0a5f1c056305945a6423c", kill_on_drop: false }`
[INFO] running `Command { std: "docker" "rm" "-f" "ee0be7c7214d0211d7a9cb465a60fd8c4c46bf71f7d0a5f1c056305945a6423c", kill_on_drop: false }`
[INFO] [stdout] ee0be7c7214d0211d7a9cb465a60fd8c4c46bf71f7d0a5f1c056305945a6423c
[INFO] running `Command { std: "docker" "create" "-v" "/var/lib/crater-agent-workspace/builds/worker-3-tc1/target:/opt/rustwide/target:rw,Z" "-v" "/var/lib/crater-agent-workspace/builds/worker-3-tc1/source:/opt/rustwide/workdir:ro,Z" "-v" "/var/lib/crater-agent-workspace/cargo-home:/opt/rustwide/cargo-home:ro,Z" "-v" "/var/lib/crater-agent-workspace/rustup-home:/opt/rustwide/rustup-home:ro,Z" "-e" "SOURCE_DIR=/opt/rustwide/workdir" "-e" "CARGO_TARGET_DIR=/opt/rustwide/target" "-e" "CARGO_INCREMENTAL=0" "-e" "RUST_BACKTRACE=full" "-e" "RUSTFLAGS=--cap-lints=forbid" "-e" "RUSTDOCFLAGS=--cap-lints=forbid" "-e" "CARGO_HOME=/opt/rustwide/cargo-home" "-e" "RUSTUP_HOME=/opt/rustwide/rustup-home" "-w" "/opt/rustwide/workdir" "-m" "1610612736" "--user" "0:0" "--network" "none" "ghcr.io/rust-lang/crates-build-env/linux@sha256:819108c5571ea2e421544af4d832f968d213c87fbe3707a016657f43d2f853bc" "/opt/rustwide/cargo-home/bin/cargo" "+nightly-2025-01-18" "build" "--frozen" "--message-format=json", kill_on_drop: false }`
[INFO] [stdout] 75856b0e1c948ddbd10cc90f6dbacd028ffd4b24b19ae8ffd20dbf88444da7cf
[INFO] running `Command { std: "docker" "start" "-a" "75856b0e1c948ddbd10cc90f6dbacd028ffd4b24b19ae8ffd20dbf88444da7cf", kill_on_drop: false }`
[INFO] [stderr]    Compiling libc v0.2.126
[INFO] [stderr]    Compiling log v0.4.17
[INFO] [stderr]    Compiling futures-core v0.3.21
[INFO] [stderr]    Compiling pin-project-lite v0.2.9
[INFO] [stderr]    Compiling once_cell v1.13.0
[INFO] [stderr]    Compiling itoa v1.0.2
[INFO] [stderr]    Compiling bytes v1.2.0
[INFO] [stderr]    Compiling slab v0.4.7
[INFO] [stderr]    Compiling tokio v1.20.0
[INFO] [stderr]    Compiling futures-task v0.3.21
[INFO] [stderr]    Compiling indexmap v1.9.1
[INFO] [stderr]    Compiling tinyvec_macros v0.1.0
[INFO] [stderr]    Compiling serde v1.0.140
[INFO] [stderr]    Compiling futures-util v0.3.21
[INFO] [stderr]    Compiling matches v0.1.9
[INFO] [stderr]    Compiling percent-encoding v2.1.0
[INFO] [stderr]    Compiling tinyvec v1.6.0
[INFO] [stderr]    Compiling futures-io v0.3.21
[INFO] [stderr]    Compiling httparse v1.7.1
[INFO] [stderr]    Compiling futures-channel v0.3.21
[INFO] [stderr]    Compiling tracing-core v0.1.28
[INFO] [stderr]    Compiling futures-sink v0.3.21
[INFO] [stderr]    Compiling form_urlencoded v1.0.1
[INFO] [stderr]    Compiling serde_json v1.0.82
[INFO] [stderr]    Compiling encoding_rs v0.8.31
[INFO] [stderr]    Compiling ryu v1.0.10
[INFO] [stderr]    Compiling unicode-bidi v0.3.8
[INFO] [stderr]    Compiling try-lock v0.2.3
[INFO] [stderr]    Compiling aho-corasick v0.7.18
[INFO] [stderr]    Compiling want v0.3.0
[INFO] [stderr]    Compiling ipnet v2.5.0
[INFO] [stderr]    Compiling tracing v0.1.35
[INFO] [stderr]    Compiling lazy_static v1.4.0
[INFO] [stderr]    Compiling regex-syntax v0.6.27
[INFO] [stderr]    Compiling mime v0.3.16
[INFO] [stderr]    Compiling http v0.2.8
[INFO] [stderr]    Compiling linked-hash-map v0.5.6
[INFO] [stderr]    Compiling base64 v0.13.0
[INFO] [stderr]    Compiling json v0.12.4
[INFO] [stderr]    Compiling unicode-normalization v0.1.21
[INFO] [stderr]    Compiling float_eq v1.0.0
[INFO] [stderr]    Compiling mio v0.8.4
[INFO] [stderr]    Compiling socket2 v0.4.4
[INFO] [stderr]    Compiling num_cpus v1.13.1
[INFO] [stderr]    Compiling yaml-rust v0.4.5
[INFO] [stderr]    Compiling idna v0.2.3
[INFO] [stderr]    Compiling http-body v0.4.5
[INFO] [stderr]    Compiling url v2.2.2
[INFO] [stderr]    Compiling regex v1.6.0
[INFO] [stderr]    Compiling serde_urlencoded v0.7.1
[INFO] [stderr]    Compiling tokio-util v0.7.3
[INFO] [stderr]    Compiling h2 v0.3.13
[INFO] [stderr]    Compiling hyper v0.14.20
[INFO] [stderr]    Compiling reqwest v0.11.11
[INFO] [stderr]    Compiling rudra v0.1.0 (/opt/rustwide/workdir)
[INFO] [stderr]     Finished `dev` profile [unoptimized + debuginfo] target(s) in 26.85s
[INFO] running `Command { std: "docker" "inspect" "75856b0e1c948ddbd10cc90f6dbacd028ffd4b24b19ae8ffd20dbf88444da7cf", kill_on_drop: false }`
[INFO] running `Command { std: "docker" "rm" "-f" "75856b0e1c948ddbd10cc90f6dbacd028ffd4b24b19ae8ffd20dbf88444da7cf", kill_on_drop: false }`
[INFO] [stdout] 75856b0e1c948ddbd10cc90f6dbacd028ffd4b24b19ae8ffd20dbf88444da7cf
[INFO] running `Command { std: "docker" "create" "-v" "/var/lib/crater-agent-workspace/builds/worker-3-tc1/target:/opt/rustwide/target:rw,Z" "-v" "/var/lib/crater-agent-workspace/builds/worker-3-tc1/source:/opt/rustwide/workdir:ro,Z" "-v" "/var/lib/crater-agent-workspace/cargo-home:/opt/rustwide/cargo-home:ro,Z" "-v" "/var/lib/crater-agent-workspace/rustup-home:/opt/rustwide/rustup-home:ro,Z" "-e" "SOURCE_DIR=/opt/rustwide/workdir" "-e" "CARGO_TARGET_DIR=/opt/rustwide/target" "-e" "CARGO_INCREMENTAL=0" "-e" "RUST_BACKTRACE=full" "-e" "RUSTFLAGS=--cap-lints=forbid" "-e" "RUSTDOCFLAGS=--cap-lints=forbid" "-e" "CARGO_HOME=/opt/rustwide/cargo-home" "-e" "RUSTUP_HOME=/opt/rustwide/rustup-home" "-w" "/opt/rustwide/workdir" "-m" "1610612736" "--user" "0:0" "--network" "none" "ghcr.io/rust-lang/crates-build-env/linux@sha256:819108c5571ea2e421544af4d832f968d213c87fbe3707a016657f43d2f853bc" "/opt/rustwide/cargo-home/bin/cargo" "+nightly-2025-01-18" "test" "--frozen" "--no-run" "--message-format=json", kill_on_drop: false }`
[INFO] [stdout] 101dfa9d4f473a9e8441496b34fade2d62f9470c61231e592b76b43939e36ec7
[INFO] running `Command { std: "docker" "start" "-a" "101dfa9d4f473a9e8441496b34fade2d62f9470c61231e592b76b43939e36ec7", kill_on_drop: false }`
[INFO] [stderr]    Compiling rudra v0.1.0 (/opt/rustwide/workdir)
[INFO] [stderr]     Finished `test` profile [unoptimized + debuginfo] target(s) in 1.72s
[INFO] running `Command { std: "docker" "inspect" "101dfa9d4f473a9e8441496b34fade2d62f9470c61231e592b76b43939e36ec7", kill_on_drop: false }`
[INFO] running `Command { std: "docker" "rm" "-f" "101dfa9d4f473a9e8441496b34fade2d62f9470c61231e592b76b43939e36ec7", kill_on_drop: false }`
[INFO] [stdout] 101dfa9d4f473a9e8441496b34fade2d62f9470c61231e592b76b43939e36ec7
[INFO] running `Command { std: "docker" "create" "-v" "/var/lib/crater-agent-workspace/builds/worker-3-tc1/target:/opt/rustwide/target:rw,Z" "-v" "/var/lib/crater-agent-workspace/builds/worker-3-tc1/source:/opt/rustwide/workdir:ro,Z" "-v" "/var/lib/crater-agent-workspace/cargo-home:/opt/rustwide/cargo-home:ro,Z" "-v" "/var/lib/crater-agent-workspace/rustup-home:/opt/rustwide/rustup-home:ro,Z" "-e" "SOURCE_DIR=/opt/rustwide/workdir" "-e" "CARGO_TARGET_DIR=/opt/rustwide/target" "-e" "CARGO_INCREMENTAL=0" "-e" "RUST_BACKTRACE=full" "-e" "RUSTFLAGS=--cap-lints=forbid" "-e" "RUSTDOCFLAGS=--cap-lints=forbid" "-e" "CARGO_HOME=/opt/rustwide/cargo-home" "-e" "RUSTUP_HOME=/opt/rustwide/rustup-home" "-w" "/opt/rustwide/workdir" "-m" "1610612736" "--user" "0:0" "--network" "none" "ghcr.io/rust-lang/crates-build-env/linux@sha256:819108c5571ea2e421544af4d832f968d213c87fbe3707a016657f43d2f853bc" "/opt/rustwide/cargo-home/bin/cargo" "+nightly-2025-01-18" "test" "--frozen", kill_on_drop: false }`
[INFO] [stdout] b1e1ae3f93e9ef7fc2fe345aa3d7d07bb96046e4a229615c14e2beb1123a4053
[INFO] running `Command { std: "docker" "start" "-a" "b1e1ae3f93e9ef7fc2fe345aa3d7d07bb96046e4a229615c14e2beb1123a4053", kill_on_drop: false }`
[INFO] [stderr]     Finished `test` profile [unoptimized + debuginfo] target(s) in 0.09s
[INFO] [stderr]      Running unittests src/lib.rs (/opt/rustwide/target/debug/deps/rudra-6f4d9eac205619ad)
[INFO] [stdout] 
[INFO] [stdout] running 96 tests
[INFO] [stdout] test config::environment::test::account_for_security_val_is_used ... ok
[INFO] [stdout] test config::environment::test::allows_different_whitespace_ammounts ... ok
[INFO] [stdout] test config::environment::test::can_catch_invalid_url ... ok
[INFO] [stdout] test config::environment::test::allows_escaping_of_semicolon ... ok
[INFO] [stdout] test config::environment::test::can_recognise_if_env_var_doesnt_exist ... ok
[INFO] [stdout] test config::environment::test::can_recognise_if_env_var_is_empty ... ok
[INFO] [stdout] test config::environment::test::can_recognise_if_env_var_is_not_empty ... ok
[INFO] [stdout] test config::environment::test::can_fetch_valid_openapi_path ... ok
[INFO] [stdout] test config::environment::test::configuration_recognises_port_number ... ok
[INFO] [stdout] test config::environment::test::configuration_throws_error_for_invalid_port ... ok
[INFO] [stdout] test config::environment::test::configuration_defaults_to_port_13750 ... ok
[INFO] [stdout] test config::environment::test::debug_val_is_used ... ok
[INFO] [stdout] test config::environment::test::defaults_to_70_percent_test_coverage ... ok
[INFO] [stdout] test config::environment::test::mapping_gets_recognised_in_happy_case ... ok
[INFO] [stdout] test config::environment::test::duplicate_ports_lead_to_error_in_mapping ... ok
[INFO] [stdout] test config::environment::test::missing_keys_lead_to_err ... ok
[INFO] [stdout] test config::environment::test::non_existant_bool_is_false_no_error ... ok
[INFO] [stdout] test config::environment::test::nonzero_bool_is_true ... ok
[INFO] [stdout] test config::environment::test::parses_basic_mapping ... ok
[INFO] [stdout] test config::environment::test::parses_till_limit ... ok
[INFO] [stdout] test config::environment::test::passing_in_basic_parameters_leads_to_default_runtime_being_initialized ... ok
[INFO] [stdout] test config::environment::test::recognises_if_account_merge ... ok
[INFO] [stdout] test config::environment::test::regocnises_forbidden_security_flag_in_config ... ok
[INFO] [stdout] test config::environment::test::regocnises_unautorized_security_flag_in_config ... ok
[INFO] [stdout] test config::environment::test::regonises_merge ... ok
[INFO] [stdout] test config::environment::test::remove_escaped_sequences_ignored_unescaped ... ok
[INFO] [stdout] test config::environment::test::remove_escaped_sequences_replaces_escape_sequences ... ok
[INFO] [stdout] test config::environment::test::returns_error_if_missing_delimiter ... ok
[INFO] [stdout] test config::environment::test::security_is_off_by_default ... ok
[INFO] [stdout] test config::environment::test::skips_over_escaped_chars ... ok
[INFO] [stdout] test config::environment::test::test_coverage_empty_sting_leads_to_default ... ok
[INFO] [stdout] test config::environment::test::test_coverage_recognises_percentage_with_sign ... ok
[INFO] [stdout] test config::environment::test::test_coverage_recognises_percentage_without_sign ... ok
[INFO] [stdout] test config::environment::test::test_coverage_throws_error_if_invalid_number ... ok
[INFO] [stdout] test config::environment::test::test_coverage_throws_error_if_over_100_percent ... ok
[INFO] [stdout] test config::environment::test::test_coverage_translator_can_recognise_float ... ok
[INFO] [stdout] test config::environment::test::throws_error_if_any_parallel_configuration_with_mapping_is_donw ... ok
[INFO] [stdout] test config::environment::test::throws_error_if_no_configuration_or_mapping_is_provided ... ok
[INFO] [stdout] test config::environment::test::zero_or_empty_bool_is_false ... ok
[INFO] [stdout] test config::nginx::tests::changes_marker_from_string ... ok
[INFO] [stdout] test config::nginx::tests::generates_multiple_configurations ... ok
[INFO] [stdout] test config::nginx::tests::replaces_log_when_debug_on ... ok
[INFO] [stdout] test config::nginx::tests::repaces_port_number ... ok
[INFO] [stdout] test config::environment::test::can_fetch_valid_url ... ok
[INFO] [stdout] test config::tests::shoul_print_merge_if_is_merge_and_openapi_is_file ... ok
[INFO] [stdout] test config::tests::should_only_print_merge_if_openapi_source_is_file ... ok
[INFO] [stdout] test evaluator::compare::tests::correctly_asserts_gateway_issues ... ok
[INFO] [stdout] test evaluator::compare::tests::evaluate_gives_full_coverage_when_no_wanted_and_no_provided ... ok
[INFO] [stdout] test evaluator::compare::tests::evaluate_covers_simplest_test_coverage_case ... ok
[INFO] [stdout] test evaluator::compare::tests::evaluate_gives_zero_if_no_nginx_endpoint ... ok
[INFO] [stdout] test evaluator::compare::tests::evaluate_groups_two_endpoints ... ok
[INFO] [stdout] test evaluator::compare::tests::internal_incompases_all_check_matches_base_case ... ok
[INFO] [stdout] test evaluator::compare::tests::internal_incompases_all_check_returns_false_for_empty_possibilities ... ok
[INFO] [stdout] test evaluator::compare::tests::internal_incompases_all_check_functions_for_sized_arrays ... ok
[INFO] [stdout] test models::endpoint::tests::different_endpoints_dont_encompas_eachother ... ok
[INFO] [stdout] test models::endpoint::tests::correctly_identifies_variable_end ... ok
[INFO] [stdout] test models::endpoint::tests::dynamic_endpoints_encompas_eachother ... ok
[INFO] [stdout] test models::endpoint::tests::expoints_with_different_runtimes_dont_encompas_eachother ... ok
[INFO] [stdout] test models::endpoint::tests::expoints_with_different_status_codes_dont_encompas_eachother ... ok
[INFO] [stdout] test models::endpoint::tests::fixed_endpoints_encompas_eachother ... ok
[INFO] [stdout] test models::endpoint::tests::ignores_single_closing_bracket ... ok
[INFO] [stdout] test models::endpoint::tests::ignores_single_opening_bracket ... ok
[INFO] [stdout] test models::endpoint::tests::matches_numerics_as_vairable_in_path ... ok
[INFO] [stdout] test models::endpoint::tests::parses_fixed_path ... ok
[INFO] [stdout] test models::endpoint::tests::parses_variable_path ... ok
[INFO] [stdout] test models::endpoint::tests::same_variable_endpoints_encompas_eachother ... ok
[INFO] [stdout] test models::grouping::tests::different_method_leads_to_not_incompased ... ok
[INFO] [stdout] test models::grouping::tests::different_status_leads_to_not_incompased ... ok
[INFO] [stdout] test models::grouping::tests::grouping_detects_incompased_endpoint ... ok
[INFO] [stdout] test parser::common::tests::coverts_slash_to_empty_string ... ok
[INFO] [stdout] test parser::common::tests::ignores_emty_string ... ok
[INFO] [stdout] test parser::common::tests::removes_trailing_slash ... ok
[INFO] [stdout] test models::endpoint::tests::expoints_with_different_methods_dont_encompas_eachother ... ok
[INFO] [stdout] test parser::json_parser::test::adds_401_403_for_security_headers ... ok
[INFO] [stdout] test parser::json_parser::test::parses_correct_basepath ... ok
[INFO] [stdout] test parser::json_parser::test::parses_correct_method ... ok
[INFO] [stdout] test parser::json_parser::test::parses_correct_number_of_responses ... ok
[INFO] [stdout] test parser::json_parser::test::parses_correct_status_codes ... ok
[INFO] [stdout] test parser::nginx_parser::test::throws_error_if_port_is_not_from_runtime ... ok
[INFO] [stdout] test parser::tests::throws_error_when_providing_absolute_path ... ok
[INFO] [stdout] test parser::json_parser::test::parses_correct_path ... ok
[INFO] [stdout] test parser::nginx_parser::test::finds_runtime_by_port ... ok
[INFO] [stdout] test parser::tests::parses_yaml_file_correctly ... ok
[INFO] [stdout] test parser::yaml_parser::tests::finds_all_methods ... ok
[INFO] [stdout] test utils::runtime::tests::sorts_into_runtime_correctly ... ok
[INFO] [stdout] test parser::yaml_parser::tests::finds_all_paths ... ok
[INFO] [stdout] test parser::yaml_parser::tests::finds_all_statuses ... ok
[INFO] [stdout] test parser::tests::parses_old_file_correctly ... ok
[INFO] [stdout] test parser::yaml_parser::tests::adds_401_403_for_security_headers ... ok
[INFO] [stdout] test parser::tests::parses_json_file_correctly ... ok
[INFO] [stdout] test parser::nginx_parser::test::parses_correct_status ... ok
[INFO] [stdout] test parser::nginx_parser::test::parses_full_access_log ... ok
[INFO] [stdout] test parser::nginx_parser::test::parses_correct_path ... ok
[INFO] [stdout] test parser::nginx_parser::test::parses_correct_method ... ok
[INFO] [stdout] test parser::nginx_parser::test::parses_correct_port ... ok
[INFO] [stdout] test config::nginx::tests::replaces_file_correctly ... FAILED
[INFO] [stdout] 
[INFO] [stdout] failures:
[INFO] [stdout] 
[INFO] [stdout] ---- config::nginx::tests::replaces_file_correctly stdout ----
[INFO] [stdout] 
[INFO] [stdout] thread 'config::nginx::tests::replaces_file_correctly' panicked at src/config/nginx.rs:179:88:
[INFO] [stdout] called `Result::unwrap()` on an `Err` value: UnexpectedIOIssue("issue opening file \"./test/resource/nginx.conf\" due to: Read-only file system (os error 30)")
[INFO] [stdout] stack backtrace:
[INFO] [stdout]    0:     0x61fa5862907a - std::backtrace_rs::backtrace::libunwind::trace::hb059275cfc8d6126
[INFO] [stdout]                                at /rustc/6067b36314ab5eb2eb47cecc464545ba58e1ad24/library/std/src/../../backtrace/src/backtrace/libunwind.rs:116:5
[INFO] [stdout]    1:     0x61fa5862907a - std::backtrace_rs::backtrace::trace_unsynchronized::h2da071e4327ce3ee
[INFO] [stdout]                                at /rustc/6067b36314ab5eb2eb47cecc464545ba58e1ad24/library/std/src/../../backtrace/src/backtrace/mod.rs:66:5
[INFO] [stdout]    2:     0x61fa5862907a - std::sys::backtrace::_print_fmt::h842a1474e6f8d23f
[INFO] [stdout]                                at /rustc/6067b36314ab5eb2eb47cecc464545ba58e1ad24/library/std/src/sys/backtrace.rs:66:9
[INFO] [stdout]    3:     0x61fa5862907a - <std::sys::backtrace::BacktraceLock::print::DisplayBacktrace as core::fmt::Display>::fmt::h71a62eb3b9696b12
[INFO] [stdout]                                at /rustc/6067b36314ab5eb2eb47cecc464545ba58e1ad24/library/std/src/sys/backtrace.rs:39:26
[INFO] [stdout]    4:     0x61fa586542b3 - core::fmt::rt::Argument::fmt::hdb6b616786b41dc1
[INFO] [stdout]                                at /rustc/6067b36314ab5eb2eb47cecc464545ba58e1ad24/library/core/src/fmt/rt.rs:177:76
[INFO] [stdout]    5:     0x61fa586542b3 - core::fmt::write::h2cc1698af7e2d686
[INFO] [stdout]                                at /rustc/6067b36314ab5eb2eb47cecc464545ba58e1ad24/library/core/src/fmt/mod.rs:1440:21
[INFO] [stdout]    6:     0x61fa586258c3 - std::io::Write::write_fmt::hab1b4cd059a79022
[INFO] [stdout]                                at /rustc/6067b36314ab5eb2eb47cecc464545ba58e1ad24/library/std/src/io/mod.rs:1887:15
[INFO] [stdout]    7:     0x61fa58628ec2 - std::sys::backtrace::BacktraceLock::print::h147fe35b4ea13b08
[INFO] [stdout]                                at /rustc/6067b36314ab5eb2eb47cecc464545ba58e1ad24/library/std/src/sys/backtrace.rs:42:9
[INFO] [stdout]    8:     0x61fa5862a49f - std::panicking::default_hook::{{closure}}::hbd44223dbdc0d208
[INFO] [stdout]                                at /rustc/6067b36314ab5eb2eb47cecc464545ba58e1ad24/library/std/src/panicking.rs:298:22
[INFO] [stdout]    9:     0x61fa5862a2b8 - std::panicking::default_hook::h20f81eb0576efcec
[INFO] [stdout]                                at /rustc/6067b36314ab5eb2eb47cecc464545ba58e1ad24/library/std/src/panicking.rs:322:9
[INFO] [stdout]   10:     0x61fa58409913 - <alloc::boxed::Box<F,A> as core::ops::function::Fn<Args>>::call::hdb53814c496a4d34
[INFO] [stderr] error: test failed, to rerun pass `--lib`
[INFO] [stdout]                                at /rustc/6067b36314ab5eb2eb47cecc464545ba58e1ad24/library/alloc/src/boxed.rs:2027:9
[INFO] [stdout]   11:     0x61fa58409913 - test::test_main::{{closure}}::hc0a4963c59427c24
[INFO] [stdout]                                at /rustc/6067b36314ab5eb2eb47cecc464545ba58e1ad24/library/test/src/lib.rs:134:21
[INFO] [stdout]   12:     0x61fa5862af93 - <alloc::boxed::Box<F,A> as core::ops::function::Fn<Args>>::call::h591b2225413a77e9
[INFO] [stdout]                                at /rustc/6067b36314ab5eb2eb47cecc464545ba58e1ad24/library/alloc/src/boxed.rs:2027:9
[INFO] [stdout]   13:     0x61fa5862af93 - std::panicking::rust_panic_with_hook::h625eea43051b2edc
[INFO] [stdout]                                at /rustc/6067b36314ab5eb2eb47cecc464545ba58e1ad24/library/std/src/panicking.rs:839:13
[INFO] [stdout]   14:     0x61fa5862ac4a - std::panicking::begin_panic_handler::{{closure}}::h4f9159cfbc3f6bd3
[INFO] [stdout]                                at /rustc/6067b36314ab5eb2eb47cecc464545ba58e1ad24/library/std/src/panicking.rs:704:13
[INFO] [stdout]   15:     0x61fa58629579 - std::sys::backtrace::__rust_end_short_backtrace::h0390abce48353151
[INFO] [stdout]                                at /rustc/6067b36314ab5eb2eb47cecc464545ba58e1ad24/library/std/src/sys/backtrace.rs:168:18
[INFO] [stdout]   16:     0x61fa5862a8dd - rust_begin_unwind
[INFO] [stdout]                                at /rustc/6067b36314ab5eb2eb47cecc464545ba58e1ad24/library/std/src/panicking.rs:695:5
[INFO] [stdout]   17:     0x61fa58652010 - core::panicking::panic_fmt::h9e7c637e9e5f29c9
[INFO] [stdout]                                at /rustc/6067b36314ab5eb2eb47cecc464545ba58e1ad24/library/core/src/panicking.rs:75:14
[INFO] [stdout]   18:     0x61fa58652486 - core::result::unwrap_failed::h7979f09313fe1849
[INFO] [stdout]                                at /rustc/6067b36314ab5eb2eb47cecc464545ba58e1ad24/library/core/src/result.rs:1704:5
[INFO] [stdout]   19:     0x61fa583aea80 - core::result::Result<T,E>::unwrap::h322b0edf2befe1cd
[INFO] [stdout]                                at /rustc/6067b36314ab5eb2eb47cecc464545ba58e1ad24/library/core/src/result.rs:1109:23
[INFO] [stdout]   20:     0x61fa583aea80 - rudra::config::nginx::tests::write_default_config::hb2a28c471ff6891d
[INFO] [stdout]                                at /opt/rustwide/workdir/src/config/nginx.rs:179:24
[INFO] [stdout]   21:     0x61fa583b1c2c - rudra::config::nginx::tests::replaces_file_correctly::h24e91b6348180780
[INFO] [stdout]                                at /opt/rustwide/workdir/src/config/nginx.rs:140:9
[INFO] [stdout]   22:     0x61fa583b1c07 - rudra::config::nginx::tests::replaces_file_correctly::{{closure}}::hb69edc6a3b647a8d
[INFO] [stdout]                                at /opt/rustwide/workdir/src/config/nginx.rs:139:33
[INFO] [stdout]   23:     0x61fa583c6046 - core::ops::function::FnOnce::call_once::hb93cc02de942688d
[INFO] [stdout]                                at /rustc/6067b36314ab5eb2eb47cecc464545ba58e1ad24/library/core/src/ops/function.rs:250:5
[INFO] [stdout]   24:     0x61fa5840f06b - core::ops::function::FnOnce::call_once::he27718dfdd183f43
[INFO] [stdout]                                at /rustc/6067b36314ab5eb2eb47cecc464545ba58e1ad24/library/core/src/ops/function.rs:250:5
[INFO] [stdout]   25:     0x61fa5840f06b - test::__rust_begin_short_backtrace::h4e84902998457a5d
[INFO] [stdout]                                at /rustc/6067b36314ab5eb2eb47cecc464545ba58e1ad24/library/test/src/lib.rs:632:18
[INFO] [stdout]   26:     0x61fa5840dfa3 - test::run_test_in_process::{{closure}}::h7176fd18fc1feca0
[INFO] [stdout]                                at /rustc/6067b36314ab5eb2eb47cecc464545ba58e1ad24/library/test/src/lib.rs:655:60
[INFO] [stdout]   27:     0x61fa5840dfa3 - <core::panic::unwind_safe::AssertUnwindSafe<F> as core::ops::function::FnOnce<()>>::call_once::hf79cff2a624d8cf7
[INFO] [stdout]                                at /rustc/6067b36314ab5eb2eb47cecc464545ba58e1ad24/library/core/src/panic/unwind_safe.rs:272:9
[INFO] [stdout]   28:     0x61fa5840dfa3 - std::panicking::try::do_call::h3da0561d9ab99c25
[INFO] [stdout]                                at /rustc/6067b36314ab5eb2eb47cecc464545ba58e1ad24/library/std/src/panicking.rs:587:40
[INFO] [stdout]   29:     0x61fa5840dfa3 - std::panicking::try::h41c9fa508bc61df6
[INFO] [stdout]                                at /rustc/6067b36314ab5eb2eb47cecc464545ba58e1ad24/library/std/src/panicking.rs:550:19
[INFO] [stdout]   30:     0x61fa5840dfa3 - std::panic::catch_unwind::h6b3ff07bb5afad93
[INFO] [stdout]                                at /rustc/6067b36314ab5eb2eb47cecc464545ba58e1ad24/library/std/src/panic.rs:358:14
[INFO] [stdout]   31:     0x61fa5840dfa3 - test::run_test_in_process::hc7253dd11b39b9f4
[INFO] [stdout]                                at /rustc/6067b36314ab5eb2eb47cecc464545ba58e1ad24/library/test/src/lib.rs:655:27
[INFO] [stdout]   32:     0x61fa5840dfa3 - test::run_test::{{closure}}::hfb2007f8649c30bb
[INFO] [stdout]                                at /rustc/6067b36314ab5eb2eb47cecc464545ba58e1ad24/library/test/src/lib.rs:576:43
[INFO] [stdout]   33:     0x61fa583d1085 - test::run_test::{{closure}}::h56a17aa7a282a9f4
[INFO] [stdout]                                at /rustc/6067b36314ab5eb2eb47cecc464545ba58e1ad24/library/test/src/lib.rs:606:41
[INFO] [stdout]   34:     0x61fa583d1085 - std::sys::backtrace::__rust_begin_short_backtrace::hd2d2d2fb8e8c6aac
[INFO] [stdout]                                at /rustc/6067b36314ab5eb2eb47cecc464545ba58e1ad24/library/std/src/sys/backtrace.rs:152:18
[INFO] [stdout]   35:     0x61fa583d496a - std::thread::Builder::spawn_unchecked_::{{closure}}::{{closure}}::h4faa3f9db6133423
[INFO] [stdout]                                at /rustc/6067b36314ab5eb2eb47cecc464545ba58e1ad24/library/std/src/thread/mod.rs:559:17
[INFO] [stdout]   36:     0x61fa583d496a - <core::panic::unwind_safe::AssertUnwindSafe<F> as core::ops::function::FnOnce<()>>::call_once::hf2e855a36a4ea846
[INFO] [stdout]                                at /rustc/6067b36314ab5eb2eb47cecc464545ba58e1ad24/library/core/src/panic/unwind_safe.rs:272:9
[INFO] [stdout]   37:     0x61fa583d496a - std::panicking::try::do_call::h2f73af3616c35465
[INFO] [stdout]                                at /rustc/6067b36314ab5eb2eb47cecc464545ba58e1ad24/library/std/src/panicking.rs:587:40
[INFO] [stdout]   38:     0x61fa583d496a - std::panicking::try::hd1660ce9efadef5a
[INFO] [stdout]                                at /rustc/6067b36314ab5eb2eb47cecc464545ba58e1ad24/library/std/src/panicking.rs:550:19
[INFO] [stdout]   39:     0x61fa583d496a - std::panic::catch_unwind::h5ee8d7823b8ca744
[INFO] [stdout]                                at /rustc/6067b36314ab5eb2eb47cecc464545ba58e1ad24/library/std/src/panic.rs:358:14
[INFO] [stdout]   40:     0x61fa583d496a - std::thread::Builder::spawn_unchecked_::{{closure}}::h53c3a1894dce8407
[INFO] [stdout]                                at /rustc/6067b36314ab5eb2eb47cecc464545ba58e1ad24/library/std/src/thread/mod.rs:557:30
[INFO] [stdout]   41:     0x61fa583d496a - core::ops::function::FnOnce::call_once{{vtable.shim}}::h048ce291ad4f62bf
[INFO] [stdout]                                at /rustc/6067b36314ab5eb2eb47cecc464545ba58e1ad24/library/core/src/ops/function.rs:250:5
[INFO] [stdout]   42:     0x61fa5862ef6b - <alloc::boxed::Box<F,A> as core::ops::function::FnOnce<Args>>::call_once::ha52bedf99a3b4981
[INFO] [stdout]                                at /rustc/6067b36314ab5eb2eb47cecc464545ba58e1ad24/library/alloc/src/boxed.rs:2013:9
[INFO] [stdout]   43:     0x61fa5862ef6b - <alloc::boxed::Box<F,A> as core::ops::function::FnOnce<Args>>::call_once::h567748934d80ccf8
[INFO] [stdout]                                at /rustc/6067b36314ab5eb2eb47cecc464545ba58e1ad24/library/alloc/src/boxed.rs:2013:9
[INFO] [stdout]   44:     0x61fa5862ef6b - std::sys::pal::unix::thread::Thread::new::thread_start::h2d970728ae887adc
[INFO] [stdout]                                at /rustc/6067b36314ab5eb2eb47cecc464545ba58e1ad24/library/std/src/sys/pal/unix/thread.rs:106:17
[INFO] [stdout]   45:     0x76885ddb2ac3 - <unknown>
[INFO] [stdout]   46:     0x76885de43a04 - clone
[INFO] [stdout]   47:                0x0 - <unknown>
[INFO] [stdout] 
[INFO] [stdout] 
[INFO] [stdout] failures:
[INFO] [stdout]     config::nginx::tests::replaces_file_correctly
[INFO] [stdout] 
[INFO] [stdout] test result: FAILED. 95 passed; 1 failed; 0 ignored; 0 measured; 0 filtered out; finished in 0.09s
[INFO] [stdout] 
[INFO] running `Command { std: "docker" "inspect" "b1e1ae3f93e9ef7fc2fe345aa3d7d07bb96046e4a229615c14e2beb1123a4053", kill_on_drop: false }`
[INFO] running `Command { std: "docker" "rm" "-f" "b1e1ae3f93e9ef7fc2fe345aa3d7d07bb96046e4a229615c14e2beb1123a4053", kill_on_drop: false }`
[INFO] [stdout] b1e1ae3f93e9ef7fc2fe345aa3d7d07bb96046e4a229615c14e2beb1123a4053
