[INFO] cloning repository https://github.com/greymd/teip
[INFO] running `Command { std: "git" "-c" "credential.helper=" "-c" "credential.helper=/workspace/cargo-home/bin/git-credential-null" "clone" "--bare" "https://github.com/greymd/teip" "/workspace/cache/git-repos/https%3A%2F%2Fgithub.com%2Fgreymd%2Fteip", kill_on_drop: false }`
[INFO] [stderr] Cloning into bare repository '/workspace/cache/git-repos/https%3A%2F%2Fgithub.com%2Fgreymd%2Fteip'...
[INFO] running `Command { std: "git" "rev-parse" "HEAD", kill_on_drop: false }`
[INFO] [stdout] 8b3e9870836f4ac3f39520a68ba06664ce596243
[INFO] testing greymd/teip against nightly-2025-01-18 for randomize-layout-2
[INFO] running `Command { std: "git" "clone" "/workspace/cache/git-repos/https%3A%2F%2Fgithub.com%2Fgreymd%2Fteip" "/workspace/builds/worker-5-tc1/source", kill_on_drop: false }`
[INFO] [stderr] Cloning into '/workspace/builds/worker-5-tc1/source'...
[INFO] [stderr] done.
[INFO] validating manifest of git repo https://github.com/greymd/teip on toolchain nightly-2025-01-18
[INFO] running `Command { std: CARGO_HOME="/workspace/cargo-home" RUSTUP_HOME="/workspace/rustup-home" "/workspace/cargo-home/bin/cargo" "+nightly-2025-01-18" "metadata" "--manifest-path" "Cargo.toml" "--no-deps", kill_on_drop: false }`
[INFO] started tweaking git repo https://github.com/greymd/teip
[INFO] finished tweaking git repo https://github.com/greymd/teip
[INFO] tweaked toml for git repo https://github.com/greymd/teip written to /workspace/builds/worker-5-tc1/source/Cargo.toml
[INFO] crate git repo https://github.com/greymd/teip already has a lockfile, it will not be regenerated
[INFO] running `Command { std: CARGO_HOME="/workspace/cargo-home" RUSTUP_HOME="/workspace/rustup-home" "/workspace/cargo-home/bin/cargo" "+nightly-2025-01-18" "fetch" "--manifest-path" "Cargo.toml", kill_on_drop: false }`
[INFO] [stderr] warning: unused manifest key: dependencies.onig.revision
[INFO] [stderr] warning: unused manifest key: patch.crates-io.onig_sys.revision
[INFO] [stderr]     Updating git repository `https://github.com/rust-onig/rust-onig`
[INFO] [stderr]     Updating git submodule `https://github.com/kkos/oniguruma.git`
[INFO] [stderr]  Downloading crates ...
[INFO] [stderr]   Downloaded assert_cmd v1.0.8
[INFO] running `Command { std: "docker" "create" "-v" "/var/lib/crater-agent-workspace/builds/worker-5-tc1/target:/opt/rustwide/target:rw,Z" "-v" "/var/lib/crater-agent-workspace/builds/worker-5-tc1/source:/opt/rustwide/workdir:ro,Z" "-v" "/var/lib/crater-agent-workspace/cargo-home:/opt/rustwide/cargo-home:ro,Z" "-v" "/var/lib/crater-agent-workspace/rustup-home:/opt/rustwide/rustup-home:ro,Z" "-e" "SOURCE_DIR=/opt/rustwide/workdir" "-e" "CARGO_TARGET_DIR=/opt/rustwide/target" "-e" "CARGO_HOME=/opt/rustwide/cargo-home" "-e" "RUSTUP_HOME=/opt/rustwide/rustup-home" "-w" "/opt/rustwide/workdir" "-m" "1610612736" "--user" "0:0" "--network" "none" "ghcr.io/rust-lang/crates-build-env/linux@sha256:819108c5571ea2e421544af4d832f968d213c87fbe3707a016657f43d2f853bc" "/opt/rustwide/cargo-home/bin/cargo" "+nightly-2025-01-18" "metadata" "--no-deps" "--format-version=1", kill_on_drop: false }`
[INFO] [stdout] e09a348ab691d0014cba2d445f1542669187e45e4526454d67cccfa570aead35
[INFO] running `Command { std: "docker" "start" "-a" "e09a348ab691d0014cba2d445f1542669187e45e4526454d67cccfa570aead35", kill_on_drop: false }`
[INFO] running `Command { std: "docker" "inspect" "e09a348ab691d0014cba2d445f1542669187e45e4526454d67cccfa570aead35", kill_on_drop: false }`
[INFO] running `Command { std: "docker" "rm" "-f" "e09a348ab691d0014cba2d445f1542669187e45e4526454d67cccfa570aead35", kill_on_drop: false }`
[INFO] [stdout] e09a348ab691d0014cba2d445f1542669187e45e4526454d67cccfa570aead35
[INFO] running `Command { std: "docker" "create" "-v" "/var/lib/crater-agent-workspace/builds/worker-5-tc1/target:/opt/rustwide/target:rw,Z" "-v" "/var/lib/crater-agent-workspace/builds/worker-5-tc1/source:/opt/rustwide/workdir:ro,Z" "-v" "/var/lib/crater-agent-workspace/cargo-home:/opt/rustwide/cargo-home:ro,Z" "-v" "/var/lib/crater-agent-workspace/rustup-home:/opt/rustwide/rustup-home:ro,Z" "-e" "SOURCE_DIR=/opt/rustwide/workdir" "-e" "CARGO_TARGET_DIR=/opt/rustwide/target" "-e" "CARGO_INCREMENTAL=0" "-e" "RUST_BACKTRACE=full" "-e" "RUSTFLAGS=--cap-lints=forbid" "-e" "RUSTDOCFLAGS=--cap-lints=forbid" "-e" "CARGO_HOME=/opt/rustwide/cargo-home" "-e" "RUSTUP_HOME=/opt/rustwide/rustup-home" "-w" "/opt/rustwide/workdir" "-m" "1610612736" "--user" "0:0" "--network" "none" "ghcr.io/rust-lang/crates-build-env/linux@sha256:819108c5571ea2e421544af4d832f968d213c87fbe3707a016657f43d2f853bc" "/opt/rustwide/cargo-home/bin/cargo" "+nightly-2025-01-18" "build" "--frozen" "--message-format=json", kill_on_drop: false }`
[INFO] [stdout] 52559bae236573d5462c06d7f93634ac3084865aec41c35b39e7948d66884b9e
[INFO] running `Command { std: "docker" "start" "-a" "52559bae236573d5462c06d7f93634ac3084865aec41c35b39e7948d66884b9e", kill_on_drop: false }`
[INFO] [stderr] warning: unused manifest key: dependencies.onig.revision
[INFO] [stderr] warning: unused manifest key: patch.crates-io.onig_sys.revision
[INFO] [stderr]    Compiling proc-macro2 v1.0.78
[INFO] [stderr]    Compiling unicode-ident v1.0.12
[INFO] [stderr]    Compiling version_check v0.9.4
[INFO] [stderr]    Compiling syn v1.0.109
[INFO] [stderr]    Compiling libc v0.2.152
[INFO] [stderr]    Compiling memchr v2.7.1
[INFO] [stderr]    Compiling rustix v0.38.30
[INFO] [stderr]    Compiling linux-raw-sys v0.4.13
[INFO] [stderr]    Compiling unicode-width v0.1.11
[INFO] [stderr]    Compiling unicode-segmentation v1.10.1
[INFO] [stderr]    Compiling bitflags v2.4.2
[INFO] [stderr]    Compiling regex-syntax v0.8.2
[INFO] [stderr]    Compiling bitflags v1.3.2
[INFO] [stderr]    Compiling ansi_term v0.12.1
[INFO] [stderr]    Compiling serde v1.0.195
[INFO] [stderr]    Compiling termcolor v1.4.1
[INFO] [stderr]    Compiling log v0.4.20
[INFO] [stderr]    Compiling textwrap v0.11.0
[INFO] [stderr]    Compiling humantime v2.1.0
[INFO] [stderr]    Compiling cfg-if v0.1.10
[INFO] [stderr]    Compiling proc-macro-error-attr v1.0.4
[INFO] [stderr]    Compiling proc-macro-error v1.0.4
[INFO] [stderr]    Compiling quote v1.0.35
[INFO] [stderr]    Compiling aho-corasick v1.1.2
[INFO] [stderr]    Compiling heck v0.3.3
[INFO] [stderr]    Compiling syn v2.0.48
[INFO] [stderr]    Compiling atty v0.2.14
[INFO] [stderr]    Compiling is-terminal v0.4.10
[INFO] [stderr]    Compiling clap v2.34.0
[INFO] [stderr]    Compiling regex-automata v0.4.4
[INFO] [stderr]    Compiling structopt-derive v0.4.18
[INFO] [stderr]    Compiling serde_derive v1.0.195
[INFO] [stderr]    Compiling structopt v0.3.26
[INFO] [stderr]    Compiling regex v1.10.3
[INFO] [stderr]    Compiling env_logger v0.10.2
[INFO] [stderr]    Compiling teip v2.3.2 (/opt/rustwide/workdir)
[INFO] [stderr]     Finished `dev` profile [unoptimized + debuginfo] target(s) in 23.77s
[INFO] running `Command { std: "docker" "inspect" "52559bae236573d5462c06d7f93634ac3084865aec41c35b39e7948d66884b9e", kill_on_drop: false }`
[INFO] running `Command { std: "docker" "rm" "-f" "52559bae236573d5462c06d7f93634ac3084865aec41c35b39e7948d66884b9e", kill_on_drop: false }`
[INFO] [stdout] 52559bae236573d5462c06d7f93634ac3084865aec41c35b39e7948d66884b9e
[INFO] running `Command { std: "docker" "create" "-v" "/var/lib/crater-agent-workspace/builds/worker-5-tc1/target:/opt/rustwide/target:rw,Z" "-v" "/var/lib/crater-agent-workspace/builds/worker-5-tc1/source:/opt/rustwide/workdir:ro,Z" "-v" "/var/lib/crater-agent-workspace/cargo-home:/opt/rustwide/cargo-home:ro,Z" "-v" "/var/lib/crater-agent-workspace/rustup-home:/opt/rustwide/rustup-home:ro,Z" "-e" "SOURCE_DIR=/opt/rustwide/workdir" "-e" "CARGO_TARGET_DIR=/opt/rustwide/target" "-e" "CARGO_INCREMENTAL=0" "-e" "RUST_BACKTRACE=full" "-e" "RUSTFLAGS=--cap-lints=forbid" "-e" "RUSTDOCFLAGS=--cap-lints=forbid" "-e" "CARGO_HOME=/opt/rustwide/cargo-home" "-e" "RUSTUP_HOME=/opt/rustwide/rustup-home" "-w" "/opt/rustwide/workdir" "-m" "1610612736" "--user" "0:0" "--network" "none" "ghcr.io/rust-lang/crates-build-env/linux@sha256:819108c5571ea2e421544af4d832f968d213c87fbe3707a016657f43d2f853bc" "/opt/rustwide/cargo-home/bin/cargo" "+nightly-2025-01-18" "test" "--frozen" "--no-run" "--message-format=json", kill_on_drop: false }`
[INFO] [stdout] 77734879a3a15b8b9582d6f1c8ab8f4a8afb00dc80ab446bb52ce615d0a833ad
[INFO] running `Command { std: "docker" "start" "-a" "77734879a3a15b8b9582d6f1c8ab8f4a8afb00dc80ab446bb52ce615d0a833ad", kill_on_drop: false }`
[INFO] [stderr] warning: unused manifest key: dependencies.onig.revision
[INFO] [stderr] warning: unused manifest key: patch.crates-io.onig_sys.revision
[INFO] [stderr]    Compiling crossbeam-utils v0.8.19
[INFO] [stderr]    Compiling either v1.9.0
[INFO] [stderr]    Compiling rayon-core v1.12.1
[INFO] [stderr]    Compiling num-traits v0.2.17
[INFO] [stderr]    Compiling serde_json v1.0.111
[INFO] [stderr]    Compiling doc-comment v0.3.3
[INFO] [stderr]    Compiling itoa v1.0.10
[INFO] [stderr]    Compiling ciborium-io v0.2.1
[INFO] [stderr]    Compiling ryu v1.0.16
[INFO] [stderr]    Compiling predicates-core v1.0.6
[INFO] [stderr]    Compiling anstyle v1.0.4
[INFO] [stderr]    Compiling clap_lex v0.6.0
[INFO] [stderr]    Compiling plotters-backend v0.3.5
[INFO] [stderr]    Compiling half v1.8.2
[INFO] [stderr]    Compiling same-file v1.0.6
[INFO] [stderr]    Compiling cast v0.3.0
[INFO] [stderr]    Compiling regex-automata v0.1.10
[INFO] [stderr]    Compiling difflib v0.4.0
[INFO] [stderr]    Compiling plotters-svg v0.3.5
[INFO] [stderr]    Compiling termtree v0.4.1
[INFO] [stderr]    Compiling walkdir v2.4.0
[INFO] [stderr]    Compiling wait-timeout v0.2.0
[INFO] [stderr]    Compiling oorandom v11.1.3
[INFO] [stderr]    Compiling predicates-tree v1.0.9
[INFO] [stderr]    Compiling itertools v0.10.5
[INFO] [stderr]    Compiling once_cell v1.19.0
[INFO] [stderr]    Compiling anes v0.1.6
[INFO] [stderr]    Compiling clap_builder v4.4.18
[INFO] [stderr]    Compiling ciborium-ll v0.2.1
[INFO] [stderr]    Compiling bstr v0.2.17
[INFO] [stderr]    Compiling ciborium v0.2.1
[INFO] [stderr]    Compiling crossbeam-epoch v0.9.18
[INFO] [stderr]    Compiling crossbeam-deque v0.8.5
[INFO] [stderr]    Compiling tinytemplate v1.2.1
[INFO] [stderr]    Compiling plotters v0.3.5
[INFO] [stderr]    Compiling rayon v1.8.1
[INFO] [stderr]    Compiling criterion-plot v0.5.0
[INFO] [stderr]    Compiling predicates v2.1.5
[INFO] [stderr]    Compiling clap v4.4.18
[INFO] [stderr]    Compiling assert_cmd v1.0.8
[INFO] [stderr]    Compiling criterion v0.5.1
[INFO] [stderr]    Compiling teip v2.3.2 (/opt/rustwide/workdir)
[INFO] [stderr]     Finished `test` profile [unoptimized + debuginfo] target(s) in 21.43s
[INFO] running `Command { std: "docker" "inspect" "77734879a3a15b8b9582d6f1c8ab8f4a8afb00dc80ab446bb52ce615d0a833ad", kill_on_drop: false }`
[INFO] running `Command { std: "docker" "rm" "-f" "77734879a3a15b8b9582d6f1c8ab8f4a8afb00dc80ab446bb52ce615d0a833ad", kill_on_drop: false }`
[INFO] [stdout] 77734879a3a15b8b9582d6f1c8ab8f4a8afb00dc80ab446bb52ce615d0a833ad
[INFO] running `Command { std: "docker" "create" "-v" "/var/lib/crater-agent-workspace/builds/worker-5-tc1/target:/opt/rustwide/target:rw,Z" "-v" "/var/lib/crater-agent-workspace/builds/worker-5-tc1/source:/opt/rustwide/workdir:ro,Z" "-v" "/var/lib/crater-agent-workspace/cargo-home:/opt/rustwide/cargo-home:ro,Z" "-v" "/var/lib/crater-agent-workspace/rustup-home:/opt/rustwide/rustup-home:ro,Z" "-e" "SOURCE_DIR=/opt/rustwide/workdir" "-e" "CARGO_TARGET_DIR=/opt/rustwide/target" "-e" "CARGO_INCREMENTAL=0" "-e" "RUST_BACKTRACE=full" "-e" "RUSTFLAGS=--cap-lints=forbid" "-e" "RUSTDOCFLAGS=--cap-lints=forbid" "-e" "CARGO_HOME=/opt/rustwide/cargo-home" "-e" "RUSTUP_HOME=/opt/rustwide/rustup-home" "-w" "/opt/rustwide/workdir" "-m" "1610612736" "--user" "0:0" "--network" "none" "ghcr.io/rust-lang/crates-build-env/linux@sha256:819108c5571ea2e421544af4d832f968d213c87fbe3707a016657f43d2f853bc" "/opt/rustwide/cargo-home/bin/cargo" "+nightly-2025-01-18" "test" "--frozen", kill_on_drop: false }`
[INFO] [stdout] a27689ef91958d284402550f16e5bface317914d50bd756433b14fbfd410e21d
[INFO] running `Command { std: "docker" "start" "-a" "a27689ef91958d284402550f16e5bface317914d50bd756433b14fbfd410e21d", kill_on_drop: false }`
[INFO] [stderr] warning: unused manifest key: dependencies.onig.revision
[INFO] [stderr] warning: unused manifest key: patch.crates-io.onig_sys.revision
[INFO] [stderr]     Finished `test` profile [unoptimized + debuginfo] target(s) in 0.15s
[INFO] [stderr]      Running unittests src/main.rs (/opt/rustwide/target/debug/deps/teip-4e5c896c5ebb86c4)
[INFO] [stdout] 
[INFO] [stdout] running 8 tests
[INFO] [stdout] test csv::parser::test::test_parse_csv_utf8 ... ok
[INFO] [stdout] test stringutils::test::test_trim_eol ... ok
[INFO] [stdout] test list::converter::test::test_to_ranges ... ok
[INFO] [stdout] test csv::parser::test::test_parse_csv ... ok
[INFO] [stdout] test spawnutils::test::test_tee ... ok
[INFO] [stdout] test stringutils::test::test_extract_number ... ok
[INFO] [stdout] test spawnutils::test::test_messy_numbers ... ok
[INFO] [stdout] test spawnutils::test::test_clean_numbers ... ok
[INFO] [stdout] 
[INFO] [stdout] test result: ok. 8 passed; 0 failed; 0 ignored; 0 measured; 0 filtered out; finished in 0.01s
[INFO] [stdout] 
[INFO] [stderr]      Running tests/lib.rs (/opt/rustwide/target/debug/deps/lib-6b37335c583ea92a)
[INFO] [stdout] 
[INFO] [stdout] running 89 tests
[INFO] [stdout] test cmdtest::test_csv_crlf ... ok
[INFO] [stdout] test cmdtest::test_csv_non_delim_comma ... ok
[INFO] [stdout] test cmdtest::test_csv_end_nolf ... ok
[INFO] [stdout] test cmdtest::test_character_be_empty ... ok
[INFO] [stdout] test cmdtest::test_character_separate ... ok
[INFO] [stdout] test cmdtest::test_csv ... ok
[INFO] [stdout] test cmdtest::test_character_range_error_c ... ok
[INFO] [stdout] test cmdtest::test_character_range ... ok
[INFO] [stdout] test cmdtest::test_character_null_invert ... ok
[INFO] [stdout] test cmdtest::test_exoffload_echo ... ok
[INFO] [stdout] test cmdtest::test_character_range_invert ... ok
[INFO] [stdout] test cmdtest::test_csv_double_quotation ... ok
[INFO] [stdout] test cmdtest::test_exoffload_echo_solid ... ok
[INFO] [stdout] test cmdtest::test_exoffload_nl_invert ... ok
[INFO] [stdout] test cmdtest::test_field_be_empty ... ok
[INFO] [stdout] test cmdtest::test_exoffload_nl ... ok
[INFO] [stdout] test cmdtest::test_field_range_to_last ... ok
[INFO] [stdout] test cmdtest::test_field ... ok
[INFO] [stdout] test cmdtest::test_exoffload_grep_invert ... ok
[INFO] [stdout] test cmdtest::test_field_range ... ok
[INFO] [stdout] test cmdtest::test_field_range_invert ... ok
[INFO] [stdout] test cmdtest::test_field_null_invert ... ok
[INFO] [stdout] test cmdtest::test_field_regex_empty ... ok
[INFO] [stdout] test cmdtest::test_no_argument ... ok
[INFO] [stdout] test cmdtest::test_exoffload_grep ... ok
[INFO] [stdout] test cmdtest::test_regex_line ... ok
[INFO] [stdout] test cmdtest::test_field_empty ... ok
[INFO] [stdout] test cmdtest::test_field_ws ... ok
[INFO] [stdout] test cmdtest::test_field_ws_empty ... ok
[INFO] [stdout] test cmdtest::test_line ... ok
[INFO] [stdout] test cmdtest::test_regex_only ... ok
[INFO] [stdout] test cmdtest::test_field_ws_invert ... ok
[INFO] [stdout] test cmdtest::test_exoffload_nl_solid ... ok
[INFO] [stdout] test cmdtest::test_csv_end_nolf_utf8 ... FAILED
[INFO] [stdout] test cmdtest::test_csv_non_delim_comma_utf8 ... FAILED
[INFO] [stdout] test cmdtest::test_csv_utf8 ... FAILED
[INFO] [stdout] test cmdtest::test_csv_double_quotation_utf8 ... FAILED
[INFO] [stdout] test cmdtest::test_solid_character_be_empty ... ok
[INFO] [stdout] test cmdtest::test_solid_character_null ... ok
[INFO] [stdout] test cmdtest::test_solid_character_null_invert ... ok
[INFO] [stdout] test cmdtest::test_regex_only_null_invert ... ok
[INFO] [stdout] test cmdtest::test_regex_only_invert ... ok
[INFO] [stdout] test cmdtest::test_regex_only_multiple ... ok
[INFO] [stdout] test cmdtest::test_solid_character_separate ... ok
[INFO] [stdout] test cmdtest::test_solid_character_range_invert ... ok
[INFO] [stdout] test cmdtest::test_regex_only_null ... ok
[INFO] [stdout] test cmdtest::test_solid_csv_crlf ... ok
[INFO] [stdout] test cmdtest::test_solid_chomp ... ok
[INFO] [stdout] test cmdtest::test_solid_character_range ... ok
[INFO] [stdout] test cmdtest::test_solid_csv_crlf_utf8 ... ok
[INFO] [stdout] test cmdtest::test_solid_csv_end_nolf_utf8 ... FAILED
[INFO] [stdout] test cmdtest::test_solid_csv_nochomp ... ok
[INFO] [stdout] test cmdtest::test_solid_csv_double_quotation_utf8 ... FAILED
[INFO] [stdout] test cmdtest::test_solid_csv_remove_newlines_utf8 ... ok
[INFO] [stdout] test cmdtest::test_solid_csv_non_delim_comma ... ok
[INFO] [stdout] test cmdtest::test_solid_csv_end_nolf ... ok
[INFO] [stdout] test cmdtest::test_solid_csv_double_quotation ... ok
[INFO] [stdout] test cmdtest::test_solid_csv ... ok
[INFO] [stdout] test cmdtest::test_solid_field_empty ... ok
[INFO] [stdout] test cmdtest::test_solid_csv_remove_newlines ... ok
[INFO] [stdout] test cmdtest::test_solid_csv_non_delim_comma_utf8 ... FAILED
[INFO] [stdout] test cmdtest::test_solid_csv_utf8 ... FAILED
[INFO] [stdout] test cmdtest::test_solid_field_null ... ok
[INFO] [stdout] test cmdtest::test_solid_field_ws_empty ... ok
[INFO] [stdout] test cmdtest::test_solid_csv_chomp ... ok
[INFO] [stdout] test cmdtest::test_solid_field_null_invert ... ok
[INFO] [stdout] test cmdtest::test_solid_field_regex_empty ... ok
[INFO] [stdout] test cmdtest::test_solid_field_range_invert ... ok
[INFO] [stdout] test cmdtest::test_solid_field_be_empty ... ok
[INFO] [stdout] test cmdtest::test_solid_line ... ok
[INFO] [stdout] test cmdtest::test_solid_csv_nochomp_utf8 ... ok
[INFO] [stdout] test cmdtest::test_solid_field_range_to_last ... ok
[INFO] [stdout] test cmdtest::test_solid_field_range ... ok
[INFO] [stdout] test cmdtest::test_solid_regex_only_invert ... ok
[INFO] [stdout] test cmdtest::test_solid_field ... ok
[INFO] [stdout] test cmdtest::test_solid_field_ws ... ok
[INFO] [stdout] test cmdtest::test_solid_regex_only_null_invert ... ok
[INFO] [stdout] test cmdtest::test_solid_replace ... ok
[INFO] [stdout] test cmdtest::test_solid_csv_chomp_utf8 ... ok
[INFO] [stdout] test cmdtest::test_solid_replace_join ... ok
[INFO] [stdout] test cmdtest::test_solid_field_ws_invert ... ok
[INFO] [stdout] test cmdtest::test_solid_nochomp ... ok
[INFO] [stdout] test cmdtest::test_solid_replace_multi_join ... ok
[INFO] [stdout] test cmdtest::test_solid_regex_line ... ok
[INFO] [stdout] test cmdtest::test_solid_regex_only ... ok
[INFO] [stdout] test cmdtest::test_solid_regex_only_null ... ok
[INFO] [stdout] test cmdtest::test_solid_regex_only_null2 ... ok
[INFO] [stdout] test cmdtest::test_solid_regex_only_multiple ... ok
[INFO] [stdout] test cmdtest::test_solid_replace_multi ... ok
[INFO] [stdout] 
[INFO] [stdout] failures:
[INFO] [stdout] 
[INFO] [stdout] ---- cmdtest::test_csv_end_nolf_utf8 stdout ----
[INFO] [stdout] 
[INFO] [stdout] thread 'cmdtest::test_csv_end_nolf_utf8' panicked at /opt/rustwide/cargo-home/registry/src/index.crates.io-1949cf8c6b5b557f/assert_cmd-1.0.8/src/assert.rs:124:9:
[INFO] [stdout] Unexpected stdout, failed diff original var
[INFO] [stdout] ├── original: 名前,作者,@@@
[INFO] [stdout] │   １レコード目,"あいう
[INFO] [stdout] │   えお",@@@
[INFO] [stdout] │   ２レコード目,"さしす
[INFO] [stdout] │   せそ",@@@@
[INFO] [stdout] │   @@@
[INFO] [stdout] ├── diff: 
[INFO] [stdout] │   --- 	orig
[INFO] [stdout] │   +++ 	var
[INFO] [stdout] │   @@ -1 +1 @@
[INFO] [stdout] │   -名前,作者,@@@
[INFO] [stdout] │   +名前,作者,@@@@@@@@@
[INFO] [stdout] │   @@ -3 +3 @@
[INFO] [stdout] │   -えお",@@@
[INFO] [stdout] │   +えお",@@@@@@@@@
[INFO] [stdout] │   @@ -5,2 +5,2 @@
[INFO] [stdout] │   -せそ",@@@@
[INFO] [stdout] │   -@@@
[INFO] [stdout] │   +せそ",@@@@@@@@@@
[INFO] [stdout] │   +@@@@@@@
[INFO] [stdout] └── var as str: 名前,作者,@@@@@@@@@
[INFO] [stdout]     １レコード目,"あいう
[INFO] [stdout]     えお",@@@@@@@@@
[INFO] [stdout]     ２レコード目,"さしす
[INFO] [stdout]     せそ",@@@@@@@@@@
[INFO] [stdout]     @@@@@@@
[INFO] [stdout] 
[INFO] [stdout] command=`"/opt/rustwide/target/debug/teip" "--csv" "-f" "3" "--" "sed" "s/./@/g"`
[INFO] [stdout] stdin=`"名前,作者,ノート\n１レコード目,\"あいう\nえお\",かきく\n２レコード目,\"さしす\nせそ\",\"たちつ\nてと\""`
[INFO] [stdout] code=0
[INFO] [stdout] stdout=```"名前,作者,@@@@@@@@@\n１レコード目,\"あいう\nえお\",@@@@@@@@@\n２レコード目,\"さしす\nせそ\",@@@@@@@@@@\n@@@@@@@"```
[INFO] [stdout] stderr=```""```
[INFO] [stdout] 
[INFO] [stdout] stack backtrace:
[INFO] [stdout]    0:     0x63a8795e2f2a - std::backtrace_rs::backtrace::libunwind::trace::hb059275cfc8d6126
[INFO] [stdout]                                at /rustc/6067b36314ab5eb2eb47cecc464545ba58e1ad24/library/std/src/../../backtrace/src/backtrace/libunwind.rs:116:5
[INFO] [stdout]    1:     0x63a8795e2f2a - std::backtrace_rs::backtrace::trace_unsynchronized::h2da071e4327ce3ee
[INFO] [stdout]                                at /rustc/6067b36314ab5eb2eb47cecc464545ba58e1ad24/library/std/src/../../backtrace/src/backtrace/mod.rs:66:5
[INFO] [stdout]    2:     0x63a8795e2f2a - std::sys::backtrace::_print_fmt::h842a1474e6f8d23f
[INFO] [stdout]                                at /rustc/6067b36314ab5eb2eb47cecc464545ba58e1ad24/library/std/src/sys/backtrace.rs:66:9
[INFO] [stdout]    3:     0x63a8795e2f2a - <std::sys::backtrace::BacktraceLock::print::DisplayBacktrace as core::fmt::Display>::fmt::h71a62eb3b9696b12
[INFO] [stdout]                                at /rustc/6067b36314ab5eb2eb47cecc464545ba58e1ad24/library/std/src/sys/backtrace.rs:39:26
[INFO] [stdout]    4:     0x63a87960b803 - core::fmt::rt::Argument::fmt::hdb6b616786b41dc1
[INFO] [stdout]                                at /rustc/6067b36314ab5eb2eb47cecc464545ba58e1ad24/library/core/src/fmt/rt.rs:177:76
[INFO] [stdout]    5:     0x63a87960b803 - core::fmt::write::h2cc1698af7e2d686
[INFO] [stdout]                                at /rustc/6067b36314ab5eb2eb47cecc464545ba58e1ad24/library/core/src/fmt/mod.rs:1440:21
[INFO] [stdout]    6:     0x63a8795df3d3 - std::io::Write::write_fmt::hab1b4cd059a79022
[INFO] [stdout]                                at /rustc/6067b36314ab5eb2eb47cecc464545ba58e1ad24/library/std/src/io/mod.rs:1887:15
[INFO] [stdout]    7:     0x63a8795e2d72 - std::sys::backtrace::BacktraceLock::print::h147fe35b4ea13b08
[INFO] [stdout]                                at /rustc/6067b36314ab5eb2eb47cecc464545ba58e1ad24/library/std/src/sys/backtrace.rs:42:9
[INFO] [stdout]    8:     0x63a8795e43cf - std::panicking::default_hook::{{closure}}::hbd44223dbdc0d208
[INFO] [stdout]                                at /rustc/6067b36314ab5eb2eb47cecc464545ba58e1ad24/library/std/src/panicking.rs:298:22
[INFO] [stdout]    9:     0x63a8795e41e8 - std::panicking::default_hook::h20f81eb0576efcec
[INFO] [stdout]                                at /rustc/6067b36314ab5eb2eb47cecc464545ba58e1ad24/library/std/src/panicking.rs:322:9
[INFO] [stdout]   10:     0x63a8795ac053 - <alloc::boxed::Box<F,A> as core::ops::function::Fn<Args>>::call::hdb53814c496a4d34
[INFO] [stdout]                                at /rustc/6067b36314ab5eb2eb47cecc464545ba58e1ad24/library/alloc/src/boxed.rs:2027:9
[INFO] [stdout]   11:     0x63a8795ac053 - test::test_main::{{closure}}::hc0a4963c59427c24
[INFO] [stdout]                                at /rustc/6067b36314ab5eb2eb47cecc464545ba58e1ad24/library/test/src/lib.rs:134:21
[INFO] [stdout]   12:     0x63a8795e4ec3 - <alloc::boxed::Box<F,A> as core::ops::function::Fn<Args>>::call::h591b2225413a77e9
[INFO] [stdout]                                at /rustc/6067b36314ab5eb2eb47cecc464545ba58e1ad24/library/alloc/src/boxed.rs:2027:9
[INFO] [stdout]   13:     0x63a8795e4ec3 - std::panicking::rust_panic_with_hook::h625eea43051b2edc
[INFO] [stdout]                                at /rustc/6067b36314ab5eb2eb47cecc464545ba58e1ad24/library/std/src/panicking.rs:839:13
[INFO] [stdout]   14:     0x63a8795e4b7a - std::panicking::begin_panic_handler::{{closure}}::h4f9159cfbc3f6bd3
[INFO] [stdout]                                at /rustc/6067b36314ab5eb2eb47cecc464545ba58e1ad24/library/std/src/panicking.rs:704:13
[INFO] [stdout]   15:     0x63a8795e3429 - std::sys::backtrace::__rust_end_short_backtrace::h0390abce48353151
[INFO] [stdout]                                at /rustc/6067b36314ab5eb2eb47cecc464545ba58e1ad24/library/std/src/sys/backtrace.rs:168:18
[INFO] [stdout]   16:     0x63a8795e480d - rust_begin_unwind
[INFO] [stdout]                                at /rustc/6067b36314ab5eb2eb47cecc464545ba58e1ad24/library/std/src/panicking.rs:695:5
[INFO] [stdout]   17:     0x63a879609ed0 - core::panicking::panic_fmt::h9e7c637e9e5f29c9
[INFO] [stdout]                                at /rustc/6067b36314ab5eb2eb47cecc464545ba58e1ad24/library/core/src/panicking.rs:75:14
[INFO] [stdout]   18:     0x63a87952e413 - core::panicking::panic_display::h5bd6179994a1c9ef
[INFO] [stdout]                                at /rustc/6067b36314ab5eb2eb47cecc464545ba58e1ad24/library/core/src/panicking.rs:261:5
[INFO] [stdout]   19:     0x63a87952ee1e - assert_cmd::assert::AssertError::panic::h35bcd66e96afd0bb
[INFO] [stdout]                                at /opt/rustwide/cargo-home/registry/src/index.crates.io-1949cf8c6b5b557f/assert_cmd-1.0.8/src/assert.rs:124:9
[INFO] [stdout]   20:     0x63a8795209b0 - core::ops::function::FnOnce::call_once::h3b56ab5db52b79ee
[INFO] [stdout]                                at /rustc/6067b36314ab5eb2eb47cecc464545ba58e1ad24/library/core/src/ops/function.rs:250:5
[INFO] [stdout]   21:     0x63a87952a930 - core::result::Result<T,E>::unwrap_or_else::h7c1bbe3de10b13e7
[INFO] [stdout]                                at /rustc/6067b36314ab5eb2eb47cecc464545ba58e1ad24/library/core/src/result.rs:1463:23
[INFO] [stdout]   22:     0x63a87950d5a0 - assert_cmd::assert::Assert::stdout::h36c0fe2c0ea229cb
[INFO] [stdout]                                at /opt/rustwide/cargo-home/registry/src/index.crates.io-1949cf8c6b5b557f/assert_cmd-1.0.8/src/assert.rs:451:9
[INFO] [stdout]   23:     0x63a87951d52d - lib::cmdtest::test_csv_end_nolf_utf8::ha8aa25c053dc231a
[INFO] [stdout]                                at /opt/rustwide/workdir/tests/lib.rs:869:17
[INFO] [stdout]   24:     0x63a87951d2e7 - lib::cmdtest::test_csv_end_nolf_utf8::{{closure}}::h67bb67ba12a0a6a3
[INFO] [stdout]                                at /opt/rustwide/workdir/tests/lib.rs:867:40
[INFO] [stdout]   25:     0x63a87950e8b6 - core::ops::function::FnOnce::call_once::h789990bb93a502a3
[INFO] [stdout]                                at /rustc/6067b36314ab5eb2eb47cecc464545ba58e1ad24/library/core/src/ops/function.rs:250:5
[INFO] [stdout]   26:     0x63a8795b17ab - core::ops::function::FnOnce::call_once::he27718dfdd183f43
[INFO] [stdout]                                at /rustc/6067b36314ab5eb2eb47cecc464545ba58e1ad24/library/core/src/ops/function.rs:250:5
[INFO] [stdout]   27:     0x63a8795b17ab - test::__rust_begin_short_backtrace::h4e84902998457a5d
[INFO] [stdout]                                at /rustc/6067b36314ab5eb2eb47cecc464545ba58e1ad24/library/test/src/lib.rs:632:18
[INFO] [stdout]   28:     0x63a8795b06e3 - test::run_test_in_process::{{closure}}::h7176fd18fc1feca0
[INFO] [stdout]                                at /rustc/6067b36314ab5eb2eb47cecc464545ba58e1ad24/library/test/src/lib.rs:655:60
[INFO] [stdout]   29:     0x63a8795b06e3 - <core::panic::unwind_safe::AssertUnwindSafe<F> as core::ops::function::FnOnce<()>>::call_once::hf79cff2a624d8cf7
[INFO] [stdout]                                at /rustc/6067b36314ab5eb2eb47cecc464545ba58e1ad24/library/core/src/panic/unwind_safe.rs:272:9
[INFO] [stdout]   30:     0x63a8795b06e3 - std::panicking::try::do_call::h3da0561d9ab99c25
[INFO] [stdout]                                at /rustc/6067b36314ab5eb2eb47cecc464545ba58e1ad24/library/std/src/panicking.rs:587:40
[INFO] [stdout]   31:     0x63a8795b06e3 - std::panicking::try::h41c9fa508bc61df6
[INFO] [stdout]                                at /rustc/6067b36314ab5eb2eb47cecc464545ba58e1ad24/library/std/src/panicking.rs:550:19
[INFO] [stdout]   32:     0x63a8795b06e3 - std::panic::catch_unwind::h6b3ff07bb5afad93
[INFO] [stdout]                                at /rustc/6067b36314ab5eb2eb47cecc464545ba58e1ad24/library/std/src/panic.rs:358:14
[INFO] [stdout]   33:     0x63a8795b06e3 - test::run_test_in_process::hc7253dd11b39b9f4
[INFO] [stdout]                                at /rustc/6067b36314ab5eb2eb47cecc464545ba58e1ad24/library/test/src/lib.rs:655:27
[INFO] [stdout]   34:     0x63a8795b06e3 - test::run_test::{{closure}}::hfb2007f8649c30bb
[INFO] [stdout]                                at /rustc/6067b36314ab5eb2eb47cecc464545ba58e1ad24/library/test/src/lib.rs:576:43
[INFO] [stdout]   35:     0x63a8795737c5 - test::run_test::{{closure}}::h56a17aa7a282a9f4
[INFO] [stdout]                                at /rustc/6067b36314ab5eb2eb47cecc464545ba58e1ad24/library/test/src/lib.rs:606:41
[INFO] [stdout]   36:     0x63a8795737c5 - std::sys::backtrace::__rust_begin_short_backtrace::hd2d2d2fb8e8c6aac
[INFO] [stdout]                                at /rustc/6067b36314ab5eb2eb47cecc464545ba58e1ad24/library/std/src/sys/backtrace.rs:152:18
[INFO] [stdout]   37:     0x63a8795770aa - std::thread::Builder::spawn_unchecked_::{{closure}}::{{closure}}::h4faa3f9db6133423
[INFO] [stdout]                                at /rustc/6067b36314ab5eb2eb47cecc464545ba58e1ad24/library/std/src/thread/mod.rs:559:17
[INFO] [stdout]   38:     0x63a8795770aa - <core::panic::unwind_safe::AssertUnwindSafe<F> as core::ops::function::FnOnce<()>>::call_once::hf2e855a36a4ea846
[INFO] [stdout]                                at /rustc/6067b36314ab5eb2eb47cecc464545ba58e1ad24/library/core/src/panic/unwind_safe.rs:272:9
[INFO] [stdout]   39:     0x63a8795770aa - std::panicking::try::do_call::h2f73af3616c35465
[INFO] [stdout]                                at /rustc/6067b36314ab5eb2eb47cecc464545ba58e1ad24/library/std/src/panicking.rs:587:40
[INFO] [stdout]   40:     0x63a8795770aa - std::panicking::try::hd1660ce9efadef5a
[INFO] [stdout]                                at /rustc/6067b36314ab5eb2eb47cecc464545ba58e1ad24/library/std/src/panicking.rs:550:19
[INFO] [stdout]   41:     0x63a8795770aa - std::panic::catch_unwind::h5ee8d7823b8ca744
[INFO] [stdout]                                at /rustc/6067b36314ab5eb2eb47cecc464545ba58e1ad24/library/std/src/panic.rs:358:14
[INFO] [stdout]   42:     0x63a8795770aa - std::thread::Builder::spawn_unchecked_::{{closure}}::h53c3a1894dce8407
[INFO] [stdout]                                at /rustc/6067b36314ab5eb2eb47cecc464545ba58e1ad24/library/std/src/thread/mod.rs:557:30
[INFO] [stdout]   43:     0x63a8795770aa - core::ops::function::FnOnce::call_once{{vtable.shim}}::h048ce291ad4f62bf
[INFO] [stdout]                                at /rustc/6067b36314ab5eb2eb47cecc464545ba58e1ad24/library/core/src/ops/function.rs:250:5
[INFO] [stdout]   44:     0x63a8795e997b - <alloc::boxed::Box<F,A> as core::ops::function::FnOnce<Args>>::call_once::ha52bedf99a3b4981
[INFO] [stdout]                                at /rustc/6067b36314ab5eb2eb47cecc464545ba58e1ad24/library/alloc/src/boxed.rs:2013:9
[INFO] [stdout]   45:     0x63a8795e997b - <alloc::boxed::Box<F,A> as core::ops::function::FnOnce<Args>>::call_once::h567748934d80ccf8
[INFO] [stdout]                                at /rustc/6067b36314ab5eb2eb47cecc464545ba58e1ad24/library/alloc/src/boxed.rs:2013:9
[INFO] [stdout]   46:     0x63a8795e997b - std::sys::pal::unix::thread::Thread::new::thread_start::h2d970728ae887adc
[INFO] [stdout]                                at /rustc/6067b36314ab5eb2eb47cecc464545ba58e1ad24/library/std/src/sys/pal/unix/thread.rs:106:17
[INFO] [stdout]   47:     0x76245368aac3 - <unknown>
[INFO] [stdout]   48:     0x76245371ba04 - clone
[INFO] [stdout]   49:                0x0 - <unknown>
[INFO] [stdout] 
[INFO] [stdout] ---- cmdtest::test_csv_non_delim_comma_utf8 stdout ----
[INFO] [stdout] 
[INFO] [stdout] thread 'cmdtest::test_csv_non_delim_comma_utf8' panicked at /opt/rustwide/cargo-home/registry/src/index.crates.io-1949cf8c6b5b557f/assert_cmd-1.0.8/src/assert.rs:124:9:
[INFO] [stdout] Unexpected stdout, failed diff original var
[INFO] [stdout] ├── original: @@@@@,作者,ノート
[INFO] [stdout] │   @@@@@@,"あいう
[INFO] [stdout] │   えお",かきく
[INFO] [stdout] │   @@@@@@@@@,"さしす
[INFO] [stdout] │   せそ","たちつ
[INFO] [stdout] │   てと"
[INFO] [stdout] ├── diff: 
[INFO] [stdout] │   --- 	orig
[INFO] [stdout] │   +++ 	var
[INFO] [stdout] │   @@ -1,2 +1,2 @@
[INFO] [stdout] │   -@@@@@,作者,ノート
[INFO] [stdout] │   -@@@@@@,"あいう
[INFO] [stdout] │   +@@@@@@@@@,作者,ノート
[INFO] [stdout] │   +@@@@@@@@@@@@@@@@@@,"あいう
[INFO] [stdout] │   @@ -4 +4 @@
[INFO] [stdout] │   -@@@@@@@@@,"さしす
[INFO] [stdout] │   +@@@@@@@@@@@@@@@@@@@@@,"さしす
[INFO] [stdout] └── var as str: @@@@@@@@@,作者,ノート
[INFO] [stdout]     @@@@@@@@@@@@@@@@@@,"あいう
[INFO] [stdout]     えお",かきく
[INFO] [stdout]     @@@@@@@@@@@@@@@@@@@@@,"さしす
[INFO] [stdout]     せそ","たちつ
[INFO] [stdout]     てと"
[INFO] [stdout] 
[INFO] [stdout] command=`"/opt/rustwide/target/debug/teip" "--csv" "-f" "1" "--" "sed" "s/./@/g"`
[INFO] [stdout] stdin=`"\"名,前\",作者,ノート\n１レコード目,\"あいう\nえお\",かきく\n\"２レコード,目\",\"さしす\nせそ\",\"たちつ\nてと\""`
[INFO] [stdout] code=0
[INFO] [stdout] stdout=```"@@@@@@@@@,作者,ノート\n@@@@@@@@@@@@@@@@@@,\"あいう\nえお\",かきく\n@@@@@@@@@@@@@@@@@@@@@,\"さしす\nせそ\",\"たちつ\nてと\""```
[INFO] [stdout] stderr=```""```
[INFO] [stdout] 
[INFO] [stdout] stack backtrace:
[INFO] [stdout]    0:     0x63a8795e2f2a - std::backtrace_rs::backtrace::libunwind::trace::hb059275cfc8d6126
[INFO] [stdout]                                at /rustc/6067b36314ab5eb2eb47cecc464545ba58e1ad24/library/std/src/../../backtrace/src/backtrace/libunwind.rs:116:5
[INFO] [stdout]    1:     0x63a8795e2f2a - std::backtrace_rs::backtrace::trace_unsynchronized::h2da071e4327ce3ee
[INFO] [stdout]                                at /rustc/6067b36314ab5eb2eb47cecc464545ba58e1ad24/library/std/src/../../backtrace/src/backtrace/mod.rs:66:5
[INFO] [stdout]    2:     0x63a8795e2f2a - std::sys::backtrace::_print_fmt::h842a1474e6f8d23f
[INFO] [stdout]                                at /rustc/6067b36314ab5eb2eb47cecc464545ba58e1ad24/library/std/src/sys/backtrace.rs:66:9
[INFO] [stdout]    3:     0x63a8795e2f2a - <std::sys::backtrace::BacktraceLock::print::DisplayBacktrace as core::fmt::Display>::fmt::h71a62eb3b9696b12
[INFO] [stdout]                                at /rustc/6067b36314ab5eb2eb47cecc464545ba58e1ad24/library/std/src/sys/backtrace.rs:39:26
[INFO] [stdout]    4:     0x63a87960b803 - core::fmt::rt::Argument::fmt::hdb6b616786b41dc1
[INFO] [stdout]                                at /rustc/6067b36314ab5eb2eb47cecc464545ba58e1ad24/library/core/src/fmt/rt.rs:177:76
[INFO] [stdout]    5:     0x63a87960b803 - core::fmt::write::h2cc1698af7e2d686
[INFO] [stdout]                                at /rustc/6067b36314ab5eb2eb47cecc464545ba58e1ad24/library/core/src/fmt/mod.rs:1440:21
[INFO] [stdout]    6:     0x63a8795df3d3 - std::io::Write::write_fmt::hab1b4cd059a79022
[INFO] [stdout]                                at /rustc/6067b36314ab5eb2eb47cecc464545ba58e1ad24/library/std/src/io/mod.rs:1887:15
[INFO] [stdout]    7:     0x63a8795e2d72 - std::sys::backtrace::BacktraceLock::print::h147fe35b4ea13b08
[INFO] [stdout]                                at /rustc/6067b36314ab5eb2eb47cecc464545ba58e1ad24/library/std/src/sys/backtrace.rs:42:9
[INFO] [stdout]    8:     0x63a8795e43cf - std::panicking::default_hook::{{closure}}::hbd44223dbdc0d208
[INFO] [stdout]                                at /rustc/6067b36314ab5eb2eb47cecc464545ba58e1ad24/library/std/src/panicking.rs:298:22
[INFO] [stdout]    9:     0x63a8795e41e8 - std::panicking::default_hook::h20f81eb0576efcec
[INFO] [stdout]                                at /rustc/6067b36314ab5eb2eb47cecc464545ba58e1ad24/library/std/src/panicking.rs:322:9
[INFO] [stdout]   10:     0x63a8795ac053 - <alloc::boxed::Box<F,A> as core::ops::function::Fn<Args>>::call::hdb53814c496a4d34
[INFO] [stdout]                                at /rustc/6067b36314ab5eb2eb47cecc464545ba58e1ad24/library/alloc/src/boxed.rs:2027:9
[INFO] [stdout]   11:     0x63a8795ac053 - test::test_main::{{closure}}::hc0a4963c59427c24
[INFO] [stdout]                                at /rustc/6067b36314ab5eb2eb47cecc464545ba58e1ad24/library/test/src/lib.rs:134:21
[INFO] [stdout]   12:     0x63a8795e4ec3 - <alloc::boxed::Box<F,A> as core::ops::function::Fn<Args>>::call::h591b2225413a77e9
[INFO] [stdout]                                at /rustc/6067b36314ab5eb2eb47cecc464545ba58e1ad24/library/alloc/src/boxed.rs:2027:9
[INFO] [stdout]   13:     0x63a8795e4ec3 - std::panicking::rust_panic_with_hook::h625eea43051b2edc
[INFO] [stdout]                                at /rustc/6067b36314ab5eb2eb47cecc464545ba58e1ad24/library/std/src/panicking.rs:839:13
[INFO] [stdout]   14:     0x63a8795e4b7a - std::panicking::begin_panic_handler::{{closure}}::h4f9159cfbc3f6bd3
[INFO] [stdout]                                at /rustc/6067b36314ab5eb2eb47cecc464545ba58e1ad24/library/std/src/panicking.rs:704:13
[INFO] [stdout]   15:     0x63a8795e3429 - std::sys::backtrace::__rust_end_short_backtrace::h0390abce48353151
[INFO] [stdout]                                at /rustc/6067b36314ab5eb2eb47cecc464545ba58e1ad24/library/std/src/sys/backtrace.rs:168:18
[INFO] [stdout]   16:     0x63a8795e480d - rust_begin_unwind
[INFO] [stdout]                                at /rustc/6067b36314ab5eb2eb47cecc464545ba58e1ad24/library/std/src/panicking.rs:695:5
[INFO] [stdout]   17:     0x63a879609ed0 - core::panicking::panic_fmt::h9e7c637e9e5f29c9
[INFO] [stdout]                                at /rustc/6067b36314ab5eb2eb47cecc464545ba58e1ad24/library/core/src/panicking.rs:75:14
[INFO] [stdout]   18:     0x63a87952e413 - core::panicking::panic_display::h5bd6179994a1c9ef
[INFO] [stdout]                                at /rustc/6067b36314ab5eb2eb47cecc464545ba58e1ad24/library/core/src/panicking.rs:261:5
[INFO] [stdout]   19:     0x63a87952ee1e - assert_cmd::assert::AssertError::panic::h35bcd66e96afd0bb
[INFO] [stdout]                                at /opt/rustwide/cargo-home/registry/src/index.crates.io-1949cf8c6b5b557f/assert_cmd-1.0.8/src/assert.rs:124:9
[INFO] [stdout]   20:     0x63a8795209b0 - core::ops::function::FnOnce::call_once::h3b56ab5db52b79ee
[INFO] [stdout]                                at /rustc/6067b36314ab5eb2eb47cecc464545ba58e1ad24/library/core/src/ops/function.rs:250:5
[INFO] [stdout]   21:     0x63a87952a930 - core::result::Result<T,E>::unwrap_or_else::h7c1bbe3de10b13e7
[INFO] [stdout]                                at /rustc/6067b36314ab5eb2eb47cecc464545ba58e1ad24/library/core/src/result.rs:1463:23
[INFO] [stdout]   22:     0x63a87950d5a0 - assert_cmd::assert::Assert::stdout::h36c0fe2c0ea229cb
[INFO] [stdout]                                at /opt/rustwide/cargo-home/registry/src/index.crates.io-1949cf8c6b5b557f/assert_cmd-1.0.8/src/assert.rs:451:9
[INFO] [stdout]   23:     0x63a87951d7dd - lib::cmdtest::test_csv_non_delim_comma_utf8::h4d761bd05ebe2ddd
[INFO] [stdout]                                at /opt/rustwide/workdir/tests/lib.rs:878:17
[INFO] [stdout]   24:     0x63a87951d597 - lib::cmdtest::test_csv_non_delim_comma_utf8::{{closure}}::h0395284a8522171d
[INFO] [stdout]                                at /opt/rustwide/workdir/tests/lib.rs:876:47
[INFO] [stdout]   25:     0x63a87950e436 - core::ops::function::FnOnce::call_once::h4e29a47236484b61
[INFO] [stdout]                                at /rustc/6067b36314ab5eb2eb47cecc464545ba58e1ad24/library/core/src/ops/function.rs:250:5
[INFO] [stdout]   26:     0x63a8795b17ab - core::ops::function::FnOnce::call_once::he27718dfdd183f43
[INFO] [stdout]                                at /rustc/6067b36314ab5eb2eb47cecc464545ba58e1ad24/library/core/src/ops/function.rs:250:5
[INFO] [stdout]   27:     0x63a8795b17ab - test::__rust_begin_short_backtrace::h4e84902998457a5d
[INFO] [stdout]                                at /rustc/6067b36314ab5eb2eb47cecc464545ba58e1ad24/library/test/src/lib.rs:632:18
[INFO] [stdout]   28:     0x63a8795b06e3 - test::run_test_in_process::{{closure}}::h7176fd18fc1feca0
[INFO] [stdout]                                at /rustc/6067b36314ab5eb2eb47cecc464545ba58e1ad24/library/test/src/lib.rs:655:60
[INFO] [stdout]   29:     0x63a8795b06e3 - <core::panic::unwind_safe::AssertUnwindSafe<F> as core::ops::function::FnOnce<()>>::call_once::hf79cff2a624d8cf7
[INFO] [stdout]                                at /rustc/6067b36314ab5eb2eb47cecc464545ba58e1ad24/library/core/src/panic/unwind_safe.rs:272:9
[INFO] [stdout]   30:     0x63a8795b06e3 - std::panicking::try::do_call::h3da0561d9ab99c25
[INFO] [stdout]                                at /rustc/6067b36314ab5eb2eb47cecc464545ba58e1ad24/library/std/src/panicking.rs:587:40
[INFO] [stdout]   31:     0x63a8795b06e3 - std::panicking::try::h41c9fa508bc61df6
[INFO] [stdout]                                at /rustc/6067b36314ab5eb2eb47cecc464545ba58e1ad24/library/std/src/panicking.rs:550:19
[INFO] [stdout]   32:     0x63a8795b06e3 - std::panic::catch_unwind::h6b3ff07bb5afad93
[INFO] [stdout]                                at /rustc/6067b36314ab5eb2eb47cecc464545ba58e1ad24/library/std/src/panic.rs:358:14
[INFO] [stdout]   33:     0x63a8795b06e3 - test::run_test_in_process::hc7253dd11b39b9f4
[INFO] [stdout]                                at /rustc/6067b36314ab5eb2eb47cecc464545ba58e1ad24/library/test/src/lib.rs:655:27
[INFO] [stdout]   34:     0x63a8795b06e3 - test::run_test::{{closure}}::hfb2007f8649c30bb
[INFO] [stdout]                                at /rustc/6067b36314ab5eb2eb47cecc464545ba58e1ad24/library/test/src/lib.rs:576:43
[INFO] [stdout]   35:     0x63a8795737c5 - test::run_test::{{closure}}::h56a17aa7a282a9f4
[INFO] [stdout]                                at /rustc/6067b36314ab5eb2eb47cecc464545ba58e1ad24/library/test/src/lib.rs:606:41
[INFO] [stdout]   36:     0x63a8795737c5 - std::sys::backtrace::__rust_begin_short_backtrace::hd2d2d2fb8e8c6aac
[INFO] [stdout]                                at /rustc/6067b36314ab5eb2eb47cecc464545ba58e1ad24/library/std/src/sys/backtrace.rs:152:18
[INFO] [stdout]   37:     0x63a8795770aa - std::thread::Builder::spawn_unchecked_::{{closure}}::{{closure}}::h4faa3f9db6133423
[INFO] [stdout]                                at /rustc/6067b36314ab5eb2eb47cecc464545ba58e1ad24/library/std/src/thread/mod.rs:559:17
[INFO] [stdout]   38:     0x63a8795770aa - <core::panic::unwind_safe::AssertUnwindSafe<F> as core::ops::function::FnOnce<()>>::call_once::hf2e855a36a4ea846
[INFO] [stdout]                                at /rustc/6067b36314ab5eb2eb47cecc464545ba58e1ad24/library/core/src/panic/unwind_safe.rs:272:9
[INFO] [stdout]   39:     0x63a8795770aa - std::panicking::try::do_call::h2f73af3616c35465
[INFO] [stdout]                                at /rustc/6067b36314ab5eb2eb47cecc464545ba58e1ad24/library/std/src/panicking.rs:587:40
[INFO] [stdout]   40:     0x63a8795770aa - std::panicking::try::hd1660ce9efadef5a
[INFO] [stdout]                                at /rustc/6067b36314ab5eb2eb47cecc464545ba58e1ad24/library/std/src/panicking.rs:550:19
[INFO] [stdout]   41:     0x63a8795770aa - std::panic::catch_unwind::h5ee8d7823b8ca744
[INFO] [stdout]                                at /rustc/6067b36314ab5eb2eb47cecc464545ba58e1ad24/library/std/src/panic.rs:358:14
[INFO] [stdout]   42:     0x63a8795770aa - std::thread::Builder::spawn_unchecked_::{{closure}}::h53c3a1894dce8407
[INFO] [stdout]                                at /rustc/6067b36314ab5eb2eb47cecc464545ba58e1ad24/library/std/src/thread/mod.rs:557:30
[INFO] [stdout]   43:     0x63a8795770aa - core::ops::function::FnOnce::call_once{{vtable.shim}}::h048ce291ad4f62bf
[INFO] [stdout]                                at /rustc/6067b36314ab5eb2eb47cecc464545ba58e1ad24/library/core/src/ops/function.rs:250:5
[INFO] [stdout]   44:     0x63a8795e997b - <alloc::boxed::Box<F,A> as core::ops::function::FnOnce<Args>>::call_once::ha52bedf99a3b4981
[INFO] [stdout]                                at /rustc/6067b36314ab5eb2eb47cecc464545ba58e1ad24/library/alloc/src/boxed.rs:2013:9
[INFO] [stdout]   45:     0x63a8795e997b - <alloc::boxed::Box<F,A> as core::ops::function::FnOnce<Args>>::call_once::h567748934d80ccf8
[INFO] [stdout]                                at /rustc/6067b36314ab5eb2eb47cecc464545ba58e1ad24/library/alloc/src/boxed.rs:2013:9
[INFO] [stdout]   46:     0x63a8795e997b - std::sys::pal::unix::thread::Thread::new::thread_start::h2d970728ae887adc
[INFO] [stdout]                                at /rustc/6067b36314ab5eb2eb47cecc464545ba58e1ad24/library/std/src/sys/pal/unix/thread.rs:106:17
[INFO] [stdout]   47:     0x76245368aac3 - <unknown>
[INFO] [stdout]   48:     0x76245371ba04 - clone
[INFO] [stdout]   49:                0x0 - <unknown>
[INFO] [stdout] 
[INFO] [stdout] ---- cmdtest::test_csv_utf8 stdout ----
[INFO] [stdout] 
[INFO] [stdout] thread 'cmdtest::test_csv_utf8' panicked at /opt/rustwide/cargo-home/registry/src/index.crates.io-1949cf8c6b5b557f/assert_cmd-1.0.8/src/assert.rs:124:9:
[INFO] [stdout] Unexpected stdout, failed diff original var
[INFO] [stdout] ├── original: 名前,@@,ノート
[INFO] [stdout] │   １レコード目,@@@@
[INFO] [stdout] │   @@@,かきく
[INFO] [stdout] │   ２レコード目,@@@@
[INFO] [stdout] │   @@@,"たちつ
[INFO] [stdout] │   てと"
[INFO] [stdout] ├── diff: 
[INFO] [stdout] │   --- 	orig
[INFO] [stdout] │   +++ 	var
[INFO] [stdout] │   @@ -1,5 +1,5 @@
[INFO] [stdout] │   -名前,@@,ノート
[INFO] [stdout] │   -１レコード目,@@@@
[INFO] [stdout] │   -@@@,かきく
[INFO] [stdout] │   -２レコード目,@@@@
[INFO] [stdout] │   -@@@,"たちつ
[INFO] [stdout] │   +名前,@@@@@@,ノート
[INFO] [stdout] │   +１レコード目,@@@@@@@@@@
[INFO] [stdout] │   +@@@@@@@,かきく
[INFO] [stdout] │   +２レコード目,@@@@@@@@@@
[INFO] [stdout] │   +@@@@@@@,"たちつ
[INFO] [stdout] └── var as str: 名前,@@@@@@,ノート
[INFO] [stdout]     １レコード目,@@@@@@@@@@
[INFO] [stdout]     @@@@@@@,かきく
[INFO] [stdout]     ２レコード目,@@@@@@@@@@
[INFO] [stdout]     @@@@@@@,"たちつ
[INFO] [stdout]     てと"
[INFO] [stdout] 
[INFO] [stdout] command=`"/opt/rustwide/target/debug/teip" "--csv" "-f" "2" "--" "sed" "s/./@/g"`
[INFO] [stdout] stdin=`"名前,作者,ノート\n１レコード目,\"あいう\nえお\",かきく\n２レコード目,\"さしす\nせそ\",\"たちつ\nてと\"\n"`
[INFO] [stdout] code=0
[INFO] [stdout] stdout=```"名前,@@@@@@,ノート\n１レコード目,@@@@@@@@@@\n@@@@@@@,かきく\n２レコード目,@@@@@@@@@@\n@@@@@@@,\"たちつ\nてと\"\n"```
[INFO] [stdout] stderr=```""```
[INFO] [stdout] 
[INFO] [stdout] stack backtrace:
[INFO] [stdout]    0:     0x63a8795e2f2a - std::backtrace_rs::backtrace::libunwind::trace::hb059275cfc8d6126
[INFO] [stdout]                                at /rustc/6067b36314ab5eb2eb47cecc464545ba58e1ad24/library/std/src/../../backtrace/src/backtrace/libunwind.rs:116:5
[INFO] [stdout]    1:     0x63a8795e2f2a - std::backtrace_rs::backtrace::trace_unsynchronized::h2da071e4327ce3ee
[INFO] [stdout]                                at /rustc/6067b36314ab5eb2eb47cecc464545ba58e1ad24/library/std/src/../../backtrace/src/backtrace/mod.rs:66:5
[INFO] [stdout]    2:     0x63a8795e2f2a - std::sys::backtrace::_print_fmt::h842a1474e6f8d23f
[INFO] [stdout]                                at /rustc/6067b36314ab5eb2eb47cecc464545ba58e1ad24/library/std/src/sys/backtrace.rs:66:9
[INFO] [stdout]    3:     0x63a8795e2f2a - <std::sys::backtrace::BacktraceLock::print::DisplayBacktrace as core::fmt::Display>::fmt::h71a62eb3b9696b12
[INFO] [stdout]                                at /rustc/6067b36314ab5eb2eb47cecc464545ba58e1ad24/library/std/src/sys/backtrace.rs:39:26
[INFO] [stdout]    4:     0x63a87960b803 - core::fmt::rt::Argument::fmt::hdb6b616786b41dc1
[INFO] [stdout]                                at /rustc/6067b36314ab5eb2eb47cecc464545ba58e1ad24/library/core/src/fmt/rt.rs:177:76
[INFO] [stdout]    5:     0x63a87960b803 - core::fmt::write::h2cc1698af7e2d686
[INFO] [stdout]                                at /rustc/6067b36314ab5eb2eb47cecc464545ba58e1ad24/library/core/src/fmt/mod.rs:1440:21
[INFO] [stdout]    6:     0x63a8795df3d3 - std::io::Write::write_fmt::hab1b4cd059a79022
[INFO] [stdout]                                at /rustc/6067b36314ab5eb2eb47cecc464545ba58e1ad24/library/std/src/io/mod.rs:1887:15
[INFO] [stdout]    7:     0x63a8795e2d72 - std::sys::backtrace::BacktraceLock::print::h147fe35b4ea13b08
[INFO] [stdout]                                at /rustc/6067b36314ab5eb2eb47cecc464545ba58e1ad24/library/std/src/sys/backtrace.rs:42:9
[INFO] [stdout]    8:     0x63a8795e43cf - std::panicking::default_hook::{{closure}}::hbd44223dbdc0d208
[INFO] [stdout]                                at /rustc/6067b36314ab5eb2eb47cecc464545ba58e1ad24/library/std/src/panicking.rs:298:22
[INFO] [stdout]    9:     0x63a8795e41e8 - std::panicking::default_hook::h20f81eb0576efcec
[INFO] [stdout]                                at /rustc/6067b36314ab5eb2eb47cecc464545ba58e1ad24/library/std/src/panicking.rs:322:9
[INFO] [stdout]   10:     0x63a8795ac053 - <alloc::boxed::Box<F,A> as core::ops::function::Fn<Args>>::call::hdb53814c496a4d34
[INFO] [stdout]                                at /rustc/6067b36314ab5eb2eb47cecc464545ba58e1ad24/library/alloc/src/boxed.rs:2027:9
[INFO] [stdout]   11:     0x63a8795ac053 - test::test_main::{{closure}}::hc0a4963c59427c24
[INFO] [stdout]                                at /rustc/6067b36314ab5eb2eb47cecc464545ba58e1ad24/library/test/src/lib.rs:134:21
[INFO] [stdout]   12:     0x63a8795e4ec3 - <alloc::boxed::Box<F,A> as core::ops::function::Fn<Args>>::call::h591b2225413a77e9
[INFO] [stdout]                                at /rustc/6067b36314ab5eb2eb47cecc464545ba58e1ad24/library/alloc/src/boxed.rs:2027:9
[INFO] [stdout]   13:     0x63a8795e4ec3 - std::panicking::rust_panic_with_hook::h625eea43051b2edc
[INFO] [stdout]                                at /rustc/6067b36314ab5eb2eb47cecc464545ba58e1ad24/library/std/src/panicking.rs:839:13
[INFO] [stdout]   14:     0x63a8795e4b7a - std::panicking::begin_panic_handler::{{closure}}::h4f9159cfbc3f6bd3
[INFO] [stdout]                                at /rustc/6067b36314ab5eb2eb47cecc464545ba58e1ad24/library/std/src/panicking.rs:704:13
[INFO] [stdout]   15:     0x63a8795e3429 - std::sys::backtrace::__rust_end_short_backtrace::h0390abce48353151
[INFO] [stdout]                                at /rustc/6067b36314ab5eb2eb47cecc464545ba58e1ad24/library/std/src/sys/backtrace.rs:168:18
[INFO] [stdout]   16:     0x63a8795e480d - rust_begin_unwind
[INFO] [stdout]                                at /rustc/6067b36314ab5eb2eb47cecc464545ba58e1ad24/library/std/src/panicking.rs:695:5
[INFO] [stdout]   17:     0x63a879609ed0 - core::panicking::panic_fmt::h9e7c637e9e5f29c9
[INFO] [stdout]                                at /rustc/6067b36314ab5eb2eb47cecc464545ba58e1ad24/library/core/src/panicking.rs:75:14
[INFO] [stdout]   18:     0x63a87952e413 - core::panicking::panic_display::h5bd6179994a1c9ef
[INFO] [stdout]                                at /rustc/6067b36314ab5eb2eb47cecc464545ba58e1ad24/library/core/src/panicking.rs:261:5
[INFO] [stdout]   19:     0x63a87952ee1e - assert_cmd::assert::AssertError::panic::h35bcd66e96afd0bb
[INFO] [stdout]                                at /opt/rustwide/cargo-home/registry/src/index.crates.io-1949cf8c6b5b557f/assert_cmd-1.0.8/src/assert.rs:124:9
[INFO] [stdout]   20:     0x63a8795209b0 - core::ops::function::FnOnce::call_once::h3b56ab5db52b79ee
[INFO] [stdout]                                at /rustc/6067b36314ab5eb2eb47cecc464545ba58e1ad24/library/core/src/ops/function.rs:250:5
[INFO] [stdout]   21:     0x63a87952a930 - core::result::Result<T,E>::unwrap_or_else::h7c1bbe3de10b13e7
[INFO] [stdout]                                at /rustc/6067b36314ab5eb2eb47cecc464545ba58e1ad24/library/core/src/result.rs:1463:23
[INFO] [stdout]   22:     0x63a87950d5a0 - assert_cmd::assert::Assert::stdout::h36c0fe2c0ea229cb
[INFO] [stdout]                                at /opt/rustwide/cargo-home/registry/src/index.crates.io-1949cf8c6b5b557f/assert_cmd-1.0.8/src/assert.rs:451:9
[INFO] [stdout]   23:     0x63a87951d27d - lib::cmdtest::test_csv_utf8::hb0750b0f05d7f3a3
[INFO] [stdout]                                at /opt/rustwide/workdir/tests/lib.rs:860:17
[INFO] [stdout]   24:     0x63a87951d037 - lib::cmdtest::test_csv_utf8::{{closure}}::h66c94d752d62a2a6
[INFO] [stdout]                                at /opt/rustwide/workdir/tests/lib.rs:856:31
[INFO] [stdout]   25:     0x63a87950ebb6 - core::ops::function::FnOnce::call_once::had6094c533f018e1
[INFO] [stdout]                                at /rustc/6067b36314ab5eb2eb47cecc464545ba58e1ad24/library/core/src/ops/function.rs:250:5
[INFO] [stdout]   26:     0x63a8795b17ab - core::ops::function::FnOnce::call_once::he27718dfdd183f43
[INFO] [stdout]                                at /rustc/6067b36314ab5eb2eb47cecc464545ba58e1ad24/library/core/src/ops/function.rs:250:5
[INFO] [stdout]   27:     0x63a8795b17ab - test::__rust_begin_short_backtrace::h4e84902998457a5d
[INFO] [stdout]                                at /rustc/6067b36314ab5eb2eb47cecc464545ba58e1ad24/library/test/src/lib.rs:632:18
[INFO] [stdout]   28:     0x63a8795b06e3 - test::run_test_in_process::{{closure}}::h7176fd18fc1feca0
[INFO] [stdout]                                at /rustc/6067b36314ab5eb2eb47cecc464545ba58e1ad24/library/test/src/lib.rs:655:60
[INFO] [stdout]   29:     0x63a8795b06e3 - <core::panic::unwind_safe::AssertUnwindSafe<F> as core::ops::function::FnOnce<()>>::call_once::hf79cff2a624d8cf7
[INFO] [stdout]                                at /rustc/6067b36314ab5eb2eb47cecc464545ba58e1ad24/library/core/src/panic/unwind_safe.rs:272:9
[INFO] [stdout]   30:     0x63a8795b06e3 - std::panicking::try::do_call::h3da0561d9ab99c25
[INFO] [stdout]                                at /rustc/6067b36314ab5eb2eb47cecc464545ba58e1ad24/library/std/src/panicking.rs:587:40
[INFO] [stdout]   31:     0x63a8795b06e3 - std::panicking::try::h41c9fa508bc61df6
[INFO] [stdout]                                at /rustc/6067b36314ab5eb2eb47cecc464545ba58e1ad24/library/std/src/panicking.rs:550:19
[INFO] [stdout]   32:     0x63a8795b06e3 - std::panic::catch_unwind::h6b3ff07bb5afad93
[INFO] [stdout]                                at /rustc/6067b36314ab5eb2eb47cecc464545ba58e1ad24/library/std/src/panic.rs:358:14
[INFO] [stdout]   33:     0x63a8795b06e3 - test::run_test_in_process::hc7253dd11b39b9f4
[INFO] [stdout]                                at /rustc/6067b36314ab5eb2eb47cecc464545ba58e1ad24/library/test/src/lib.rs:655:27
[INFO] [stdout]   34:     0x63a8795b06e3 - test::run_test::{{closure}}::hfb2007f8649c30bb
[INFO] [stdout]                                at /rustc/6067b36314ab5eb2eb47cecc464545ba58e1ad24/library/test/src/lib.rs:576:43
[INFO] [stdout]   35:     0x63a8795737c5 - test::run_test::{{closure}}::h56a17aa7a282a9f4
[INFO] [stdout]                                at /rustc/6067b36314ab5eb2eb47cecc464545ba58e1ad24/library/test/src/lib.rs:606:41
[INFO] [stdout]   36:     0x63a8795737c5 - std::sys::backtrace::__rust_begin_short_backtrace::hd2d2d2fb8e8c6aac
[INFO] [stdout]                                at /rustc/6067b36314ab5eb2eb47cecc464545ba58e1ad24/library/std/src/sys/backtrace.rs:152:18
[INFO] [stdout]   37:     0x63a8795770aa - std::thread::Builder::spawn_unchecked_::{{closure}}::{{closure}}::h4faa3f9db6133423
[INFO] [stdout]                                at /rustc/6067b36314ab5eb2eb47cecc464545ba58e1ad24/library/std/src/thread/mod.rs:559:17
[INFO] [stdout]   38:     0x63a8795770aa - <core::panic::unwind_safe::AssertUnwindSafe<F> as core::ops::function::FnOnce<()>>::call_once::hf2e855a36a4ea846
[INFO] [stdout]                                at /rustc/6067b36314ab5eb2eb47cecc464545ba58e1ad24/library/core/src/panic/unwind_safe.rs:272:9
[INFO] [stdout]   39:     0x63a8795770aa - std::panicking::try::do_call::h2f73af3616c35465
[INFO] [stdout]                                at /rustc/6067b36314ab5eb2eb47cecc464545ba58e1ad24/library/std/src/panicking.rs:587:40
[INFO] [stdout]   40:     0x63a8795770aa - std::panicking::try::hd1660ce9efadef5a
[INFO] [stdout]                                at /rustc/6067b36314ab5eb2eb47cecc464545ba58e1ad24/library/std/src/panicking.rs:550:19
[INFO] [stdout]   41:     0x63a8795770aa - std::panic::catch_unwind::h5ee8d7823b8ca744
[INFO] [stdout]                                at /rustc/6067b36314ab5eb2eb47cecc464545ba58e1ad24/library/std/src/panic.rs:358:14
[INFO] [stdout]   42:     0x63a8795770aa - std::thread::Builder::spawn_unchecked_::{{closure}}::h53c3a1894dce8407
[INFO] [stdout]                                at /rustc/6067b36314ab5eb2eb47cecc464545ba58e1ad24/library/std/src/thread/mod.rs:557:30
[INFO] [stdout]   43:     0x63a8795770aa - core::ops::function::FnOnce::call_once{{vtable.shim}}::h048ce291ad4f62bf
[INFO] [stdout]                                at /rustc/6067b36314ab5eb2eb47cecc464545ba58e1ad24/library/core/src/ops/function.rs:250:5
[INFO] [stdout]   44:     0x63a8795e997b - <alloc::boxed::Box<F,A> as core::ops::function::FnOnce<Args>>::call_once::ha52bedf99a3b4981
[INFO] [stdout]                                at /rustc/6067b36314ab5eb2eb47cecc464545ba58e1ad24/library/alloc/src/boxed.rs:2013:9
[INFO] [stderr] error: test failed, to rerun pass `--test lib`
[INFO] [stdout]   45:     0x63a8795e997b - <alloc::boxed::Box<F,A> as core::ops::function::FnOnce<Args>>::call_once::h567748934d80ccf8
[INFO] [stdout]                                at /rustc/6067b36314ab5eb2eb47cecc464545ba58e1ad24/library/alloc/src/boxed.rs:2013:9
[INFO] [stdout]   46:     0x63a8795e997b - std::sys::pal::unix::thread::Thread::new::thread_start::h2d970728ae887adc
[INFO] [stdout]                                at /rustc/6067b36314ab5eb2eb47cecc464545ba58e1ad24/library/std/src/sys/pal/unix/thread.rs:106:17
[INFO] [stdout]   47:     0x76245368aac3 - <unknown>
[INFO] [stdout]   48:     0x76245371ba04 - clone
[INFO] [stdout]   49:                0x0 - <unknown>
[INFO] [stdout] 
[INFO] [stdout] ---- cmdtest::test_csv_double_quotation_utf8 stdout ----
[INFO] [stdout] 
[INFO] [stdout] thread 'cmdtest::test_csv_double_quotation_utf8' panicked at /opt/rustwide/cargo-home/registry/src/index.crates.io-1949cf8c6b5b557f/assert_cmd-1.0.8/src/assert.rs:124:9:
[INFO] [stdout] Unexpected stdout, failed diff original var
[INFO] [stdout] ├── original: 名前,@@@@@@,ノート
[INFO] [stdout] │   １レコード目,@@@@@@@@
[INFO] [stdout] │   @@@,かきく
[INFO] [stdout] │   ２レコード目,@@@@@@
[INFO] [stdout] │   @@@@@,"たちつ
[INFO] [stdout] │   てと"
[INFO] [stdout] ├── diff: 
[INFO] [stdout] │   --- 	orig
[INFO] [stdout] │   +++ 	var
[INFO] [stdout] │   @@ -1,5 +1,5 @@
[INFO] [stdout] │   -名前,@@@@@@,ノート
[INFO] [stdout] │   -１レコード目,@@@@@@@@
[INFO] [stdout] │   -@@@,かきく
[INFO] [stdout] │   -２レコード目,@@@@@@
[INFO] [stdout] │   -@@@@@,"たちつ
[INFO] [stdout] │   +名前,@@@@@@@@@@,ノート
[INFO] [stdout] │   +１レコード目,@@@@@@@@@@@@@@
[INFO] [stdout] │   +@@@@@@@,かきく
[INFO] [stdout] │   +２レコード目,@@@@@@@@@@@@
[INFO] [stdout] │   +@@@@@@@@@,"たちつ
[INFO] [stdout] └── var as str: 名前,@@@@@@@@@@,ノート
[INFO] [stdout]     １レコード目,@@@@@@@@@@@@@@
[INFO] [stdout]     @@@@@@@,かきく
[INFO] [stdout]     ２レコード目,@@@@@@@@@@@@
[INFO] [stdout]     @@@@@@@@@,"たちつ
[INFO] [stdout]     てと"
[INFO] [stdout] 
[INFO] [stdout] command=`"/opt/rustwide/target/debug/teip" "--csv" "-f" "2" "--" "sed" "s/./@/g"`
[INFO] [stdout] stdin=`"名前,\"作\"\"者\",ノート\n１レコード目,\"あ\"\"いう\"\"\nえお\",かきく\n２レコード目,\"\"\"さしす\n\"\"せそ\",\"たちつ\nてと\"\n"`
[INFO] [stdout] code=0
[INFO] [stdout] stdout=```"名前,@@@@@@@@@@,ノート\n１レコード目,@@@@@@@@@@@@@@\n@@@@@@@,かきく\n２レコード目,@@@@@@@@@@@@\n@@@@@@@@@,\"たちつ\nてと\"\n"```
[INFO] [stdout] stderr=```""```
[INFO] [stdout] 
[INFO] [stdout] stack backtrace:
[INFO] [stdout]    0:     0x63a8795e2f2a - std::backtrace_rs::backtrace::libunwind::trace::hb059275cfc8d6126
[INFO] [stdout]                                at /rustc/6067b36314ab5eb2eb47cecc464545ba58e1ad24/library/std/src/../../backtrace/src/backtrace/libunwind.rs:116:5
[INFO] [stdout]    1:     0x63a8795e2f2a - std::backtrace_rs::backtrace::trace_unsynchronized::h2da071e4327ce3ee
[INFO] [stdout]                                at /rustc/6067b36314ab5eb2eb47cecc464545ba58e1ad24/library/std/src/../../backtrace/src/backtrace/mod.rs:66:5
[INFO] [stdout]    2:     0x63a8795e2f2a - std::sys::backtrace::_print_fmt::h842a1474e6f8d23f
[INFO] [stdout]                                at /rustc/6067b36314ab5eb2eb47cecc464545ba58e1ad24/library/std/src/sys/backtrace.rs:66:9
[INFO] [stdout]    3:     0x63a8795e2f2a - <std::sys::backtrace::BacktraceLock::print::DisplayBacktrace as core::fmt::Display>::fmt::h71a62eb3b9696b12
[INFO] [stdout]                                at /rustc/6067b36314ab5eb2eb47cecc464545ba58e1ad24/library/std/src/sys/backtrace.rs:39:26
[INFO] [stdout]    4:     0x63a87960b803 - core::fmt::rt::Argument::fmt::hdb6b616786b41dc1
[INFO] [stdout]                                at /rustc/6067b36314ab5eb2eb47cecc464545ba58e1ad24/library/core/src/fmt/rt.rs:177:76
[INFO] [stdout]    5:     0x63a87960b803 - core::fmt::write::h2cc1698af7e2d686
[INFO] [stdout]                                at /rustc/6067b36314ab5eb2eb47cecc464545ba58e1ad24/library/core/src/fmt/mod.rs:1440:21
[INFO] [stdout]    6:     0x63a8795df3d3 - std::io::Write::write_fmt::hab1b4cd059a79022
[INFO] [stdout]                                at /rustc/6067b36314ab5eb2eb47cecc464545ba58e1ad24/library/std/src/io/mod.rs:1887:15
[INFO] [stdout]    7:     0x63a8795e2d72 - std::sys::backtrace::BacktraceLock::print::h147fe35b4ea13b08
[INFO] [stdout]                                at /rustc/6067b36314ab5eb2eb47cecc464545ba58e1ad24/library/std/src/sys/backtrace.rs:42:9
[INFO] [stdout]    8:     0x63a8795e43cf - std::panicking::default_hook::{{closure}}::hbd44223dbdc0d208
[INFO] [stdout]                                at /rustc/6067b36314ab5eb2eb47cecc464545ba58e1ad24/library/std/src/panicking.rs:298:22
[INFO] [stdout]    9:     0x63a8795e41e8 - std::panicking::default_hook::h20f81eb0576efcec
[INFO] [stdout]                                at /rustc/6067b36314ab5eb2eb47cecc464545ba58e1ad24/library/std/src/panicking.rs:322:9
[INFO] [stdout]   10:     0x63a8795ac053 - <alloc::boxed::Box<F,A> as core::ops::function::Fn<Args>>::call::hdb53814c496a4d34
[INFO] [stdout]                                at /rustc/6067b36314ab5eb2eb47cecc464545ba58e1ad24/library/alloc/src/boxed.rs:2027:9
[INFO] [stdout]   11:     0x63a8795ac053 - test::test_main::{{closure}}::hc0a4963c59427c24
[INFO] [stdout]                                at /rustc/6067b36314ab5eb2eb47cecc464545ba58e1ad24/library/test/src/lib.rs:134:21
[INFO] [stdout]   12:     0x63a8795e4ec3 - <alloc::boxed::Box<F,A> as core::ops::function::Fn<Args>>::call::h591b2225413a77e9
[INFO] [stdout]                                at /rustc/6067b36314ab5eb2eb47cecc464545ba58e1ad24/library/alloc/src/boxed.rs:2027:9
[INFO] [stdout]   13:     0x63a8795e4ec3 - std::panicking::rust_panic_with_hook::h625eea43051b2edc
[INFO] [stdout]                                at /rustc/6067b36314ab5eb2eb47cecc464545ba58e1ad24/library/std/src/panicking.rs:839:13
[INFO] [stdout]   14:     0x63a8795e4b7a - std::panicking::begin_panic_handler::{{closure}}::h4f9159cfbc3f6bd3
[INFO] [stdout]                                at /rustc/6067b36314ab5eb2eb47cecc464545ba58e1ad24/library/std/src/panicking.rs:704:13
[INFO] [stdout]   15:     0x63a8795e3429 - std::sys::backtrace::__rust_end_short_backtrace::h0390abce48353151
[INFO] [stdout]                                at /rustc/6067b36314ab5eb2eb47cecc464545ba58e1ad24/library/std/src/sys/backtrace.rs:168:18
[INFO] [stdout]   16:     0x63a8795e480d - rust_begin_unwind
[INFO] [stdout]                                at /rustc/6067b36314ab5eb2eb47cecc464545ba58e1ad24/library/std/src/panicking.rs:695:5
[INFO] [stdout]   17:     0x63a879609ed0 - core::panicking::panic_fmt::h9e7c637e9e5f29c9
[INFO] [stdout]                                at /rustc/6067b36314ab5eb2eb47cecc464545ba58e1ad24/library/core/src/panicking.rs:75:14
[INFO] [stdout]   18:     0x63a87952e413 - core::panicking::panic_display::h5bd6179994a1c9ef
[INFO] [stdout]                                at /rustc/6067b36314ab5eb2eb47cecc464545ba58e1ad24/library/core/src/panicking.rs:261:5
[INFO] [stdout]   19:     0x63a87952ee1e - assert_cmd::assert::AssertError::panic::h35bcd66e96afd0bb
[INFO] [stdout]                                at /opt/rustwide/cargo-home/registry/src/index.crates.io-1949cf8c6b5b557f/assert_cmd-1.0.8/src/assert.rs:124:9
[INFO] [stdout]   20:     0x63a8795209b0 - core::ops::function::FnOnce::call_once::h3b56ab5db52b79ee
[INFO] [stdout]                                at /rustc/6067b36314ab5eb2eb47cecc464545ba58e1ad24/library/core/src/ops/function.rs:250:5
[INFO] [stdout]   21:     0x63a87952a930 - core::result::Result<T,E>::unwrap_or_else::h7c1bbe3de10b13e7
[INFO] [stdout]                                at /rustc/6067b36314ab5eb2eb47cecc464545ba58e1ad24/library/core/src/result.rs:1463:23
[INFO] [stdout]   22:     0x63a87950d5a0 - assert_cmd::assert::Assert::stdout::h36c0fe2c0ea229cb
[INFO] [stdout]                                at /opt/rustwide/cargo-home/registry/src/index.crates.io-1949cf8c6b5b557f/assert_cmd-1.0.8/src/assert.rs:451:9
[INFO] [stdout]   23:     0x63a87951da8d - lib::cmdtest::test_csv_double_quotation_utf8::hf5d46c4f49430b38
[INFO] [stdout]                                at /opt/rustwide/workdir/tests/lib.rs:887:17
[INFO] [stdout]   24:     0x63a87951d847 - lib::cmdtest::test_csv_double_quotation_utf8::{{closure}}::hbc2e8d4906eae293
[INFO] [stdout]                                at /opt/rustwide/workdir/tests/lib.rs:885:48
[INFO] [stdout]   25:     0x63a87950e1f6 - core::ops::function::FnOnce::call_once::h2da81aa932978001
[INFO] [stdout]                                at /rustc/6067b36314ab5eb2eb47cecc464545ba58e1ad24/library/core/src/ops/function.rs:250:5
[INFO] [stdout]   26:     0x63a8795b17ab - core::ops::function::FnOnce::call_once::he27718dfdd183f43
[INFO] [stdout]                                at /rustc/6067b36314ab5eb2eb47cecc464545ba58e1ad24/library/core/src/ops/function.rs:250:5
[INFO] [stdout]   27:     0x63a8795b17ab - test::__rust_begin_short_backtrace::h4e84902998457a5d
[INFO] [stdout]                                at /rustc/6067b36314ab5eb2eb47cecc464545ba58e1ad24/library/test/src/lib.rs:632:18
[INFO] [stdout]   28:     0x63a8795b06e3 - test::run_test_in_process::{{closure}}::h7176fd18fc1feca0
[INFO] [stdout]                                at /rustc/6067b36314ab5eb2eb47cecc464545ba58e1ad24/library/test/src/lib.rs:655:60
[INFO] [stdout]   29:     0x63a8795b06e3 - <core::panic::unwind_safe::AssertUnwindSafe<F> as core::ops::function::FnOnce<()>>::call_once::hf79cff2a624d8cf7
[INFO] [stdout]                                at /rustc/6067b36314ab5eb2eb47cecc464545ba58e1ad24/library/core/src/panic/unwind_safe.rs:272:9
[INFO] [stdout]   30:     0x63a8795b06e3 - std::panicking::try::do_call::h3da0561d9ab99c25
[INFO] [stdout]                                at /rustc/6067b36314ab5eb2eb47cecc464545ba58e1ad24/library/std/src/panicking.rs:587:40
[INFO] [stdout]   31:     0x63a8795b06e3 - std::panicking::try::h41c9fa508bc61df6
[INFO] [stdout]                                at /rustc/6067b36314ab5eb2eb47cecc464545ba58e1ad24/library/std/src/panicking.rs:550:19
[INFO] [stdout]   32:     0x63a8795b06e3 - std::panic::catch_unwind::h6b3ff07bb5afad93
[INFO] [stdout]                                at /rustc/6067b36314ab5eb2eb47cecc464545ba58e1ad24/library/std/src/panic.rs:358:14
[INFO] [stdout]   33:     0x63a8795b06e3 - test::run_test_in_process::hc7253dd11b39b9f4
[INFO] [stdout]                                at /rustc/6067b36314ab5eb2eb47cecc464545ba58e1ad24/library/test/src/lib.rs:655:27
[INFO] [stdout]   34:     0x63a8795b06e3 - test::run_test::{{closure}}::hfb2007f8649c30bb
[INFO] [stdout]                                at /rustc/6067b36314ab5eb2eb47cecc464545ba58e1ad24/library/test/src/lib.rs:576:43
[INFO] [stdout]   35:     0x63a8795737c5 - test::run_test::{{closure}}::h56a17aa7a282a9f4
[INFO] [stdout]                                at /rustc/6067b36314ab5eb2eb47cecc464545ba58e1ad24/library/test/src/lib.rs:606:41
[INFO] [stdout]   36:     0x63a8795737c5 - std::sys::backtrace::__rust_begin_short_backtrace::hd2d2d2fb8e8c6aac
[INFO] [stdout]                                at /rustc/6067b36314ab5eb2eb47cecc464545ba58e1ad24/library/std/src/sys/backtrace.rs:152:18
[INFO] [stdout]   37:     0x63a8795770aa - std::thread::Builder::spawn_unchecked_::{{closure}}::{{closure}}::h4faa3f9db6133423
[INFO] [stdout]                                at /rustc/6067b36314ab5eb2eb47cecc464545ba58e1ad24/library/std/src/thread/mod.rs:559:17
[INFO] [stdout]   38:     0x63a8795770aa - <core::panic::unwind_safe::AssertUnwindSafe<F> as core::ops::function::FnOnce<()>>::call_once::hf2e855a36a4ea846
[INFO] [stdout]                                at /rustc/6067b36314ab5eb2eb47cecc464545ba58e1ad24/library/core/src/panic/unwind_safe.rs:272:9
[INFO] [stdout]   39:     0x63a8795770aa - std::panicking::try::do_call::h2f73af3616c35465
[INFO] [stdout]                                at /rustc/6067b36314ab5eb2eb47cecc464545ba58e1ad24/library/std/src/panicking.rs:587:40
[INFO] [stdout]   40:     0x63a8795770aa - std::panicking::try::hd1660ce9efadef5a
[INFO] [stdout]                                at /rustc/6067b36314ab5eb2eb47cecc464545ba58e1ad24/library/std/src/panicking.rs:550:19
[INFO] [stdout]   41:     0x63a8795770aa - std::panic::catch_unwind::h5ee8d7823b8ca744
[INFO] [stdout]                                at /rustc/6067b36314ab5eb2eb47cecc464545ba58e1ad24/library/std/src/panic.rs:358:14
[INFO] [stdout]   42:     0x63a8795770aa - std::thread::Builder::spawn_unchecked_::{{closure}}::h53c3a1894dce8407
[INFO] [stdout]                                at /rustc/6067b36314ab5eb2eb47cecc464545ba58e1ad24/library/std/src/thread/mod.rs:557:30
[INFO] [stdout]   43:     0x63a8795770aa - core::ops::function::FnOnce::call_once{{vtable.shim}}::h048ce291ad4f62bf
[INFO] [stdout]                                at /rustc/6067b36314ab5eb2eb47cecc464545ba58e1ad24/library/core/src/ops/function.rs:250:5
[INFO] [stdout]   44:     0x63a8795e997b - <alloc::boxed::Box<F,A> as core::ops::function::FnOnce<Args>>::call_once::ha52bedf99a3b4981
[INFO] [stdout]                                at /rustc/6067b36314ab5eb2eb47cecc464545ba58e1ad24/library/alloc/src/boxed.rs:2013:9
[INFO] [stdout]   45:     0x63a8795e997b - <alloc::boxed::Box<F,A> as core::ops::function::FnOnce<Args>>::call_once::h567748934d80ccf8
[INFO] [stdout]                                at /rustc/6067b36314ab5eb2eb47cecc464545ba58e1ad24/library/alloc/src/boxed.rs:2013:9
[INFO] [stdout]   46:     0x63a8795e997b - std::sys::pal::unix::thread::Thread::new::thread_start::h2d970728ae887adc
[INFO] [stdout]                                at /rustc/6067b36314ab5eb2eb47cecc464545ba58e1ad24/library/std/src/sys/pal/unix/thread.rs:106:17
[INFO] [stdout]   47:     0x76245368aac3 - <unknown>
[INFO] [stdout]   48:     0x76245371ba04 - clone
[INFO] [stdout]   49:                0x0 - <unknown>
[INFO] [stdout] 
[INFO] [stdout] ---- cmdtest::test_solid_csv_end_nolf_utf8 stdout ----
[INFO] [stdout] 
[INFO] [stdout] thread 'cmdtest::test_solid_csv_end_nolf_utf8' panicked at /opt/rustwide/cargo-home/registry/src/index.crates.io-1949cf8c6b5b557f/assert_cmd-1.0.8/src/assert.rs:124:9:
[INFO] [stdout] Unexpected stdout, failed diff original var
[INFO] [stdout] ├── original: 名前,作者,@@@
[INFO] [stdout] │   １レコード目,"あいう
[INFO] [stdout] │   えお",@@@
[INFO] [stdout] │   ２レコード目,"さしす
[INFO] [stdout] │   せそ",@@@@
[INFO] [stdout] │   @@@
[INFO] [stdout] ├── diff: 
[INFO] [stdout] │   --- 	orig
[INFO] [stdout] │   +++ 	var
[INFO] [stdout] │   @@ -1 +1 @@
[INFO] [stdout] │   -名前,作者,@@@
[INFO] [stdout] │   +名前,作者,@@@@@@@@@
[INFO] [stdout] │   @@ -3 +3 @@
[INFO] [stdout] │   -えお",@@@
[INFO] [stdout] │   +えお",@@@@@@@@@
[INFO] [stdout] │   @@ -5,2 +5,2 @@
[INFO] [stdout] │   -せそ",@@@@
[INFO] [stdout] │   -@@@
[INFO] [stdout] │   +せそ",@@@@@@@@@@
[INFO] [stdout] │   +@@@@@@@
[INFO] [stdout] └── var as str: 名前,作者,@@@@@@@@@
[INFO] [stdout]     １レコード目,"あいう
[INFO] [stdout]     えお",@@@@@@@@@
[INFO] [stdout]     ２レコード目,"さしす
[INFO] [stdout]     せそ",@@@@@@@@@@
[INFO] [stdout]     @@@@@@@
[INFO] [stdout] 
[INFO] [stdout] command=`"/opt/rustwide/target/debug/teip" "--csv" "-s" "-f" "3" "--" "sed" "s/./@/g"`
[INFO] [stdout] stdin=`"名前,作者,ノート\n１レコード目,\"あいう\nえお\",かきく\n２レコード目,\"さしす\nせそ\",\"たちつ\nてと\""`
[INFO] [stdout] code=0
[INFO] [stdout] stdout=```"名前,作者,@@@@@@@@@\n１レコード目,\"あいう\nえお\",@@@@@@@@@\n２レコード目,\"さしす\nせそ\",@@@@@@@@@@\n@@@@@@@"```
[INFO] [stdout] stderr=```""```
[INFO] [stdout] 
[INFO] [stdout] stack backtrace:
[INFO] [stdout]    0:     0x63a8795e2f2a - std::backtrace_rs::backtrace::libunwind::trace::hb059275cfc8d6126
[INFO] [stdout]                                at /rustc/6067b36314ab5eb2eb47cecc464545ba58e1ad24/library/std/src/../../backtrace/src/backtrace/libunwind.rs:116:5
[INFO] [stdout]    1:     0x63a8795e2f2a - std::backtrace_rs::backtrace::trace_unsynchronized::h2da071e4327ce3ee
[INFO] [stdout]                                at /rustc/6067b36314ab5eb2eb47cecc464545ba58e1ad24/library/std/src/../../backtrace/src/backtrace/mod.rs:66:5
[INFO] [stdout]    2:     0x63a8795e2f2a - std::sys::backtrace::_print_fmt::h842a1474e6f8d23f
[INFO] [stdout]                                at /rustc/6067b36314ab5eb2eb47cecc464545ba58e1ad24/library/std/src/sys/backtrace.rs:66:9
[INFO] [stdout]    3:     0x63a8795e2f2a - <std::sys::backtrace::BacktraceLock::print::DisplayBacktrace as core::fmt::Display>::fmt::h71a62eb3b9696b12
[INFO] [stdout]                                at /rustc/6067b36314ab5eb2eb47cecc464545ba58e1ad24/library/std/src/sys/backtrace.rs:39:26
[INFO] [stdout]    4:     0x63a87960b803 - core::fmt::rt::Argument::fmt::hdb6b616786b41dc1
[INFO] [stdout]                                at /rustc/6067b36314ab5eb2eb47cecc464545ba58e1ad24/library/core/src/fmt/rt.rs:177:76
[INFO] [stdout]    5:     0x63a87960b803 - core::fmt::write::h2cc1698af7e2d686
[INFO] [stdout]                                at /rustc/6067b36314ab5eb2eb47cecc464545ba58e1ad24/library/core/src/fmt/mod.rs:1440:21
[INFO] [stdout]    6:     0x63a8795df3d3 - std::io::Write::write_fmt::hab1b4cd059a79022
[INFO] [stdout]                                at /rustc/6067b36314ab5eb2eb47cecc464545ba58e1ad24/library/std/src/io/mod.rs:1887:15
[INFO] [stdout]    7:     0x63a8795e2d72 - std::sys::backtrace::BacktraceLock::print::h147fe35b4ea13b08
[INFO] [stdout]                                at /rustc/6067b36314ab5eb2eb47cecc464545ba58e1ad24/library/std/src/sys/backtrace.rs:42:9
[INFO] [stdout]    8:     0x63a8795e43cf - std::panicking::default_hook::{{closure}}::hbd44223dbdc0d208
[INFO] [stdout]                                at /rustc/6067b36314ab5eb2eb47cecc464545ba58e1ad24/library/std/src/panicking.rs:298:22
[INFO] [stdout]    9:     0x63a8795e41e8 - std::panicking::default_hook::h20f81eb0576efcec
[INFO] [stdout]                                at /rustc/6067b36314ab5eb2eb47cecc464545ba58e1ad24/library/std/src/panicking.rs:322:9
[INFO] [stdout]   10:     0x63a8795ac053 - <alloc::boxed::Box<F,A> as core::ops::function::Fn<Args>>::call::hdb53814c496a4d34
[INFO] [stdout]                                at /rustc/6067b36314ab5eb2eb47cecc464545ba58e1ad24/library/alloc/src/boxed.rs:2027:9
[INFO] [stdout]   11:     0x63a8795ac053 - test::test_main::{{closure}}::hc0a4963c59427c24
[INFO] [stdout]                                at /rustc/6067b36314ab5eb2eb47cecc464545ba58e1ad24/library/test/src/lib.rs:134:21
[INFO] [stdout]   12:     0x63a8795e4ec3 - <alloc::boxed::Box<F,A> as core::ops::function::Fn<Args>>::call::h591b2225413a77e9
[INFO] [stdout]                                at /rustc/6067b36314ab5eb2eb47cecc464545ba58e1ad24/library/alloc/src/boxed.rs:2027:9
[INFO] [stdout]   13:     0x63a8795e4ec3 - std::panicking::rust_panic_with_hook::h625eea43051b2edc
[INFO] [stdout]                                at /rustc/6067b36314ab5eb2eb47cecc464545ba58e1ad24/library/std/src/panicking.rs:839:13
[INFO] [stdout]   14:     0x63a8795e4b7a - std::panicking::begin_panic_handler::{{closure}}::h4f9159cfbc3f6bd3
[INFO] [stdout]                                at /rustc/6067b36314ab5eb2eb47cecc464545ba58e1ad24/library/std/src/panicking.rs:704:13
[INFO] [stdout]   15:     0x63a8795e3429 - std::sys::backtrace::__rust_end_short_backtrace::h0390abce48353151
[INFO] [stdout]                                at /rustc/6067b36314ab5eb2eb47cecc464545ba58e1ad24/library/std/src/sys/backtrace.rs:168:18
[INFO] [stdout]   16:     0x63a8795e480d - rust_begin_unwind
[INFO] [stdout]                                at /rustc/6067b36314ab5eb2eb47cecc464545ba58e1ad24/library/std/src/panicking.rs:695:5
[INFO] [stdout]   17:     0x63a879609ed0 - core::panicking::panic_fmt::h9e7c637e9e5f29c9
[INFO] [stdout]                                at /rustc/6067b36314ab5eb2eb47cecc464545ba58e1ad24/library/core/src/panicking.rs:75:14
[INFO] [stdout]   18:     0x63a87952e413 - core::panicking::panic_display::h5bd6179994a1c9ef
[INFO] [stdout]                                at /rustc/6067b36314ab5eb2eb47cecc464545ba58e1ad24/library/core/src/panicking.rs:261:5
[INFO] [stdout]   19:     0x63a87952ee1e - assert_cmd::assert::AssertError::panic::h35bcd66e96afd0bb
[INFO] [stdout]                                at /opt/rustwide/cargo-home/registry/src/index.crates.io-1949cf8c6b5b557f/assert_cmd-1.0.8/src/assert.rs:124:9
[INFO] [stdout]   20:     0x63a8795209b0 - core::ops::function::FnOnce::call_once::h3b56ab5db52b79ee
[INFO] [stdout]                                at /rustc/6067b36314ab5eb2eb47cecc464545ba58e1ad24/library/core/src/ops/function.rs:250:5
[INFO] [stdout]   21:     0x63a87952a930 - core::result::Result<T,E>::unwrap_or_else::h7c1bbe3de10b13e7
[INFO] [stdout]                                at /rustc/6067b36314ab5eb2eb47cecc464545ba58e1ad24/library/core/src/result.rs:1463:23
[INFO] [stdout]   22:     0x63a87950d5a0 - assert_cmd::assert::Assert::stdout::h36c0fe2c0ea229cb
[INFO] [stdout]                                at /opt/rustwide/cargo-home/registry/src/index.crates.io-1949cf8c6b5b557f/assert_cmd-1.0.8/src/assert.rs:451:9
[INFO] [stdout]   23:     0x63a87951e018 - lib::cmdtest::test_solid_csv_end_nolf_utf8::h47cca773ec4a8032
[INFO] [stdout]                                at /opt/rustwide/workdir/tests/lib.rs:904:17
[INFO] [stdout]   24:     0x63a87951ddb7 - lib::cmdtest::test_solid_csv_end_nolf_utf8::{{closure}}::hfeabd84fc238b566
[INFO] [stdout]                                at /opt/rustwide/workdir/tests/lib.rs:902:46
[INFO] [stdout]   25:     0x63a87950ea76 - core::ops::function::FnOnce::call_once::h98485aec19ed366f
[INFO] [stdout]                                at /rustc/6067b36314ab5eb2eb47cecc464545ba58e1ad24/library/core/src/ops/function.rs:250:5
[INFO] [stdout]   26:     0x63a8795b17ab - core::ops::function::FnOnce::call_once::he27718dfdd183f43
[INFO] [stdout]                                at /rustc/6067b36314ab5eb2eb47cecc464545ba58e1ad24/library/core/src/ops/function.rs:250:5
[INFO] [stdout]   27:     0x63a8795b17ab - test::__rust_begin_short_backtrace::h4e84902998457a5d
[INFO] [stdout]                                at /rustc/6067b36314ab5eb2eb47cecc464545ba58e1ad24/library/test/src/lib.rs:632:18
[INFO] [stdout]   28:     0x63a8795b06e3 - test::run_test_in_process::{{closure}}::h7176fd18fc1feca0
[INFO] [stdout]                                at /rustc/6067b36314ab5eb2eb47cecc464545ba58e1ad24/library/test/src/lib.rs:655:60
[INFO] [stdout]   29:     0x63a8795b06e3 - <core::panic::unwind_safe::AssertUnwindSafe<F> as core::ops::function::FnOnce<()>>::call_once::hf79cff2a624d8cf7
[INFO] [stdout]                                at /rustc/6067b36314ab5eb2eb47cecc464545ba58e1ad24/library/core/src/panic/unwind_safe.rs:272:9
[INFO] [stdout]   30:     0x63a8795b06e3 - std::panicking::try::do_call::h3da0561d9ab99c25
[INFO] [stdout]                                at /rustc/6067b36314ab5eb2eb47cecc464545ba58e1ad24/library/std/src/panicking.rs:587:40
[INFO] [stdout]   31:     0x63a8795b06e3 - std::panicking::try::h41c9fa508bc61df6
[INFO] [stdout]                                at /rustc/6067b36314ab5eb2eb47cecc464545ba58e1ad24/library/std/src/panicking.rs:550:19
[INFO] [stdout]   32:     0x63a8795b06e3 - std::panic::catch_unwind::h6b3ff07bb5afad93
[INFO] [stdout]                                at /rustc/6067b36314ab5eb2eb47cecc464545ba58e1ad24/library/std/src/panic.rs:358:14
[INFO] [stdout]   33:     0x63a8795b06e3 - test::run_test_in_process::hc7253dd11b39b9f4
[INFO] [stdout]                                at /rustc/6067b36314ab5eb2eb47cecc464545ba58e1ad24/library/test/src/lib.rs:655:27
[INFO] [stdout]   34:     0x63a8795b06e3 - test::run_test::{{closure}}::hfb2007f8649c30bb
[INFO] [stdout]                                at /rustc/6067b36314ab5eb2eb47cecc464545ba58e1ad24/library/test/src/lib.rs:576:43
[INFO] [stdout]   35:     0x63a8795737c5 - test::run_test::{{closure}}::h56a17aa7a282a9f4
[INFO] [stdout]                                at /rustc/6067b36314ab5eb2eb47cecc464545ba58e1ad24/library/test/src/lib.rs:606:41
[INFO] [stdout]   36:     0x63a8795737c5 - std::sys::backtrace::__rust_begin_short_backtrace::hd2d2d2fb8e8c6aac
[INFO] [stdout]                                at /rustc/6067b36314ab5eb2eb47cecc464545ba58e1ad24/library/std/src/sys/backtrace.rs:152:18
[INFO] [stdout]   37:     0x63a8795770aa - std::thread::Builder::spawn_unchecked_::{{closure}}::{{closure}}::h4faa3f9db6133423
[INFO] [stdout]                                at /rustc/6067b36314ab5eb2eb47cecc464545ba58e1ad24/library/std/src/thread/mod.rs:559:17
[INFO] [stdout]   38:     0x63a8795770aa - <core::panic::unwind_safe::AssertUnwindSafe<F> as core::ops::function::FnOnce<()>>::call_once::hf2e855a36a4ea846
[INFO] [stdout]                                at /rustc/6067b36314ab5eb2eb47cecc464545ba58e1ad24/library/core/src/panic/unwind_safe.rs:272:9
[INFO] [stdout]   39:     0x63a8795770aa - std::panicking::try::do_call::h2f73af3616c35465
[INFO] [stdout]                                at /rustc/6067b36314ab5eb2eb47cecc464545ba58e1ad24/library/std/src/panicking.rs:587:40
[INFO] [stdout]   40:     0x63a8795770aa - std::panicking::try::hd1660ce9efadef5a
[INFO] [stdout]                                at /rustc/6067b36314ab5eb2eb47cecc464545ba58e1ad24/library/std/src/panicking.rs:550:19
[INFO] [stdout]   41:     0x63a8795770aa - std::panic::catch_unwind::h5ee8d7823b8ca744
[INFO] [stdout]                                at /rustc/6067b36314ab5eb2eb47cecc464545ba58e1ad24/library/std/src/panic.rs:358:14
[INFO] [stdout]   42:     0x63a8795770aa - std::thread::Builder::spawn_unchecked_::{{closure}}::h53c3a1894dce8407
[INFO] [stdout]                                at /rustc/6067b36314ab5eb2eb47cecc464545ba58e1ad24/library/std/src/thread/mod.rs:557:30
[INFO] [stdout]   43:     0x63a8795770aa - core::ops::function::FnOnce::call_once{{vtable.shim}}::h048ce291ad4f62bf
[INFO] [stdout]                                at /rustc/6067b36314ab5eb2eb47cecc464545ba58e1ad24/library/core/src/ops/function.rs:250:5
[INFO] [stdout]   44:     0x63a8795e997b - <alloc::boxed::Box<F,A> as core::ops::function::FnOnce<Args>>::call_once::ha52bedf99a3b4981
[INFO] [stdout]                                at /rustc/6067b36314ab5eb2eb47cecc464545ba58e1ad24/library/alloc/src/boxed.rs:2013:9
[INFO] [stdout]   45:     0x63a8795e997b - <alloc::boxed::Box<F,A> as core::ops::function::FnOnce<Args>>::call_once::h567748934d80ccf8
[INFO] [stdout]                                at /rustc/6067b36314ab5eb2eb47cecc464545ba58e1ad24/library/alloc/src/boxed.rs:2013:9
[INFO] [stdout]   46:     0x63a8795e997b - std::sys::pal::unix::thread::Thread::new::thread_start::h2d970728ae887adc
[INFO] [stdout]                                at /rustc/6067b36314ab5eb2eb47cecc464545ba58e1ad24/library/std/src/sys/pal/unix/thread.rs:106:17
[INFO] [stdout]   47:     0x76245368aac3 - <unknown>
[INFO] [stdout]   48:     0x76245371ba04 - clone
[INFO] [stdout]   49:                0x0 - <unknown>
[INFO] [stdout] 
[INFO] [stdout] ---- cmdtest::test_solid_csv_double_quotation_utf8 stdout ----
[INFO] [stdout] 
[INFO] [stdout] thread 'cmdtest::test_solid_csv_double_quotation_utf8' panicked at /opt/rustwide/cargo-home/registry/src/index.crates.io-1949cf8c6b5b557f/assert_cmd-1.0.8/src/assert.rs:124:9:
[INFO] [stdout] Unexpected stdout, failed diff original var
[INFO] [stdout] ├── original: 名前,@@@@@@,ノート
[INFO] [stdout] │   １レコード目,@@@@@@@@
[INFO] [stdout] │   @@@,かきく
[INFO] [stdout] │   ２レコード目,@@@@@@
[INFO] [stdout] │   @@@@@,"たちつ
[INFO] [stdout] │   てと"
[INFO] [stdout] ├── diff: 
[INFO] [stdout] │   --- 	orig
[INFO] [stdout] │   +++ 	var
[INFO] [stdout] │   @@ -1,5 +1,5 @@
[INFO] [stdout] │   -名前,@@@@@@,ノート
[INFO] [stdout] │   -１レコード目,@@@@@@@@
[INFO] [stdout] │   -@@@,かきく
[INFO] [stdout] │   -２レコード目,@@@@@@
[INFO] [stdout] │   -@@@@@,"たちつ
[INFO] [stdout] │   +名前,@@@@@@@@@@,ノート
[INFO] [stdout] │   +１レコード目,@@@@@@@@@@@@@@
[INFO] [stdout] │   +@@@@@@@,かきく
[INFO] [stdout] │   +２レコード目,@@@@@@@@@@@@
[INFO] [stdout] │   +@@@@@@@@@,"たちつ
[INFO] [stdout] └── var as str: 名前,@@@@@@@@@@,ノート
[INFO] [stdout]     １レコード目,@@@@@@@@@@@@@@
[INFO] [stdout]     @@@@@@@,かきく
[INFO] [stdout]     ２レコード目,@@@@@@@@@@@@
[INFO] [stdout]     @@@@@@@@@,"たちつ
[INFO] [stdout]     てと"
[INFO] [stdout] 
[INFO] [stdout] command=`"/opt/rustwide/target/debug/teip" "--csv" "-s" "-f" "2" "--" "sed" "s/./@/g"`
[INFO] [stdout] stdin=`"名前,\"作\"\"者\",ノート\n１レコード目,\"あ\"\"いう\"\"\nえお\",かきく\n２レコード目,\"\"\"さしす\n\"\"せそ\",\"たちつ\nてと\"\n"`
[INFO] [stdout] code=0
[INFO] [stdout] stdout=```"名前,@@@@@@@@@@,ノート\n１レコード目,@@@@@@@@@@@@@@\n@@@@@@@,かきく\n２レコード目,@@@@@@@@@@@@\n@@@@@@@@@,\"たちつ\nてと\"\n"```
[INFO] [stdout] stderr=```""```
[INFO] [stdout] 
[INFO] [stdout] stack backtrace:
[INFO] [stdout]    0:     0x63a8795e2f2a - std::backtrace_rs::backtrace::libunwind::trace::hb059275cfc8d6126
[INFO] [stdout]                                at /rustc/6067b36314ab5eb2eb47cecc464545ba58e1ad24/library/std/src/../../backtrace/src/backtrace/libunwind.rs:116:5
[INFO] [stdout]    1:     0x63a8795e2f2a - std::backtrace_rs::backtrace::trace_unsynchronized::h2da071e4327ce3ee
[INFO] [stdout]                                at /rustc/6067b36314ab5eb2eb47cecc464545ba58e1ad24/library/std/src/../../backtrace/src/backtrace/mod.rs:66:5
[INFO] [stdout]    2:     0x63a8795e2f2a - std::sys::backtrace::_print_fmt::h842a1474e6f8d23f
[INFO] [stdout]                                at /rustc/6067b36314ab5eb2eb47cecc464545ba58e1ad24/library/std/src/sys/backtrace.rs:66:9
[INFO] [stdout]    3:     0x63a8795e2f2a - <std::sys::backtrace::BacktraceLock::print::DisplayBacktrace as core::fmt::Display>::fmt::h71a62eb3b9696b12
[INFO] [stdout]                                at /rustc/6067b36314ab5eb2eb47cecc464545ba58e1ad24/library/std/src/sys/backtrace.rs:39:26
[INFO] [stdout]    4:     0x63a87960b803 - core::fmt::rt::Argument::fmt::hdb6b616786b41dc1
[INFO] [stdout]                                at /rustc/6067b36314ab5eb2eb47cecc464545ba58e1ad24/library/core/src/fmt/rt.rs:177:76
[INFO] [stdout]    5:     0x63a87960b803 - core::fmt::write::h2cc1698af7e2d686
[INFO] [stdout]                                at /rustc/6067b36314ab5eb2eb47cecc464545ba58e1ad24/library/core/src/fmt/mod.rs:1440:21
[INFO] [stdout]    6:     0x63a8795df3d3 - std::io::Write::write_fmt::hab1b4cd059a79022
[INFO] [stdout]                                at /rustc/6067b36314ab5eb2eb47cecc464545ba58e1ad24/library/std/src/io/mod.rs:1887:15
[INFO] [stdout]    7:     0x63a8795e2d72 - std::sys::backtrace::BacktraceLock::print::h147fe35b4ea13b08
[INFO] [stdout]                                at /rustc/6067b36314ab5eb2eb47cecc464545ba58e1ad24/library/std/src/sys/backtrace.rs:42:9
[INFO] [stdout]    8:     0x63a8795e43cf - std::panicking::default_hook::{{closure}}::hbd44223dbdc0d208
[INFO] [stdout]                                at /rustc/6067b36314ab5eb2eb47cecc464545ba58e1ad24/library/std/src/panicking.rs:298:22
[INFO] [stdout]    9:     0x63a8795e41e8 - std::panicking::default_hook::h20f81eb0576efcec
[INFO] [stdout]                                at /rustc/6067b36314ab5eb2eb47cecc464545ba58e1ad24/library/std/src/panicking.rs:322:9
[INFO] [stdout]   10:     0x63a8795ac053 - <alloc::boxed::Box<F,A> as core::ops::function::Fn<Args>>::call::hdb53814c496a4d34
[INFO] [stdout]                                at /rustc/6067b36314ab5eb2eb47cecc464545ba58e1ad24/library/alloc/src/boxed.rs:2027:9
[INFO] [stdout]   11:     0x63a8795ac053 - test::test_main::{{closure}}::hc0a4963c59427c24
[INFO] [stdout]                                at /rustc/6067b36314ab5eb2eb47cecc464545ba58e1ad24/library/test/src/lib.rs:134:21
[INFO] [stdout]   12:     0x63a8795e4ec3 - <alloc::boxed::Box<F,A> as core::ops::function::Fn<Args>>::call::h591b2225413a77e9
[INFO] [stdout]                                at /rustc/6067b36314ab5eb2eb47cecc464545ba58e1ad24/library/alloc/src/boxed.rs:2027:9
[INFO] [stdout]   13:     0x63a8795e4ec3 - std::panicking::rust_panic_with_hook::h625eea43051b2edc
[INFO] [stdout]                                at /rustc/6067b36314ab5eb2eb47cecc464545ba58e1ad24/library/std/src/panicking.rs:839:13
[INFO] [stdout]   14:     0x63a8795e4b7a - std::panicking::begin_panic_handler::{{closure}}::h4f9159cfbc3f6bd3
[INFO] [stdout]                                at /rustc/6067b36314ab5eb2eb47cecc464545ba58e1ad24/library/std/src/panicking.rs:704:13
[INFO] [stdout]   15:     0x63a8795e3429 - std::sys::backtrace::__rust_end_short_backtrace::h0390abce48353151
[INFO] [stdout]                                at /rustc/6067b36314ab5eb2eb47cecc464545ba58e1ad24/library/std/src/sys/backtrace.rs:168:18
[INFO] [stdout]   16:     0x63a8795e480d - rust_begin_unwind
[INFO] [stdout]                                at /rustc/6067b36314ab5eb2eb47cecc464545ba58e1ad24/library/std/src/panicking.rs:695:5
[INFO] [stdout]   17:     0x63a879609ed0 - core::panicking::panic_fmt::h9e7c637e9e5f29c9
[INFO] [stdout]                                at /rustc/6067b36314ab5eb2eb47cecc464545ba58e1ad24/library/core/src/panicking.rs:75:14
[INFO] [stdout]   18:     0x63a87952e413 - core::panicking::panic_display::h5bd6179994a1c9ef
[INFO] [stdout]                                at /rustc/6067b36314ab5eb2eb47cecc464545ba58e1ad24/library/core/src/panicking.rs:261:5
[INFO] [stdout]   19:     0x63a87952ee1e - assert_cmd::assert::AssertError::panic::h35bcd66e96afd0bb
[INFO] [stdout]                                at /opt/rustwide/cargo-home/registry/src/index.crates.io-1949cf8c6b5b557f/assert_cmd-1.0.8/src/assert.rs:124:9
[INFO] [stdout]   20:     0x63a8795209b0 - core::ops::function::FnOnce::call_once::h3b56ab5db52b79ee
[INFO] [stdout]                                at /rustc/6067b36314ab5eb2eb47cecc464545ba58e1ad24/library/core/src/ops/function.rs:250:5
[INFO] [stdout]   21:     0x63a87952a930 - core::result::Result<T,E>::unwrap_or_else::h7c1bbe3de10b13e7
[INFO] [stdout]                                at /rustc/6067b36314ab5eb2eb47cecc464545ba58e1ad24/library/core/src/result.rs:1463:23
[INFO] [stdout]   22:     0x63a87950d5a0 - assert_cmd::assert::Assert::stdout::h36c0fe2c0ea229cb
[INFO] [stdout]                                at /opt/rustwide/cargo-home/registry/src/index.crates.io-1949cf8c6b5b557f/assert_cmd-1.0.8/src/assert.rs:451:9
[INFO] [stdout]   23:     0x63a87951e598 - lib::cmdtest::test_solid_csv_double_quotation_utf8::heaa637ba3e3d842b
[INFO] [stdout]                                at /opt/rustwide/workdir/tests/lib.rs:922:17
[INFO] [stdout]   24:     0x63a87951e337 - lib::cmdtest::test_solid_csv_double_quotation_utf8::{{closure}}::h362b86a00e21a52d
[INFO] [stdout]                                at /opt/rustwide/workdir/tests/lib.rs:920:54
[INFO] [stdout]   25:     0x63a87950e9b6 - core::ops::function::FnOnce::call_once::h898f178e7fa17bb4
[INFO] [stdout]                                at /rustc/6067b36314ab5eb2eb47cecc464545ba58e1ad24/library/core/src/ops/function.rs:250:5
[INFO] [stdout]   26:     0x63a8795b17ab - core::ops::function::FnOnce::call_once::he27718dfdd183f43
[INFO] [stdout]                                at /rustc/6067b36314ab5eb2eb47cecc464545ba58e1ad24/library/core/src/ops/function.rs:250:5
[INFO] [stdout]   27:     0x63a8795b17ab - test::__rust_begin_short_backtrace::h4e84902998457a5d
[INFO] [stdout]                                at /rustc/6067b36314ab5eb2eb47cecc464545ba58e1ad24/library/test/src/lib.rs:632:18
[INFO] [stdout]   28:     0x63a8795b06e3 - test::run_test_in_process::{{closure}}::h7176fd18fc1feca0
[INFO] [stdout]                                at /rustc/6067b36314ab5eb2eb47cecc464545ba58e1ad24/library/test/src/lib.rs:655:60
[INFO] [stdout]   29:     0x63a8795b06e3 - <core::panic::unwind_safe::AssertUnwindSafe<F> as core::ops::function::FnOnce<()>>::call_once::hf79cff2a624d8cf7
[INFO] [stdout]                                at /rustc/6067b36314ab5eb2eb47cecc464545ba58e1ad24/library/core/src/panic/unwind_safe.rs:272:9
[INFO] [stdout]   30:     0x63a8795b06e3 - std::panicking::try::do_call::h3da0561d9ab99c25
[INFO] [stdout]                                at /rustc/6067b36314ab5eb2eb47cecc464545ba58e1ad24/library/std/src/panicking.rs:587:40
[INFO] [stdout]   31:     0x63a8795b06e3 - std::panicking::try::h41c9fa508bc61df6
[INFO] [stdout]                                at /rustc/6067b36314ab5eb2eb47cecc464545ba58e1ad24/library/std/src/panicking.rs:550:19
[INFO] [stdout]   32:     0x63a8795b06e3 - std::panic::catch_unwind::h6b3ff07bb5afad93
[INFO] [stdout]                                at /rustc/6067b36314ab5eb2eb47cecc464545ba58e1ad24/library/std/src/panic.rs:358:14
[INFO] [stdout]   33:     0x63a8795b06e3 - test::run_test_in_process::hc7253dd11b39b9f4
[INFO] [stdout]                                at /rustc/6067b36314ab5eb2eb47cecc464545ba58e1ad24/library/test/src/lib.rs:655:27
[INFO] [stdout]   34:     0x63a8795b06e3 - test::run_test::{{closure}}::hfb2007f8649c30bb
[INFO] [stdout]                                at /rustc/6067b36314ab5eb2eb47cecc464545ba58e1ad24/library/test/src/lib.rs:576:43
[INFO] [stdout]   35:     0x63a8795737c5 - test::run_test::{{closure}}::h56a17aa7a282a9f4
[INFO] [stdout]                                at /rustc/6067b36314ab5eb2eb47cecc464545ba58e1ad24/library/test/src/lib.rs:606:41
[INFO] [stdout]   36:     0x63a8795737c5 - std::sys::backtrace::__rust_begin_short_backtrace::hd2d2d2fb8e8c6aac
[INFO] [stdout]                                at /rustc/6067b36314ab5eb2eb47cecc464545ba58e1ad24/library/std/src/sys/backtrace.rs:152:18
[INFO] [stdout]   37:     0x63a8795770aa - std::thread::Builder::spawn_unchecked_::{{closure}}::{{closure}}::h4faa3f9db6133423
[INFO] [stdout]                                at /rustc/6067b36314ab5eb2eb47cecc464545ba58e1ad24/library/std/src/thread/mod.rs:559:17
[INFO] [stdout]   38:     0x63a8795770aa - <core::panic::unwind_safe::AssertUnwindSafe<F> as core::ops::function::FnOnce<()>>::call_once::hf2e855a36a4ea846
[INFO] [stdout]                                at /rustc/6067b36314ab5eb2eb47cecc464545ba58e1ad24/library/core/src/panic/unwind_safe.rs:272:9
[INFO] [stdout]   39:     0x63a8795770aa - std::panicking::try::do_call::h2f73af3616c35465
[INFO] [stdout]                                at /rustc/6067b36314ab5eb2eb47cecc464545ba58e1ad24/library/std/src/panicking.rs:587:40
[INFO] [stdout]   40:     0x63a8795770aa - std::panicking::try::hd1660ce9efadef5a
[INFO] [stdout]                                at /rustc/6067b36314ab5eb2eb47cecc464545ba58e1ad24/library/std/src/panicking.rs:550:19
[INFO] [stdout]   41:     0x63a8795770aa - std::panic::catch_unwind::h5ee8d7823b8ca744
[INFO] [stdout]                                at /rustc/6067b36314ab5eb2eb47cecc464545ba58e1ad24/library/std/src/panic.rs:358:14
[INFO] [stdout]   42:     0x63a8795770aa - std::thread::Builder::spawn_unchecked_::{{closure}}::h53c3a1894dce8407
[INFO] [stdout]                                at /rustc/6067b36314ab5eb2eb47cecc464545ba58e1ad24/library/std/src/thread/mod.rs:557:30
[INFO] [stdout]   43:     0x63a8795770aa - core::ops::function::FnOnce::call_once{{vtable.shim}}::h048ce291ad4f62bf
[INFO] [stdout]                                at /rustc/6067b36314ab5eb2eb47cecc464545ba58e1ad24/library/core/src/ops/function.rs:250:5
[INFO] [stdout]   44:     0x63a8795e997b - <alloc::boxed::Box<F,A> as core::ops::function::FnOnce<Args>>::call_once::ha52bedf99a3b4981
[INFO] [stdout]                                at /rustc/6067b36314ab5eb2eb47cecc464545ba58e1ad24/library/alloc/src/boxed.rs:2013:9
[INFO] [stdout]   45:     0x63a8795e997b - <alloc::boxed::Box<F,A> as core::ops::function::FnOnce<Args>>::call_once::h567748934d80ccf8
[INFO] [stdout]                                at /rustc/6067b36314ab5eb2eb47cecc464545ba58e1ad24/library/alloc/src/boxed.rs:2013:9
[INFO] [stdout]   46:     0x63a8795e997b - std::sys::pal::unix::thread::Thread::new::thread_start::h2d970728ae887adc
[INFO] [stdout]                                at /rustc/6067b36314ab5eb2eb47cecc464545ba58e1ad24/library/std/src/sys/pal/unix/thread.rs:106:17
[INFO] [stdout]   47:     0x76245368aac3 - <unknown>
[INFO] [stdout]   48:     0x76245371ba04 - clone
[INFO] [stdout]   49:                0x0 - <unknown>
[INFO] [stdout] 
[INFO] [stdout] ---- cmdtest::test_solid_csv_non_delim_comma_utf8 stdout ----
[INFO] [stdout] 
[INFO] [stdout] thread 'cmdtest::test_solid_csv_non_delim_comma_utf8' panicked at /opt/rustwide/cargo-home/registry/src/index.crates.io-1949cf8c6b5b557f/assert_cmd-1.0.8/src/assert.rs:124:9:
[INFO] [stdout] Unexpected stdout, failed diff original var
[INFO] [stdout] ├── original: @@@@@,作者,ノート
[INFO] [stdout] │   @@@@@@,"あいう
[INFO] [stdout] │   えお",かきく
[INFO] [stdout] │   @@@@@@@@@,"さしす
[INFO] [stdout] │   せそ","たちつ
[INFO] [stdout] │   てと"
[INFO] [stdout] ├── diff: 
[INFO] [stdout] │   --- 	orig
[INFO] [stdout] │   +++ 	var
[INFO] [stdout] │   @@ -1,2 +1,2 @@
[INFO] [stdout] │   -@@@@@,作者,ノート
[INFO] [stdout] │   -@@@@@@,"あいう
[INFO] [stdout] │   +@@@@@@@@@,作者,ノート
[INFO] [stdout] │   +@@@@@@@@@@@@@@@@@@,"あいう
[INFO] [stdout] │   @@ -4 +4 @@
[INFO] [stdout] │   -@@@@@@@@@,"さしす
[INFO] [stdout] │   +@@@@@@@@@@@@@@@@@@@@@,"さしす
[INFO] [stdout] └── var as str: @@@@@@@@@,作者,ノート
[INFO] [stdout]     @@@@@@@@@@@@@@@@@@,"あいう
[INFO] [stdout]     えお",かきく
[INFO] [stdout]     @@@@@@@@@@@@@@@@@@@@@,"さしす
[INFO] [stdout]     せそ","たちつ
[INFO] [stdout]     てと"
[INFO] [stdout] 
[INFO] [stdout] command=`"/opt/rustwide/target/debug/teip" "--csv" "-s" "-f" "1" "--" "sed" "s/./@/g"`
[INFO] [stdout] stdin=`"\"名,前\",作者,ノート\n１レコード目,\"あいう\nえお\",かきく\n\"２レコード,目\",\"さしす\nせそ\",\"たちつ\nてと\""`
[INFO] [stdout] code=0
[INFO] [stdout] stdout=```"@@@@@@@@@,作者,ノート\n@@@@@@@@@@@@@@@@@@,\"あいう\nえお\",かきく\n@@@@@@@@@@@@@@@@@@@@@,\"さしす\nせそ\",\"たちつ\nてと\""```
[INFO] [stdout] stderr=```""```
[INFO] [stdout] 
[INFO] [stdout] stack backtrace:
[INFO] [stdout]    0:     0x63a8795e2f2a - std::backtrace_rs::backtrace::libunwind::trace::hb059275cfc8d6126
[INFO] [stdout]                                at /rustc/6067b36314ab5eb2eb47cecc464545ba58e1ad24/library/std/src/../../backtrace/src/backtrace/libunwind.rs:116:5
[INFO] [stdout]    1:     0x63a8795e2f2a - std::backtrace_rs::backtrace::trace_unsynchronized::h2da071e4327ce3ee
[INFO] [stdout]                                at /rustc/6067b36314ab5eb2eb47cecc464545ba58e1ad24/library/std/src/../../backtrace/src/backtrace/mod.rs:66:5
[INFO] [stdout]    2:     0x63a8795e2f2a - std::sys::backtrace::_print_fmt::h842a1474e6f8d23f
[INFO] [stdout]                                at /rustc/6067b36314ab5eb2eb47cecc464545ba58e1ad24/library/std/src/sys/backtrace.rs:66:9
[INFO] [stdout]    3:     0x63a8795e2f2a - <std::sys::backtrace::BacktraceLock::print::DisplayBacktrace as core::fmt::Display>::fmt::h71a62eb3b9696b12
[INFO] [stdout]                                at /rustc/6067b36314ab5eb2eb47cecc464545ba58e1ad24/library/std/src/sys/backtrace.rs:39:26
[INFO] [stdout]    4:     0x63a87960b803 - core::fmt::rt::Argument::fmt::hdb6b616786b41dc1
[INFO] [stdout]                                at /rustc/6067b36314ab5eb2eb47cecc464545ba58e1ad24/library/core/src/fmt/rt.rs:177:76
[INFO] [stdout]    5:     0x63a87960b803 - core::fmt::write::h2cc1698af7e2d686
[INFO] [stdout]                                at /rustc/6067b36314ab5eb2eb47cecc464545ba58e1ad24/library/core/src/fmt/mod.rs:1440:21
[INFO] [stdout]    6:     0x63a8795df3d3 - std::io::Write::write_fmt::hab1b4cd059a79022
[INFO] [stdout]                                at /rustc/6067b36314ab5eb2eb47cecc464545ba58e1ad24/library/std/src/io/mod.rs:1887:15
[INFO] [stdout]    7:     0x63a8795e2d72 - std::sys::backtrace::BacktraceLock::print::h147fe35b4ea13b08
[INFO] [stdout]                                at /rustc/6067b36314ab5eb2eb47cecc464545ba58e1ad24/library/std/src/sys/backtrace.rs:42:9
[INFO] [stdout]    8:     0x63a8795e43cf - std::panicking::default_hook::{{closure}}::hbd44223dbdc0d208
[INFO] [stdout]                                at /rustc/6067b36314ab5eb2eb47cecc464545ba58e1ad24/library/std/src/panicking.rs:298:22
[INFO] [stdout]    9:     0x63a8795e41e8 - std::panicking::default_hook::h20f81eb0576efcec
[INFO] [stdout]                                at /rustc/6067b36314ab5eb2eb47cecc464545ba58e1ad24/library/std/src/panicking.rs:322:9
[INFO] [stdout]   10:     0x63a8795ac053 - <alloc::boxed::Box<F,A> as core::ops::function::Fn<Args>>::call::hdb53814c496a4d34
[INFO] [stdout]                                at /rustc/6067b36314ab5eb2eb47cecc464545ba58e1ad24/library/alloc/src/boxed.rs:2027:9
[INFO] [stdout]   11:     0x63a8795ac053 - test::test_main::{{closure}}::hc0a4963c59427c24
[INFO] [stdout]                                at /rustc/6067b36314ab5eb2eb47cecc464545ba58e1ad24/library/test/src/lib.rs:134:21
[INFO] [stdout]   12:     0x63a8795e4ec3 - <alloc::boxed::Box<F,A> as core::ops::function::Fn<Args>>::call::h591b2225413a77e9
[INFO] [stdout]                                at /rustc/6067b36314ab5eb2eb47cecc464545ba58e1ad24/library/alloc/src/boxed.rs:2027:9
[INFO] [stdout]   13:     0x63a8795e4ec3 - std::panicking::rust_panic_with_hook::h625eea43051b2edc
[INFO] [stdout]                                at /rustc/6067b36314ab5eb2eb47cecc464545ba58e1ad24/library/std/src/panicking.rs:839:13
[INFO] [stdout]   14:     0x63a8795e4b7a - std::panicking::begin_panic_handler::{{closure}}::h4f9159cfbc3f6bd3
[INFO] [stdout]                                at /rustc/6067b36314ab5eb2eb47cecc464545ba58e1ad24/library/std/src/panicking.rs:704:13
[INFO] [stdout]   15:     0x63a8795e3429 - std::sys::backtrace::__rust_end_short_backtrace::h0390abce48353151
[INFO] [stdout]                                at /rustc/6067b36314ab5eb2eb47cecc464545ba58e1ad24/library/std/src/sys/backtrace.rs:168:18
[INFO] [stdout]   16:     0x63a8795e480d - rust_begin_unwind
[INFO] [stdout]                                at /rustc/6067b36314ab5eb2eb47cecc464545ba58e1ad24/library/std/src/panicking.rs:695:5
[INFO] [stdout]   17:     0x63a879609ed0 - core::panicking::panic_fmt::h9e7c637e9e5f29c9
[INFO] [stdout]                                at /rustc/6067b36314ab5eb2eb47cecc464545ba58e1ad24/library/core/src/panicking.rs:75:14
[INFO] [stdout]   18:     0x63a87952e413 - core::panicking::panic_display::h5bd6179994a1c9ef
[INFO] [stdout]                                at /rustc/6067b36314ab5eb2eb47cecc464545ba58e1ad24/library/core/src/panicking.rs:261:5
[INFO] [stdout]   19:     0x63a87952ee1e - assert_cmd::assert::AssertError::panic::h35bcd66e96afd0bb
[INFO] [stdout]                                at /opt/rustwide/cargo-home/registry/src/index.crates.io-1949cf8c6b5b557f/assert_cmd-1.0.8/src/assert.rs:124:9
[INFO] [stdout]   20:     0x63a8795209b0 - core::ops::function::FnOnce::call_once::h3b56ab5db52b79ee
[INFO] [stdout]                                at /rustc/6067b36314ab5eb2eb47cecc464545ba58e1ad24/library/core/src/ops/function.rs:250:5
[INFO] [stdout]   21:     0x63a87952a930 - core::result::Result<T,E>::unwrap_or_else::h7c1bbe3de10b13e7
[INFO] [stdout]                                at /rustc/6067b36314ab5eb2eb47cecc464545ba58e1ad24/library/core/src/result.rs:1463:23
[INFO] [stdout]   22:     0x63a87950d5a0 - assert_cmd::assert::Assert::stdout::h36c0fe2c0ea229cb
[INFO] [stdout]                                at /opt/rustwide/cargo-home/registry/src/index.crates.io-1949cf8c6b5b557f/assert_cmd-1.0.8/src/assert.rs:451:9
[INFO] [stdout]   23:     0x63a87951e2d8 - lib::cmdtest::test_solid_csv_non_delim_comma_utf8::h67bcaedca1c18956
[INFO] [stdout]                                at /opt/rustwide/workdir/tests/lib.rs:913:17
[INFO] [stdout]   24:     0x63a87951e077 - lib::cmdtest::test_solid_csv_non_delim_comma_utf8::{{closure}}::h0cbb3b17db6bbd6e
[INFO] [stdout]                                at /opt/rustwide/workdir/tests/lib.rs:911:53
[INFO] [stdout]   25:     0x63a87950e6b6 - core::ops::function::FnOnce::call_once::h65c1045b93f2bb80
[INFO] [stdout]                                at /rustc/6067b36314ab5eb2eb47cecc464545ba58e1ad24/library/core/src/ops/function.rs:250:5
[INFO] [stdout]   26:     0x63a8795b17ab - core::ops::function::FnOnce::call_once::he27718dfdd183f43
[INFO] [stdout]                                at /rustc/6067b36314ab5eb2eb47cecc464545ba58e1ad24/library/core/src/ops/function.rs:250:5
[INFO] [stdout]   27:     0x63a8795b17ab - test::__rust_begin_short_backtrace::h4e84902998457a5d
[INFO] [stdout]                                at /rustc/6067b36314ab5eb2eb47cecc464545ba58e1ad24/library/test/src/lib.rs:632:18
[INFO] [stdout]   28:     0x63a8795b06e3 - test::run_test_in_process::{{closure}}::h7176fd18fc1feca0
[INFO] [stdout]                                at /rustc/6067b36314ab5eb2eb47cecc464545ba58e1ad24/library/test/src/lib.rs:655:60
[INFO] [stdout]   29:     0x63a8795b06e3 - <core::panic::unwind_safe::AssertUnwindSafe<F> as core::ops::function::FnOnce<()>>::call_once::hf79cff2a624d8cf7
[INFO] [stdout]                                at /rustc/6067b36314ab5eb2eb47cecc464545ba58e1ad24/library/core/src/panic/unwind_safe.rs:272:9
[INFO] [stdout]   30:     0x63a8795b06e3 - std::panicking::try::do_call::h3da0561d9ab99c25
[INFO] [stdout]                                at /rustc/6067b36314ab5eb2eb47cecc464545ba58e1ad24/library/std/src/panicking.rs:587:40
[INFO] [stdout]   31:     0x63a8795b06e3 - std::panicking::try::h41c9fa508bc61df6
[INFO] [stdout]                                at /rustc/6067b36314ab5eb2eb47cecc464545ba58e1ad24/library/std/src/panicking.rs:550:19
[INFO] [stdout]   32:     0x63a8795b06e3 - std::panic::catch_unwind::h6b3ff07bb5afad93
[INFO] [stdout]                                at /rustc/6067b36314ab5eb2eb47cecc464545ba58e1ad24/library/std/src/panic.rs:358:14
[INFO] [stdout]   33:     0x63a8795b06e3 - test::run_test_in_process::hc7253dd11b39b9f4
[INFO] [stdout]                                at /rustc/6067b36314ab5eb2eb47cecc464545ba58e1ad24/library/test/src/lib.rs:655:27
[INFO] [stdout]   34:     0x63a8795b06e3 - test::run_test::{{closure}}::hfb2007f8649c30bb
[INFO] [stdout]                                at /rustc/6067b36314ab5eb2eb47cecc464545ba58e1ad24/library/test/src/lib.rs:576:43
[INFO] [stdout]   35:     0x63a8795737c5 - test::run_test::{{closure}}::h56a17aa7a282a9f4
[INFO] [stdout]                                at /rustc/6067b36314ab5eb2eb47cecc464545ba58e1ad24/library/test/src/lib.rs:606:41
[INFO] [stdout]   36:     0x63a8795737c5 - std::sys::backtrace::__rust_begin_short_backtrace::hd2d2d2fb8e8c6aac
[INFO] [stdout]                                at /rustc/6067b36314ab5eb2eb47cecc464545ba58e1ad24/library/std/src/sys/backtrace.rs:152:18
[INFO] [stdout]   37:     0x63a8795770aa - std::thread::Builder::spawn_unchecked_::{{closure}}::{{closure}}::h4faa3f9db6133423
[INFO] [stdout]                                at /rustc/6067b36314ab5eb2eb47cecc464545ba58e1ad24/library/std/src/thread/mod.rs:559:17
[INFO] [stdout]   38:     0x63a8795770aa - <core::panic::unwind_safe::AssertUnwindSafe<F> as core::ops::function::FnOnce<()>>::call_once::hf2e855a36a4ea846
[INFO] [stdout]                                at /rustc/6067b36314ab5eb2eb47cecc464545ba58e1ad24/library/core/src/panic/unwind_safe.rs:272:9
[INFO] [stdout]   39:     0x63a8795770aa - std::panicking::try::do_call::h2f73af3616c35465
[INFO] [stdout]                                at /rustc/6067b36314ab5eb2eb47cecc464545ba58e1ad24/library/std/src/panicking.rs:587:40
[INFO] [stdout]   40:     0x63a8795770aa - std::panicking::try::hd1660ce9efadef5a
[INFO] [stdout]                                at /rustc/6067b36314ab5eb2eb47cecc464545ba58e1ad24/library/std/src/panicking.rs:550:19
[INFO] [stdout]   41:     0x63a8795770aa - std::panic::catch_unwind::h5ee8d7823b8ca744
[INFO] [stdout]                                at /rustc/6067b36314ab5eb2eb47cecc464545ba58e1ad24/library/std/src/panic.rs:358:14
[INFO] [stdout]   42:     0x63a8795770aa - std::thread::Builder::spawn_unchecked_::{{closure}}::h53c3a1894dce8407
[INFO] [stdout]                                at /rustc/6067b36314ab5eb2eb47cecc464545ba58e1ad24/library/std/src/thread/mod.rs:557:30
[INFO] [stdout]   43:     0x63a8795770aa - core::ops::function::FnOnce::call_once{{vtable.shim}}::h048ce291ad4f62bf
[INFO] [stdout]                                at /rustc/6067b36314ab5eb2eb47cecc464545ba58e1ad24/library/core/src/ops/function.rs:250:5
[INFO] [stdout]   44:     0x63a8795e997b - <alloc::boxed::Box<F,A> as core::ops::function::FnOnce<Args>>::call_once::ha52bedf99a3b4981
[INFO] [stdout]                                at /rustc/6067b36314ab5eb2eb47cecc464545ba58e1ad24/library/alloc/src/boxed.rs:2013:9
[INFO] [stdout]   45:     0x63a8795e997b - <alloc::boxed::Box<F,A> as core::ops::function::FnOnce<Args>>::call_once::h567748934d80ccf8
[INFO] [stdout]                                at /rustc/6067b36314ab5eb2eb47cecc464545ba58e1ad24/library/alloc/src/boxed.rs:2013:9
[INFO] [stdout]   46:     0x63a8795e997b - std::sys::pal::unix::thread::Thread::new::thread_start::h2d970728ae887adc
[INFO] [stdout]                                at /rustc/6067b36314ab5eb2eb47cecc464545ba58e1ad24/library/std/src/sys/pal/unix/thread.rs:106:17
[INFO] [stdout]   47:     0x76245368aac3 - <unknown>
[INFO] [stdout]   48:     0x76245371ba04 - clone
[INFO] [stdout]   49:                0x0 - <unknown>
[INFO] [stdout] 
[INFO] [stdout] ---- cmdtest::test_solid_csv_utf8 stdout ----
[INFO] [stdout] 
[INFO] [stdout] thread 'cmdtest::test_solid_csv_utf8' panicked at /opt/rustwide/cargo-home/registry/src/index.crates.io-1949cf8c6b5b557f/assert_cmd-1.0.8/src/assert.rs:124:9:
[INFO] [stdout] Unexpected stdout, failed diff original var
[INFO] [stdout] ├── original: 名前,@@,ノート
[INFO] [stdout] │   １レコード目,@@@@
[INFO] [stdout] │   @@@,かきく
[INFO] [stdout] │   ２レコード目,@@@@
[INFO] [stdout] │   @@@,"たちつ
[INFO] [stdout] │   てと"
[INFO] [stdout] ├── diff: 
[INFO] [stdout] │   --- 	orig
[INFO] [stdout] │   +++ 	var
[INFO] [stdout] │   @@ -1,5 +1,5 @@
[INFO] [stdout] │   -名前,@@,ノート
[INFO] [stdout] │   -１レコード目,@@@@
[INFO] [stdout] │   -@@@,かきく
[INFO] [stdout] │   -２レコード目,@@@@
[INFO] [stdout] │   -@@@,"たちつ
[INFO] [stdout] │   +名前,@@@@@@,ノート
[INFO] [stdout] │   +１レコード目,@@@@@@@@@@
[INFO] [stdout] │   +@@@@@@@,かきく
[INFO] [stdout] │   +２レコード目,@@@@@@@@@@
[INFO] [stdout] │   +@@@@@@@,"たちつ
[INFO] [stdout] └── var as str: 名前,@@@@@@,ノート
[INFO] [stdout]     １レコード目,@@@@@@@@@@
[INFO] [stdout]     @@@@@@@,かきく
[INFO] [stdout]     ２レコード目,@@@@@@@@@@
[INFO] [stdout]     @@@@@@@,"たちつ
[INFO] [stdout]     てと"
[INFO] [stdout] 
[INFO] [stdout] command=`"/opt/rustwide/target/debug/teip" "--csv" "-s" "-f" "2" "--" "sed" "s/./@/g"`
[INFO] [stdout] stdin=`"名前,作者,ノート\n１レコード目,\"あいう\nえお\",かきく\n２レコード目,\"さしす\nせそ\",\"たちつ\nてと\"\n"`
[INFO] [stdout] code=0
[INFO] [stdout] stdout=```"名前,@@@@@@,ノート\n１レコード目,@@@@@@@@@@\n@@@@@@@,かきく\n２レコード目,@@@@@@@@@@\n@@@@@@@,\"たちつ\nてと\"\n"```
[INFO] [stdout] stderr=```""```
[INFO] [stdout] 
[INFO] [stdout] stack backtrace:
[INFO] [stdout]    0:     0x63a8795e2f2a - std::backtrace_rs::backtrace::libunwind::trace::hb059275cfc8d6126
[INFO] [stdout]                                at /rustc/6067b36314ab5eb2eb47cecc464545ba58e1ad24/library/std/src/../../backtrace/src/backtrace/libunwind.rs:116:5
[INFO] [stdout]    1:     0x63a8795e2f2a - std::backtrace_rs::backtrace::trace_unsynchronized::h2da071e4327ce3ee
[INFO] [stdout]                                at /rustc/6067b36314ab5eb2eb47cecc464545ba58e1ad24/library/std/src/../../backtrace/src/backtrace/mod.rs:66:5
[INFO] [stdout]    2:     0x63a8795e2f2a - std::sys::backtrace::_print_fmt::h842a1474e6f8d23f
[INFO] [stdout]                                at /rustc/6067b36314ab5eb2eb47cecc464545ba58e1ad24/library/std/src/sys/backtrace.rs:66:9
[INFO] [stdout]    3:     0x63a8795e2f2a - <std::sys::backtrace::BacktraceLock::print::DisplayBacktrace as core::fmt::Display>::fmt::h71a62eb3b9696b12
[INFO] [stdout]                                at /rustc/6067b36314ab5eb2eb47cecc464545ba58e1ad24/library/std/src/sys/backtrace.rs:39:26
[INFO] [stdout]    4:     0x63a87960b803 - core::fmt::rt::Argument::fmt::hdb6b616786b41dc1
[INFO] [stdout]                                at /rustc/6067b36314ab5eb2eb47cecc464545ba58e1ad24/library/core/src/fmt/rt.rs:177:76
[INFO] [stdout]    5:     0x63a87960b803 - core::fmt::write::h2cc1698af7e2d686
[INFO] [stdout]                                at /rustc/6067b36314ab5eb2eb47cecc464545ba58e1ad24/library/core/src/fmt/mod.rs:1440:21
[INFO] [stdout]    6:     0x63a8795df3d3 - std::io::Write::write_fmt::hab1b4cd059a79022
[INFO] [stdout]                                at /rustc/6067b36314ab5eb2eb47cecc464545ba58e1ad24/library/std/src/io/mod.rs:1887:15
[INFO] [stdout]    7:     0x63a8795e2d72 - std::sys::backtrace::BacktraceLock::print::h147fe35b4ea13b08
[INFO] [stdout]                                at /rustc/6067b36314ab5eb2eb47cecc464545ba58e1ad24/library/std/src/sys/backtrace.rs:42:9
[INFO] [stdout]    8:     0x63a8795e43cf - std::panicking::default_hook::{{closure}}::hbd44223dbdc0d208
[INFO] [stdout]                                at /rustc/6067b36314ab5eb2eb47cecc464545ba58e1ad24/library/std/src/panicking.rs:298:22
[INFO] [stdout]    9:     0x63a8795e41e8 - std::panicking::default_hook::h20f81eb0576efcec
[INFO] [stdout]                                at /rustc/6067b36314ab5eb2eb47cecc464545ba58e1ad24/library/std/src/panicking.rs:322:9
[INFO] [stdout]   10:     0x63a8795ac053 - <alloc::boxed::Box<F,A> as core::ops::function::Fn<Args>>::call::hdb53814c496a4d34
[INFO] [stdout]                                at /rustc/6067b36314ab5eb2eb47cecc464545ba58e1ad24/library/alloc/src/boxed.rs:2027:9
[INFO] [stdout]   11:     0x63a8795ac053 - test::test_main::{{closure}}::hc0a4963c59427c24
[INFO] [stdout]                                at /rustc/6067b36314ab5eb2eb47cecc464545ba58e1ad24/library/test/src/lib.rs:134:21
[INFO] [stdout]   12:     0x63a8795e4ec3 - <alloc::boxed::Box<F,A> as core::ops::function::Fn<Args>>::call::h591b2225413a77e9
[INFO] [stdout]                                at /rustc/6067b36314ab5eb2eb47cecc464545ba58e1ad24/library/alloc/src/boxed.rs:2027:9
[INFO] [stdout]   13:     0x63a8795e4ec3 - std::panicking::rust_panic_with_hook::h625eea43051b2edc
[INFO] [stdout]                                at /rustc/6067b36314ab5eb2eb47cecc464545ba58e1ad24/library/std/src/panicking.rs:839:13
[INFO] [stdout]   14:     0x63a8795e4b7a - std::panicking::begin_panic_handler::{{closure}}::h4f9159cfbc3f6bd3
[INFO] [stdout]                                at /rustc/6067b36314ab5eb2eb47cecc464545ba58e1ad24/library/std/src/panicking.rs:704:13
[INFO] [stdout]   15:     0x63a8795e3429 - std::sys::backtrace::__rust_end_short_backtrace::h0390abce48353151
[INFO] [stdout]                                at /rustc/6067b36314ab5eb2eb47cecc464545ba58e1ad24/library/std/src/sys/backtrace.rs:168:18
[INFO] [stdout]   16:     0x63a8795e480d - rust_begin_unwind
[INFO] [stdout]                                at /rustc/6067b36314ab5eb2eb47cecc464545ba58e1ad24/library/std/src/panicking.rs:695:5
[INFO] [stdout]   17:     0x63a879609ed0 - core::panicking::panic_fmt::h9e7c637e9e5f29c9
[INFO] [stdout]                                at /rustc/6067b36314ab5eb2eb47cecc464545ba58e1ad24/library/core/src/panicking.rs:75:14
[INFO] [stdout]   18:     0x63a87952e413 - core::panicking::panic_display::h5bd6179994a1c9ef
[INFO] [stdout]                                at /rustc/6067b36314ab5eb2eb47cecc464545ba58e1ad24/library/core/src/panicking.rs:261:5
[INFO] [stdout]   19:     0x63a87952ee1e - assert_cmd::assert::AssertError::panic::h35bcd66e96afd0bb
[INFO] [stdout]                                at /opt/rustwide/cargo-home/registry/src/index.crates.io-1949cf8c6b5b557f/assert_cmd-1.0.8/src/assert.rs:124:9
[INFO] [stdout]   20:     0x63a8795209b0 - core::ops::function::FnOnce::call_once::h3b56ab5db52b79ee
[INFO] [stdout]                                at /rustc/6067b36314ab5eb2eb47cecc464545ba58e1ad24/library/core/src/ops/function.rs:250:5
[INFO] [stdout]   21:     0x63a87952a930 - core::result::Result<T,E>::unwrap_or_else::h7c1bbe3de10b13e7
[INFO] [stdout]                                at /rustc/6067b36314ab5eb2eb47cecc464545ba58e1ad24/library/core/src/result.rs:1463:23
[INFO] [stdout]   22:     0x63a87950d5a0 - assert_cmd::assert::Assert::stdout::h36c0fe2c0ea229cb
[INFO] [stdout]                                at /opt/rustwide/cargo-home/registry/src/index.crates.io-1949cf8c6b5b557f/assert_cmd-1.0.8/src/assert.rs:451:9
[INFO] [stdout]   23:     0x63a87951dd58 - lib::cmdtest::test_solid_csv_utf8::hebe93125e8979c18
[INFO] [stdout]                                at /opt/rustwide/workdir/tests/lib.rs:896:17
[INFO] [stdout]   24:     0x63a87951daf7 - lib::cmdtest::test_solid_csv_utf8::{{closure}}::h65a3da7f62886511
[INFO] [stdout]                                at /opt/rustwide/workdir/tests/lib.rs:894:37
[INFO] [stdout]   25:     0x63a87950f0f6 - core::ops::function::FnOnce::call_once::hda08a68327688a81
[INFO] [stdout]                                at /rustc/6067b36314ab5eb2eb47cecc464545ba58e1ad24/library/core/src/ops/function.rs:250:5
[INFO] [stdout]   26:     0x63a8795b17ab - core::ops::function::FnOnce::call_once::he27718dfdd183f43
[INFO] [stdout]                                at /rustc/6067b36314ab5eb2eb47cecc464545ba58e1ad24/library/core/src/ops/function.rs:250:5
[INFO] [stdout]   27:     0x63a8795b17ab - test::__rust_begin_short_backtrace::h4e84902998457a5d
[INFO] [stdout]                                at /rustc/6067b36314ab5eb2eb47cecc464545ba58e1ad24/library/test/src/lib.rs:632:18
[INFO] [stdout]   28:     0x63a8795b06e3 - test::run_test_in_process::{{closure}}::h7176fd18fc1feca0
[INFO] [stdout]                                at /rustc/6067b36314ab5eb2eb47cecc464545ba58e1ad24/library/test/src/lib.rs:655:60
[INFO] [stdout]   29:     0x63a8795b06e3 - <core::panic::unwind_safe::AssertUnwindSafe<F> as core::ops::function::FnOnce<()>>::call_once::hf79cff2a624d8cf7
[INFO] [stdout]                                at /rustc/6067b36314ab5eb2eb47cecc464545ba58e1ad24/library/core/src/panic/unwind_safe.rs:272:9
[INFO] [stdout]   30:     0x63a8795b06e3 - std::panicking::try::do_call::h3da0561d9ab99c25
[INFO] [stdout]                                at /rustc/6067b36314ab5eb2eb47cecc464545ba58e1ad24/library/std/src/panicking.rs:587:40
[INFO] [stdout]   31:     0x63a8795b06e3 - std::panicking::try::h41c9fa508bc61df6
[INFO] [stdout]                                at /rustc/6067b36314ab5eb2eb47cecc464545ba58e1ad24/library/std/src/panicking.rs:550:19
[INFO] [stdout]   32:     0x63a8795b06e3 - std::panic::catch_unwind::h6b3ff07bb5afad93
[INFO] [stdout]                                at /rustc/6067b36314ab5eb2eb47cecc464545ba58e1ad24/library/std/src/panic.rs:358:14
[INFO] [stdout]   33:     0x63a8795b06e3 - test::run_test_in_process::hc7253dd11b39b9f4
[INFO] [stdout]                                at /rustc/6067b36314ab5eb2eb47cecc464545ba58e1ad24/library/test/src/lib.rs:655:27
[INFO] [stdout]   34:     0x63a8795b06e3 - test::run_test::{{closure}}::hfb2007f8649c30bb
[INFO] [stdout]                                at /rustc/6067b36314ab5eb2eb47cecc464545ba58e1ad24/library/test/src/lib.rs:576:43
[INFO] [stdout]   35:     0x63a8795737c5 - test::run_test::{{closure}}::h56a17aa7a282a9f4
[INFO] [stdout]                                at /rustc/6067b36314ab5eb2eb47cecc464545ba58e1ad24/library/test/src/lib.rs:606:41
[INFO] [stdout]   36:     0x63a8795737c5 - std::sys::backtrace::__rust_begin_short_backtrace::hd2d2d2fb8e8c6aac
[INFO] [stdout]                                at /rustc/6067b36314ab5eb2eb47cecc464545ba58e1ad24/library/std/src/sys/backtrace.rs:152:18
[INFO] [stdout]   37:     0x63a8795770aa - std::thread::Builder::spawn_unchecked_::{{closure}}::{{closure}}::h4faa3f9db6133423
[INFO] [stdout]                                at /rustc/6067b36314ab5eb2eb47cecc464545ba58e1ad24/library/std/src/thread/mod.rs:559:17
[INFO] [stdout]   38:     0x63a8795770aa - <core::panic::unwind_safe::AssertUnwindSafe<F> as core::ops::function::FnOnce<()>>::call_once::hf2e855a36a4ea846
[INFO] [stdout]                                at /rustc/6067b36314ab5eb2eb47cecc464545ba58e1ad24/library/core/src/panic/unwind_safe.rs:272:9
[INFO] [stdout]   39:     0x63a8795770aa - std::panicking::try::do_call::h2f73af3616c35465
[INFO] [stdout]                                at /rustc/6067b36314ab5eb2eb47cecc464545ba58e1ad24/library/std/src/panicking.rs:587:40
[INFO] [stdout]   40:     0x63a8795770aa - std::panicking::try::hd1660ce9efadef5a
[INFO] [stdout]                                at /rustc/6067b36314ab5eb2eb47cecc464545ba58e1ad24/library/std/src/panicking.rs:550:19
[INFO] [stdout]   41:     0x63a8795770aa - std::panic::catch_unwind::h5ee8d7823b8ca744
[INFO] [stdout]                                at /rustc/6067b36314ab5eb2eb47cecc464545ba58e1ad24/library/std/src/panic.rs:358:14
[INFO] [stdout]   42:     0x63a8795770aa - std::thread::Builder::spawn_unchecked_::{{closure}}::h53c3a1894dce8407
[INFO] [stdout]                                at /rustc/6067b36314ab5eb2eb47cecc464545ba58e1ad24/library/std/src/thread/mod.rs:557:30
[INFO] [stdout]   43:     0x63a8795770aa - core::ops::function::FnOnce::call_once{{vtable.shim}}::h048ce291ad4f62bf
[INFO] [stdout]                                at /rustc/6067b36314ab5eb2eb47cecc464545ba58e1ad24/library/core/src/ops/function.rs:250:5
[INFO] [stdout]   44:     0x63a8795e997b - <alloc::boxed::Box<F,A> as core::ops::function::FnOnce<Args>>::call_once::ha52bedf99a3b4981
[INFO] [stdout]                                at /rustc/6067b36314ab5eb2eb47cecc464545ba58e1ad24/library/alloc/src/boxed.rs:2013:9
[INFO] [stdout]   45:     0x63a8795e997b - <alloc::boxed::Box<F,A> as core::ops::function::FnOnce<Args>>::call_once::h567748934d80ccf8
[INFO] [stdout]                                at /rustc/6067b36314ab5eb2eb47cecc464545ba58e1ad24/library/alloc/src/boxed.rs:2013:9
[INFO] [stdout]   46:     0x63a8795e997b - std::sys::pal::unix::thread::Thread::new::thread_start::h2d970728ae887adc
[INFO] [stdout]                                at /rustc/6067b36314ab5eb2eb47cecc464545ba58e1ad24/library/std/src/sys/pal/unix/thread.rs:106:17
[INFO] [stdout]   47:     0x76245368aac3 - <unknown>
[INFO] [stdout]   48:     0x76245371ba04 - clone
[INFO] [stdout]   49:                0x0 - <unknown>
[INFO] [stdout] 
[INFO] [stdout] 
[INFO] [stdout] failures:
[INFO] [stdout]     cmdtest::test_csv_double_quotation_utf8
[INFO] [stdout]     cmdtest::test_csv_end_nolf_utf8
[INFO] [stdout]     cmdtest::test_csv_non_delim_comma_utf8
[INFO] [stdout]     cmdtest::test_csv_utf8
[INFO] [stdout]     cmdtest::test_solid_csv_double_quotation_utf8
[INFO] [stdout]     cmdtest::test_solid_csv_end_nolf_utf8
[INFO] [stdout]     cmdtest::test_solid_csv_non_delim_comma_utf8
[INFO] [stdout]     cmdtest::test_solid_csv_utf8
[INFO] [stdout] 
[INFO] [stdout] test result: FAILED. 81 passed; 8 failed; 0 ignored; 0 measured; 0 filtered out; finished in 0.51s
[INFO] [stdout] 
[INFO] running `Command { std: "docker" "inspect" "a27689ef91958d284402550f16e5bface317914d50bd756433b14fbfd410e21d", kill_on_drop: false }`
[INFO] running `Command { std: "docker" "rm" "-f" "a27689ef91958d284402550f16e5bface317914d50bd756433b14fbfd410e21d", kill_on_drop: false }`
[INFO] [stdout] a27689ef91958d284402550f16e5bface317914d50bd756433b14fbfd410e21d
