[INFO] cloning repository https://github.com/gpgkd906/rust_lisp
[INFO] running `Command { std: "git" "-c" "credential.helper=" "-c" "credential.helper=/workspace/cargo-home/bin/git-credential-null" "clone" "--bare" "https://github.com/gpgkd906/rust_lisp" "/workspace/cache/git-repos/https%3A%2F%2Fgithub.com%2Fgpgkd906%2Frust_lisp", kill_on_drop: false }`
[INFO] [stderr] Cloning into bare repository '/workspace/cache/git-repos/https%3A%2F%2Fgithub.com%2Fgpgkd906%2Frust_lisp'...
[INFO] running `Command { std: "git" "rev-parse" "HEAD", kill_on_drop: false }`
[INFO] [stdout] 087a7cdcafa52b30ead87998e80814c984309dde
[INFO] testing gpgkd906/rust_lisp against nightly-2025-01-18+rustflags=-Zrandomize-layout for randomize-layout-2
[INFO] running `Command { std: "git" "clone" "/workspace/cache/git-repos/https%3A%2F%2Fgithub.com%2Fgpgkd906%2Frust_lisp" "/workspace/builds/worker-5-tc2/source", kill_on_drop: false }`
[INFO] [stderr] Cloning into '/workspace/builds/worker-5-tc2/source'...
[INFO] [stderr] done.
[INFO] validating manifest of git repo https://github.com/gpgkd906/rust_lisp on toolchain nightly-2025-01-18
[INFO] running `Command { std: CARGO_HOME="/workspace/cargo-home" RUSTUP_HOME="/workspace/rustup-home" "/workspace/cargo-home/bin/cargo" "+nightly-2025-01-18" "metadata" "--manifest-path" "Cargo.toml" "--no-deps", kill_on_drop: false }`
[INFO] started tweaking git repo https://github.com/gpgkd906/rust_lisp
[INFO] finished tweaking git repo https://github.com/gpgkd906/rust_lisp
[INFO] tweaked toml for git repo https://github.com/gpgkd906/rust_lisp written to /workspace/builds/worker-5-tc2/source/Cargo.toml
[INFO] crate git repo https://github.com/gpgkd906/rust_lisp already has a lockfile, it will not be regenerated
[INFO] running `Command { std: CARGO_HOME="/workspace/cargo-home" RUSTUP_HOME="/workspace/rustup-home" "/workspace/cargo-home/bin/cargo" "+nightly-2025-01-18" "fetch" "--manifest-path" "Cargo.toml", kill_on_drop: false }`
[INFO] running `Command { std: "docker" "create" "-v" "/var/lib/crater-agent-workspace/builds/worker-5-tc2/target:/opt/rustwide/target:rw,Z" "-v" "/var/lib/crater-agent-workspace/builds/worker-5-tc2/source:/opt/rustwide/workdir:ro,Z" "-v" "/var/lib/crater-agent-workspace/cargo-home:/opt/rustwide/cargo-home:ro,Z" "-v" "/var/lib/crater-agent-workspace/rustup-home:/opt/rustwide/rustup-home:ro,Z" "-e" "SOURCE_DIR=/opt/rustwide/workdir" "-e" "CARGO_TARGET_DIR=/opt/rustwide/target" "-e" "CARGO_HOME=/opt/rustwide/cargo-home" "-e" "RUSTUP_HOME=/opt/rustwide/rustup-home" "-w" "/opt/rustwide/workdir" "-m" "1610612736" "--user" "0:0" "--network" "none" "ghcr.io/rust-lang/crates-build-env/linux@sha256:819108c5571ea2e421544af4d832f968d213c87fbe3707a016657f43d2f853bc" "/opt/rustwide/cargo-home/bin/cargo" "+nightly-2025-01-18" "metadata" "--no-deps" "--format-version=1", kill_on_drop: false }`
[INFO] [stdout] b0716bcde72d14236afd07df6e1d784dc15046e5b2fa3d5f1bc8f8b63eecdb4f
[INFO] running `Command { std: "docker" "start" "-a" "b0716bcde72d14236afd07df6e1d784dc15046e5b2fa3d5f1bc8f8b63eecdb4f", kill_on_drop: false }`
[INFO] running `Command { std: "docker" "inspect" "b0716bcde72d14236afd07df6e1d784dc15046e5b2fa3d5f1bc8f8b63eecdb4f", kill_on_drop: false }`
[INFO] running `Command { std: "docker" "rm" "-f" "b0716bcde72d14236afd07df6e1d784dc15046e5b2fa3d5f1bc8f8b63eecdb4f", kill_on_drop: false }`
[INFO] [stdout] b0716bcde72d14236afd07df6e1d784dc15046e5b2fa3d5f1bc8f8b63eecdb4f
[INFO] running `Command { std: "docker" "create" "-v" "/var/lib/crater-agent-workspace/builds/worker-5-tc2/target:/opt/rustwide/target:rw,Z" "-v" "/var/lib/crater-agent-workspace/builds/worker-5-tc2/source:/opt/rustwide/workdir:ro,Z" "-v" "/var/lib/crater-agent-workspace/cargo-home:/opt/rustwide/cargo-home:ro,Z" "-v" "/var/lib/crater-agent-workspace/rustup-home:/opt/rustwide/rustup-home:ro,Z" "-e" "SOURCE_DIR=/opt/rustwide/workdir" "-e" "CARGO_TARGET_DIR=/opt/rustwide/target" "-e" "CARGO_INCREMENTAL=0" "-e" "RUST_BACKTRACE=full" "-e" "RUSTFLAGS=--cap-lints=forbid -Zrandomize-layout" "-e" "RUSTDOCFLAGS=--cap-lints=forbid" "-e" "CARGO_HOME=/opt/rustwide/cargo-home" "-e" "RUSTUP_HOME=/opt/rustwide/rustup-home" "-w" "/opt/rustwide/workdir" "-m" "1610612736" "--user" "0:0" "--network" "none" "ghcr.io/rust-lang/crates-build-env/linux@sha256:819108c5571ea2e421544af4d832f968d213c87fbe3707a016657f43d2f853bc" "/opt/rustwide/cargo-home/bin/cargo" "+nightly-2025-01-18" "build" "--frozen" "--message-format=json", kill_on_drop: false }`
[INFO] [stdout] 96b320a4dd9b7c345793694bb3a85dff8c72093798c138cd19c61e4f5b30f044
[INFO] running `Command { std: "docker" "start" "-a" "96b320a4dd9b7c345793694bb3a85dff8c72093798c138cd19c61e4f5b30f044", kill_on_drop: false }`
[INFO] [stderr]    Compiling lazy_static v1.5.0
[INFO] [stderr]    Compiling rust_lisp_interpreter v0.1.0 (/opt/rustwide/workdir)
[INFO] [stdout] warning: unexpected `cfg` condition name: `tarpaulin_include`
[INFO] [stdout]   --> src/main.rs:24:11
[INFO] [stdout]    |
[INFO] [stdout] 24 | #[cfg(not(tarpaulin_include))]
[INFO] [stdout]    |           ^^^^^^^^^^^^^^^^^
[INFO] [stdout]    |
[INFO] [stdout]    = help: expected names are: `clippy`, `debug_assertions`, `doc`, `docsrs`, `doctest`, `feature`, `fmt_debug`, `miri`, `overflow_checks`, `panic`, `proc_macro`, `relocation_model`, `rustfmt`, `sanitize`, `sanitizer_cfi_generalize_pointers`, `sanitizer_cfi_normalize_integers`, `target_abi`, `target_arch`, `target_endian`, `target_env`, `target_family`, `target_feature`, `target_has_atomic`, `target_has_atomic_equal_alignment`, `target_has_atomic_load_store`, `target_os`, `target_pointer_width`, `target_thread_local`, `target_vendor`, `test`, `ub_checks`, `unix`, and `windows`
[INFO] [stdout]    = help: consider using a Cargo feature instead
[INFO] [stdout]    = help: or consider adding in `Cargo.toml` the `check-cfg` lint config for the lint:
[INFO] [stdout]             [lints.rust]
[INFO] [stdout]             unexpected_cfgs = { level = "warn", check-cfg = ['cfg(tarpaulin_include)'] }
[INFO] [stdout]    = help: or consider adding `println!("cargo::rustc-check-cfg=cfg(tarpaulin_include)");` to the top of the `build.rs`
[INFO] [stdout]    = note: see <https://doc.rust-lang.org/nightly/rustc/check-cfg/cargo-specifics.html> for more information about checking conditional configuration
[INFO] [stdout]    = note: `#[warn(unexpected_cfgs)]` on by default
[INFO] [stdout] 
[INFO] [stdout] 
[INFO] [stdout] warning: unexpected `cfg` condition name: `tarpaulin_include`
[INFO] [stdout]    --> src/main.rs:116:11
[INFO] [stdout]     |
[INFO] [stdout] 116 | #[cfg(not(tarpaulin_include))]
[INFO] [stdout]     |           ^^^^^^^^^^^^^^^^^
[INFO] [stdout]     |
[INFO] [stdout]     = help: consider using a Cargo feature instead
[INFO] [stdout]     = help: or consider adding in `Cargo.toml` the `check-cfg` lint config for the lint:
[INFO] [stdout]              [lints.rust]
[INFO] [stdout]              unexpected_cfgs = { level = "warn", check-cfg = ['cfg(tarpaulin_include)'] }
[INFO] [stdout]     = help: or consider adding `println!("cargo::rustc-check-cfg=cfg(tarpaulin_include)");` to the top of the `build.rs`
[INFO] [stdout]     = note: see <https://doc.rust-lang.org/nightly/rustc/check-cfg/cargo-specifics.html> for more information about checking conditional configuration
[INFO] [stdout] 
[INFO] [stdout] 
[INFO] [stderr]     Finished `dev` profile [unoptimized + debuginfo] target(s) in 1.22s
[INFO] running `Command { std: "docker" "inspect" "96b320a4dd9b7c345793694bb3a85dff8c72093798c138cd19c61e4f5b30f044", kill_on_drop: false }`
[INFO] running `Command { std: "docker" "rm" "-f" "96b320a4dd9b7c345793694bb3a85dff8c72093798c138cd19c61e4f5b30f044", kill_on_drop: false }`
[INFO] [stdout] 96b320a4dd9b7c345793694bb3a85dff8c72093798c138cd19c61e4f5b30f044
[INFO] running `Command { std: "docker" "create" "-v" "/var/lib/crater-agent-workspace/builds/worker-5-tc2/target:/opt/rustwide/target:rw,Z" "-v" "/var/lib/crater-agent-workspace/builds/worker-5-tc2/source:/opt/rustwide/workdir:ro,Z" "-v" "/var/lib/crater-agent-workspace/cargo-home:/opt/rustwide/cargo-home:ro,Z" "-v" "/var/lib/crater-agent-workspace/rustup-home:/opt/rustwide/rustup-home:ro,Z" "-e" "SOURCE_DIR=/opt/rustwide/workdir" "-e" "CARGO_TARGET_DIR=/opt/rustwide/target" "-e" "CARGO_INCREMENTAL=0" "-e" "RUST_BACKTRACE=full" "-e" "RUSTFLAGS=--cap-lints=forbid -Zrandomize-layout" "-e" "RUSTDOCFLAGS=--cap-lints=forbid" "-e" "CARGO_HOME=/opt/rustwide/cargo-home" "-e" "RUSTUP_HOME=/opt/rustwide/rustup-home" "-w" "/opt/rustwide/workdir" "-m" "1610612736" "--user" "0:0" "--network" "none" "ghcr.io/rust-lang/crates-build-env/linux@sha256:819108c5571ea2e421544af4d832f968d213c87fbe3707a016657f43d2f853bc" "/opt/rustwide/cargo-home/bin/cargo" "+nightly-2025-01-18" "test" "--frozen" "--no-run" "--message-format=json", kill_on_drop: false }`
[INFO] [stdout] e3c70391f37175cf30d30e291aa8896f09ad24884d0e03b3bea4d7e86a2e8d29
[INFO] running `Command { std: "docker" "start" "-a" "e3c70391f37175cf30d30e291aa8896f09ad24884d0e03b3bea4d7e86a2e8d29", kill_on_drop: false }`
[INFO] [stderr]    Compiling rust_lisp_interpreter v0.1.0 (/opt/rustwide/workdir)
[INFO] [stdout] warning: unexpected `cfg` condition name: `tarpaulin_include`
[INFO] [stdout]   --> src/main.rs:24:11
[INFO] [stdout]    |
[INFO] [stdout] 24 | #[cfg(not(tarpaulin_include))]
[INFO] [stdout]    |           ^^^^^^^^^^^^^^^^^
[INFO] [stdout]    |
[INFO] [stdout]    = help: expected names are: `clippy`, `debug_assertions`, `doc`, `docsrs`, `doctest`, `feature`, `fmt_debug`, `miri`, `overflow_checks`, `panic`, `proc_macro`, `relocation_model`, `rustfmt`, `sanitize`, `sanitizer_cfi_generalize_pointers`, `sanitizer_cfi_normalize_integers`, `target_abi`, `target_arch`, `target_endian`, `target_env`, `target_family`, `target_feature`, `target_has_atomic`, `target_has_atomic_equal_alignment`, `target_has_atomic_load_store`, `target_os`, `target_pointer_width`, `target_thread_local`, `target_vendor`, `test`, `ub_checks`, `unix`, and `windows`
[INFO] [stdout]    = help: consider using a Cargo feature instead
[INFO] [stdout]    = help: or consider adding in `Cargo.toml` the `check-cfg` lint config for the lint:
[INFO] [stdout]             [lints.rust]
[INFO] [stdout]             unexpected_cfgs = { level = "warn", check-cfg = ['cfg(tarpaulin_include)'] }
[INFO] [stdout]    = help: or consider adding `println!("cargo::rustc-check-cfg=cfg(tarpaulin_include)");` to the top of the `build.rs`
[INFO] [stdout]    = note: see <https://doc.rust-lang.org/nightly/rustc/check-cfg/cargo-specifics.html> for more information about checking conditional configuration
[INFO] [stdout]    = note: `#[warn(unexpected_cfgs)]` on by default
[INFO] [stdout] 
[INFO] [stdout] 
[INFO] [stdout] warning: unexpected `cfg` condition name: `tarpaulin_include`
[INFO] [stdout]    --> src/main.rs:116:11
[INFO] [stdout]     |
[INFO] [stdout] 116 | #[cfg(not(tarpaulin_include))]
[INFO] [stdout]     |           ^^^^^^^^^^^^^^^^^
[INFO] [stdout]     |
[INFO] [stdout]     = help: consider using a Cargo feature instead
[INFO] [stdout]     = help: or consider adding in `Cargo.toml` the `check-cfg` lint config for the lint:
[INFO] [stdout]              [lints.rust]
[INFO] [stdout]              unexpected_cfgs = { level = "warn", check-cfg = ['cfg(tarpaulin_include)'] }
[INFO] [stdout]     = help: or consider adding `println!("cargo::rustc-check-cfg=cfg(tarpaulin_include)");` to the top of the `build.rs`
[INFO] [stdout]     = note: see <https://doc.rust-lang.org/nightly/rustc/check-cfg/cargo-specifics.html> for more information about checking conditional configuration
[INFO] [stdout] 
[INFO] [stdout] 
[INFO] [stderr]     Finished `test` profile [unoptimized + debuginfo] target(s) in 2.67s
[INFO] running `Command { std: "docker" "inspect" "e3c70391f37175cf30d30e291aa8896f09ad24884d0e03b3bea4d7e86a2e8d29", kill_on_drop: false }`
[INFO] running `Command { std: "docker" "rm" "-f" "e3c70391f37175cf30d30e291aa8896f09ad24884d0e03b3bea4d7e86a2e8d29", kill_on_drop: false }`
[INFO] [stdout] e3c70391f37175cf30d30e291aa8896f09ad24884d0e03b3bea4d7e86a2e8d29
[INFO] running `Command { std: "docker" "create" "-v" "/var/lib/crater-agent-workspace/builds/worker-5-tc2/target:/opt/rustwide/target:rw,Z" "-v" "/var/lib/crater-agent-workspace/builds/worker-5-tc2/source:/opt/rustwide/workdir:ro,Z" "-v" "/var/lib/crater-agent-workspace/cargo-home:/opt/rustwide/cargo-home:ro,Z" "-v" "/var/lib/crater-agent-workspace/rustup-home:/opt/rustwide/rustup-home:ro,Z" "-e" "SOURCE_DIR=/opt/rustwide/workdir" "-e" "CARGO_TARGET_DIR=/opt/rustwide/target" "-e" "CARGO_INCREMENTAL=0" "-e" "RUST_BACKTRACE=full" "-e" "RUSTFLAGS=--cap-lints=forbid -Zrandomize-layout" "-e" "RUSTDOCFLAGS=--cap-lints=forbid" "-e" "CARGO_HOME=/opt/rustwide/cargo-home" "-e" "RUSTUP_HOME=/opt/rustwide/rustup-home" "-w" "/opt/rustwide/workdir" "-m" "1610612736" "--user" "0:0" "--network" "none" "ghcr.io/rust-lang/crates-build-env/linux@sha256:819108c5571ea2e421544af4d832f968d213c87fbe3707a016657f43d2f853bc" "/opt/rustwide/cargo-home/bin/cargo" "+nightly-2025-01-18" "test" "--frozen", kill_on_drop: false }`
[INFO] [stdout] ff39e856ff42af3f2bce1dea5c01cb555c1e136792d9d966172d296da6601c00
[INFO] running `Command { std: "docker" "start" "-a" "ff39e856ff42af3f2bce1dea5c01cb555c1e136792d9d966172d296da6601c00", kill_on_drop: false }`
[INFO] [stderr] warning: unexpected `cfg` condition name: `tarpaulin_include`
[INFO] [stderr]   --> src/main.rs:24:11
[INFO] [stderr]    |
[INFO] [stderr] 24 | #[cfg(not(tarpaulin_include))]
[INFO] [stderr]    |           ^^^^^^^^^^^^^^^^^
[INFO] [stderr]    |
[INFO] [stderr]    = help: expected names are: `clippy`, `debug_assertions`, `doc`, `docsrs`, `doctest`, `feature`, `fmt_debug`, `miri`, `overflow_checks`, `panic`, `proc_macro`, `relocation_model`, `rustfmt`, `sanitize`, `sanitizer_cfi_generalize_pointers`, `sanitizer_cfi_normalize_integers`, `target_abi`, `target_arch`, `target_endian`, `target_env`, `target_family`, `target_feature`, `target_has_atomic`, `target_has_atomic_equal_alignment`, `target_has_atomic_load_store`, `target_os`, `target_pointer_width`, `target_thread_local`, `target_vendor`, `test`, `ub_checks`, `unix`, and `windows`
[INFO] [stderr]    = help: consider using a Cargo feature instead
[INFO] [stderr]    = help: or consider adding in `Cargo.toml` the `check-cfg` lint config for the lint:
[INFO] [stderr]             [lints.rust]
[INFO] [stderr]             unexpected_cfgs = { level = "warn", check-cfg = ['cfg(tarpaulin_include)'] }
[INFO] [stderr]    = help: or consider adding `println!("cargo::rustc-check-cfg=cfg(tarpaulin_include)");` to the top of the `build.rs`
[INFO] [stderr]    = note: see <https://doc.rust-lang.org/nightly/rustc/check-cfg/cargo-specifics.html> for more information about checking conditional configuration
[INFO] [stderr]    = note: `#[warn(unexpected_cfgs)]` on by default
[INFO] [stderr] 
[INFO] [stderr] warning: unexpected `cfg` condition name: `tarpaulin_include`
[INFO] [stderr]    --> src/main.rs:116:11
[INFO] [stderr]     |
[INFO] [stderr] 116 | #[cfg(not(tarpaulin_include))]
[INFO] [stderr]     |           ^^^^^^^^^^^^^^^^^
[INFO] [stderr]     |
[INFO] [stderr]     = help: consider using a Cargo feature instead
[INFO] [stderr]     = help: or consider adding in `Cargo.toml` the `check-cfg` lint config for the lint:
[INFO] [stderr]              [lints.rust]
[INFO] [stderr]              unexpected_cfgs = { level = "warn", check-cfg = ['cfg(tarpaulin_include)'] }
[INFO] [stderr]     = help: or consider adding `println!("cargo::rustc-check-cfg=cfg(tarpaulin_include)");` to the top of the `build.rs`
[INFO] [stderr]     = note: see <https://doc.rust-lang.org/nightly/rustc/check-cfg/cargo-specifics.html> for more information about checking conditional configuration
[INFO] [stderr] 
[INFO] [stderr] warning: `rust_lisp_interpreter` (bin "rust_lisp_interpreter" test) generated 2 warnings
[INFO] [stderr]     Finished `test` profile [unoptimized + debuginfo] target(s) in 0.02s
[INFO] [stderr]      Running unittests src/main.rs (/opt/rustwide/target/debug/deps/rust_lisp_interpreter-4c91905e7e84e30d)
[INFO] [stdout] 
[INFO] [stdout] running 222 tests
[INFO] [stdout] test evaluator::tests::test_eval_invalid_function_definition ... ok
[INFO] [stdout] test evaluator::tests::test_eval_invalid_expression ... ok
[INFO] [stdout] test evaluator::tests::test_eval_lambda_call ... ok
[INFO] [stdout] test evaluator::tests::test_eval_invalid_function_call ... ok
[INFO] [stdout] test evaluator::tests::test_eval_empty_list ... ok
[INFO] [stdout] test evaluator::tests::test_eval_invalid_list_operator ... ok
[INFO] [stdout] test evaluator::tests::test_eval_invalid_lambda ... ok
[INFO] [stdout] test evaluator::tests::test_eval_nested_expression ... ok
[INFO] [stdout] test expression::tests::test_display_empty_list ... ok
[INFO] [stdout] test evaluator::tests::test_eval_number_and_string ... ok
[INFO] [stdout] test expression::tests::test_complex_nested_list ... ok
[INFO] [stdout] test expression::tests::test_display_number ... ok
[INFO] [stdout] test evaluator::tests::test_eval_undefined_symbol ... ok
[INFO] [stdout] test evaluator::tests::test_eval_nested_lambda ... ok
[INFO] [stdout] test expression::tests::test_display_quoted_string ... ok
[INFO] [stdout] test evaluator::tests::test_eval_symbol ... ok
[INFO] [stdout] test expression::tests::test_display_list ... ok
[INFO] [stdout] test expression::tests::test_display_string ... ok
[INFO] [stdout] test expression::tests::test_display_nested_list ... ok
[INFO] [stdout] test expression::tests::test_display_single_element_list ... ok
[INFO] [stdout] test expression::tests::test_empty_string ... ok
[INFO] [stdout] test expression::tests::test_display_symbol ... ok
[INFO] [stdout] test expression::tests::test_is_list ... ok
[INFO] [stdout] test expression::tests::test_is_number ... ok
[INFO] [stdout] test expression::tests::test_is_string ... ok
[INFO] [stdout] test expression::tests::test_is_symbol ... ok
[INFO] [stdout] test expression::tests::test_large_number ... ok
[INFO] [stdout] test expression::tests::test_list_of_strings ... ok
[INFO] [stdout] test expression::tests::test_list_of_symbols ... ok
[INFO] [stdout] test expression::tests::test_mixed_type_list ... ok
[INFO] [stdout] test expression::tests::test_partial_eq_across_types ... ok
[INFO] [stdout] test expression::tests::test_partial_eq_for_floats ... ok
[INFO] [stdout] test expression::tests::test_partial_eq_for_lists ... ok
[INFO] [stdout] test expression::tests::test_partial_eq_for_numbers ... ok
[INFO] [stdout] test expression::tests::test_partial_eq_for_strings ... ok
[INFO] [stdout] test expression::tests::test_partial_eq_for_symbols ... ok
[INFO] [stdout] test expression::tests::test_special_characters_in_symbol ... ok
[INFO] [stdout] test expression::tests::test_to_string_complex_nested_list_with_all_types ... ok
[INFO] [stdout] test expression::tests::test_to_string_empty_list ... ok
[INFO] [stdout] test expression::tests::test_to_string_empty_string ... ok
[INFO] [stdout] test expression::tests::test_to_string_escaped_backslashes ... ok
[INFO] [stdout] test expression::tests::test_to_string_float ... ok
[INFO] [stdout] test expression::tests::test_to_string_large_float ... ok
[INFO] [stdout] test expression::tests::test_to_string_list ... ok
[INFO] [stdout] test expression::tests::test_to_string_list_with_empty_list ... ok
[INFO] [stdout] test expression::tests::test_to_string_multiple_backslashes_and_quotes ... ok
[INFO] [stdout] test expression::tests::test_to_string_multiple_escaped_quotes_and_symbols ... ok
[INFO] [stdout] test expression::tests::test_to_string_multiple_nested_quotes ... ok
[INFO] [stdout] test expression::tests::test_to_string_multiple_special_characters ... ok
[INFO] [stdout] test expression::tests::test_to_string_nested_empty_list ... ok
[INFO] [stdout] test expression::tests::test_to_string_nested_list ... ok
[INFO] [stdout] test expression::tests::test_to_string_nested_quoted_list ... ok
[INFO] [stdout] test expression::tests::test_to_string_nested_quoted_string ... ok
[INFO] [stdout] test expression::tests::test_to_string_number ... ok
[INFO] [stdout] test expression::tests::test_to_string_quoted_string ... ok
[INFO] [stdout] test expression::tests::test_to_string_single_element_list ... ok
[INFO] [stdout] test expression::tests::test_to_string_small_float ... ok
[INFO] [stdout] test expression::tests::test_to_string_special_characters ... ok
[INFO] [stdout] test expression::tests::test_to_string_string ... ok
[INFO] [stdout] test expression::tests::test_to_string_symbol ... ok
[INFO] [stdout] test expression::tests::test_unicode_string ... ok
[INFO] [stdout] test expression::tests::test_unicode_symbol ... ok
[INFO] [stdout] test expression::tests::test_whitespace_symbol ... ok
[INFO] [stdout] test macro_expander::tests::test_expand_macro_simple ... ok
[INFO] [stdout] test macro_expander::tests::test_expand_macro_with_no_args ... ok
[INFO] [stdout] test macro_expander::tests::test_expand_non_macro ... ok
[INFO] [stdout] test operator::arithmetic::tests::test_eval_add_invild_number ... ok
[INFO] [stdout] test operator::arithmetic::tests::test_eval_add_large_numbers ... ok
[INFO] [stdout] test operator::arithmetic::tests::test_eval_add_non_number_argument ... ok
[INFO] [stdout] test operator::arithmetic::tests::test_eval_add_single_argument ... ok
[INFO] [stdout] test macro_expander::tests::test_expand_macro_with_multiple_args ... ok
[INFO] [stdout] test operator::arithmetic::tests::test_eval_add_success ... ok
[INFO] [stdout] test operator::arithmetic::tests::test_eval_add_with_floats ... ok
[INFO] [stdout] test operator::arithmetic::tests::test_eval_add_with_zero ... ok
[INFO] [stdout] test operator::arithmetic::tests::test_eval_add_no_arguments ... ok
[INFO] [stdout] test operator::arithmetic::tests::test_eval_div_by_zero ... ok
[INFO] [stdout] test operator::arithmetic::tests::test_eval_div_by_zero_float ... ok
[INFO] [stdout] test operator::arithmetic::tests::test_eval_div_nested_division_with_floats ... ok
[INFO] [stdout] test macro_expander::tests::test_expand_macro_with_unexpected_args ... ok
[INFO] [stdout] test evaluator::tests::test_eval_invalid_lambda_expression ... ok
[INFO] [stdout] test operator::arithmetic::tests::test_eval_div_success ... ok
[INFO] [stdout] test operator::arithmetic::tests::test_eval_div_with_floats ... ok
[INFO] [stdout] test operator::arithmetic::tests::test_eval_div_with_floats_result_integer ... ok
[INFO] [stdout] test operator::arithmetic::tests::test_eval_large_numbers ... ok
[INFO] [stdout] test operator::arithmetic::tests::test_eval_mul_negative_numbers ... ok
[INFO] [stdout] test operator::arithmetic::tests::test_eval_div_incorrect_number_of_arguments ... ok
[INFO] [stdout] test operator::arithmetic::tests::test_eval_mul_no_arguments ... ok
[INFO] [stdout] test operator::arithmetic::tests::test_eval_mul_invlid_number ... ok
[INFO] [stdout] test operator::arithmetic::tests::test_eval_div_non_number_argument ... ok
[INFO] [stdout] test operator::arithmetic::tests::test_eval_mul_non_number_argument ... ok
[INFO] [stdout] test operator::arithmetic::tests::test_eval_mul_single_argument ... ok
[INFO] [stdout] test operator::arithmetic::tests::test_eval_mul_success ... ok
[INFO] [stdout] test operator::arithmetic::tests::test_eval_mul_with_floats ... ok
[INFO] [stdout] test operator::arithmetic::tests::test_eval_mul_with_zero ... ok
[INFO] [stdout] test operator::arithmetic::tests::test_eval_nested_multiplication_with_float ... ok
[INFO] [stdout] test operator::arithmetic::tests::test_eval_sub_invlid_number ... ok
[INFO] [stdout] test operator::arithmetic::tests::test_eval_sub_negative_numbers ... ok
[INFO] [stdout] test operator::arithmetic::tests::test_eval_sub_negative_result ... ok
[INFO] [stdout] test operator::arithmetic::tests::test_eval_sub_no_arguments ... ok
[INFO] [stdout] test operator::arithmetic::tests::test_eval_sub_non_number_argument ... ok
[INFO] [stdout] test operator::arithmetic::tests::test_eval_sub_single_argument ... ok
[INFO] [stdout] test operator::arithmetic::tests::test_eval_sub_success ... ok
[INFO] [stdout] test operator::arithmetic::tests::test_eval_sub_with_floats ... ok
[INFO] [stdout] test operator::comparison::tests::test_equal_operator ... ok
[INFO] [stdout] test operator::comparison::tests::test_equal_operator_with_floats ... ok
[INFO] [stdout] test operator::comparison::tests::test_equal_operator_with_symbols ... ok
[INFO] [stdout] test operator::comparison::tests::test_greater_equal_operator ... ok
[INFO] [stdout] test operator::comparison::tests::test_greater_equal_operator_with_floats ... ok
[INFO] [stdout] test operator::comparison::tests::test_greater_operator ... ok
[INFO] [stdout] test operator::comparison::tests::test_greater_operator_invalid_arguments ... ok
[INFO] [stdout] test operator::comparison::tests::test_greater_operator_with_floats ... ok
[INFO] [stdout] test operator::comparison::tests::test_less_equal_operator ... ok
[INFO] [stdout] test operator::comparison::tests::test_less_equal_operator_invalid_arguments ... ok
[INFO] [stdout] test operator::comparison::tests::test_less_equal_operator_with_floats ... ok
[INFO] [stdout] test operator::comparison::tests::test_not_equal_operator ... ok
[INFO] [stdout] test operator::comparison::tests::test_not_equal_operator_with_floats ... ok
[INFO] [stdout] test operator::comparison::tests::test_less_operator_invalid_arguments ... ok
[INFO] [stdout] test operator::comparison::tests::test_less_operator_with_floats ... ok
[INFO] [stdout] test operator::comparison::tests::test_less_operator ... ok
[INFO] [stdout] test operator::comparison::tests::test_not_equal_operator_with_symbols ... ok
[INFO] [stdout] test operator::control::tests::test_cond_no_true_condition ... ok
[INFO] [stdout] test operator::control::tests::test_cond_single_expression ... ok
[INFO] [stdout] test operator::control::tests::test_cond_with_multiple_clauses ... ok
[INFO] [stdout] test operator::control::tests::test_cond_with_nonempty_list_true ... ok
[INFO] [stdout] test operator::control::tests::test_cond_with_multiple_true_conditions ... ok
[INFO] [stdout] test operator::control::tests::test_not_operator ... ok
[INFO] [stdout] test operator::comparison::tests::test_greater_equal_operator_invalid_arguments ... ok
[INFO] [stdout] test operator::lambda::tests::test_eval_anonymous_function ... ok
[INFO] [stdout] test operator::control::tests::test_gensym_unique_symbols ... ok
[INFO] [stdout] test operator::control::tests::test_cond_clause_not_a_list ... ok
[INFO] [stdout] test operator::control::tests::test_cond_clause_too_long ... ok
[INFO] [stdout] test operator::control::tests::test_cond_single_clause ... ok
[INFO] [stdout] test operator::lambda::tests::test_eval_function_call_success ... ok
[INFO] [stdout] test operator::lambda::tests::test_eval_function_call_undefined_function ... ok
[INFO] [stdout] test operator::lambda::tests::test_eval_fib_function ... ok
[INFO] [stdout] test operator::lambda::tests::test_eval_function_call_invalid_arguments ... ok
[INFO] [stdout] test operator::list::tests::test_cons_with_dotted_pair ... ok
[INFO] [stdout] test operator::lambda::tests::test_eval_defun_invalid_arguments ... ok
[INFO] [stdout] test operator::list::tests::test_eval_car_success ... ok
[INFO] [stdout] test operator::list::tests::test_cons_with_list ... ok
[INFO] [stdout] test operator::list::tests::test_eval_cdr_empty_list ... ok
[INFO] [stdout] test operator::control::tests::test_cond_with_symbol_true ... ok
[INFO] [stdout] test operator::control::tests::test_setf_and_gensym ... ok
[INFO] [stdout] test operator::list::tests::test_eval_cdr_with_non_list_argument ... ok
[INFO] [stdout] test operator::list::tests::test_eval_cdr_success ... ok
[INFO] [stdout] test operator::list::tests::test_eval_car_empty_list ... ok
[INFO] [stdout] test operator::list::tests::test_eval_car_with_non_list_argument ... ok
[INFO] [stdout] test operator::list::tests::test_eval_cons_invalid_second_argument ... ok
[INFO] [stdout] test operator::list::tests::test_eval_cons_success ... ok
[INFO] [stdout] test operator::list::tests::test_eval_length_empty_list ... ok
[INFO] [stdout] test operator::list::tests::test_eval_cons_with_non_list_second_argument ... ok
[INFO] [stdout] test operator::list::tests::test_eval_quote_list ... ok
[INFO] [stdout] test operator::list::tests::test_eval_quote_success ... ok
[INFO] [stdout] test operator::list::tests::test_eval_length_success ... ok
[INFO] [stdout] test operator::list::tests::test_eval_length_invalid_argument ... ok
[INFO] [stdout] test operator::set::tests::test_eval_setf_eval_value_expression ... ok
[INFO] [stdout] test operator::list::tests::test_quasiquote_with_unquote ... ok
[INFO] [stdout] test operator::list::tests::test_setf_and_cons ... ok
[INFO] [stdout] test operator::set::tests::test_eval_setf_first_argument_not_symbol ... ok
[INFO] [stdout] test parser::tests::test_parse_and_expand_macro ... ok
[INFO] [stdout] test parser::tests::test_parse_defmacro ... ok
[INFO] [stdout] test operator::set::tests::test_eval_setf_success ... ok
[INFO] [stdout] test parser::tests::test_parse_empty_input ... ok
[INFO] [stdout] test parser::tests::test_parse_complex_expression ... ok
[INFO] [stdout] test operator::set::tests::test_eval_setf_incorrect_number_of_arguments ... ok
[INFO] [stdout] test operator::list::tests::test_unquote_outside_quasiquote ... ok
[INFO] [stdout] test parser::tests::test_parse_expression_with_comment_inside_list ... ok
[INFO] [stdout] test parser::tests::test_parse_extra_closing_paren ... ok
[INFO] [stdout] test parser::tests::test_parse_inline_comment ... ok
[INFO] [stdout] test parser::tests::test_parse_invalid_float ... ok
[INFO] [stdout] test parser::tests::test_parse_float ... ok
[INFO] [stdout] test parser::tests::test_parse_invalid_number ... ok
[INFO] [stdout] test parser::tests::test_parse_negative_float ... ok
[INFO] [stdout] test parser::tests::test_parse_expression_with_trailing_whitespace ... ok
[INFO] [stdout] test parser::tests::test_parse_expression_with_leading_whitespace ... ok
[INFO] [stdout] test parser::tests::test_parse_negative_number ... ok
[INFO] [stdout] test parser::tests::test_parse_invalid_symbol ... ok
[INFO] [stdout] test parser::tests::test_parse_multiline_expression ... ok
[INFO] [stdout] test parser::tests::test_parse_negative_sign_without_number ... ok
[INFO] [stdout] test parser::tests::test_parse_negative_symbol ... ok
[INFO] [stdout] test parser::tests::test_parse_nested_error ... ok
[INFO] [stdout] test parser::tests::test_parse_number ... ok
[INFO] [stdout] test parser::tests::test_parse_nested_expression ... ok
[INFO] [stdout] test parser::tests::test_parse_number_with_space_and_comment ... ok
[INFO] [stdout] test parser::tests::test_parse_number_with_inline_comment ... ok
[INFO] [stdout] test parser::tests::test_parse_subtraction ... ok
[INFO] [stdout] test parser::tests::test_parse_string ... ok
[INFO] [stdout] test parser::tests::test_parse_symbol ... ok
[INFO] [stdout] test parser::tests::test_parse_simple_expression ... ok
[INFO] [stdout] test parser::tests::test_parse_symbol_with_special_characters ... ok
[INFO] [stdout] test parser::tests::test_parse_quoted_expression ... ok
[INFO] [stdout] test operator::lambda::tests::test_eval_defun_success ... ok
[INFO] [stdout] test parser::tests::test_parse_unexpected_end_of_list ... ok
[INFO] [stdout] test parser::tests::test_parse_unterminated_string ... ok
[INFO] [stdout] test parser::tests::test_parse_whitespace_only_input ... ok
[INFO] [stdout] test parser::tests::test_parse_symbol_with_numbers ... ok
[INFO] [stdout] test parser::tests::test_parse_with_comments ... ok
[INFO] [stdout] test tests::test_evaluator_error_handling ... ok
[INFO] [stdout] test tests::test_deeply_nested_expressions ... ok
[INFO] [stdout] test tests::test_interpreter_file_read_error ... ok
[INFO] [stdout] test tests::test_initialize_environment ... ok
[INFO] [stdout] test tests::test_file_interpreter_invalid_file ... ok
[INFO] [stdout] test tests::test_invalid_function_call ... ok
[INFO] [stdout] test tests::test_empty_input ... ok
[INFO] [stdout] test tests::test_multiple_expressions ... ok
[INFO] [stdout] test tests::test_nested_expressions ... ok
[INFO] [stdout] test tests::test_repl_conditional ... ok
[INFO] [stdout] test tests::test_repl_division_by_zero ... ok
[INFO] [stdout] test tests::test_repl_exit ... ok
[INFO] [stdout] test tests::test_repl_invalid_expression ... ok
[INFO] [stdout] test tests::test_repl_invalid_syntax ... ok
[INFO] [stdout] test tests::test_repl_multiplication ... ok
[INFO] [stdout] test tests::test_large_expression ... ok
[INFO] [stdout] test tests::test_parser_error_handling ... ok
[INFO] [stdout] test tests::test_whitespace_input ... ok
[INFO] [stdout] test tests::test_repl_quotes ... ok
[INFO] [stdout] test tests::test_repl_division ... ok
[INFO] [stdout] test tests::test_repl_subtraction ... ok
[INFO] [stdout] test tests::test_repl_addition ... ok
[INFO] [stdout] test tests::test_interpreter_with_comments ... FAILED
[INFO] [stdout] test tests::test_file_interpreter_valid_file ... FAILED
[INFO] [stdout] test tests::test_interpreter_with_unexpected_input ... FAILED
[INFO] [stdout] 
[INFO] [stdout] failures:
[INFO] [stdout] 
[INFO] [stdout] ---- tests::test_interpreter_with_comments stdout ----
[INFO] [stdout] 
[INFO] [stdout] thread 'tests::test_interpreter_with_comments' panicked at src/main.rs:367:49:
[INFO] [stdout] called `Result::unwrap()` on an `Err` value: Os { code: 30, kind: ReadOnlyFilesystem, message: "Read-only file system" }
[INFO] [stdout] stack backtrace:
[INFO] [stdout]    0:     0x62a1ccc5298a - std::backtrace_rs::backtrace::libunwind::trace::hb059275cfc8d6126
[INFO] [stdout]                                at /rustc/6067b36314ab5eb2eb47cecc464545ba58e1ad24/library/std/src/../../backtrace/src/backtrace/libunwind.rs:116:5
[INFO] [stdout]    1:     0x62a1ccc5298a - std::backtrace_rs::backtrace::trace_unsynchronized::h2da071e4327ce3ee
[INFO] [stdout]                                at /rustc/6067b36314ab5eb2eb47cecc464545ba58e1ad24/library/std/src/../../backtrace/src/backtrace/mod.rs:66:5
[INFO] [stdout]    2:     0x62a1ccc5298a - std::sys::backtrace::_print_fmt::h842a1474e6f8d23f
[INFO] [stdout]                                at /rustc/6067b36314ab5eb2eb47cecc464545ba58e1ad24/library/std/src/sys/backtrace.rs:66:9
[INFO] [stdout]    3:     0x62a1ccc5298a - <std::sys::backtrace::BacktraceLock::print::DisplayBacktrace as core::fmt::Display>::fmt::h71a62eb3b9696b12
[INFO] [stdout]                                at /rustc/6067b36314ab5eb2eb47cecc464545ba58e1ad24/library/std/src/sys/backtrace.rs:39:26
[INFO] [stdout]    4:     0x62a1ccc7bb33 - core::fmt::rt::Argument::fmt::hdb6b616786b41dc1
[INFO] [stdout]                                at /rustc/6067b36314ab5eb2eb47cecc464545ba58e1ad24/library/core/src/fmt/rt.rs:177:76
[INFO] [stdout]    5:     0x62a1ccc7bb33 - core::fmt::write::h2cc1698af7e2d686
[INFO] [stdout]                                at /rustc/6067b36314ab5eb2eb47cecc464545ba58e1ad24/library/core/src/fmt/mod.rs:1440:21
[INFO] [stdout]    6:     0x62a1ccc4f433 - std::io::Write::write_fmt::hab1b4cd059a79022
[INFO] [stdout]                                at /rustc/6067b36314ab5eb2eb47cecc464545ba58e1ad24/library/std/src/io/mod.rs:1887:15
[INFO] [stdout]    7:     0x62a1ccc527d2 - std::sys::backtrace::BacktraceLock::print::h147fe35b4ea13b08
[INFO] [stdout]                                at /rustc/6067b36314ab5eb2eb47cecc464545ba58e1ad24/library/std/src/sys/backtrace.rs:42:9
[INFO] [stdout]    8:     0x62a1ccc53daf - std::panicking::default_hook::{{closure}}::hbd44223dbdc0d208
[INFO] [stdout]                                at /rustc/6067b36314ab5eb2eb47cecc464545ba58e1ad24/library/std/src/panicking.rs:298:22
[INFO] [stdout]    9:     0x62a1ccc53bc8 - std::panicking::default_hook::h20f81eb0576efcec
[INFO] [stdout]                                at /rustc/6067b36314ab5eb2eb47cecc464545ba58e1ad24/library/std/src/panicking.rs:322:9
[INFO] [stdout]   10:     0x62a1ccc1c0c3 - <alloc::boxed::Box<F,A> as core::ops::function::Fn<Args>>::call::hdb53814c496a4d34
[INFO] [stdout]                                at /rustc/6067b36314ab5eb2eb47cecc464545ba58e1ad24/library/alloc/src/boxed.rs:2027:9
[INFO] [stdout]   11:     0x62a1ccc1c0c3 - test::test_main::{{closure}}::hc0a4963c59427c24
[INFO] [stdout]                                at /rustc/6067b36314ab5eb2eb47cecc464545ba58e1ad24/library/test/src/lib.rs:134:21
[INFO] [stdout]   12:     0x62a1ccc548a3 - <alloc::boxed::Box<F,A> as core::ops::function::Fn<Args>>::call::h591b2225413a77e9
[INFO] [stdout]                                at /rustc/6067b36314ab5eb2eb47cecc464545ba58e1ad24/library/alloc/src/boxed.rs:2027:9
[INFO] [stdout]   13:     0x62a1ccc548a3 - std::panicking::rust_panic_with_hook::h625eea43051b2edc
[INFO] [stdout]                                at /rustc/6067b36314ab5eb2eb47cecc464545ba58e1ad24/library/std/src/panicking.rs:839:13
[INFO] [stdout]   14:     0x62a1ccc5455a - std::panicking::begin_panic_handler::{{closure}}::h4f9159cfbc3f6bd3
[INFO] [stdout]                                at /rustc/6067b36314ab5eb2eb47cecc464545ba58e1ad24/library/std/src/panicking.rs:704:13
[INFO] [stdout]   15:     0x62a1ccc52e89 - std::sys::backtrace::__rust_end_short_backtrace::h0390abce48353151
[INFO] [stdout]                                at /rustc/6067b36314ab5eb2eb47cecc464545ba58e1ad24/library/std/src/sys/backtrace.rs:168:18
[INFO] [stdout]   16:     0x62a1ccc541ed - rust_begin_unwind
[INFO] [stdout]                                at /rustc/6067b36314ab5eb2eb47cecc464545ba58e1ad24/library/std/src/panicking.rs:695:5
[INFO] [stdout]   17:     0x62a1ccc79dc0 - core::panicking::panic_fmt::h9e7c637e9e5f29c9
[INFO] [stdout]                                at /rustc/6067b36314ab5eb2eb47cecc464545ba58e1ad24/library/core/src/panicking.rs:75:14
[INFO] [stdout]   18:     0x62a1ccc7a206 - core::result::unwrap_failed::h7979f09313fe1849
[INFO] [stdout]                                at /rustc/6067b36314ab5eb2eb47cecc464545ba58e1ad24/library/core/src/result.rs:1704:5
[INFO] [stdout]   19:     0x62a1ccbbedf0 - core::result::Result<T,E>::unwrap::hdd242f30311ef8c0
[INFO] [stdout]                                at /rustc/6067b36314ab5eb2eb47cecc464545ba58e1ad24/library/core/src/result.rs:1109:23
[INFO] [stdout]   20:     0x62a1ccbbedf0 - rust_lisp_interpreter::tests::test_interpreter_with_comments::ha85a8a789b7f31b0
[INFO] [stdout]                                at /opt/rustwide/workdir/src/main.rs:367:9
[INFO] [stdout]   21:     0x62a1ccbbed27 - rust_lisp_interpreter::tests::test_interpreter_with_comments::{{closure}}::h17d1885b0fde0565
[INFO] [stdout]                                at /opt/rustwide/workdir/src/main.rs:363:40
[INFO] [stdout]   22:     0x62a1ccb69386 - core::ops::function::FnOnce::call_once::hf5569e98843a0505
[INFO] [stdout]                                at /rustc/6067b36314ab5eb2eb47cecc464545ba58e1ad24/library/core/src/ops/function.rs:250:5
[INFO] [stdout]   23:     0x62a1ccc2181b - core::ops::function::FnOnce::call_once::he27718dfdd183f43
[INFO] [stdout]                                at /rustc/6067b36314ab5eb2eb47cecc464545ba58e1ad24/library/core/src/ops/function.rs:250:5
[INFO] [stdout]   24:     0x62a1ccc2181b - test::__rust_begin_short_backtrace::h4e84902998457a5d
[INFO] [stdout]                                at /rustc/6067b36314ab5eb2eb47cecc464545ba58e1ad24/library/test/src/lib.rs:632:18
[INFO] [stdout]   25:     0x62a1ccc20753 - test::run_test_in_process::{{closure}}::h7176fd18fc1feca0
[INFO] [stdout]                                at /rustc/6067b36314ab5eb2eb47cecc464545ba58e1ad24/library/test/src/lib.rs:655:60
[INFO] [stdout]   26:     0x62a1ccc20753 - <core::panic::unwind_safe::AssertUnwindSafe<F> as core::ops::function::FnOnce<()>>::call_once::hf79cff2a624d8cf7
[INFO] [stdout]                                at /rustc/6067b36314ab5eb2eb47cecc464545ba58e1ad24/library/core/src/panic/unwind_safe.rs:272:9
[INFO] [stdout]   27:     0x62a1ccc20753 - std::panicking::try::do_call::h3da0561d9ab99c25
[INFO] [stdout]                                at /rustc/6067b36314ab5eb2eb47cecc464545ba58e1ad24/library/std/src/panicking.rs:587:40
[INFO] [stdout]   28:     0x62a1ccc20753 - std::panicking::try::h41c9fa508bc61df6
[INFO] [stdout]                                at /rustc/6067b36314ab5eb2eb47cecc464545ba58e1ad24/library/std/src/panicking.rs:550:19
[INFO] [stdout]   29:     0x62a1ccc20753 - std::panic::catch_unwind::h6b3ff07bb5afad93
[INFO] [stdout]                                at /rustc/6067b36314ab5eb2eb47cecc464545ba58e1ad24/library/std/src/panic.rs:358:14
[INFO] [stdout]   30:     0x62a1ccc20753 - test::run_test_in_process::hc7253dd11b39b9f4
[INFO] [stdout]                                at /rustc/6067b36314ab5eb2eb47cecc464545ba58e1ad24/library/test/src/lib.rs:655:27
[INFO] [stdout]   31:     0x62a1ccc20753 - test::run_test::{{closure}}::hfb2007f8649c30bb
[INFO] [stdout]                                at /rustc/6067b36314ab5eb2eb47cecc464545ba58e1ad24/library/test/src/lib.rs:576:43
[INFO] [stdout]   32:     0x62a1ccbe3835 - test::run_test::{{closure}}::h56a17aa7a282a9f4
[INFO] [stdout]                                at /rustc/6067b36314ab5eb2eb47cecc464545ba58e1ad24/library/test/src/lib.rs:606:41
[INFO] [stdout]   33:     0x62a1ccbe3835 - std::sys::backtrace::__rust_begin_short_backtrace::hd2d2d2fb8e8c6aac
[INFO] [stdout]                                at /rustc/6067b36314ab5eb2eb47cecc464545ba58e1ad24/library/std/src/sys/backtrace.rs:152:18
[INFO] [stdout]   34:     0x62a1ccbe711a - std::thread::Builder::spawn_unchecked_::{{closure}}::{{closure}}::h4faa3f9db6133423
[INFO] [stdout]                                at /rustc/6067b36314ab5eb2eb47cecc464545ba58e1ad24/library/std/src/thread/mod.rs:559:17
[INFO] [stdout]   35:     0x62a1ccbe711a - <core::panic::unwind_safe::AssertUnwindSafe<F> as core::ops::function::FnOnce<()>>::call_once::hf2e855a36a4ea846
[INFO] [stdout]                                at /rustc/6067b36314ab5eb2eb47cecc464545ba58e1ad24/library/core/src/panic/unwind_safe.rs:272:9
[INFO] [stdout]   36:     0x62a1ccbe711a - std::panicking::try::do_call::h2f73af3616c35465
[INFO] [stdout]                                at /rustc/6067b36314ab5eb2eb47cecc464545ba58e1ad24/library/std/src/panicking.rs:587:40
[INFO] [stdout]   37:     0x62a1ccbe711a - std::panicking::try::hd1660ce9efadef5a
[INFO] [stdout]                                at /rustc/6067b36314ab5eb2eb47cecc464545ba58e1ad24/library/std/src/panicking.rs:550:19
[INFO] [stdout]   38:     0x62a1ccbe711a - std::panic::catch_unwind::h5ee8d7823b8ca744
[INFO] [stdout]                                at /rustc/6067b36314ab5eb2eb47cecc464545ba58e1ad24/library/std/src/panic.rs:358:14
[INFO] [stdout]   39:     0x62a1ccbe711a - std::thread::Builder::spawn_unchecked_::{{closure}}::h53c3a1894dce8407
[INFO] [stdout]                                at /rustc/6067b36314ab5eb2eb47cecc464545ba58e1ad24/library/std/src/thread/mod.rs:557:30
[INFO] [stdout]   40:     0x62a1ccbe711a - core::ops::function::FnOnce::call_once{{vtable.shim}}::h048ce291ad4f62bf
[INFO] [stdout]                                at /rustc/6067b36314ab5eb2eb47cecc464545ba58e1ad24/library/core/src/ops/function.rs:250:5
[INFO] [stdout]   41:     0x62a1ccc588bb - <alloc::boxed::Box<F,A> as core::ops::function::FnOnce<Args>>::call_once::ha52bedf99a3b4981
[INFO] [stdout]                                at /rustc/6067b36314ab5eb2eb47cecc464545ba58e1ad24/library/alloc/src/boxed.rs:2013:9
[INFO] [stdout]   42:     0x62a1ccc588bb - <alloc::boxed::Box<F,A> as core::ops::function::FnOnce<Args>>::call_once::h567748934d80ccf8
[INFO] [stdout]                                at /rustc/6067b36314ab5eb2eb47cecc464545ba58e1ad24/library/alloc/src/boxed.rs:2013:9
[INFO] [stdout]   43:     0x62a1ccc588bb - std::sys::pal::unix::thread::Thread::new::thread_start::h2d970728ae887adc
[INFO] [stdout]                                at /rustc/6067b36314ab5eb2eb47cecc464545ba58e1ad24/library/std/src/sys/pal/unix/thread.rs:106:17
[INFO] [stdout]   44:     0x793b1938eac3 - <unknown>
[INFO] [stdout]   45:     0x793b1941fa04 - clone
[INFO] [stdout]   46:                0x0 - <unknown>
[INFO] [stdout] 
[INFO] [stdout] ---- tests::test_file_interpreter_valid_file stdout ----
[INFO] [stdout] 
[INFO] [stdout] thread 'tests::test_file_interpreter_valid_file' panicked at src/main.rs:277:49:
[INFO] [stdout] called `Result::unwrap()` on an `Err` value: Os { code: 30, kind: ReadOnlyFilesystem, message: "Read-only file system" }
[INFO] [stdout] stack backtrace:
[INFO] [stdout]    0:     0x62a1ccc5298a - std::backtrace_rs::backtrace::libunwind::trace::hb059275cfc8d6126
[INFO] [stdout]                                at /rustc/6067b36314ab5eb2eb47cecc464545ba58e1ad24/library/std/src/../../backtrace/src/backtrace/libunwind.rs:116:5
[INFO] [stdout]    1:     0x62a1ccc5298a - std::backtrace_rs::backtrace::trace_unsynchronized::h2da071e4327ce3ee
[INFO] [stdout]                                at /rustc/6067b36314ab5eb2eb47cecc464545ba58e1ad24/library/std/src/../../backtrace/src/backtrace/mod.rs:66:5
[INFO] [stdout]    2:     0x62a1ccc5298a - std::sys::backtrace::_print_fmt::h842a1474e6f8d23f
[INFO] [stdout]                                at /rustc/6067b36314ab5eb2eb47cecc464545ba58e1ad24/library/std/src/sys/backtrace.rs:66:9
[INFO] [stdout]    3:     0x62a1ccc5298a - <std::sys::backtrace::BacktraceLock::print::DisplayBacktrace as core::fmt::Display>::fmt::h71a62eb3b9696b12
[INFO] [stdout]                                at /rustc/6067b36314ab5eb2eb47cecc464545ba58e1ad24/library/std/src/sys/backtrace.rs:39:26
[INFO] [stdout]    4:     0x62a1ccc7bb33 - core::fmt::rt::Argument::fmt::hdb6b616786b41dc1
[INFO] [stdout]                                at /rustc/6067b36314ab5eb2eb47cecc464545ba58e1ad24/library/core/src/fmt/rt.rs:177:76
[INFO] [stdout]    5:     0x62a1ccc7bb33 - core::fmt::write::h2cc1698af7e2d686
[INFO] [stdout]                                at /rustc/6067b36314ab5eb2eb47cecc464545ba58e1ad24/library/core/src/fmt/mod.rs:1440:21
[INFO] [stdout]    6:     0x62a1ccc4f433 - std::io::Write::write_fmt::hab1b4cd059a79022
[INFO] [stdout]                                at /rustc/6067b36314ab5eb2eb47cecc464545ba58e1ad24/library/std/src/io/mod.rs:1887:15
[INFO] [stdout]    7:     0x62a1ccc527d2 - std::sys::backtrace::BacktraceLock::print::h147fe35b4ea13b08
[INFO] [stdout]                                at /rustc/6067b36314ab5eb2eb47cecc464545ba58e1ad24/library/std/src/sys/backtrace.rs:42:9
[INFO] [stdout]    8:     0x62a1ccc53daf - std::panicking::default_hook::{{closure}}::hbd44223dbdc0d208
[INFO] [stdout]                                at /rustc/6067b36314ab5eb2eb47cecc464545ba58e1ad24/library/std/src/panicking.rs:298:22
[INFO] [stdout]    9:     0x62a1ccc53bc8 - std::panicking::default_hook::h20f81eb0576efcec
[INFO] [stdout]                                at /rustc/6067b36314ab5eb2eb47cecc464545ba58e1ad24/library/std/src/panicking.rs:322:9
[INFO] [stdout]   10:     0x62a1ccc1c0c3 - <alloc::boxed::Box<F,A> as core::ops::function::Fn<Args>>::call::hdb53814c496a4d34
[INFO] [stdout]                                at /rustc/6067b36314ab5eb2eb47cecc464545ba58e1ad24/library/alloc/src/boxed.rs:2027:9
[INFO] [stdout]   11:     0x62a1ccc1c0c3 - test::test_main::{{closure}}::hc0a4963c59427c24
[INFO] [stdout]                                at /rustc/6067b36314ab5eb2eb47cecc464545ba58e1ad24/library/test/src/lib.rs:134:21
[INFO] [stdout]   12:     0x62a1ccc548a3 - <alloc::boxed::Box<F,A> as core::ops::function::Fn<Args>>::call::h591b2225413a77e9
[INFO] [stdout]                                at /rustc/6067b36314ab5eb2eb47cecc464545ba58e1ad24/library/alloc/src/boxed.rs:2027:9
[INFO] [stdout]   13:     0x62a1ccc548a3 - std::panicking::rust_panic_with_hook::h625eea43051b2edc
[INFO] [stdout]                                at /rustc/6067b36314ab5eb2eb47cecc464545ba58e1ad24/library/std/src/panicking.rs:839:13
[INFO] [stdout]   14:     0x62a1ccc5455a - std::panicking::begin_panic_handler::{{closure}}::h4f9159cfbc3f6bd3
[INFO] [stdout]                                at /rustc/6067b36314ab5eb2eb47cecc464545ba58e1ad24/library/std/src/panicking.rs:704:13
[INFO] [stdout]   15:     0x62a1ccc52e89 - std::sys::backtrace::__rust_end_short_backtrace::h0390abce48353151
[INFO] [stdout]                                at /rustc/6067b36314ab5eb2eb47cecc464545ba58e1ad24/library/std/src/sys/backtrace.rs:168:18
[INFO] [stdout]   16:     0x62a1ccc541ed - rust_begin_unwind
[INFO] [stdout]                                at /rustc/6067b36314ab5eb2eb47cecc464545ba58e1ad24/library/std/src/panicking.rs:695:5
[INFO] [stdout]   17:     0x62a1ccc79dc0 - core::panicking::panic_fmt::h9e7c637e9e5f29c9
[INFO] [stdout]                                at /rustc/6067b36314ab5eb2eb47cecc464545ba58e1ad24/library/core/src/panicking.rs:75:14
[INFO] [stdout]   18:     0x62a1ccc7a206 - core::result::unwrap_failed::h7979f09313fe1849
[INFO] [stdout]                                at /rustc/6067b36314ab5eb2eb47cecc464545ba58e1ad24/library/core/src/result.rs:1704:5
[INFO] [stdout]   19:     0x62a1ccbbde60 - core::result::Result<T,E>::unwrap::hdd242f30311ef8c0
[INFO] [stdout]                                at /rustc/6067b36314ab5eb2eb47cecc464545ba58e1ad24/library/core/src/result.rs:1109:23
[INFO] [stdout]   20:     0x62a1ccbbde60 - rust_lisp_interpreter::tests::test_file_interpreter_valid_file::h2650ee25f6c5f479
[INFO] [stdout]                                at /opt/rustwide/workdir/src/main.rs:277:9
[INFO] [stdout]   21:     0x62a1ccbbdd97 - rust_lisp_interpreter::tests::test_file_interpreter_valid_file::{{closure}}::hbed8745c72d95415
[INFO] [stdout]                                at /opt/rustwide/workdir/src/main.rs:273:42
[INFO] [stdout]   22:     0x62a1ccb67c46 - core::ops::function::FnOnce::call_once::h9bc1ee147bb1f045
[INFO] [stdout]                                at /rustc/6067b36314ab5eb2eb47cecc464545ba58e1ad24/library/core/src/ops/function.rs:250:5
[INFO] [stdout]   23:     0x62a1ccc2181b - core::ops::function::FnOnce::call_once::he27718dfdd183f43
[INFO] [stdout]                                at /rustc/6067b36314ab5eb2eb47cecc464545ba58e1ad24/library/core/src/ops/function.rs:250:5
[INFO] [stdout]   24:     0x62a1ccc2181b - test::__rust_begin_short_backtrace::h4e84902998457a5d
[INFO] [stdout]                                at /rustc/6067b36314ab5eb2eb47cecc464545ba58e1ad24/library/test/src/lib.rs:632:18
[INFO] [stdout]   25:     0x62a1ccc20753 - test::run_test_in_process::{{closure}}::h7176fd18fc1feca0
[INFO] [stdout]                                at /rustc/6067b36314ab5eb2eb47cecc464545ba58e1ad24/library/test/src/lib.rs:655:60
[INFO] [stdout]   26:     0x62a1ccc20753 - <core::panic::unwind_safe::AssertUnwindSafe<F> as core::ops::function::FnOnce<()>>::call_once::hf79cff2a624d8cf7
[INFO] [stdout]                                at /rustc/6067b36314ab5eb2eb47cecc464545ba58e1ad24/library/core/src/panic/unwind_safe.rs:272:9
[INFO] [stdout]   27:     0x62a1ccc20753 - std::panicking::try::do_call::h3da0561d9ab99c25
[INFO] [stdout]                                at /rustc/6067b36314ab5eb2eb47cecc464545ba58e1ad24/library/std/src/panicking.rs:587:40
[INFO] [stdout]   28:     0x62a1ccc20753 - std::panicking::try::h41c9fa508bc61df6
[INFO] [stdout]                                at /rustc/6067b36314ab5eb2eb47cecc464545ba58e1ad24/library/std/src/panicking.rs:550:19
[INFO] [stdout]   29:     0x62a1ccc20753 - std::panic::catch_unwind::h6b3ff07bb5afad93
[INFO] [stdout]                                at /rustc/6067b36314ab5eb2eb47cecc464545ba58e1ad24/library/std/src/panic.rs:358:14
[INFO] [stdout]   30:     0x62a1ccc20753 - test::run_test_in_process::hc7253dd11b39b9f4
[INFO] [stdout]                                at /rustc/6067b36314ab5eb2eb47cecc464545ba58e1ad24/library/test/src/lib.rs:655:27
[INFO] [stdout]   31:     0x62a1ccc20753 - test::run_test::{{closure}}::hfb2007f8649c30bb
[INFO] [stdout]                                at /rustc/6067b36314ab5eb2eb47cecc464545ba58e1ad24/library/test/src/lib.rs:576:43
[INFO] [stdout]   32:     0x62a1ccbe3835 - test::run_test::{{closure}}::h56a17aa7a282a9f4
[INFO] [stdout]                                at /rustc/6067b36314ab5eb2eb47cecc464545ba58e1ad24/library/test/src/lib.rs:606:41
[INFO] [stdout]   33:     0x62a1ccbe3835 - std::sys::backtrace::__rust_begin_short_backtrace::hd2d2d2fb8e8c6aac
[INFO] [stdout]                                at /rustc/6067b36314ab5eb2eb47cecc464545ba58e1ad24/library/std/src/sys/backtrace.rs:152:18
[INFO] [stdout]   34:     0x62a1ccbe711a - std::thread::Builder::spawn_unchecked_::{{closure}}::{{closure}}::h4faa3f9db6133423
[INFO] [stdout]                                at /rustc/6067b36314ab5eb2eb47cecc464545ba58e1ad24/library/std/src/thread/mod.rs:559:17
[INFO] [stdout]   35:     0x62a1ccbe711a - <core::panic::unwind_safe::AssertUnwindSafe<F> as core::ops::function::FnOnce<()>>::call_once::hf2e855a36a4ea846
[INFO] [stdout]                                at /rustc/6067b36314ab5eb2eb47cecc464545ba58e1ad24/library/core/src/panic/unwind_safe.rs:272:9
[INFO] [stdout]   36:     0x62a1ccbe711a - std::panicking::try::do_call::h2f73af3616c35465
[INFO] [stdout]                                at /rustc/6067b36314ab5eb2eb47cecc464545ba58e1ad24/library/std/src/panicking.rs:587:40
[INFO] [stdout]   37:     0x62a1ccbe711a - std::panicking::try::hd1660ce9efadef5a
[INFO] [stdout]                                at /rustc/6067b36314ab5eb2eb47cecc464545ba58e1ad24/library/std/src/panicking.rs:550:19
[INFO] [stdout]   38:     0x62a1ccbe711a - std::panic::catch_unwind::h5ee8d7823b8ca744
[INFO] [stdout]                                at /rustc/6067b36314ab5eb2eb47cecc464545ba58e1ad24/library/std/src/panic.rs:358:14
[INFO] [stdout]   39:     0x62a1ccbe711a - std::thread::Builder::spawn_unchecked_::{{closure}}::h53c3a1894dce8407
[INFO] [stdout]                                at /rustc/6067b36314ab5eb2eb47cecc464545ba58e1ad24/library/std/src/thread/mod.rs:557:30
[INFO] [stdout]   40:     0x62a1ccbe711a - core::ops::function::FnOnce::call_once{{vtable.shim}}::h048ce291ad4f62bf
[INFO] [stdout]                                at /rustc/6067b36314ab5eb2eb47cecc464545ba58e1ad24/library/core/src/ops/function.rs:250:5
[INFO] [stdout]   41:     0x62a1ccc588bb - <alloc::boxed::Box<F,A> as core::ops::function::FnOnce<Args>>::call_once::ha52bedf99a3b4981
[INFO] [stdout]                                at /rustc/6067b36314ab5eb2eb47cecc464545ba58e1ad24/library/alloc/src/boxed.rs:2013:9
[INFO] [stdout]   42:     0x62a1ccc588bb - <alloc::boxed::Box<F,A> as core::ops::function::FnOnce<Args>>::call_once::h567748934d80ccf8
[INFO] [stdout]                                at /rustc/6067b36314ab5eb2eb47cecc464545ba58e1ad24/library/alloc/src/boxed.rs:2013:9
[INFO] [stdout]   43:     0x62a1ccc588bb - std::sys::pal::unix::thread::Thread::new::thread_start::h2d970728ae887adc
[INFO] [stdout]                                at /rustc/6067b36314ab5eb2eb47cecc464545ba58e1ad24/library/std/src/sys/pal/unix/thread.rs:106:17
[INFO] [stdout]   44:     0x793b1938eac3 - <unknown>
[INFO] [stdout]   45:     0x793b1941fa04 - clone
[INFO] [stdout]   46:                0x0 - <unknown>
[INFO] [stdout] 
[INFO] [stdout] ---- tests::test_interpreter_with_unexpected_input stdout ----
[INFO] [stdout] 
[INFO] [stdout] thread 'tests::test_interpreter_with_unexpected_input' panicked at src/main.rs:385:49:
[INFO] [stdout] called `Result::unwrap()` on an `Err` value: Os { code: 30, kind: ReadOnlyFilesystem, message: "Read-only file system" }
[INFO] [stdout] stack backtrace:
[INFO] [stdout]    0:     0x62a1ccc5298a - std::backtrace_rs::backtrace::libunwind::trace::hb059275cfc8d6126
[INFO] [stdout]                                at /rustc/6067b36314ab5eb2eb47cecc464545ba58e1ad24/library/std/src/../../backtrace/src/backtrace/libunwind.rs:116:5
[INFO] [stdout]    1:     0x62a1ccc5298a - std::backtrace_rs::backtrace::trace_unsynchronized::h2da071e4327ce3ee
[INFO] [stdout]                                at /rustc/6067b36314ab5eb2eb47cecc464545ba58e1ad24/library/std/src/../../backtrace/src/backtrace/mod.rs:66:5
[INFO] [stdout]    2:     0x62a1ccc5298a - std::sys::backtrace::_print_fmt::h842a1474e6f8d23f
[INFO] [stdout]                                at /rustc/6067b36314ab5eb2eb47cecc464545ba58e1ad24/library/std/src/sys/backtrace.rs:66:9
[INFO] [stdout]    3:     0x62a1ccc5298a - <std::sys::backtrace::BacktraceLock::print::DisplayBacktrace as core::fmt::Display>::fmt::h71a62eb3b9696b12
[INFO] [stdout]                                at /rustc/6067b36314ab5eb2eb47cecc464545ba58e1ad24/library/std/src/sys/backtrace.rs:39:26
[INFO] [stdout]    4:     0x62a1ccc7bb33 - core::fmt::rt::Argument::fmt::hdb6b616786b41dc1
[INFO] [stdout]                                at /rustc/6067b36314ab5eb2eb47cecc464545ba58e1ad24/library/core/src/fmt/rt.rs:177:76
[INFO] [stdout]    5:     0x62a1ccc7bb33 - core::fmt::write::h2cc1698af7e2d686
[INFO] [stdout]                                at /rustc/6067b36314ab5eb2eb47cecc464545ba58e1ad24/library/core/src/fmt/mod.rs:1440:21
[INFO] [stdout]    6:     0x62a1ccc4f433 - std::io::Write::write_fmt::hab1b4cd059a79022
[INFO] [stdout]                                at /rustc/6067b36314ab5eb2eb47cecc464545ba58e1ad24/library/std/src/io/mod.rs:1887:15
[INFO] [stdout]    7:     0x62a1ccc527d2 - std::sys::backtrace::BacktraceLock::print::h147fe35b4ea13b08
[INFO] [stdout]                                at /rustc/6067b36314ab5eb2eb47cecc464545ba58e1ad24/library/std/src/sys/backtrace.rs:42:9
[INFO] [stdout]    8:     0x62a1ccc53daf - std::panicking::default_hook::{{closure}}::hbd44223dbdc0d208
[INFO] [stdout]                                at /rustc/6067b36314ab5eb2eb47cecc464545ba58e1ad24/library/std/src/panicking.rs:298:22
[INFO] [stdout]    9:     0x62a1ccc53bc8 - std::panicking::default_hook::h20f81eb0576efcec
[INFO] [stdout]                                at /rustc/6067b36314ab5eb2eb47cecc464545ba58e1ad24/library/std/src/panicking.rs:322:9
[INFO] [stdout]   10:     0x62a1ccc1c0c3 - <alloc::boxed::Box<F,A> as core::ops::function::Fn<Args>>::call::hdb53814c496a4d34
[INFO] [stdout]                                at /rustc/6067b36314ab5eb2eb47cecc464545ba58e1ad24/library/alloc/src/boxed.rs:2027:9
[INFO] [stdout]   11:     0x62a1ccc1c0c3 - test::test_main::{{closure}}::hc0a4963c59427c24
[INFO] [stdout]                                at /rustc/6067b36314ab5eb2eb47cecc464545ba58e1ad24/library/test/src/lib.rs:134:21
[INFO] [stdout]   12:     0x62a1ccc548a3 - <alloc::boxed::Box<F,A> as core::ops::function::Fn<Args>>::call::h591b2225413a77e9
[INFO] [stdout]                                at /rustc/6067b36314ab5eb2eb47cecc464545ba58e1ad24/library/alloc/src/boxed.rs:2027:9
[INFO] [stdout]   13:     0x62a1ccc548a3 - std::panicking::rust_panic_with_hook::h625eea43051b2edc
[INFO] [stdout]                                at /rustc/6067b36314ab5eb2eb47cecc464545ba58e1ad24/library/std/src/panicking.rs:839:13
[INFO] [stdout]   14:     0x62a1ccc5455a - std::panicking::begin_panic_handler::{{closure}}::h4f9159cfbc3f6bd3
[INFO] [stdout]                                at /rustc/6067b36314ab5eb2eb47cecc464545ba58e1ad24/library/std/src/panicking.rs:704:13
[INFO] [stdout]   15:     0x62a1ccc52e89 - std::sys::backtrace::__rust_end_short_backtrace::h0390abce48353151
[INFO] [stdout]                                at /rustc/6067b36314ab5eb2eb47cecc464545ba58e1ad24/library/std/src/sys/backtrace.rs:168:18
[INFO] [stdout]   16:     0x62a1ccc541ed - rust_begin_unwind
[INFO] [stdout]                                at /rustc/6067b36314ab5eb2eb47cecc464545ba58e1ad24/library/std/src/panicking.rs:695:5
[INFO] [stdout]   17:     0x62a1ccc79dc0 - core::panicking::panic_fmt::h9e7c637e9e5f29c9
[INFO] [stdout]                                at /rustc/6067b36314ab5eb2eb47cecc464545ba58e1ad24/library/core/src/panicking.rs:75:14
[INFO] [stdout]   18:     0x62a1ccc7a206 - core::result::unwrap_failed::h7979f09313fe1849
[INFO] [stdout]                                at /rustc/6067b36314ab5eb2eb47cecc464545ba58e1ad24/library/core/src/result.rs:1704:5
[INFO] [stdout]   19:     0x62a1ccbbf1d0 - core::result::Result<T,E>::unwrap::hdd242f30311ef8c0
[INFO] [stdout]                                at /rustc/6067b36314ab5eb2eb47cecc464545ba58e1ad24/library/core/src/result.rs:1109:23
[INFO] [stdout]   20:     0x62a1ccbbf1d0 - rust_lisp_interpreter::tests::test_interpreter_with_unexpected_input::h382e95b4bcf3db6a
[INFO] [stdout]                                at /opt/rustwide/workdir/src/main.rs:385:9
[INFO] [stdout]   21:     0x62a1ccbbf107 - rust_lisp_interpreter::tests::test_interpreter_with_unexpected_input::{{closure}}::h176174c4945011ca
[INFO] [stdout]                                at /opt/rustwide/workdir/src/main.rs:381:48
[INFO] [stdout]   22:     0x62a1ccb68716 - core::ops::function::FnOnce::call_once::hc9a9ec4093a3b5e1
[INFO] [stdout]                                at /rustc/6067b36314ab5eb2eb47cecc464545ba58e1ad24/library/core/src/ops/function.rs:250:5
[INFO] [stdout]   23:     0x62a1ccc2181b - core::ops::function::FnOnce::call_once::he27718dfdd183f43
[INFO] [stdout]                                at /rustc/6067b36314ab5eb2eb47cecc464545ba58e1ad24/library/core/src/ops/function.rs:250:5
[INFO] [stdout]   24:     0x62a1ccc2181b - test::__rust_begin_short_backtrace::h4e84902998457a5d
[INFO] [stdout]                                at /rustc/6067b36314ab5eb2eb47cecc464545ba58e1ad24/library/test/src/lib.rs:632:18
[INFO] [stdout]   25:     0x62a1ccc20753 - test::run_test_in_process::{{closure}}::h7176fd18fc1feca0
[INFO] [stdout]                                at /rustc/6067b36314ab5eb2eb47cecc464545ba58e1ad24/library/test/src/lib.rs:655:60
[INFO] [stdout]   26:     0x62a1ccc20753 - <core::panic::unwind_safe::AssertUnwindSafe<F> as core::ops::function::FnOnce<()>>::call_once::hf79cff2a624d8cf7
[INFO] [stdout]                                at /rustc/6067b36314ab5eb2eb47cecc464545ba58e1ad24/library/core/src/panic/unwind_safe.rs:272:9
[INFO] [stdout]   27:     0x62a1ccc20753 - std::panicking::try::do_call::h3da0561d9ab99c25
[INFO] [stdout]                                at /rustc/6067b36314ab5eb2eb47cecc464545ba58e1ad24/library/std/src/panicking.rs:587:40
[INFO] [stdout]   28:     0x62a1ccc20753 - std::panicking::try::h41c9fa508bc61df6
[INFO] [stdout]                                at /rustc/6067b36314ab5eb2eb47cecc464545ba58e1ad24/library/std/src/panicking.rs:550:19
[INFO] [stdout]   29:     0x62a1ccc20753 - std::panic::catch_unwind::h6b3ff07bb5afad93
[INFO] [stdout]                                at /rustc/6067b36314ab5eb2eb47cecc464545ba58e1ad24/library/std/src/panic.rs:358:14
[INFO] [stdout]   30:     0x62a1ccc20753 - test::run_test_in_process::hc7253dd11b39b9f4
[INFO] [stdout]                                at /rustc/6067b36314ab5eb2eb47cecc464545ba58e1ad24/library/test/src/lib.rs:655:27
[INFO] [stdout]   31:     0x62a1ccc20753 - test::run_test::{{closure}}::hfb2007f8649c30bb
[INFO] [stdout]                                at /rustc/6067b36314ab5eb2eb47cecc464545ba58e1ad24/library/test/src/lib.rs:576:43
[INFO] [stdout]   32:     0x62a1ccbe3835 - test::run_test::{{closure}}::h56a17aa7a282a9f4
[INFO] [stdout]                                at /rustc/6067b36314ab5eb2eb47cecc464545ba58e1ad24/library/test/src/lib.rs:606:41
[INFO] [stdout]   33:     0x62a1ccbe3835 - std::sys::backtrace::__rust_begin_short_backtrace::hd2d2d2fb8e8c6aac
[INFO] [stdout]                                at /rustc/6067b36314ab5eb2eb47cecc464545ba58e1ad24/library/std/src/sys/backtrace.rs:152:18
[INFO] [stdout]   34:     0x62a1ccbe711a - std::thread::Builder::spawn_unchecked_::{{closure}}::{{closure}}::h4faa3f9db6133423
[INFO] [stdout]                                at /rustc/6067b36314ab5eb2eb47cecc464545ba58e1ad24/library/std/src/thread/mod.rs:559:17
[INFO] [stdout]   35:     0x62a1ccbe711a - <core::panic::unwind_safe::AssertUnwindSafe<F> as core::ops::function::FnOnce<()>>::call_once::hf2e855a36a4ea846
[INFO] [stdout]                                at /rustc/6067b36314ab5eb2eb47cecc464545ba58e1ad24/library/core/src/panic/unwind_safe.rs:272:9
[INFO] [stdout]   36:     0x62a1ccbe711a - std::panicking::try::do_call::h2f73af3616c35465
[INFO] [stdout]                                at /rustc/6067b36314ab5eb2eb47cecc464545ba58e1ad24/library/std/src/panicking.rs:587:40
[INFO] [stdout]   37:     0x62a1ccbe711a - std::panicking::try::hd1660ce9efadef5a
[INFO] [stdout]                                at /rustc/6067b36314ab5eb2eb47cecc464545ba58e1ad24/library/std/src/panicking.rs:550:19
[INFO] [stdout]   38:     0x62a1ccbe711a - std::panic::catch_unwind::h5ee8d7823b8ca744
[INFO] [stdout]                                at /rustc/6067b36314ab5eb2eb47cecc464545ba58e1ad24/library/std/src/panic.rs:358:14
[INFO] [stdout]   39:     0x62a1ccbe711a - std::thread::Builder::spawn_unchecked_::{{closure}}::h53c3a1894dce8407
[INFO] [stdout]                                at /rustc/6067b36314ab5eb2eb47cecc464545ba58e1ad24/library/std/src/thread/mod.rs:557:30
[INFO] [stdout]   40:     0x62a1ccbe711a - core::ops::function::FnOnce::call_once{{vtable.shim}}::h048ce291ad4f62bf
[INFO] [stdout]                                at /rustc/6067b36314ab5eb2eb47cecc464545ba58e1ad24/library/core/src/ops/function.rs:250:5
[INFO] [stdout]   41:     0x62a1ccc588bb - <alloc::boxed::Box<F,A> as core::ops::function::FnOnce<Args>>::call_once::ha52bedf99a3b4981
[INFO] [stdout]                                at /rustc/6067b36314ab5eb2eb47cecc464545ba58e1ad24/library/alloc/src/boxed.rs:2013:9
[INFO] [stdout]   42:     0x62a1ccc588bb - <alloc::boxed::Box<F,A> as core::ops::function::FnOnce<Args>>::call_once::h567748934d80ccf8
[INFO] [stdout]                                at /rustc/6067b36314ab5eb2eb47cecc464545ba58e1ad24/library/alloc/src/boxed.rs:2013:9
[INFO] [stdout]   43:     0x62a1ccc588bb - std::sys::pal::unix::thread::Thread::new::thread_start::h2d970728ae887adc
[INFO] [stdout]                                at /rustc/6067b36314ab5eb2eb47cecc464545ba58e1ad24/library/std/src/sys/pal/unix/thread.rs:106:17
[INFO] [stdout]   44:     0x793b1938eac3 - <unknown>
[INFO] [stdout]   45:     0x793b1941fa04 - clone
[INFO] [stdout]   46:                0x0 - <unknown>
[INFO] [stdout] 
[INFO] [stdout] 
[INFO] [stdout] failures:
[INFO] [stdout]     tests::test_file_interpreter_valid_file
[INFO] [stdout]     tests::test_interpreter_with_comments
[INFO] [stdout]     tests::test_interpreter_with_unexpected_input
[INFO] [stdout] 
[INFO] [stdout] test result: FAILED. 219 passed; 3 failed; 0 ignored; 0 measured; 0 filtered out; finished in 0.12s
[INFO] [stdout] 
[INFO] [stderr] error: test failed, to rerun pass `--bin rust_lisp_interpreter`
[INFO] running `Command { std: "docker" "inspect" "ff39e856ff42af3f2bce1dea5c01cb555c1e136792d9d966172d296da6601c00", kill_on_drop: false }`
[INFO] running `Command { std: "docker" "rm" "-f" "ff39e856ff42af3f2bce1dea5c01cb555c1e136792d9d966172d296da6601c00", kill_on_drop: false }`
[INFO] [stdout] ff39e856ff42af3f2bce1dea5c01cb555c1e136792d9d966172d296da6601c00
