[INFO] cloning repository https://github.com/glazari/ruva
[INFO] running `Command { std: "git" "-c" "credential.helper=" "-c" "credential.helper=/workspace/cargo-home/bin/git-credential-null" "clone" "--bare" "https://github.com/glazari/ruva" "/workspace/cache/git-repos/https%3A%2F%2Fgithub.com%2Fglazari%2Fruva", kill_on_drop: false }`
[INFO] [stderr] Cloning into bare repository '/workspace/cache/git-repos/https%3A%2F%2Fgithub.com%2Fglazari%2Fruva'...
[INFO] running `Command { std: "git" "rev-parse" "HEAD", kill_on_drop: false }`
[INFO] [stdout] 7bc03189ce63ee94c1df8183991f2004416d3659
[INFO] testing glazari/ruva against nightly-2025-01-18 for randomize-layout-2
[INFO] running `Command { std: "git" "clone" "/workspace/cache/git-repos/https%3A%2F%2Fgithub.com%2Fglazari%2Fruva" "/workspace/builds/worker-6-tc1/source", kill_on_drop: false }`
[INFO] [stderr] Cloning into '/workspace/builds/worker-6-tc1/source'...
[INFO] [stderr] done.
[INFO] validating manifest of git repo https://github.com/glazari/ruva on toolchain nightly-2025-01-18
[INFO] running `Command { std: CARGO_HOME="/workspace/cargo-home" RUSTUP_HOME="/workspace/rustup-home" "/workspace/cargo-home/bin/cargo" "+nightly-2025-01-18" "metadata" "--manifest-path" "Cargo.toml" "--no-deps", kill_on_drop: false }`
[INFO] started tweaking git repo https://github.com/glazari/ruva
[INFO] finished tweaking git repo https://github.com/glazari/ruva
[INFO] tweaked toml for git repo https://github.com/glazari/ruva written to /workspace/builds/worker-6-tc1/source/Cargo.toml
[INFO] crate git repo https://github.com/glazari/ruva already has a lockfile, it will not be regenerated
[INFO] running `Command { std: CARGO_HOME="/workspace/cargo-home" RUSTUP_HOME="/workspace/rustup-home" "/workspace/cargo-home/bin/cargo" "+nightly-2025-01-18" "fetch" "--manifest-path" "Cargo.toml", kill_on_drop: false }`
[INFO] [stderr]     Updating crates.io index
[INFO] [stderr]  Downloading crates ...
[INFO] [stderr]   Downloaded text-diff v0.4.0
[INFO] running `Command { std: "docker" "create" "-v" "/var/lib/crater-agent-workspace/builds/worker-6-tc1/target:/opt/rustwide/target:rw,Z" "-v" "/var/lib/crater-agent-workspace/builds/worker-6-tc1/source:/opt/rustwide/workdir:ro,Z" "-v" "/var/lib/crater-agent-workspace/cargo-home:/opt/rustwide/cargo-home:ro,Z" "-v" "/var/lib/crater-agent-workspace/rustup-home:/opt/rustwide/rustup-home:ro,Z" "-e" "SOURCE_DIR=/opt/rustwide/workdir" "-e" "CARGO_TARGET_DIR=/opt/rustwide/target" "-e" "CARGO_HOME=/opt/rustwide/cargo-home" "-e" "RUSTUP_HOME=/opt/rustwide/rustup-home" "-w" "/opt/rustwide/workdir" "-m" "1610612736" "--user" "0:0" "--network" "none" "ghcr.io/rust-lang/crates-build-env/linux@sha256:819108c5571ea2e421544af4d832f968d213c87fbe3707a016657f43d2f853bc" "/opt/rustwide/cargo-home/bin/cargo" "+nightly-2025-01-18" "metadata" "--no-deps" "--format-version=1", kill_on_drop: false }`
[INFO] [stdout] 2161819f8fe050e9650a519819af5abb2dfdc714abed744664cbcf95f69a0804
[INFO] running `Command { std: "docker" "start" "-a" "2161819f8fe050e9650a519819af5abb2dfdc714abed744664cbcf95f69a0804", kill_on_drop: false }`
[INFO] running `Command { std: "docker" "inspect" "2161819f8fe050e9650a519819af5abb2dfdc714abed744664cbcf95f69a0804", kill_on_drop: false }`
[INFO] running `Command { std: "docker" "rm" "-f" "2161819f8fe050e9650a519819af5abb2dfdc714abed744664cbcf95f69a0804", kill_on_drop: false }`
[INFO] [stdout] 2161819f8fe050e9650a519819af5abb2dfdc714abed744664cbcf95f69a0804
[INFO] running `Command { std: "docker" "create" "-v" "/var/lib/crater-agent-workspace/builds/worker-6-tc1/target:/opt/rustwide/target:rw,Z" "-v" "/var/lib/crater-agent-workspace/builds/worker-6-tc1/source:/opt/rustwide/workdir:ro,Z" "-v" "/var/lib/crater-agent-workspace/cargo-home:/opt/rustwide/cargo-home:ro,Z" "-v" "/var/lib/crater-agent-workspace/rustup-home:/opt/rustwide/rustup-home:ro,Z" "-e" "SOURCE_DIR=/opt/rustwide/workdir" "-e" "CARGO_TARGET_DIR=/opt/rustwide/target" "-e" "CARGO_INCREMENTAL=0" "-e" "RUST_BACKTRACE=full" "-e" "RUSTFLAGS=--cap-lints=forbid" "-e" "RUSTDOCFLAGS=--cap-lints=forbid" "-e" "CARGO_HOME=/opt/rustwide/cargo-home" "-e" "RUSTUP_HOME=/opt/rustwide/rustup-home" "-w" "/opt/rustwide/workdir" "-m" "1610612736" "--user" "0:0" "--network" "none" "ghcr.io/rust-lang/crates-build-env/linux@sha256:819108c5571ea2e421544af4d832f968d213c87fbe3707a016657f43d2f853bc" "/opt/rustwide/cargo-home/bin/cargo" "+nightly-2025-01-18" "build" "--frozen" "--message-format=json", kill_on_drop: false }`
[INFO] [stdout] bac28d0740b027f11ce5e8ef32c74cd4edad5346fc620027e4bd8e0eba84268b
[INFO] running `Command { std: "docker" "start" "-a" "bac28d0740b027f11ce5e8ef32c74cd4edad5346fc620027e4bd8e0eba84268b", kill_on_drop: false }`
[INFO] [stderr]    Compiling proc-macro2 v1.0.86
[INFO] [stderr]    Compiling unicode-ident v1.0.12
[INFO] [stderr]    Compiling utf8parse v0.2.2
[INFO] [stderr]    Compiling colorchoice v1.0.2
[INFO] [stderr]    Compiling is_terminal_polyfill v1.70.1
[INFO] [stderr]    Compiling anstyle v1.0.8
[INFO] [stderr]    Compiling anstyle-query v1.1.1
[INFO] [stderr]    Compiling clap_lex v0.7.2
[INFO] [stderr]    Compiling anyhow v1.0.86
[INFO] [stderr]    Compiling heck v0.5.0
[INFO] [stderr]    Compiling strsim v0.11.1
[INFO] [stderr]    Compiling anstyle-parse v0.2.5
[INFO] [stderr]    Compiling anstream v0.6.15
[INFO] [stderr]    Compiling clap_builder v4.5.17
[INFO] [stderr]    Compiling quote v1.0.37
[INFO] [stderr]    Compiling syn v2.0.77
[INFO] [stderr]    Compiling clap_derive v4.5.13
[INFO] [stderr]    Compiling clap v4.5.17
[INFO] [stderr]    Compiling jaust v0.1.2 (/opt/rustwide/workdir)
[INFO] [stdout] warning: unused import: `super::*`
[INFO] [stdout]    --> src/class_file/jaustp/signature.rs:321:9
[INFO] [stdout]     |
[INFO] [stdout] 321 |     use super::*;
[INFO] [stdout]     |         ^^^^^^^^
[INFO] [stdout]     |
[INFO] [stdout]     = note: `#[warn(unused_imports)]` on by default
[INFO] [stdout] 
[INFO] [stdout] 
[INFO] [stdout] warning: unused variable: `class`
[INFO] [stdout]   --> src/class_file/attributes/inner_classes_attribute.rs:26:17
[INFO] [stdout]    |
[INFO] [stdout] 26 |             let class = InnerClassInfo::parse(file)?;
[INFO] [stdout]    |                 ^^^^^ help: if this is intentional, prefix it with an underscore: `_class`
[INFO] [stdout]    |
[INFO] [stdout]    = note: `#[warn(unused_variables)]` on by default
[INFO] [stdout] 
[INFO] [stdout] 
[INFO] [stdout] warning: variable does not need to be mutable
[INFO] [stdout]   --> src/class_file/attributes/inner_classes_attribute.rs:24:13
[INFO] [stdout]    |
[INFO] [stdout] 24 |         let mut classes = Vec::new();
[INFO] [stdout]    |             ----^^^^^^^
[INFO] [stdout]    |             |
[INFO] [stdout]    |             help: remove this `mut`
[INFO] [stdout]    |
[INFO] [stdout]    = note: `#[warn(unused_mut)]` on by default
[INFO] [stdout] 
[INFO] [stdout] 
[INFO] [stdout] warning: unused variable: `file`
[INFO] [stdout]    --> src/class_file/attributes/stack_map_table_attribute.rs:124:19
[INFO] [stdout]     |
[INFO] [stdout] 124 |     fn parse_same(file: &mut FileReader, frame_type: u8) -> Result<StackMapFrame> {
[INFO] [stdout]     |                   ^^^^ help: if this is intentional, prefix it with an underscore: `_file`
[INFO] [stdout] 
[INFO] [stdout] 
[INFO] [stdout] warning: fields `attribute_name_index` and `attribute_length` are never read
[INFO] [stdout]  --> src/class_file/attributes/bootstrap_methods_attribute.rs:7:5
[INFO] [stdout]   |
[INFO] [stdout] 6 | pub struct BootstrapMethodsAttribute {
[INFO] [stdout]   |            ------------------------- fields in this struct
[INFO] [stdout] 7 |     attribute_name_index: u16,
[INFO] [stdout]   |     ^^^^^^^^^^^^^^^^^^^^
[INFO] [stdout] 8 |     attribute_length: u32,
[INFO] [stdout]   |     ^^^^^^^^^^^^^^^^
[INFO] [stdout]   |
[INFO] [stdout]   = note: `BootstrapMethodsAttribute` has a derived impl for the trait `Debug`, but this is intentionally ignored during dead code analysis
[INFO] [stdout]   = note: `#[warn(dead_code)]` on by default
[INFO] [stdout] 
[INFO] [stdout] 
[INFO] [stdout] warning: fields `attribute_name_index` and `attribute_length` are never read
[INFO] [stdout]  --> src/class_file/attributes/deprecated_attribute.rs:7:5
[INFO] [stdout]   |
[INFO] [stdout] 6 | pub struct DeprecatedAttribute {
[INFO] [stdout]   |            ------------------- fields in this struct
[INFO] [stdout] 7 |     attribute_name_index: u16,
[INFO] [stdout]   |     ^^^^^^^^^^^^^^^^^^^^
[INFO] [stdout] 8 |     attribute_length: u32,
[INFO] [stdout]   |     ^^^^^^^^^^^^^^^^
[INFO] [stdout]   |
[INFO] [stdout]   = note: `DeprecatedAttribute` has a derived impl for the trait `Debug`, but this is intentionally ignored during dead code analysis
[INFO] [stdout] 
[INFO] [stdout] 
[INFO] [stdout] warning: fields `attribute_name_index` and `attribute_length` are never read
[INFO] [stdout]   --> src/class_file/attributes/exceptions_attribute.rs:10:5
[INFO] [stdout]    |
[INFO] [stdout] 9  | pub struct ExceptionsAttribute {
[INFO] [stdout]    |            ------------------- fields in this struct
[INFO] [stdout] 10 |     attribute_name_index: u16,
[INFO] [stdout]    |     ^^^^^^^^^^^^^^^^^^^^
[INFO] [stdout] 11 |     attribute_length: u32,
[INFO] [stdout]    |     ^^^^^^^^^^^^^^^^
[INFO] [stdout]    |
[INFO] [stdout]    = note: `ExceptionsAttribute` has a derived impl for the trait `Debug`, but this is intentionally ignored during dead code analysis
[INFO] [stdout] 
[INFO] [stdout] 
[INFO] [stdout] warning: field `info` is never read
[INFO] [stdout]  --> src/class_file/attributes/generic_attribute.rs:9:5
[INFO] [stdout]   |
[INFO] [stdout] 6 | pub struct GenericAttribute {
[INFO] [stdout]   |            ---------------- field in this struct
[INFO] [stdout] ...
[INFO] [stdout] 9 |     info: Vec<u8>,
[INFO] [stdout]   |     ^^^^
[INFO] [stdout]   |
[INFO] [stdout]   = note: `GenericAttribute` has a derived impl for the trait `Debug`, but this is intentionally ignored during dead code analysis
[INFO] [stdout] 
[INFO] [stdout] 
[INFO] [stdout] warning: fields `attribute_name_index` and `attribute_length` are never read
[INFO] [stdout]  --> src/class_file/attributes/inner_classes_attribute.rs:8:5
[INFO] [stdout]   |
[INFO] [stdout] 7 | pub struct InnerClassesAttribute {
[INFO] [stdout]   |            --------------------- fields in this struct
[INFO] [stdout] 8 |     attribute_name_index: u16,
[INFO] [stdout]   |     ^^^^^^^^^^^^^^^^^^^^
[INFO] [stdout] 9 |     attribute_length: u32,
[INFO] [stdout]   |     ^^^^^^^^^^^^^^^^
[INFO] [stdout]   |
[INFO] [stdout]   = note: `InnerClassesAttribute` has a derived impl for the trait `Debug`, but this is intentionally ignored during dead code analysis
[INFO] [stdout] 
[INFO] [stdout] 
[INFO] [stdout] warning: fields `attribute_name_index` and `attribute_length` are never read
[INFO] [stdout]   --> src/class_file/attributes/line_number_table_attribute.rs:9:5
[INFO] [stdout]    |
[INFO] [stdout] 8  | pub struct LineNumberTableAttribute {
[INFO] [stdout]    |            ------------------------ fields in this struct
[INFO] [stdout] 9  |     attribute_name_index: u16,
[INFO] [stdout]    |     ^^^^^^^^^^^^^^^^^^^^
[INFO] [stdout] 10 |     attribute_length: u32,
[INFO] [stdout]    |     ^^^^^^^^^^^^^^^^
[INFO] [stdout]    |
[INFO] [stdout]    = note: `LineNumberTableAttribute` has a derived impl for the trait `Debug`, but this is intentionally ignored during dead code analysis
[INFO] [stdout] 
[INFO] [stdout] 
[INFO] [stdout] warning: fields `attribute_name_index` and `attribute_length` are never read
[INFO] [stdout]  --> src/class_file/attributes/method_parameters_attribute.rs:8:5
[INFO] [stdout]   |
[INFO] [stdout] 7 | pub struct MethodParametersAttribute {
[INFO] [stdout]   |            ------------------------- fields in this struct
[INFO] [stdout] 8 |     attribute_name_index: u16,
[INFO] [stdout]   |     ^^^^^^^^^^^^^^^^^^^^
[INFO] [stdout] 9 |     attribute_length: u32,
[INFO] [stdout]   |     ^^^^^^^^^^^^^^^^
[INFO] [stdout]   |
[INFO] [stdout]   = note: `MethodParametersAttribute` has a derived impl for the trait `Debug`, but this is intentionally ignored during dead code analysis
[INFO] [stdout] 
[INFO] [stdout] 
[INFO] [stdout] warning: fields `attribute_name_index` and `attribute_length` are never read
[INFO] [stdout]  --> src/class_file/attributes/record_attribute.rs:8:5
[INFO] [stdout]   |
[INFO] [stdout] 7 | pub struct RecordAttribute {
[INFO] [stdout]   |            --------------- fields in this struct
[INFO] [stdout] 8 |     attribute_name_index: u16,
[INFO] [stdout]   |     ^^^^^^^^^^^^^^^^^^^^
[INFO] [stdout] 9 |     attribute_length: u32,
[INFO] [stdout]   |     ^^^^^^^^^^^^^^^^
[INFO] [stdout]   |
[INFO] [stdout]   = note: `RecordAttribute` has a derived impl for the trait `Debug`, but this is intentionally ignored during dead code analysis
[INFO] [stdout] 
[INFO] [stdout] 
[INFO] [stdout] warning: field `attributes` is never read
[INFO] [stdout]   --> src/class_file/attributes/record_attribute.rs:17:5
[INFO] [stdout]    |
[INFO] [stdout] 14 | pub struct RecordComponentInfo {
[INFO] [stdout]    |            ------------------- field in this struct
[INFO] [stdout] ...
[INFO] [stdout] 17 |     attributes: Attributes,
[INFO] [stdout]    |     ^^^^^^^^^^
[INFO] [stdout]    |
[INFO] [stdout]    = note: `RecordComponentInfo` has a derived impl for the trait `Debug`, but this is intentionally ignored during dead code analysis
[INFO] [stdout] 
[INFO] [stdout] 
[INFO] [stdout] warning: fields `attribute_name_index` and `attribute_length` are never read
[INFO] [stdout]   --> src/class_file/attributes/runtime_visible_annotations_attribute.rs:9:5
[INFO] [stdout]    |
[INFO] [stdout] 8  | pub struct RuntimeVisibleAnnotationsAttribute {
[INFO] [stdout]    |            ---------------------------------- fields in this struct
[INFO] [stdout] 9  |     attribute_name_index: u16,
[INFO] [stdout]    |     ^^^^^^^^^^^^^^^^^^^^
[INFO] [stdout] 10 |     attribute_length: u32,
[INFO] [stdout]    |     ^^^^^^^^^^^^^^^^
[INFO] [stdout]    |
[INFO] [stdout]    = note: `RuntimeVisibleAnnotationsAttribute` has a derived impl for the trait `Debug`, but this is intentionally ignored during dead code analysis
[INFO] [stdout] 
[INFO] [stdout] 
[INFO] [stdout] warning: fields `attribute_name_index` and `attribute_length` are never read
[INFO] [stdout]  --> src/class_file/attributes/signature_attribute.rs:7:5
[INFO] [stdout]   |
[INFO] [stdout] 6 | pub struct SignatureAttribute {
[INFO] [stdout]   |            ------------------ fields in this struct
[INFO] [stdout] 7 |     attribute_name_index: u16,
[INFO] [stdout]   |     ^^^^^^^^^^^^^^^^^^^^
[INFO] [stdout] 8 |     attribute_length: u32,
[INFO] [stdout]   |     ^^^^^^^^^^^^^^^^
[INFO] [stdout]   |
[INFO] [stdout]   = note: `SignatureAttribute` has a derived impl for the trait `Debug`, but this is intentionally ignored during dead code analysis
[INFO] [stdout] 
[INFO] [stdout] 
[INFO] [stdout] warning: fields `attribute_name_index` and `attribute_length` are never read
[INFO] [stdout]   --> src/class_file/attributes/source_file_attribute.rs:9:5
[INFO] [stdout]    |
[INFO] [stdout] 8  | pub struct SourceFileAttribute {
[INFO] [stdout]    |            ------------------- fields in this struct
[INFO] [stdout] 9  |     attribute_name_index: u16,
[INFO] [stdout]    |     ^^^^^^^^^^^^^^^^^^^^
[INFO] [stdout] 10 |     attribute_length: u32,
[INFO] [stdout]    |     ^^^^^^^^^^^^^^^^
[INFO] [stdout]    |
[INFO] [stdout]    = note: `SourceFileAttribute` has a derived impl for the trait `Debug`, but this is intentionally ignored during dead code analysis
[INFO] [stdout] 
[INFO] [stdout] 
[INFO] [stdout] warning: fields `attribute_name_index` and `attribute_length` are never read
[INFO] [stdout]  --> src/class_file/attributes/stack_map_table_attribute.rs:7:5
[INFO] [stdout]   |
[INFO] [stdout] 6 | pub struct StackMapTableAttribute {
[INFO] [stdout]   |            ---------------------- fields in this struct
[INFO] [stdout] 7 |     attribute_name_index: u16,
[INFO] [stdout]   |     ^^^^^^^^^^^^^^^^^^^^
[INFO] [stdout] 8 |     attribute_length: u32,
[INFO] [stdout]   |     ^^^^^^^^^^^^^^^^
[INFO] [stdout]   |
[INFO] [stdout]   = note: `StackMapTableAttribute` has a derived impl for the trait `Debug`, but this is intentionally ignored during dead code analysis
[INFO] [stdout] 
[INFO] [stdout] 
[INFO] [stdout] warning: variants `ReferenceTypeSignature` and `BaseTypeSignature` are never constructed
[INFO] [stdout]   --> src/class_file/jaustp/signature.rs:20:5
[INFO] [stdout]    |
[INFO] [stdout] 19 | pub enum JavaTypeSignature {
[INFO] [stdout]    |          ----------------- variants in this enum
[INFO] [stdout] 20 |     ReferenceTypeSignature(ReferenceTypeSignature),
[INFO] [stdout]    |     ^^^^^^^^^^^^^^^^^^^^^^
[INFO] [stdout] 21 |     BaseTypeSignature(String),
[INFO] [stdout]    |     ^^^^^^^^^^^^^^^^^
[INFO] [stdout]    |
[INFO] [stdout]    = note: `JavaTypeSignature` has a derived impl for the trait `Debug`, but this is intentionally ignored during dead code analysis
[INFO] [stdout] 
[INFO] [stdout] 
[INFO] [stdout] warning: variants `ClassTypeSignature`, `TypeVariableSignature`, and `ArrayTypeSignature` are never constructed
[INFO] [stdout]   --> src/class_file/jaustp/signature.rs:26:5
[INFO] [stdout]    |
[INFO] [stdout] 25 | pub enum ReferenceTypeSignature {
[INFO] [stdout]    |          ---------------------- variants in this enum
[INFO] [stdout] 26 |     ClassTypeSignature(ClassTypeSignature),
[INFO] [stdout]    |     ^^^^^^^^^^^^^^^^^^
[INFO] [stdout] 27 |     TypeVariableSignature(String),
[INFO] [stdout]    |     ^^^^^^^^^^^^^^^^^^^^^
[INFO] [stdout] 28 |     ArrayTypeSignature(Box<JavaTypeSignature>),
[INFO] [stdout]    |     ^^^^^^^^^^^^^^^^^^
[INFO] [stdout]    |
[INFO] [stdout]    = note: `ReferenceTypeSignature` has a derived impl for the trait `Debug`, but this is intentionally ignored during dead code analysis
[INFO] [stdout] 
[INFO] [stdout] 
[INFO] [stdout] warning: type alias `Pchars` is never used
[INFO] [stdout]   --> src/class_file/jaustp/signature.rs:44:6
[INFO] [stdout]    |
[INFO] [stdout] 44 | type Pchars<'a> = Peekable<Chars<'a>>;
[INFO] [stdout]    |      ^^^^^^
[INFO] [stdout] 
[INFO] [stdout] 
[INFO] [stdout] warning: function `parse_signature` is never used
[INFO] [stdout]   --> src/class_file/jaustp/signature.rs:46:8
[INFO] [stdout]    |
[INFO] [stdout] 46 | pub fn parse_signature(signature: &str) -> Result<JavaTypeSignature> {
[INFO] [stdout]    |        ^^^^^^^^^^^^^^^
[INFO] [stdout] 
[INFO] [stdout] 
[INFO] [stdout] warning: function `parse_java_type_signature` is never used
[INFO] [stdout]   --> src/class_file/jaustp/signature.rs:51:4
[INFO] [stdout]    |
[INFO] [stdout] 51 | fn parse_java_type_signature(chars: &mut Pchars) -> Result<JavaTypeSignature> {
[INFO] [stdout]    |    ^^^^^^^^^^^^^^^^^^^^^^^^^
[INFO] [stdout] 
[INFO] [stdout] 
[INFO] [stdout] warning: function `parse_base_type_signature` is never used
[INFO] [stdout]   --> src/class_file/jaustp/signature.rs:62:4
[INFO] [stdout]    |
[INFO] [stdout] 62 | fn parse_base_type_signature(chars: &mut Pchars) -> Result<String> {
[INFO] [stdout]    |    ^^^^^^^^^^^^^^^^^^^^^^^^^
[INFO] [stdout] 
[INFO] [stdout] 
[INFO] [stdout] warning: function `parse_reference_type_signature` is never used
[INFO] [stdout]   --> src/class_file/jaustp/signature.rs:79:4
[INFO] [stdout]    |
[INFO] [stdout] 79 | fn parse_reference_type_signature(chars: &mut Pchars) -> Result<ReferenceTypeSignature> {
[INFO] [stdout]    |    ^^^^^^^^^^^^^^^^^^^^^^^^^^^^^^
[INFO] [stdout] 
[INFO] [stdout] 
[INFO] [stdout] warning: function `expect_char` is never used
[INFO] [stdout]    --> src/class_file/jaustp/signature.rs:101:4
[INFO] [stdout]     |
[INFO] [stdout] 101 | fn expect_char(chars: &mut Pchars, expected: char) -> Result<()> {
[INFO] [stdout]     |    ^^^^^^^^^^^
[INFO] [stdout] 
[INFO] [stdout] 
[INFO] [stdout] warning: function `parse_class_type_signature` is never used
[INFO] [stdout]    --> src/class_file/jaustp/signature.rs:109:4
[INFO] [stdout]     |
[INFO] [stdout] 109 | fn parse_class_type_signature(chars: &mut Pchars) -> Result<ClassTypeSignature> {
[INFO] [stdout]     |    ^^^^^^^^^^^^^^^^^^^^^^^^^^
[INFO] [stdout] 
[INFO] [stdout] 
[INFO] [stdout] warning: function `parse_simple_class_type_signature` is never used
[INFO] [stdout]    --> src/class_file/jaustp/signature.rs:140:4
[INFO] [stdout]     |
[INFO] [stdout] 140 | fn parse_simple_class_type_signature(
[INFO] [stdout]     |    ^^^^^^^^^^^^^^^^^^^^^^^^^^^^^^^^^
[INFO] [stdout] 
[INFO] [stdout] 
[INFO] [stdout] warning: function `parse_type_arguments` is never used
[INFO] [stdout]    --> src/class_file/jaustp/signature.rs:151:4
[INFO] [stdout]     |
[INFO] [stdout] 151 | fn parse_type_arguments(chars: &mut Pchars) -> Result<Vec<ReferenceTypeSignature>> {
[INFO] [stdout]     |    ^^^^^^^^^^^^^^^^^^^^
[INFO] [stdout] 
[INFO] [stdout] 
[INFO] [stdout] warning: function `parse_type_argument` is never used
[INFO] [stdout]    --> src/class_file/jaustp/signature.rs:173:4
[INFO] [stdout]     |
[INFO] [stdout] 173 | fn parse_type_argument(chars: &mut Pchars) -> Result<ReferenceTypeSignature> {
[INFO] [stdout]     |    ^^^^^^^^^^^^^^^^^^^
[INFO] [stdout] 
[INFO] [stdout] 
[INFO] [stdout] warning: function `parse_package_specifiers` is never used
[INFO] [stdout]    --> src/class_file/jaustp/signature.rs:194:4
[INFO] [stdout]     |
[INFO] [stdout] 194 | fn parse_package_specifiers(chars: &mut Pchars) -> Vec<String> {
[INFO] [stdout]     |    ^^^^^^^^^^^^^^^^^^^^^^^^
[INFO] [stdout] 
[INFO] [stdout] 
[INFO] [stdout] warning: function `parse_identifier` is never used
[INFO] [stdout]    --> src/class_file/jaustp/signature.rs:210:4
[INFO] [stdout]     |
[INFO] [stdout] 210 | fn parse_identifier(chars: &mut Pchars) -> String {
[INFO] [stdout]     |    ^^^^^^^^^^^^^^^^
[INFO] [stdout] 
[INFO] [stdout] 
[INFO] [stderr]     Finished `dev` profile [unoptimized + debuginfo] target(s) in 12.21s
[INFO] running `Command { std: "docker" "inspect" "bac28d0740b027f11ce5e8ef32c74cd4edad5346fc620027e4bd8e0eba84268b", kill_on_drop: false }`
[INFO] running `Command { std: "docker" "rm" "-f" "bac28d0740b027f11ce5e8ef32c74cd4edad5346fc620027e4bd8e0eba84268b", kill_on_drop: false }`
[INFO] [stdout] bac28d0740b027f11ce5e8ef32c74cd4edad5346fc620027e4bd8e0eba84268b
[INFO] running `Command { std: "docker" "create" "-v" "/var/lib/crater-agent-workspace/builds/worker-6-tc1/target:/opt/rustwide/target:rw,Z" "-v" "/var/lib/crater-agent-workspace/builds/worker-6-tc1/source:/opt/rustwide/workdir:ro,Z" "-v" "/var/lib/crater-agent-workspace/cargo-home:/opt/rustwide/cargo-home:ro,Z" "-v" "/var/lib/crater-agent-workspace/rustup-home:/opt/rustwide/rustup-home:ro,Z" "-e" "SOURCE_DIR=/opt/rustwide/workdir" "-e" "CARGO_TARGET_DIR=/opt/rustwide/target" "-e" "CARGO_INCREMENTAL=0" "-e" "RUST_BACKTRACE=full" "-e" "RUSTFLAGS=--cap-lints=forbid" "-e" "RUSTDOCFLAGS=--cap-lints=forbid" "-e" "CARGO_HOME=/opt/rustwide/cargo-home" "-e" "RUSTUP_HOME=/opt/rustwide/rustup-home" "-w" "/opt/rustwide/workdir" "-m" "1610612736" "--user" "0:0" "--network" "none" "ghcr.io/rust-lang/crates-build-env/linux@sha256:819108c5571ea2e421544af4d832f968d213c87fbe3707a016657f43d2f853bc" "/opt/rustwide/cargo-home/bin/cargo" "+nightly-2025-01-18" "test" "--frozen" "--no-run" "--message-format=json", kill_on_drop: false }`
[INFO] [stdout] 90f479c7c6e1d1146740d2bf9332c42513e05535dc0ae11b22b4871aa7d5c167
[INFO] running `Command { std: "docker" "start" "-a" "90f479c7c6e1d1146740d2bf9332c42513e05535dc0ae11b22b4871aa7d5c167", kill_on_drop: false }`
[INFO] [stderr]    Compiling winapi-build v0.1.1
[INFO] [stderr]    Compiling winapi v0.2.8
[INFO] [stderr]    Compiling unicode-width v0.1.14
[INFO] [stdout] warning: unused import: `super::*`
[INFO] [stdout]    --> src/class_file/jaustp/signature.rs:321:9
[INFO] [stdout]     |
[INFO] [stdout] 321 |     use super::*;
[INFO] [stdout]     |         ^^^^^^^^
[INFO] [stdout]     |
[INFO] [stdout]     = note: `#[warn(unused_imports)]` on by default
[INFO] [stdout] 
[INFO] [stdout] 
[INFO] [stdout] warning: unused variable: `class`
[INFO] [stdout]   --> src/class_file/attributes/inner_classes_attribute.rs:26:17
[INFO] [stdout]    |
[INFO] [stdout] 26 |             let class = InnerClassInfo::parse(file)?;
[INFO] [stdout]    |                 ^^^^^ help: if this is intentional, prefix it with an underscore: `_class`
[INFO] [stdout]    |
[INFO] [stdout]    = note: `#[warn(unused_variables)]` on by default
[INFO] [stdout] 
[INFO] [stdout] 
[INFO] [stdout] warning: variable does not need to be mutable
[INFO] [stdout]   --> src/class_file/attributes/inner_classes_attribute.rs:24:13
[INFO] [stdout]    |
[INFO] [stdout] 24 |         let mut classes = Vec::new();
[INFO] [stdout]    |             ----^^^^^^^
[INFO] [stdout]    |             |
[INFO] [stdout]    |             help: remove this `mut`
[INFO] [stdout]    |
[INFO] [stdout]    = note: `#[warn(unused_mut)]` on by default
[INFO] [stdout] 
[INFO] [stdout] 
[INFO] [stdout] warning: unused variable: `file`
[INFO] [stdout]    --> src/class_file/attributes/stack_map_table_attribute.rs:124:19
[INFO] [stdout]     |
[INFO] [stdout] 124 |     fn parse_same(file: &mut FileReader, frame_type: u8) -> Result<StackMapFrame> {
[INFO] [stdout]     |                   ^^^^ help: if this is intentional, prefix it with an underscore: `_file`
[INFO] [stdout] 
[INFO] [stdout] 
[INFO] [stdout] warning: fields `attribute_name_index` and `attribute_length` are never read
[INFO] [stdout]  --> src/class_file/attributes/bootstrap_methods_attribute.rs:7:5
[INFO] [stdout]   |
[INFO] [stdout] 6 | pub struct BootstrapMethodsAttribute {
[INFO] [stdout]   |            ------------------------- fields in this struct
[INFO] [stdout] 7 |     attribute_name_index: u16,
[INFO] [stdout]   |     ^^^^^^^^^^^^^^^^^^^^
[INFO] [stdout] 8 |     attribute_length: u32,
[INFO] [stdout]   |     ^^^^^^^^^^^^^^^^
[INFO] [stdout]   |
[INFO] [stdout]   = note: `BootstrapMethodsAttribute` has a derived impl for the trait `Debug`, but this is intentionally ignored during dead code analysis
[INFO] [stdout]   = note: `#[warn(dead_code)]` on by default
[INFO] [stdout] 
[INFO] [stdout] 
[INFO] [stdout] warning: fields `attribute_name_index` and `attribute_length` are never read
[INFO] [stdout]  --> src/class_file/attributes/deprecated_attribute.rs:7:5
[INFO] [stdout]   |
[INFO] [stdout] 6 | pub struct DeprecatedAttribute {
[INFO] [stdout]   |            ------------------- fields in this struct
[INFO] [stdout] 7 |     attribute_name_index: u16,
[INFO] [stdout]   |     ^^^^^^^^^^^^^^^^^^^^
[INFO] [stdout] 8 |     attribute_length: u32,
[INFO] [stdout]   |     ^^^^^^^^^^^^^^^^
[INFO] [stdout]   |
[INFO] [stdout]   = note: `DeprecatedAttribute` has a derived impl for the trait `Debug`, but this is intentionally ignored during dead code analysis
[INFO] [stdout] 
[INFO] [stdout] 
[INFO] [stdout] warning: fields `attribute_name_index` and `attribute_length` are never read
[INFO] [stdout]   --> src/class_file/attributes/exceptions_attribute.rs:10:5
[INFO] [stdout]    |
[INFO] [stdout] 9  | pub struct ExceptionsAttribute {
[INFO] [stdout]    |            ------------------- fields in this struct
[INFO] [stdout] 10 |     attribute_name_index: u16,
[INFO] [stdout]    |     ^^^^^^^^^^^^^^^^^^^^
[INFO] [stdout] 11 |     attribute_length: u32,
[INFO] [stdout]    |     ^^^^^^^^^^^^^^^^
[INFO] [stdout]    |
[INFO] [stdout]    = note: `ExceptionsAttribute` has a derived impl for the trait `Debug`, but this is intentionally ignored during dead code analysis
[INFO] [stdout] 
[INFO] [stdout] 
[INFO] [stdout] warning: field `info` is never read
[INFO] [stdout]  --> src/class_file/attributes/generic_attribute.rs:9:5
[INFO] [stdout]   |
[INFO] [stdout] 6 | pub struct GenericAttribute {
[INFO] [stdout]   |            ---------------- field in this struct
[INFO] [stdout] ...
[INFO] [stdout] 9 |     info: Vec<u8>,
[INFO] [stdout]   |     ^^^^
[INFO] [stdout]   |
[INFO] [stdout]   = note: `GenericAttribute` has a derived impl for the trait `Debug`, but this is intentionally ignored during dead code analysis
[INFO] [stdout] 
[INFO] [stdout] 
[INFO] [stdout] warning: fields `attribute_name_index` and `attribute_length` are never read
[INFO] [stdout]  --> src/class_file/attributes/inner_classes_attribute.rs:8:5
[INFO] [stdout]   |
[INFO] [stdout] 7 | pub struct InnerClassesAttribute {
[INFO] [stdout]   |            --------------------- fields in this struct
[INFO] [stdout] 8 |     attribute_name_index: u16,
[INFO] [stdout]   |     ^^^^^^^^^^^^^^^^^^^^
[INFO] [stdout] 9 |     attribute_length: u32,
[INFO] [stdout]   |     ^^^^^^^^^^^^^^^^
[INFO] [stdout]   |
[INFO] [stdout]   = note: `InnerClassesAttribute` has a derived impl for the trait `Debug`, but this is intentionally ignored during dead code analysis
[INFO] [stdout] 
[INFO] [stdout] 
[INFO] [stdout] warning: fields `attribute_name_index` and `attribute_length` are never read
[INFO] [stdout]   --> src/class_file/attributes/line_number_table_attribute.rs:9:5
[INFO] [stdout]    |
[INFO] [stdout] 8  | pub struct LineNumberTableAttribute {
[INFO] [stdout]    |            ------------------------ fields in this struct
[INFO] [stdout] 9  |     attribute_name_index: u16,
[INFO] [stdout]    |     ^^^^^^^^^^^^^^^^^^^^
[INFO] [stdout] 10 |     attribute_length: u32,
[INFO] [stdout]    |     ^^^^^^^^^^^^^^^^
[INFO] [stdout]    |
[INFO] [stdout]    = note: `LineNumberTableAttribute` has a derived impl for the trait `Debug`, but this is intentionally ignored during dead code analysis
[INFO] [stdout] 
[INFO] [stdout] 
[INFO] [stdout] warning: fields `attribute_name_index` and `attribute_length` are never read
[INFO] [stdout]  --> src/class_file/attributes/method_parameters_attribute.rs:8:5
[INFO] [stdout]   |
[INFO] [stdout] 7 | pub struct MethodParametersAttribute {
[INFO] [stdout]   |            ------------------------- fields in this struct
[INFO] [stdout] 8 |     attribute_name_index: u16,
[INFO] [stdout]   |     ^^^^^^^^^^^^^^^^^^^^
[INFO] [stdout] 9 |     attribute_length: u32,
[INFO] [stdout]   |     ^^^^^^^^^^^^^^^^
[INFO] [stdout]   |
[INFO] [stdout]   = note: `MethodParametersAttribute` has a derived impl for the trait `Debug`, but this is intentionally ignored during dead code analysis
[INFO] [stdout] 
[INFO] [stdout] 
[INFO] [stdout] warning: fields `attribute_name_index` and `attribute_length` are never read
[INFO] [stdout]  --> src/class_file/attributes/record_attribute.rs:8:5
[INFO] [stdout]   |
[INFO] [stdout] 7 | pub struct RecordAttribute {
[INFO] [stdout]   |            --------------- fields in this struct
[INFO] [stdout] 8 |     attribute_name_index: u16,
[INFO] [stdout]   |     ^^^^^^^^^^^^^^^^^^^^
[INFO] [stdout] 9 |     attribute_length: u32,
[INFO] [stdout]   |     ^^^^^^^^^^^^^^^^
[INFO] [stdout]   |
[INFO] [stdout]   = note: `RecordAttribute` has a derived impl for the trait `Debug`, but this is intentionally ignored during dead code analysis
[INFO] [stdout] 
[INFO] [stdout] 
[INFO] [stdout] warning: field `attributes` is never read
[INFO] [stdout]   --> src/class_file/attributes/record_attribute.rs:17:5
[INFO] [stdout]    |
[INFO] [stdout] 14 | pub struct RecordComponentInfo {
[INFO] [stdout]    |            ------------------- field in this struct
[INFO] [stdout] ...
[INFO] [stdout] 17 |     attributes: Attributes,
[INFO] [stdout]    |     ^^^^^^^^^^
[INFO] [stdout]    |
[INFO] [stdout]    = note: `RecordComponentInfo` has a derived impl for the trait `Debug`, but this is intentionally ignored during dead code analysis
[INFO] [stdout] 
[INFO] [stdout] 
[INFO] [stdout] warning: fields `attribute_name_index` and `attribute_length` are never read
[INFO] [stdout]   --> src/class_file/attributes/runtime_visible_annotations_attribute.rs:9:5
[INFO] [stdout]    |
[INFO] [stdout] 8  | pub struct RuntimeVisibleAnnotationsAttribute {
[INFO] [stdout]    |            ---------------------------------- fields in this struct
[INFO] [stdout] 9  |     attribute_name_index: u16,
[INFO] [stdout]    |     ^^^^^^^^^^^^^^^^^^^^
[INFO] [stdout] 10 |     attribute_length: u32,
[INFO] [stdout]    |     ^^^^^^^^^^^^^^^^
[INFO] [stdout]    |
[INFO] [stdout]    = note: `RuntimeVisibleAnnotationsAttribute` has a derived impl for the trait `Debug`, but this is intentionally ignored during dead code analysis
[INFO] [stdout] 
[INFO] [stdout] 
[INFO] [stdout] warning: fields `attribute_name_index` and `attribute_length` are never read
[INFO] [stdout]  --> src/class_file/attributes/signature_attribute.rs:7:5
[INFO] [stdout]   |
[INFO] [stdout] 6 | pub struct SignatureAttribute {
[INFO] [stdout]   |            ------------------ fields in this struct
[INFO] [stdout] 7 |     attribute_name_index: u16,
[INFO] [stdout]   |     ^^^^^^^^^^^^^^^^^^^^
[INFO] [stdout] 8 |     attribute_length: u32,
[INFO] [stdout]   |     ^^^^^^^^^^^^^^^^
[INFO] [stdout]   |
[INFO] [stdout]   = note: `SignatureAttribute` has a derived impl for the trait `Debug`, but this is intentionally ignored during dead code analysis
[INFO] [stdout] 
[INFO] [stdout] 
[INFO] [stdout] warning: fields `attribute_name_index` and `attribute_length` are never read
[INFO] [stdout]   --> src/class_file/attributes/source_file_attribute.rs:9:5
[INFO] [stdout]    |
[INFO] [stdout] 8  | pub struct SourceFileAttribute {
[INFO] [stdout]    |            ------------------- fields in this struct
[INFO] [stdout] 9  |     attribute_name_index: u16,
[INFO] [stdout]    |     ^^^^^^^^^^^^^^^^^^^^
[INFO] [stdout] 10 |     attribute_length: u32,
[INFO] [stdout]    |     ^^^^^^^^^^^^^^^^
[INFO] [stdout]    |
[INFO] [stdout]    = note: `SourceFileAttribute` has a derived impl for the trait `Debug`, but this is intentionally ignored during dead code analysis
[INFO] [stdout] 
[INFO] [stdout] 
[INFO] [stdout] warning: fields `attribute_name_index` and `attribute_length` are never read
[INFO] [stdout]  --> src/class_file/attributes/stack_map_table_attribute.rs:7:5
[INFO] [stdout]   |
[INFO] [stdout] 6 | pub struct StackMapTableAttribute {
[INFO] [stdout]   |            ---------------------- fields in this struct
[INFO] [stdout] 7 |     attribute_name_index: u16,
[INFO] [stdout]   |     ^^^^^^^^^^^^^^^^^^^^
[INFO] [stdout] 8 |     attribute_length: u32,
[INFO] [stdout]   |     ^^^^^^^^^^^^^^^^
[INFO] [stdout]   |
[INFO] [stdout]   = note: `StackMapTableAttribute` has a derived impl for the trait `Debug`, but this is intentionally ignored during dead code analysis
[INFO] [stdout] 
[INFO] [stdout] 
[INFO] [stdout] warning: variants `ReferenceTypeSignature` and `BaseTypeSignature` are never constructed
[INFO] [stdout]   --> src/class_file/jaustp/signature.rs:20:5
[INFO] [stdout]    |
[INFO] [stdout] 19 | pub enum JavaTypeSignature {
[INFO] [stdout]    |          ----------------- variants in this enum
[INFO] [stdout] 20 |     ReferenceTypeSignature(ReferenceTypeSignature),
[INFO] [stdout]    |     ^^^^^^^^^^^^^^^^^^^^^^
[INFO] [stdout] 21 |     BaseTypeSignature(String),
[INFO] [stdout]    |     ^^^^^^^^^^^^^^^^^
[INFO] [stdout]    |
[INFO] [stdout]    = note: `JavaTypeSignature` has a derived impl for the trait `Debug`, but this is intentionally ignored during dead code analysis
[INFO] [stdout] 
[INFO] [stdout] 
[INFO] [stdout] warning: variants `ClassTypeSignature`, `TypeVariableSignature`, and `ArrayTypeSignature` are never constructed
[INFO] [stdout]   --> src/class_file/jaustp/signature.rs:26:5
[INFO] [stdout]    |
[INFO] [stdout] 25 | pub enum ReferenceTypeSignature {
[INFO] [stdout]    |          ---------------------- variants in this enum
[INFO] [stdout] 26 |     ClassTypeSignature(ClassTypeSignature),
[INFO] [stdout]    |     ^^^^^^^^^^^^^^^^^^
[INFO] [stdout] 27 |     TypeVariableSignature(String),
[INFO] [stdout]    |     ^^^^^^^^^^^^^^^^^^^^^
[INFO] [stdout] 28 |     ArrayTypeSignature(Box<JavaTypeSignature>),
[INFO] [stdout]    |     ^^^^^^^^^^^^^^^^^^
[INFO] [stdout]    |
[INFO] [stdout]    = note: `ReferenceTypeSignature` has a derived impl for the trait `Debug`, but this is intentionally ignored during dead code analysis
[INFO] [stdout] 
[INFO] [stdout] 
[INFO] [stdout] warning: type alias `Pchars` is never used
[INFO] [stdout]   --> src/class_file/jaustp/signature.rs:44:6
[INFO] [stdout]    |
[INFO] [stdout] 44 | type Pchars<'a> = Peekable<Chars<'a>>;
[INFO] [stdout]    |      ^^^^^^
[INFO] [stdout] 
[INFO] [stdout] 
[INFO] [stdout] warning: function `parse_signature` is never used
[INFO] [stdout]   --> src/class_file/jaustp/signature.rs:46:8
[INFO] [stdout]    |
[INFO] [stdout] 46 | pub fn parse_signature(signature: &str) -> Result<JavaTypeSignature> {
[INFO] [stdout]    |        ^^^^^^^^^^^^^^^
[INFO] [stdout] 
[INFO] [stdout] 
[INFO] [stdout] warning: function `parse_java_type_signature` is never used
[INFO] [stdout]   --> src/class_file/jaustp/signature.rs:51:4
[INFO] [stdout]    |
[INFO] [stdout] 51 | fn parse_java_type_signature(chars: &mut Pchars) -> Result<JavaTypeSignature> {
[INFO] [stdout]    |    ^^^^^^^^^^^^^^^^^^^^^^^^^
[INFO] [stdout] 
[INFO] [stdout] 
[INFO] [stdout] warning: function `parse_base_type_signature` is never used
[INFO] [stdout]   --> src/class_file/jaustp/signature.rs:62:4
[INFO] [stdout]    |
[INFO] [stdout] 62 | fn parse_base_type_signature(chars: &mut Pchars) -> Result<String> {
[INFO] [stdout]    |    ^^^^^^^^^^^^^^^^^^^^^^^^^
[INFO] [stdout] 
[INFO] [stdout] 
[INFO] [stdout] warning: function `parse_reference_type_signature` is never used
[INFO] [stdout]   --> src/class_file/jaustp/signature.rs:79:4
[INFO] [stdout]    |
[INFO] [stdout] 79 | fn parse_reference_type_signature(chars: &mut Pchars) -> Result<ReferenceTypeSignature> {
[INFO] [stdout]    |    ^^^^^^^^^^^^^^^^^^^^^^^^^^^^^^
[INFO] [stdout] 
[INFO] [stdout] 
[INFO] [stdout] warning: function `expect_char` is never used
[INFO] [stdout]    --> src/class_file/jaustp/signature.rs:101:4
[INFO] [stdout]     |
[INFO] [stdout] 101 | fn expect_char(chars: &mut Pchars, expected: char) -> Result<()> {
[INFO] [stdout]     |    ^^^^^^^^^^^
[INFO] [stdout] 
[INFO] [stdout] 
[INFO] [stdout] warning: function `parse_class_type_signature` is never used
[INFO] [stdout]    --> src/class_file/jaustp/signature.rs:109:4
[INFO] [stdout]     |
[INFO] [stdout] 109 | fn parse_class_type_signature(chars: &mut Pchars) -> Result<ClassTypeSignature> {
[INFO] [stdout]     |    ^^^^^^^^^^^^^^^^^^^^^^^^^^
[INFO] [stdout] 
[INFO] [stdout] 
[INFO] [stdout] warning: function `parse_simple_class_type_signature` is never used
[INFO] [stdout]    --> src/class_file/jaustp/signature.rs:140:4
[INFO] [stdout]     |
[INFO] [stdout] 140 | fn parse_simple_class_type_signature(
[INFO] [stdout]     |    ^^^^^^^^^^^^^^^^^^^^^^^^^^^^^^^^^
[INFO] [stdout] 
[INFO] [stdout] 
[INFO] [stdout] warning: function `parse_type_arguments` is never used
[INFO] [stdout]    --> src/class_file/jaustp/signature.rs:151:4
[INFO] [stdout]     |
[INFO] [stdout] 151 | fn parse_type_arguments(chars: &mut Pchars) -> Result<Vec<ReferenceTypeSignature>> {
[INFO] [stdout]     |    ^^^^^^^^^^^^^^^^^^^^
[INFO] [stdout] 
[INFO] [stdout] 
[INFO] [stdout] warning: function `parse_type_argument` is never used
[INFO] [stdout]    --> src/class_file/jaustp/signature.rs:173:4
[INFO] [stdout]     |
[INFO] [stdout] 173 | fn parse_type_argument(chars: &mut Pchars) -> Result<ReferenceTypeSignature> {
[INFO] [stdout]     |    ^^^^^^^^^^^^^^^^^^^
[INFO] [stdout] 
[INFO] [stdout] 
[INFO] [stdout] warning: function `parse_package_specifiers` is never used
[INFO] [stdout]    --> src/class_file/jaustp/signature.rs:194:4
[INFO] [stdout]     |
[INFO] [stdout] 194 | fn parse_package_specifiers(chars: &mut Pchars) -> Vec<String> {
[INFO] [stdout]     |    ^^^^^^^^^^^^^^^^^^^^^^^^
[INFO] [stdout] 
[INFO] [stdout] 
[INFO] [stdout] warning: function `parse_identifier` is never used
[INFO] [stdout]    --> src/class_file/jaustp/signature.rs:210:4
[INFO] [stdout]     |
[INFO] [stdout] 210 | fn parse_identifier(chars: &mut Pchars) -> String {
[INFO] [stdout]     |    ^^^^^^^^^^^^^^^^
[INFO] [stdout] 
[INFO] [stdout] 
[INFO] [stderr]    Compiling kernel32-sys v0.2.2
[INFO] [stderr]    Compiling term v0.2.14
[INFO] [stderr]    Compiling getopts v0.2.21
[INFO] [stderr]    Compiling text-diff v0.4.0
[INFO] [stderr]    Compiling jaust v0.1.2 (/opt/rustwide/workdir)
[INFO] [stdout] warning: unused variable: `class`
[INFO] [stdout]   --> src/class_file/attributes/inner_classes_attribute.rs:26:17
[INFO] [stdout]    |
[INFO] [stdout] 26 |             let class = InnerClassInfo::parse(file)?;
[INFO] [stdout]    |                 ^^^^^ help: if this is intentional, prefix it with an underscore: `_class`
[INFO] [stdout]    |
[INFO] [stdout]    = note: `#[warn(unused_variables)]` on by default
[INFO] [stdout] 
[INFO] [stdout] 
[INFO] [stdout] warning: variable does not need to be mutable
[INFO] [stdout]   --> src/class_file/attributes/inner_classes_attribute.rs:24:13
[INFO] [stdout]    |
[INFO] [stdout] 24 |         let mut classes = Vec::new();
[INFO] [stdout]    |             ----^^^^^^^
[INFO] [stdout]    |             |
[INFO] [stdout]    |             help: remove this `mut`
[INFO] [stdout]    |
[INFO] [stdout]    = note: `#[warn(unused_mut)]` on by default
[INFO] [stdout] 
[INFO] [stdout] 
[INFO] [stdout] warning: unused variable: `file`
[INFO] [stdout]    --> src/class_file/attributes/stack_map_table_attribute.rs:124:19
[INFO] [stdout]     |
[INFO] [stdout] 124 |     fn parse_same(file: &mut FileReader, frame_type: u8) -> Result<StackMapFrame> {
[INFO] [stdout]     |                   ^^^^ help: if this is intentional, prefix it with an underscore: `_file`
[INFO] [stdout] 
[INFO] [stdout] 
[INFO] [stdout] warning: fields `attribute_name_index` and `attribute_length` are never read
[INFO] [stdout]  --> src/class_file/attributes/bootstrap_methods_attribute.rs:7:5
[INFO] [stdout]   |
[INFO] [stdout] 6 | pub struct BootstrapMethodsAttribute {
[INFO] [stdout]   |            ------------------------- fields in this struct
[INFO] [stdout] 7 |     attribute_name_index: u16,
[INFO] [stdout]   |     ^^^^^^^^^^^^^^^^^^^^
[INFO] [stdout] 8 |     attribute_length: u32,
[INFO] [stdout]   |     ^^^^^^^^^^^^^^^^
[INFO] [stdout]   |
[INFO] [stdout]   = note: `BootstrapMethodsAttribute` has a derived impl for the trait `Debug`, but this is intentionally ignored during dead code analysis
[INFO] [stdout]   = note: `#[warn(dead_code)]` on by default
[INFO] [stdout] 
[INFO] [stdout] 
[INFO] [stdout] warning: fields `attribute_name_index` and `attribute_length` are never read
[INFO] [stdout]  --> src/class_file/attributes/deprecated_attribute.rs:7:5
[INFO] [stdout]   |
[INFO] [stdout] 6 | pub struct DeprecatedAttribute {
[INFO] [stdout]   |            ------------------- fields in this struct
[INFO] [stdout] 7 |     attribute_name_index: u16,
[INFO] [stdout]   |     ^^^^^^^^^^^^^^^^^^^^
[INFO] [stdout] 8 |     attribute_length: u32,
[INFO] [stdout]   |     ^^^^^^^^^^^^^^^^
[INFO] [stdout]   |
[INFO] [stdout]   = note: `DeprecatedAttribute` has a derived impl for the trait `Debug`, but this is intentionally ignored during dead code analysis
[INFO] [stdout] 
[INFO] [stdout] 
[INFO] [stdout] warning: fields `attribute_name_index` and `attribute_length` are never read
[INFO] [stdout]   --> src/class_file/attributes/exceptions_attribute.rs:10:5
[INFO] [stdout]    |
[INFO] [stdout] 9  | pub struct ExceptionsAttribute {
[INFO] [stdout]    |            ------------------- fields in this struct
[INFO] [stdout] 10 |     attribute_name_index: u16,
[INFO] [stdout]    |     ^^^^^^^^^^^^^^^^^^^^
[INFO] [stdout] 11 |     attribute_length: u32,
[INFO] [stdout]    |     ^^^^^^^^^^^^^^^^
[INFO] [stdout]    |
[INFO] [stdout]    = note: `ExceptionsAttribute` has a derived impl for the trait `Debug`, but this is intentionally ignored during dead code analysis
[INFO] [stdout] 
[INFO] [stdout] 
[INFO] [stdout] warning: field `info` is never read
[INFO] [stdout]  --> src/class_file/attributes/generic_attribute.rs:9:5
[INFO] [stdout]   |
[INFO] [stdout] 6 | pub struct GenericAttribute {
[INFO] [stdout]   |            ---------------- field in this struct
[INFO] [stdout] ...
[INFO] [stdout] 9 |     info: Vec<u8>,
[INFO] [stdout]   |     ^^^^
[INFO] [stdout]   |
[INFO] [stdout]   = note: `GenericAttribute` has a derived impl for the trait `Debug`, but this is intentionally ignored during dead code analysis
[INFO] [stdout] 
[INFO] [stdout] 
[INFO] [stdout] warning: fields `attribute_name_index` and `attribute_length` are never read
[INFO] [stdout]  --> src/class_file/attributes/inner_classes_attribute.rs:8:5
[INFO] [stdout]   |
[INFO] [stdout] 7 | pub struct InnerClassesAttribute {
[INFO] [stdout]   |            --------------------- fields in this struct
[INFO] [stdout] 8 |     attribute_name_index: u16,
[INFO] [stdout]   |     ^^^^^^^^^^^^^^^^^^^^
[INFO] [stdout] 9 |     attribute_length: u32,
[INFO] [stdout]   |     ^^^^^^^^^^^^^^^^
[INFO] [stdout]   |
[INFO] [stdout]   = note: `InnerClassesAttribute` has a derived impl for the trait `Debug`, but this is intentionally ignored during dead code analysis
[INFO] [stdout] 
[INFO] [stdout] 
[INFO] [stdout] warning: fields `attribute_name_index` and `attribute_length` are never read
[INFO] [stdout]   --> src/class_file/attributes/line_number_table_attribute.rs:9:5
[INFO] [stdout]    |
[INFO] [stdout] 8  | pub struct LineNumberTableAttribute {
[INFO] [stdout]    |            ------------------------ fields in this struct
[INFO] [stdout] 9  |     attribute_name_index: u16,
[INFO] [stdout]    |     ^^^^^^^^^^^^^^^^^^^^
[INFO] [stdout] 10 |     attribute_length: u32,
[INFO] [stdout]    |     ^^^^^^^^^^^^^^^^
[INFO] [stdout]    |
[INFO] [stdout]    = note: `LineNumberTableAttribute` has a derived impl for the trait `Debug`, but this is intentionally ignored during dead code analysis
[INFO] [stdout] 
[INFO] [stdout] 
[INFO] [stdout] warning: fields `attribute_name_index` and `attribute_length` are never read
[INFO] [stdout]  --> src/class_file/attributes/method_parameters_attribute.rs:8:5
[INFO] [stdout]   |
[INFO] [stdout] 7 | pub struct MethodParametersAttribute {
[INFO] [stdout]   |            ------------------------- fields in this struct
[INFO] [stdout] 8 |     attribute_name_index: u16,
[INFO] [stdout]   |     ^^^^^^^^^^^^^^^^^^^^
[INFO] [stdout] 9 |     attribute_length: u32,
[INFO] [stdout]   |     ^^^^^^^^^^^^^^^^
[INFO] [stdout]   |
[INFO] [stdout]   = note: `MethodParametersAttribute` has a derived impl for the trait `Debug`, but this is intentionally ignored during dead code analysis
[INFO] [stdout] 
[INFO] [stdout] 
[INFO] [stdout] warning: fields `attribute_name_index` and `attribute_length` are never read
[INFO] [stdout]  --> src/class_file/attributes/record_attribute.rs:8:5
[INFO] [stdout]   |
[INFO] [stdout] 7 | pub struct RecordAttribute {
[INFO] [stdout]   |            --------------- fields in this struct
[INFO] [stdout] 8 |     attribute_name_index: u16,
[INFO] [stdout]   |     ^^^^^^^^^^^^^^^^^^^^
[INFO] [stdout] 9 |     attribute_length: u32,
[INFO] [stdout]   |     ^^^^^^^^^^^^^^^^
[INFO] [stdout]   |
[INFO] [stdout]   = note: `RecordAttribute` has a derived impl for the trait `Debug`, but this is intentionally ignored during dead code analysis
[INFO] [stdout] 
[INFO] [stdout] 
[INFO] [stdout] warning: field `attributes` is never read
[INFO] [stdout]   --> src/class_file/attributes/record_attribute.rs:17:5
[INFO] [stdout]    |
[INFO] [stdout] 14 | pub struct RecordComponentInfo {
[INFO] [stdout]    |            ------------------- field in this struct
[INFO] [stdout] ...
[INFO] [stdout] 17 |     attributes: Attributes,
[INFO] [stdout]    |     ^^^^^^^^^^
[INFO] [stdout]    |
[INFO] [stdout]    = note: `RecordComponentInfo` has a derived impl for the trait `Debug`, but this is intentionally ignored during dead code analysis
[INFO] [stdout] 
[INFO] [stdout] 
[INFO] [stdout] warning: fields `attribute_name_index` and `attribute_length` are never read
[INFO] [stdout]   --> src/class_file/attributes/runtime_visible_annotations_attribute.rs:9:5
[INFO] [stdout]    |
[INFO] [stdout] 8  | pub struct RuntimeVisibleAnnotationsAttribute {
[INFO] [stdout]    |            ---------------------------------- fields in this struct
[INFO] [stdout] 9  |     attribute_name_index: u16,
[INFO] [stdout]    |     ^^^^^^^^^^^^^^^^^^^^
[INFO] [stdout] 10 |     attribute_length: u32,
[INFO] [stdout]    |     ^^^^^^^^^^^^^^^^
[INFO] [stdout]    |
[INFO] [stdout]    = note: `RuntimeVisibleAnnotationsAttribute` has a derived impl for the trait `Debug`, but this is intentionally ignored during dead code analysis
[INFO] [stdout] 
[INFO] [stdout] 
[INFO] [stdout] warning: fields `attribute_name_index` and `attribute_length` are never read
[INFO] [stdout]  --> src/class_file/attributes/signature_attribute.rs:7:5
[INFO] [stdout]   |
[INFO] [stdout] 6 | pub struct SignatureAttribute {
[INFO] [stdout]   |            ------------------ fields in this struct
[INFO] [stdout] 7 |     attribute_name_index: u16,
[INFO] [stdout]   |     ^^^^^^^^^^^^^^^^^^^^
[INFO] [stdout] 8 |     attribute_length: u32,
[INFO] [stdout]   |     ^^^^^^^^^^^^^^^^
[INFO] [stdout]   |
[INFO] [stdout]   = note: `SignatureAttribute` has a derived impl for the trait `Debug`, but this is intentionally ignored during dead code analysis
[INFO] [stdout] 
[INFO] [stdout] 
[INFO] [stdout] warning: fields `attribute_name_index` and `attribute_length` are never read
[INFO] [stdout]   --> src/class_file/attributes/source_file_attribute.rs:9:5
[INFO] [stdout]    |
[INFO] [stdout] 8  | pub struct SourceFileAttribute {
[INFO] [stdout]    |            ------------------- fields in this struct
[INFO] [stdout] 9  |     attribute_name_index: u16,
[INFO] [stdout]    |     ^^^^^^^^^^^^^^^^^^^^
[INFO] [stdout] 10 |     attribute_length: u32,
[INFO] [stdout]    |     ^^^^^^^^^^^^^^^^
[INFO] [stdout]    |
[INFO] [stdout]    = note: `SourceFileAttribute` has a derived impl for the trait `Debug`, but this is intentionally ignored during dead code analysis
[INFO] [stdout] 
[INFO] [stdout] 
[INFO] [stdout] warning: fields `attribute_name_index` and `attribute_length` are never read
[INFO] [stdout]  --> src/class_file/attributes/stack_map_table_attribute.rs:7:5
[INFO] [stdout]   |
[INFO] [stdout] 6 | pub struct StackMapTableAttribute {
[INFO] [stdout]   |            ---------------------- fields in this struct
[INFO] [stdout] 7 |     attribute_name_index: u16,
[INFO] [stdout]   |     ^^^^^^^^^^^^^^^^^^^^
[INFO] [stdout] 8 |     attribute_length: u32,
[INFO] [stdout]   |     ^^^^^^^^^^^^^^^^
[INFO] [stdout]   |
[INFO] [stdout]   = note: `StackMapTableAttribute` has a derived impl for the trait `Debug`, but this is intentionally ignored during dead code analysis
[INFO] [stdout] 
[INFO] [stdout] 
[INFO] [stderr]     Finished `test` profile [unoptimized + debuginfo] target(s) in 3.19s
[INFO] running `Command { std: "docker" "inspect" "90f479c7c6e1d1146740d2bf9332c42513e05535dc0ae11b22b4871aa7d5c167", kill_on_drop: false }`
[INFO] running `Command { std: "docker" "rm" "-f" "90f479c7c6e1d1146740d2bf9332c42513e05535dc0ae11b22b4871aa7d5c167", kill_on_drop: false }`
[INFO] [stdout] 90f479c7c6e1d1146740d2bf9332c42513e05535dc0ae11b22b4871aa7d5c167
[INFO] running `Command { std: "docker" "create" "-v" "/var/lib/crater-agent-workspace/builds/worker-6-tc1/target:/opt/rustwide/target:rw,Z" "-v" "/var/lib/crater-agent-workspace/builds/worker-6-tc1/source:/opt/rustwide/workdir:ro,Z" "-v" "/var/lib/crater-agent-workspace/cargo-home:/opt/rustwide/cargo-home:ro,Z" "-v" "/var/lib/crater-agent-workspace/rustup-home:/opt/rustwide/rustup-home:ro,Z" "-e" "SOURCE_DIR=/opt/rustwide/workdir" "-e" "CARGO_TARGET_DIR=/opt/rustwide/target" "-e" "CARGO_INCREMENTAL=0" "-e" "RUST_BACKTRACE=full" "-e" "RUSTFLAGS=--cap-lints=forbid" "-e" "RUSTDOCFLAGS=--cap-lints=forbid" "-e" "CARGO_HOME=/opt/rustwide/cargo-home" "-e" "RUSTUP_HOME=/opt/rustwide/rustup-home" "-w" "/opt/rustwide/workdir" "-m" "1610612736" "--user" "0:0" "--network" "none" "ghcr.io/rust-lang/crates-build-env/linux@sha256:819108c5571ea2e421544af4d832f968d213c87fbe3707a016657f43d2f853bc" "/opt/rustwide/cargo-home/bin/cargo" "+nightly-2025-01-18" "test" "--frozen", kill_on_drop: false }`
[INFO] [stdout] 3a0c3910eaab082dd9d6be5302de640a5d588580799ac50a5ae8b42f9f12807d
[INFO] running `Command { std: "docker" "start" "-a" "3a0c3910eaab082dd9d6be5302de640a5d588580799ac50a5ae8b42f9f12807d", kill_on_drop: false }`
[INFO] [stderr] warning: unused import: `super::*`
[INFO] [stderr]    --> src/class_file/jaustp/signature.rs:321:9
[INFO] [stderr]     |
[INFO] [stderr] 321 |     use super::*;
[INFO] [stderr]     |         ^^^^^^^^
[INFO] [stderr]     |
[INFO] [stderr]     = note: `#[warn(unused_imports)]` on by default
[INFO] [stderr] 
[INFO] [stderr] warning: unused variable: `class`
[INFO] [stderr]   --> src/class_file/attributes/inner_classes_attribute.rs:26:17
[INFO] [stderr]    |
[INFO] [stderr] 26 |             let class = InnerClassInfo::parse(file)?;
[INFO] [stderr]    |                 ^^^^^ help: if this is intentional, prefix it with an underscore: `_class`
[INFO] [stderr]    |
[INFO] [stderr]    = note: `#[warn(unused_variables)]` on by default
[INFO] [stderr] 
[INFO] [stderr] warning: variable does not need to be mutable
[INFO] [stderr]   --> src/class_file/attributes/inner_classes_attribute.rs:24:13
[INFO] [stderr]    |
[INFO] [stderr] 24 |         let mut classes = Vec::new();
[INFO] [stderr]    |             ----^^^^^^^
[INFO] [stderr]    |             |
[INFO] [stderr]    |             help: remove this `mut`
[INFO] [stderr]    |
[INFO] [stderr]    = note: `#[warn(unused_mut)]` on by default
[INFO] [stderr] 
[INFO] [stderr] warning: unused variable: `file`
[INFO] [stderr]    --> src/class_file/attributes/stack_map_table_attribute.rs:124:19
[INFO] [stderr]     |
[INFO] [stderr] 124 |     fn parse_same(file: &mut FileReader, frame_type: u8) -> Result<StackMapFrame> {
[INFO] [stderr]     |                   ^^^^ help: if this is intentional, prefix it with an underscore: `_file`
[INFO] [stderr] 
[INFO] [stderr] warning: fields `attribute_name_index` and `attribute_length` are never read
[INFO] [stderr]  --> src/class_file/attributes/bootstrap_methods_attribute.rs:7:5
[INFO] [stderr]   |
[INFO] [stderr] 6 | pub struct BootstrapMethodsAttribute {
[INFO] [stderr]   |            ------------------------- fields in this struct
[INFO] [stderr] 7 |     attribute_name_index: u16,
[INFO] [stderr]   |     ^^^^^^^^^^^^^^^^^^^^
[INFO] [stderr] 8 |     attribute_length: u32,
[INFO] [stderr]   |     ^^^^^^^^^^^^^^^^
[INFO] [stderr]   |
[INFO] [stderr]   = note: `BootstrapMethodsAttribute` has a derived impl for the trait `Debug`, but this is intentionally ignored during dead code analysis
[INFO] [stderr]   = note: `#[warn(dead_code)]` on by default
[INFO] [stderr] 
[INFO] [stderr] warning: fields `attribute_name_index` and `attribute_length` are never read
[INFO] [stderr]  --> src/class_file/attributes/deprecated_attribute.rs:7:5
[INFO] [stderr]   |
[INFO] [stderr] 6 | pub struct DeprecatedAttribute {
[INFO] [stderr]   |            ------------------- fields in this struct
[INFO] [stderr] 7 |     attribute_name_index: u16,
[INFO] [stderr]   |     ^^^^^^^^^^^^^^^^^^^^
[INFO] [stderr] 8 |     attribute_length: u32,
[INFO] [stderr]   |     ^^^^^^^^^^^^^^^^
[INFO] [stderr]   |
[INFO] [stderr]   = note: `DeprecatedAttribute` has a derived impl for the trait `Debug`, but this is intentionally ignored during dead code analysis
[INFO] [stderr] 
[INFO] [stderr] warning: fields `attribute_name_index` and `attribute_length` are never read
[INFO] [stderr]   --> src/class_file/attributes/exceptions_attribute.rs:10:5
[INFO] [stderr]    |
[INFO] [stderr] 9  | pub struct ExceptionsAttribute {
[INFO] [stderr]    |            ------------------- fields in this struct
[INFO] [stderr] 10 |     attribute_name_index: u16,
[INFO] [stderr]    |     ^^^^^^^^^^^^^^^^^^^^
[INFO] [stderr] 11 |     attribute_length: u32,
[INFO] [stderr]    |     ^^^^^^^^^^^^^^^^
[INFO] [stderr]    |
[INFO] [stderr]    = note: `ExceptionsAttribute` has a derived impl for the trait `Debug`, but this is intentionally ignored during dead code analysis
[INFO] [stderr] 
[INFO] [stderr] warning: field `info` is never read
[INFO] [stderr]  --> src/class_file/attributes/generic_attribute.rs:9:5
[INFO] [stderr]   |
[INFO] [stderr] 6 | pub struct GenericAttribute {
[INFO] [stderr]   |            ---------------- field in this struct
[INFO] [stderr] ...
[INFO] [stderr] 9 |     info: Vec<u8>,
[INFO] [stderr]   |     ^^^^
[INFO] [stderr]   |
[INFO] [stderr]   = note: `GenericAttribute` has a derived impl for the trait `Debug`, but this is intentionally ignored during dead code analysis
[INFO] [stderr] 
[INFO] [stderr] warning: fields `attribute_name_index` and `attribute_length` are never read
[INFO] [stderr]  --> src/class_file/attributes/inner_classes_attribute.rs:8:5
[INFO] [stderr]   |
[INFO] [stderr] 7 | pub struct InnerClassesAttribute {
[INFO] [stderr]   |            --------------------- fields in this struct
[INFO] [stderr] 8 |     attribute_name_index: u16,
[INFO] [stderr]   |     ^^^^^^^^^^^^^^^^^^^^
[INFO] [stderr] 9 |     attribute_length: u32,
[INFO] [stderr]   |     ^^^^^^^^^^^^^^^^
[INFO] [stderr]   |
[INFO] [stderr]   = note: `InnerClassesAttribute` has a derived impl for the trait `Debug`, but this is intentionally ignored during dead code analysis
[INFO] [stderr] 
[INFO] [stderr] warning: fields `attribute_name_index` and `attribute_length` are never read
[INFO] [stderr]   --> src/class_file/attributes/line_number_table_attribute.rs:9:5
[INFO] [stderr]    |
[INFO] [stderr] 8  | pub struct LineNumberTableAttribute {
[INFO] [stderr]    |            ------------------------ fields in this struct
[INFO] [stderr] 9  |     attribute_name_index: u16,
[INFO] [stderr]    |     ^^^^^^^^^^^^^^^^^^^^
[INFO] [stderr] 10 |     attribute_length: u32,
[INFO] [stderr]    |     ^^^^^^^^^^^^^^^^
[INFO] [stderr]    |
[INFO] [stderr]    = note: `LineNumberTableAttribute` has a derived impl for the trait `Debug`, but this is intentionally ignored during dead code analysis
[INFO] [stderr] 
[INFO] [stderr] warning: fields `attribute_name_index` and `attribute_length` are never read
[INFO] [stderr]  --> src/class_file/attributes/method_parameters_attribute.rs:8:5
[INFO] [stderr]   |
[INFO] [stderr] 7 | pub struct MethodParametersAttribute {
[INFO] [stderr]   |            ------------------------- fields in this struct
[INFO] [stderr] 8 |     attribute_name_index: u16,
[INFO] [stderr]   |     ^^^^^^^^^^^^^^^^^^^^
[INFO] [stderr] 9 |     attribute_length: u32,
[INFO] [stderr]   |     ^^^^^^^^^^^^^^^^
[INFO] [stderr]   |
[INFO] [stderr]   = note: `MethodParametersAttribute` has a derived impl for the trait `Debug`, but this is intentionally ignored during dead code analysis
[INFO] [stderr] 
[INFO] [stderr] warning: fields `attribute_name_index` and `attribute_length` are never read
[INFO] [stderr]  --> src/class_file/attributes/record_attribute.rs:8:5
[INFO] [stderr]   |
[INFO] [stderr] 7 | pub struct RecordAttribute {
[INFO] [stderr]   |            --------------- fields in this struct
[INFO] [stderr] 8 |     attribute_name_index: u16,
[INFO] [stderr]   |     ^^^^^^^^^^^^^^^^^^^^
[INFO] [stderr] 9 |     attribute_length: u32,
[INFO] [stderr]   |     ^^^^^^^^^^^^^^^^
[INFO] [stderr]   |
[INFO] [stderr]   = note: `RecordAttribute` has a derived impl for the trait `Debug`, but this is intentionally ignored during dead code analysis
[INFO] [stderr] 
[INFO] [stderr] warning: field `attributes` is never read
[INFO] [stderr]   --> src/class_file/attributes/record_attribute.rs:17:5
[INFO] [stderr]    |
[INFO] [stderr] 14 | pub struct RecordComponentInfo {
[INFO] [stderr]    |            ------------------- field in this struct
[INFO] [stderr] ...
[INFO] [stderr] 17 |     attributes: Attributes,
[INFO] [stderr]    |     ^^^^^^^^^^
[INFO] [stderr]    |
[INFO] [stderr]    = note: `RecordComponentInfo` has a derived impl for the trait `Debug`, but this is intentionally ignored during dead code analysis
[INFO] [stderr] 
[INFO] [stderr] warning: fields `attribute_name_index` and `attribute_length` are never read
[INFO] [stderr]   --> src/class_file/attributes/runtime_visible_annotations_attribute.rs:9:5
[INFO] [stderr]    |
[INFO] [stderr] 8  | pub struct RuntimeVisibleAnnotationsAttribute {
[INFO] [stderr]    |            ---------------------------------- fields in this struct
[INFO] [stderr] 9  |     attribute_name_index: u16,
[INFO] [stderr]    |     ^^^^^^^^^^^^^^^^^^^^
[INFO] [stderr] 10 |     attribute_length: u32,
[INFO] [stderr]    |     ^^^^^^^^^^^^^^^^
[INFO] [stderr]    |
[INFO] [stderr]    = note: `RuntimeVisibleAnnotationsAttribute` has a derived impl for the trait `Debug`, but this is intentionally ignored during dead code analysis
[INFO] [stderr] 
[INFO] [stderr] warning: fields `attribute_name_index` and `attribute_length` are never read
[INFO] [stderr]  --> src/class_file/attributes/signature_attribute.rs:7:5
[INFO] [stderr]   |
[INFO] [stderr] 6 | pub struct SignatureAttribute {
[INFO] [stderr]   |            ------------------ fields in this struct
[INFO] [stderr] 7 |     attribute_name_index: u16,
[INFO] [stderr]   |     ^^^^^^^^^^^^^^^^^^^^
[INFO] [stderr] 8 |     attribute_length: u32,
[INFO] [stderr]   |     ^^^^^^^^^^^^^^^^
[INFO] [stderr]   |
[INFO] [stderr]   = note: `SignatureAttribute` has a derived impl for the trait `Debug`, but this is intentionally ignored during dead code analysis
[INFO] [stderr] 
[INFO] [stderr] warning: fields `attribute_name_index` and `attribute_length` are never read
[INFO] [stderr]   --> src/class_file/attributes/source_file_attribute.rs:9:5
[INFO] [stderr]    |
[INFO] [stderr] 8  | pub struct SourceFileAttribute {
[INFO] [stderr]    |            ------------------- fields in this struct
[INFO] [stderr] 9  |     attribute_name_index: u16,
[INFO] [stderr]    |     ^^^^^^^^^^^^^^^^^^^^
[INFO] [stderr] 10 |     attribute_length: u32,
[INFO] [stderr]    |     ^^^^^^^^^^^^^^^^
[INFO] [stderr]    |
[INFO] [stderr]    = note: `SourceFileAttribute` has a derived impl for the trait `Debug`, but this is intentionally ignored during dead code analysis
[INFO] [stderr] 
[INFO] [stderr] warning: fields `attribute_name_index` and `attribute_length` are never read
[INFO] [stderr]  --> src/class_file/attributes/stack_map_table_attribute.rs:7:5
[INFO] [stderr]   |
[INFO] [stderr] 6 | pub struct StackMapTableAttribute {
[INFO] [stderr]   |            ---------------------- fields in this struct
[INFO] [stderr] 7 |     attribute_name_index: u16,
[INFO] [stderr]   |     ^^^^^^^^^^^^^^^^^^^^
[INFO] [stderr] 8 |     attribute_length: u32,
[INFO] [stderr]   |     ^^^^^^^^^^^^^^^^
[INFO] [stderr]   |
[INFO] [stderr]   = note: `StackMapTableAttribute` has a derived impl for the trait `Debug`, but this is intentionally ignored during dead code analysis
[INFO] [stderr] 
[INFO] [stderr] warning: variants `ReferenceTypeSignature` and `BaseTypeSignature` are never constructed
[INFO] [stderr]   --> src/class_file/jaustp/signature.rs:20:5
[INFO] [stderr]    |
[INFO] [stderr] 19 | pub enum JavaTypeSignature {
[INFO] [stderr]    |          ----------------- variants in this enum
[INFO] [stderr] 20 |     ReferenceTypeSignature(ReferenceTypeSignature),
[INFO] [stderr]    |     ^^^^^^^^^^^^^^^^^^^^^^
[INFO] [stderr] 21 |     BaseTypeSignature(String),
[INFO] [stderr]    |     ^^^^^^^^^^^^^^^^^
[INFO] [stderr]    |
[INFO] [stderr]    = note: `JavaTypeSignature` has a derived impl for the trait `Debug`, but this is intentionally ignored during dead code analysis
[INFO] [stderr] 
[INFO] [stderr] warning: variants `ClassTypeSignature`, `TypeVariableSignature`, and `ArrayTypeSignature` are never constructed
[INFO] [stderr]   --> src/class_file/jaustp/signature.rs:26:5
[INFO] [stderr]    |
[INFO] [stderr] 25 | pub enum ReferenceTypeSignature {
[INFO] [stderr]    |          ---------------------- variants in this enum
[INFO] [stderr] 26 |     ClassTypeSignature(ClassTypeSignature),
[INFO] [stderr]    |     ^^^^^^^^^^^^^^^^^^
[INFO] [stderr] 27 |     TypeVariableSignature(String),
[INFO] [stderr]    |     ^^^^^^^^^^^^^^^^^^^^^
[INFO] [stderr] 28 |     ArrayTypeSignature(Box<JavaTypeSignature>),
[INFO] [stderr]    |     ^^^^^^^^^^^^^^^^^^
[INFO] [stderr]    |
[INFO] [stderr]    = note: `ReferenceTypeSignature` has a derived impl for the trait `Debug`, but this is intentionally ignored during dead code analysis
[INFO] [stderr] 
[INFO] [stderr] warning: type alias `Pchars` is never used
[INFO] [stderr]   --> src/class_file/jaustp/signature.rs:44:6
[INFO] [stderr]    |
[INFO] [stderr] 44 | type Pchars<'a> = Peekable<Chars<'a>>;
[INFO] [stderr]    |      ^^^^^^
[INFO] [stderr] 
[INFO] [stderr] warning: function `parse_signature` is never used
[INFO] [stderr]   --> src/class_file/jaustp/signature.rs:46:8
[INFO] [stderr]    |
[INFO] [stderr] 46 | pub fn parse_signature(signature: &str) -> Result<JavaTypeSignature> {
[INFO] [stderr]    |        ^^^^^^^^^^^^^^^
[INFO] [stderr] 
[INFO] [stderr] warning: function `parse_java_type_signature` is never used
[INFO] [stderr]   --> src/class_file/jaustp/signature.rs:51:4
[INFO] [stderr]    |
[INFO] [stderr] 51 | fn parse_java_type_signature(chars: &mut Pchars) -> Result<JavaTypeSignature> {
[INFO] [stderr]    |    ^^^^^^^^^^^^^^^^^^^^^^^^^
[INFO] [stderr] 
[INFO] [stderr] warning: function `parse_base_type_signature` is never used
[INFO] [stderr]   --> src/class_file/jaustp/signature.rs:62:4
[INFO] [stderr]    |
[INFO] [stderr] 62 | fn parse_base_type_signature(chars: &mut Pchars) -> Result<String> {
[INFO] [stderr]    |    ^^^^^^^^^^^^^^^^^^^^^^^^^
[INFO] [stderr] 
[INFO] [stderr] warning: function `parse_reference_type_signature` is never used
[INFO] [stderr]   --> src/class_file/jaustp/signature.rs:79:4
[INFO] [stderr]    |
[INFO] [stderr] 79 | fn parse_reference_type_signature(chars: &mut Pchars) -> Result<ReferenceTypeSignature> {
[INFO] [stderr]    |    ^^^^^^^^^^^^^^^^^^^^^^^^^^^^^^
[INFO] [stderr] 
[INFO] [stderr] warning: function `expect_char` is never used
[INFO] [stderr]    --> src/class_file/jaustp/signature.rs:101:4
[INFO] [stderr]     |
[INFO] [stderr] 101 | fn expect_char(chars: &mut Pchars, expected: char) -> Result<()> {
[INFO] [stderr]     |    ^^^^^^^^^^^
[INFO] [stderr] 
[INFO] [stderr] warning: function `parse_class_type_signature` is never used
[INFO] [stderr]    --> src/class_file/jaustp/signature.rs:109:4
[INFO] [stderr]     |
[INFO] [stderr] 109 | fn parse_class_type_signature(chars: &mut Pchars) -> Result<ClassTypeSignature> {
[INFO] [stderr]     |    ^^^^^^^^^^^^^^^^^^^^^^^^^^
[INFO] [stderr] 
[INFO] [stderr] warning: function `parse_simple_class_type_signature` is never used
[INFO] [stderr]    --> src/class_file/jaustp/signature.rs:140:4
[INFO] [stderr]     |
[INFO] [stderr] 140 | fn parse_simple_class_type_signature(
[INFO] [stderr]     |    ^^^^^^^^^^^^^^^^^^^^^^^^^^^^^^^^^
[INFO] [stderr] 
[INFO] [stderr] warning: function `parse_type_arguments` is never used
[INFO] [stderr]    --> src/class_file/jaustp/signature.rs:151:4
[INFO] [stderr]     |
[INFO] [stderr] 151 | fn parse_type_arguments(chars: &mut Pchars) -> Result<Vec<ReferenceTypeSignature>> {
[INFO] [stderr]     |    ^^^^^^^^^^^^^^^^^^^^
[INFO] [stderr] 
[INFO] [stderr] warning: function `parse_type_argument` is never used
[INFO] [stderr]    --> src/class_file/jaustp/signature.rs:173:4
[INFO] [stderr]     |
[INFO] [stderr] 173 | fn parse_type_argument(chars: &mut Pchars) -> Result<ReferenceTypeSignature> {
[INFO] [stderr]     |    ^^^^^^^^^^^^^^^^^^^
[INFO] [stderr] 
[INFO] [stderr] warning: function `parse_package_specifiers` is never used
[INFO] [stderr]    --> src/class_file/jaustp/signature.rs:194:4
[INFO] [stderr]     |
[INFO] [stderr] 194 | fn parse_package_specifiers(chars: &mut Pchars) -> Vec<String> {
[INFO] [stderr]     |    ^^^^^^^^^^^^^^^^^^^^^^^^
[INFO] [stderr] 
[INFO] [stderr] warning: function `parse_identifier` is never used
[INFO] [stderr]    --> src/class_file/jaustp/signature.rs:210:4
[INFO] [stderr]     |
[INFO] [stderr] 210 | fn parse_identifier(chars: &mut Pchars) -> String {
[INFO] [stderr]     |    ^^^^^^^^^^^^^^^^
[INFO] [stderr] 
[INFO] [stderr] warning: `jaust` (lib) generated 31 warnings (run `cargo fix --lib -p jaust` to apply 2 suggestions)
[INFO] [stderr] warning: `jaust` (lib test) generated 16 warnings (16 duplicates)
[INFO] [stderr]     Finished `test` profile [unoptimized + debuginfo] target(s) in 0.08s
[INFO] [stderr]      Running unittests src/lib.rs (/opt/rustwide/target/debug/deps/jaust-d3ae4eb0e7c39e70)
[INFO] [stdout] 
[INFO] [stdout] running 3 tests
[INFO] [stdout] test class_file::jaustp::parse_method_descriptor::tests::test_parse_type_descriptor ... ok
[INFO] [stdout] test class_file::jaustp::parse_method_descriptor::tests::test_parse_method_descriptor ... ok
[INFO] [stdout] test class_file::jaustp::signature::tests::enum_sig ... ok
[INFO] [stdout] 
[INFO] [stdout] test result: ok. 3 passed; 0 failed; 0 ignored; 0 measured; 0 filtered out; finished in 0.01s
[INFO] [stdout] 
[INFO] [stderr]      Running unittests src/main.rs (/opt/rustwide/target/debug/deps/jaust-edb27d4765b497e2)
[INFO] [stdout] 
[INFO] [stdout] running 0 tests
[INFO] [stdout] 
[INFO] [stderr]      Running unittests src/bin/jaustp.rs (/opt/rustwide/target/debug/deps/jaustp-5300ac7db857e3d2)
[INFO] [stdout] test result: ok. 0 passed; 0 failed; 0 ignored; 0 measured; 0 filtered out; finished in 0.00s
[INFO] [stdout] 
[INFO] [stdout] 
[INFO] [stdout] running 0 tests
[INFO] [stdout] 
[INFO] [stdout] test result: ok. 0 passed; 0 failed; 0 ignored; 0 measured; 0 filtered out; finished in 0.00s
[INFO] [stdout] 
[INFO] [stderr]      Running tests/jaustp_test.rs (/opt/rustwide/target/debug/deps/jaustp_test-02d4184bbbb98577)
[INFO] [stdout] 
[INFO] [stdout] running 7 tests
[INFO] [stdout] test jaustp_c_test ... FAILED
[INFO] [stdout] test jaustp_com_example_record_test ... FAILED
[INFO] [stdout] test jaustp_my_class1_test ... FAILED
[INFO] [stdout] test jaustp_example_test ... FAILED
[INFO] [stdout] test jaustp_enum_test ... FAILED
[INFO] [stdout] test jaustp_b_test ... FAILED
[INFO] [stdout] test jaustp_my_class2_test ... FAILED
[INFO] [stdout] 
[INFO] [stdout] failures:
[INFO] [stdout] 
[INFO] [stdout] ---- jaustp_c_test stdout ----
[INFO] [stdout] 
[INFO] [stdout] thread 'jaustp_c_test' panicked at tests/jaustp_test.rs:29:14:
[INFO] [stdout] failed to execute javac: Os { code: 2, kind: NotFound, message: "No such file or directory" }
[INFO] [stdout] stack backtrace:
[INFO] [stdout]    0:     0x63189d57aada - std::backtrace_rs::backtrace::libunwind::trace::hb059275cfc8d6126
[INFO] [stdout]                                at /rustc/6067b36314ab5eb2eb47cecc464545ba58e1ad24/library/std/src/../../backtrace/src/backtrace/libunwind.rs:116:5
[INFO] [stdout]    1:     0x63189d57aada - std::backtrace_rs::backtrace::trace_unsynchronized::h2da071e4327ce3ee
[INFO] [stdout]                                at /rustc/6067b36314ab5eb2eb47cecc464545ba58e1ad24/library/std/src/../../backtrace/src/backtrace/mod.rs:66:5
[INFO] [stdout]    2:     0x63189d57aada - std::sys::backtrace::_print_fmt::h842a1474e6f8d23f
[INFO] [stdout]                                at /rustc/6067b36314ab5eb2eb47cecc464545ba58e1ad24/library/std/src/sys/backtrace.rs:66:9
[INFO] [stdout]    3:     0x63189d57aada - <std::sys::backtrace::BacktraceLock::print::DisplayBacktrace as core::fmt::Display>::fmt::h71a62eb3b9696b12
[INFO] [stdout]                                at /rustc/6067b36314ab5eb2eb47cecc464545ba58e1ad24/library/std/src/sys/backtrace.rs:39:26
[INFO] [stdout]    4:     0x63189d5a3003 - core::fmt::rt::Argument::fmt::hdb6b616786b41dc1
[INFO] [stdout]                                at /rustc/6067b36314ab5eb2eb47cecc464545ba58e1ad24/library/core/src/fmt/rt.rs:177:76
[INFO] [stdout]    5:     0x63189d5a3003 - core::fmt::write::h2cc1698af7e2d686
[INFO] [stdout]                                at /rustc/6067b36314ab5eb2eb47cecc464545ba58e1ad24/library/core/src/fmt/mod.rs:1440:21
[INFO] [stdout]    6:     0x63189d5770a3 - std::io::Write::write_fmt::hab1b4cd059a79022
[INFO] [stdout]                                at /rustc/6067b36314ab5eb2eb47cecc464545ba58e1ad24/library/std/src/io/mod.rs:1887:15
[INFO] [stdout]    7:     0x63189d57a922 - std::sys::backtrace::BacktraceLock::print::h147fe35b4ea13b08
[INFO] [stdout]                                at /rustc/6067b36314ab5eb2eb47cecc464545ba58e1ad24/library/std/src/sys/backtrace.rs:42:9
[INFO] [stdout]    8:     0x63189d57beff - std::panicking::default_hook::{{closure}}::hbd44223dbdc0d208
[INFO] [stdout]                                at /rustc/6067b36314ab5eb2eb47cecc464545ba58e1ad24/library/std/src/panicking.rs:298:22
[INFO] [stdout]    9:     0x63189d57bd18 - std::panicking::default_hook::h20f81eb0576efcec
[INFO] [stdout]                                at /rustc/6067b36314ab5eb2eb47cecc464545ba58e1ad24/library/std/src/panicking.rs:322:9
[INFO] [stdout]   10:     0x63189d504453 - <alloc::boxed::Box<F,A> as core::ops::function::Fn<Args>>::call::hdb53814c496a4d34
[INFO] [stdout]                                at /rustc/6067b36314ab5eb2eb47cecc464545ba58e1ad24/library/alloc/src/boxed.rs:2027:9
[INFO] [stdout]   11:     0x63189d504453 - test::test_main::{{closure}}::hc0a4963c59427c24
[INFO] [stdout]                                at /rustc/6067b36314ab5eb2eb47cecc464545ba58e1ad24/library/test/src/lib.rs:134:21
[INFO] [stdout]   12:     0x63189d57c9f3 - <alloc::boxed::Box<F,A> as core::ops::function::Fn<Args>>::call::h591b2225413a77e9
[INFO] [stdout]                                at /rustc/6067b36314ab5eb2eb47cecc464545ba58e1ad24/library/alloc/src/boxed.rs:2027:9
[INFO] [stdout]   13:     0x63189d57c9f3 - std::panicking::rust_panic_with_hook::h625eea43051b2edc
[INFO] [stdout]                                at /rustc/6067b36314ab5eb2eb47cecc464545ba58e1ad24/library/std/src/panicking.rs:839:13
[INFO] [stdout]   14:     0x63189d57c6aa - std::panicking::begin_panic_handler::{{closure}}::h4f9159cfbc3f6bd3
[INFO] [stdout]                                at /rustc/6067b36314ab5eb2eb47cecc464545ba58e1ad24/library/std/src/panicking.rs:704:13
[INFO] [stdout]   15:     0x63189d57afd9 - std::sys::backtrace::__rust_end_short_backtrace::h0390abce48353151
[INFO] [stdout]                                at /rustc/6067b36314ab5eb2eb47cecc464545ba58e1ad24/library/std/src/sys/backtrace.rs:168:18
[INFO] [stdout]   16:     0x63189d57c33d - rust_begin_unwind
[INFO] [stdout]                                at /rustc/6067b36314ab5eb2eb47cecc464545ba58e1ad24/library/std/src/panicking.rs:695:5
[INFO] [stdout]   17:     0x63189d5a19b0 - core::panicking::panic_fmt::h9e7c637e9e5f29c9
[INFO] [stdout]                                at /rustc/6067b36314ab5eb2eb47cecc464545ba58e1ad24/library/core/src/panicking.rs:75:14
[INFO] [stdout]   18:     0x63189d5a1e56 - core::result::unwrap_failed::h7979f09313fe1849
[INFO] [stdout]                                at /rustc/6067b36314ab5eb2eb47cecc464545ba58e1ad24/library/core/src/result.rs:1704:5
[INFO] [stdout]   19:     0x63189d4c5438 - core::result::Result<T,E>::expect::h975427b647e43e44
[INFO] [stdout]                                at /rustc/6067b36314ab5eb2eb47cecc464545ba58e1ad24/library/core/src/result.rs:1061:23
[INFO] [stdout]   20:     0x63189d4c8986 - jaustp_test::initialize::{{closure}}::h4e29c3765e0ce28f
[INFO] [stdout]                                at /opt/rustwide/workdir/tests/jaustp_test.rs:24:19
[INFO] [stdout]   21:     0x63189d4c3561 - std::sync::poison::once::Once::call_once::{{closure}}::h8b7a9bfc6f517ea3
[INFO] [stdout]                                at /rustc/6067b36314ab5eb2eb47cecc464545ba58e1ad24/library/std/src/sync/poison/once.rs:158:41
[INFO] [stdout]   22:     0x63189d5859c4 - std::sys::sync::once::futex::Once::call::h815b83ce02d0388e
[INFO] [stdout]                                at /rustc/6067b36314ab5eb2eb47cecc464545ba58e1ad24/library/std/src/sys/sync/once/futex.rs:176:21
[INFO] [stdout]   23:     0x63189d4c34e3 - std::sync::poison::once::Once::call_once::he9a81ceecaded911
[INFO] [stdout]                                at /rustc/6067b36314ab5eb2eb47cecc464545ba58e1ad24/library/std/src/sync/poison/once.rs:158:9
[INFO] [stdout]   24:     0x63189d4c8744 - jaustp_test::initialize::h9f67580fda7314d0
[INFO] [stdout]                                at /opt/rustwide/workdir/tests/jaustp_test.rs:13:5
[INFO] [stdout]   25:     0x63189d4c9d96 - jaustp_test::jaustp_test_template::ha61e957f28aa6ee8
[INFO] [stdout]                                at /opt/rustwide/workdir/tests/jaustp_test.rs:69:5
[INFO] [stdout]   26:     0x63189d4ca252 - jaustp_test::jaustp_c_test::h2ac7dfb50cca5f14
[INFO] [stdout]                                at /opt/rustwide/workdir/tests/jaustp_test.rs:85:13
[INFO] [stdout]   27:     0x63189d4ca227 - jaustp_test::jaustp_c_test::{{closure}}::h379c29e0551e91df
[INFO] [stdout]                                at /opt/rustwide/workdir/tests/jaustp_test.rs:84:19
[INFO] [stdout]   28:     0x63189d4c3c46 - core::ops::function::FnOnce::call_once::hf8e5ce58f1df1452
[INFO] [stdout]                                at /rustc/6067b36314ab5eb2eb47cecc464545ba58e1ad24/library/core/src/ops/function.rs:250:5
[INFO] [stdout]   29:     0x63189d509bab - core::ops::function::FnOnce::call_once::he27718dfdd183f43
[INFO] [stdout]                                at /rustc/6067b36314ab5eb2eb47cecc464545ba58e1ad24/library/core/src/ops/function.rs:250:5
[INFO] [stdout]   30:     0x63189d509bab - test::__rust_begin_short_backtrace::h4e84902998457a5d
[INFO] [stdout]                                at /rustc/6067b36314ab5eb2eb47cecc464545ba58e1ad24/library/test/src/lib.rs:632:18
[INFO] [stdout]   31:     0x63189d508ae3 - test::run_test_in_process::{{closure}}::h7176fd18fc1feca0
[INFO] [stdout]                                at /rustc/6067b36314ab5eb2eb47cecc464545ba58e1ad24/library/test/src/lib.rs:655:60
[INFO] [stdout]   32:     0x63189d508ae3 - <core::panic::unwind_safe::AssertUnwindSafe<F> as core::ops::function::FnOnce<()>>::call_once::hf79cff2a624d8cf7
[INFO] [stdout]                                at /rustc/6067b36314ab5eb2eb47cecc464545ba58e1ad24/library/core/src/panic/unwind_safe.rs:272:9
[INFO] [stdout]   33:     0x63189d508ae3 - std::panicking::try::do_call::h3da0561d9ab99c25
[INFO] [stdout]                                at /rustc/6067b36314ab5eb2eb47cecc464545ba58e1ad24/library/std/src/panicking.rs:587:40
[INFO] [stdout]   34:     0x63189d508ae3 - std::panicking::try::h41c9fa508bc61df6
[INFO] [stdout]                                at /rustc/6067b36314ab5eb2eb47cecc464545ba58e1ad24/library/std/src/panicking.rs:550:19
[INFO] [stdout]   35:     0x63189d508ae3 - std::panic::catch_unwind::h6b3ff07bb5afad93
[INFO] [stdout]                                at /rustc/6067b36314ab5eb2eb47cecc464545ba58e1ad24/library/std/src/panic.rs:358:14
[INFO] [stdout]   36:     0x63189d508ae3 - test::run_test_in_process::hc7253dd11b39b9f4
[INFO] [stdout]                                at /rustc/6067b36314ab5eb2eb47cecc464545ba58e1ad24/library/test/src/lib.rs:655:27
[INFO] [stdout]   37:     0x63189d508ae3 - test::run_test::{{closure}}::hfb2007f8649c30bb
[INFO] [stdout]                                at /rustc/6067b36314ab5eb2eb47cecc464545ba58e1ad24/library/test/src/lib.rs:576:43
[INFO] [stdout]   38:     0x63189d4cbbc5 - test::run_test::{{closure}}::h56a17aa7a282a9f4
[INFO] [stdout]                                at /rustc/6067b36314ab5eb2eb47cecc464545ba58e1ad24/library/test/src/lib.rs:606:41
[INFO] [stdout]   39:     0x63189d4cbbc5 - std::sys::backtrace::__rust_begin_short_backtrace::hd2d2d2fb8e8c6aac
[INFO] [stdout]                                at /rustc/6067b36314ab5eb2eb47cecc464545ba58e1ad24/library/std/src/sys/backtrace.rs:152:18
[INFO] [stdout]   40:     0x63189d4cf4aa - std::thread::Builder::spawn_unchecked_::{{closure}}::{{closure}}::h4faa3f9db6133423
[INFO] [stdout]                                at /rustc/6067b36314ab5eb2eb47cecc464545ba58e1ad24/library/std/src/thread/mod.rs:559:17
[INFO] [stdout]   41:     0x63189d4cf4aa - <core::panic::unwind_safe::AssertUnwindSafe<F> as core::ops::function::FnOnce<()>>::call_once::hf2e855a36a4ea846
[INFO] [stdout]                                at /rustc/6067b36314ab5eb2eb47cecc464545ba58e1ad24/library/core/src/panic/unwind_safe.rs:272:9
[INFO] [stdout]   42:     0x63189d4cf4aa - std::panicking::try::do_call::h2f73af3616c35465
[INFO] [stdout]                                at /rustc/6067b36314ab5eb2eb47cecc464545ba58e1ad24/library/std/src/panicking.rs:587:40
[INFO] [stdout]   43:     0x63189d4cf4aa - std::panicking::try::hd1660ce9efadef5a
[INFO] [stdout]                                at /rustc/6067b36314ab5eb2eb47cecc464545ba58e1ad24/library/std/src/panicking.rs:550:19
[INFO] [stdout]   44:     0x63189d4cf4aa - std::panic::catch_unwind::h5ee8d7823b8ca744
[INFO] [stdout]                                at /rustc/6067b36314ab5eb2eb47cecc464545ba58e1ad24/library/std/src/panic.rs:358:14
[INFO] [stdout]   45:     0x63189d4cf4aa - std::thread::Builder::spawn_unchecked_::{{closure}}::h53c3a1894dce8407
[INFO] [stdout]                                at /rustc/6067b36314ab5eb2eb47cecc464545ba58e1ad24/library/std/src/thread/mod.rs:557:30
[INFO] [stdout]   46:     0x63189d4cf4aa - core::ops::function::FnOnce::call_once{{vtable.shim}}::h048ce291ad4f62bf
[INFO] [stdout]                                at /rustc/6067b36314ab5eb2eb47cecc464545ba58e1ad24/library/core/src/ops/function.rs:250:5
[INFO] [stdout]   47:     0x63189d58165b - <alloc::boxed::Box<F,A> as core::ops::function::FnOnce<Args>>::call_once::ha52bedf99a3b4981
[INFO] [stdout]                                at /rustc/6067b36314ab5eb2eb47cecc464545ba58e1ad24/library/alloc/src/boxed.rs:2013:9
[INFO] [stdout]   48:     0x63189d58165b - <alloc::boxed::Box<F,A> as core::ops::function::FnOnce<Args>>::call_once::h567748934d80ccf8
[INFO] [stdout]                                at /rustc/6067b36314ab5eb2eb47cecc464545ba58e1ad24/library/alloc/src/boxed.rs:2013:9
[INFO] [stdout]   49:     0x63189d58165b - std::sys::pal::unix::thread::Thread::new::thread_start::h2d970728ae887adc
[INFO] [stdout]                                at /rustc/6067b36314ab5eb2eb47cecc464545ba58e1ad24/library/std/src/sys/pal/unix/thread.rs:106:17
[INFO] [stdout]   50:     0x7685e06eeac3 - <unknown>
[INFO] [stdout]   51:     0x7685e077fa04 - clone
[INFO] [stdout]   52:                0x0 - <unknown>
[INFO] [stdout] 
[INFO] [stdout] ---- jaustp_com_example_record_test stdout ----
[INFO] [stdout] 
[INFO] [stdout] thread 'jaustp_com_example_record_test' panicked at tests/jaustp_test.rs:13:10:
[INFO] [stdout] Once instance has previously been poisoned
[INFO] [stdout] stack backtrace:
[INFO] [stdout]    0:     0x63189d57aada - std::backtrace_rs::backtrace::libunwind::trace::hb059275cfc8d6126
[INFO] [stdout]                                at /rustc/6067b36314ab5eb2eb47cecc464545ba58e1ad24/library/std/src/../../backtrace/src/backtrace/libunwind.rs:116:5
[INFO] [stdout]    1:     0x63189d57aada - std::backtrace_rs::backtrace::trace_unsynchronized::h2da071e4327ce3ee
[INFO] [stdout]                                at /rustc/6067b36314ab5eb2eb47cecc464545ba58e1ad24/library/std/src/../../backtrace/src/backtrace/mod.rs:66:5
[INFO] [stdout]    2:     0x63189d57aada - std::sys::backtrace::_print_fmt::h842a1474e6f8d23f
[INFO] [stdout]                                at /rustc/6067b36314ab5eb2eb47cecc464545ba58e1ad24/library/std/src/sys/backtrace.rs:66:9
[INFO] [stdout]    3:     0x63189d57aada - <std::sys::backtrace::BacktraceLock::print::DisplayBacktrace as core::fmt::Display>::fmt::h71a62eb3b9696b12
[INFO] [stdout]                                at /rustc/6067b36314ab5eb2eb47cecc464545ba58e1ad24/library/std/src/sys/backtrace.rs:39:26
[INFO] [stdout]    4:     0x63189d5a3003 - core::fmt::rt::Argument::fmt::hdb6b616786b41dc1
[INFO] [stdout]                                at /rustc/6067b36314ab5eb2eb47cecc464545ba58e1ad24/library/core/src/fmt/rt.rs:177:76
[INFO] [stdout]    5:     0x63189d5a3003 - core::fmt::write::h2cc1698af7e2d686
[INFO] [stdout]                                at /rustc/6067b36314ab5eb2eb47cecc464545ba58e1ad24/library/core/src/fmt/mod.rs:1440:21
[INFO] [stdout]    6:     0x63189d5770a3 - std::io::Write::write_fmt::hab1b4cd059a79022
[INFO] [stdout]                                at /rustc/6067b36314ab5eb2eb47cecc464545ba58e1ad24/library/std/src/io/mod.rs:1887:15
[INFO] [stdout]    7:     0x63189d57a922 - std::sys::backtrace::BacktraceLock::print::h147fe35b4ea13b08
[INFO] [stdout]                                at /rustc/6067b36314ab5eb2eb47cecc464545ba58e1ad24/library/std/src/sys/backtrace.rs:42:9
[INFO] [stdout]    8:     0x63189d57beff - std::panicking::default_hook::{{closure}}::hbd44223dbdc0d208
[INFO] [stdout]                                at /rustc/6067b36314ab5eb2eb47cecc464545ba58e1ad24/library/std/src/panicking.rs:298:22
[INFO] [stderr] error: test failed, to rerun pass `--test jaustp_test`
[INFO] [stdout]    9:     0x63189d57bd18 - std::panicking::default_hook::h20f81eb0576efcec
[INFO] [stdout]                                at /rustc/6067b36314ab5eb2eb47cecc464545ba58e1ad24/library/std/src/panicking.rs:322:9
[INFO] [stdout]   10:     0x63189d504453 - <alloc::boxed::Box<F,A> as core::ops::function::Fn<Args>>::call::hdb53814c496a4d34
[INFO] [stdout]                                at /rustc/6067b36314ab5eb2eb47cecc464545ba58e1ad24/library/alloc/src/boxed.rs:2027:9
[INFO] [stdout]   11:     0x63189d504453 - test::test_main::{{closure}}::hc0a4963c59427c24
[INFO] [stdout]                                at /rustc/6067b36314ab5eb2eb47cecc464545ba58e1ad24/library/test/src/lib.rs:134:21
[INFO] [stdout]   12:     0x63189d57c9f3 - <alloc::boxed::Box<F,A> as core::ops::function::Fn<Args>>::call::h591b2225413a77e9
[INFO] [stdout]                                at /rustc/6067b36314ab5eb2eb47cecc464545ba58e1ad24/library/alloc/src/boxed.rs:2027:9
[INFO] [stdout]   13:     0x63189d57c9f3 - std::panicking::rust_panic_with_hook::h625eea43051b2edc
[INFO] [stdout]                                at /rustc/6067b36314ab5eb2eb47cecc464545ba58e1ad24/library/std/src/panicking.rs:839:13
[INFO] [stdout]   14:     0x63189d57c676 - std::panicking::begin_panic_handler::{{closure}}::h4f9159cfbc3f6bd3
[INFO] [stdout]                                at /rustc/6067b36314ab5eb2eb47cecc464545ba58e1ad24/library/std/src/panicking.rs:697:13
[INFO] [stdout]   15:     0x63189d57afd9 - std::sys::backtrace::__rust_end_short_backtrace::h0390abce48353151
[INFO] [stdout]                                at /rustc/6067b36314ab5eb2eb47cecc464545ba58e1ad24/library/std/src/sys/backtrace.rs:168:18
[INFO] [stdout]   16:     0x63189d57c33d - rust_begin_unwind
[INFO] [stdout]                                at /rustc/6067b36314ab5eb2eb47cecc464545ba58e1ad24/library/std/src/panicking.rs:695:5
[INFO] [stdout]   17:     0x63189d5a19b0 - core::panicking::panic_fmt::h9e7c637e9e5f29c9
[INFO] [stdout]                                at /rustc/6067b36314ab5eb2eb47cecc464545ba58e1ad24/library/core/src/panicking.rs:75:14
[INFO] [stdout]   18:     0x63189d585ad3 - std::sys::sync::once::futex::Once::call::h815b83ce02d0388e
[INFO] [stdout]                                at /rustc/6067b36314ab5eb2eb47cecc464545ba58e1ad24/library/std/src/sys/sync/once/futex.rs:148:21
[INFO] [stdout]   19:     0x63189d4c34e3 - std::sync::poison::once::Once::call_once::he9a81ceecaded911
[INFO] [stdout]                                at /rustc/6067b36314ab5eb2eb47cecc464545ba58e1ad24/library/std/src/sync/poison/once.rs:158:9
[INFO] [stdout]   20:     0x63189d4c8744 - jaustp_test::initialize::h9f67580fda7314d0
[INFO] [stdout]                                at /opt/rustwide/workdir/tests/jaustp_test.rs:13:5
[INFO] [stdout]   21:     0x63189d4c9d96 - jaustp_test::jaustp_test_template::ha61e957f28aa6ee8
[INFO] [stdout]                                at /opt/rustwide/workdir/tests/jaustp_test.rs:69:5
[INFO] [stdout]   22:     0x63189d4ca342 - jaustp_test::jaustp_com_example_record_test::h36632967b26155bc
[INFO] [stdout]                                at /opt/rustwide/workdir/tests/jaustp_test.rs:85:13
[INFO] [stdout]   23:     0x63189d4ca317 - jaustp_test::jaustp_com_example_record_test::{{closure}}::hfbe6c7c7ccd97ed1
[INFO] [stdout]                                at /opt/rustwide/workdir/tests/jaustp_test.rs:84:19
[INFO] [stdout]   24:     0x63189d4c3b86 - core::ops::function::FnOnce::call_once::h74f746375f70d755
[INFO] [stdout]                                at /rustc/6067b36314ab5eb2eb47cecc464545ba58e1ad24/library/core/src/ops/function.rs:250:5
[INFO] [stdout]   25:     0x63189d509bab - core::ops::function::FnOnce::call_once::he27718dfdd183f43
[INFO] [stdout]                                at /rustc/6067b36314ab5eb2eb47cecc464545ba58e1ad24/library/core/src/ops/function.rs:250:5
[INFO] [stdout]   26:     0x63189d509bab - test::__rust_begin_short_backtrace::h4e84902998457a5d
[INFO] [stdout]                                at /rustc/6067b36314ab5eb2eb47cecc464545ba58e1ad24/library/test/src/lib.rs:632:18
[INFO] [stdout]   27:     0x63189d508ae3 - test::run_test_in_process::{{closure}}::h7176fd18fc1feca0
[INFO] [stdout]                                at /rustc/6067b36314ab5eb2eb47cecc464545ba58e1ad24/library/test/src/lib.rs:655:60
[INFO] [stdout]   28:     0x63189d508ae3 - <core::panic::unwind_safe::AssertUnwindSafe<F> as core::ops::function::FnOnce<()>>::call_once::hf79cff2a624d8cf7
[INFO] [stdout]                                at /rustc/6067b36314ab5eb2eb47cecc464545ba58e1ad24/library/core/src/panic/unwind_safe.rs:272:9
[INFO] [stdout]   29:     0x63189d508ae3 - std::panicking::try::do_call::h3da0561d9ab99c25
[INFO] [stdout]                                at /rustc/6067b36314ab5eb2eb47cecc464545ba58e1ad24/library/std/src/panicking.rs:587:40
[INFO] [stdout]   30:     0x63189d508ae3 - std::panicking::try::h41c9fa508bc61df6
[INFO] [stdout]                                at /rustc/6067b36314ab5eb2eb47cecc464545ba58e1ad24/library/std/src/panicking.rs:550:19
[INFO] [stdout]   31:     0x63189d508ae3 - std::panic::catch_unwind::h6b3ff07bb5afad93
[INFO] [stdout]                                at /rustc/6067b36314ab5eb2eb47cecc464545ba58e1ad24/library/std/src/panic.rs:358:14
[INFO] [stdout]   32:     0x63189d508ae3 - test::run_test_in_process::hc7253dd11b39b9f4
[INFO] [stdout]                                at /rustc/6067b36314ab5eb2eb47cecc464545ba58e1ad24/library/test/src/lib.rs:655:27
[INFO] [stdout]   33:     0x63189d508ae3 - test::run_test::{{closure}}::hfb2007f8649c30bb
[INFO] [stdout]                                at /rustc/6067b36314ab5eb2eb47cecc464545ba58e1ad24/library/test/src/lib.rs:576:43
[INFO] [stdout]   34:     0x63189d4cbbc5 - test::run_test::{{closure}}::h56a17aa7a282a9f4
[INFO] [stdout]                                at /rustc/6067b36314ab5eb2eb47cecc464545ba58e1ad24/library/test/src/lib.rs:606:41
[INFO] [stdout]   35:     0x63189d4cbbc5 - std::sys::backtrace::__rust_begin_short_backtrace::hd2d2d2fb8e8c6aac
[INFO] [stdout]                                at /rustc/6067b36314ab5eb2eb47cecc464545ba58e1ad24/library/std/src/sys/backtrace.rs:152:18
[INFO] [stdout]   36:     0x63189d4cf4aa - std::thread::Builder::spawn_unchecked_::{{closure}}::{{closure}}::h4faa3f9db6133423
[INFO] [stdout]                                at /rustc/6067b36314ab5eb2eb47cecc464545ba58e1ad24/library/std/src/thread/mod.rs:559:17
[INFO] [stdout]   37:     0x63189d4cf4aa - <core::panic::unwind_safe::AssertUnwindSafe<F> as core::ops::function::FnOnce<()>>::call_once::hf2e855a36a4ea846
[INFO] [stdout]                                at /rustc/6067b36314ab5eb2eb47cecc464545ba58e1ad24/library/core/src/panic/unwind_safe.rs:272:9
[INFO] [stdout]   38:     0x63189d4cf4aa - std::panicking::try::do_call::h2f73af3616c35465
[INFO] [stdout]                                at /rustc/6067b36314ab5eb2eb47cecc464545ba58e1ad24/library/std/src/panicking.rs:587:40
[INFO] [stdout]   39:     0x63189d4cf4aa - std::panicking::try::hd1660ce9efadef5a
[INFO] [stdout]                                at /rustc/6067b36314ab5eb2eb47cecc464545ba58e1ad24/library/std/src/panicking.rs:550:19
[INFO] [stdout]   40:     0x63189d4cf4aa - std::panic::catch_unwind::h5ee8d7823b8ca744
[INFO] [stdout]                                at /rustc/6067b36314ab5eb2eb47cecc464545ba58e1ad24/library/std/src/panic.rs:358:14
[INFO] [stdout]   41:     0x63189d4cf4aa - std::thread::Builder::spawn_unchecked_::{{closure}}::h53c3a1894dce8407
[INFO] [stdout]                                at /rustc/6067b36314ab5eb2eb47cecc464545ba58e1ad24/library/std/src/thread/mod.rs:557:30
[INFO] [stdout]   42:     0x63189d4cf4aa - core::ops::function::FnOnce::call_once{{vtable.shim}}::h048ce291ad4f62bf
[INFO] [stdout]                                at /rustc/6067b36314ab5eb2eb47cecc464545ba58e1ad24/library/core/src/ops/function.rs:250:5
[INFO] [stdout]   43:     0x63189d58165b - <alloc::boxed::Box<F,A> as core::ops::function::FnOnce<Args>>::call_once::ha52bedf99a3b4981
[INFO] [stdout]                                at /rustc/6067b36314ab5eb2eb47cecc464545ba58e1ad24/library/alloc/src/boxed.rs:2013:9
[INFO] [stdout]   44:     0x63189d58165b - <alloc::boxed::Box<F,A> as core::ops::function::FnOnce<Args>>::call_once::h567748934d80ccf8
[INFO] [stdout]                                at /rustc/6067b36314ab5eb2eb47cecc464545ba58e1ad24/library/alloc/src/boxed.rs:2013:9
[INFO] [stdout]   45:     0x63189d58165b - std::sys::pal::unix::thread::Thread::new::thread_start::h2d970728ae887adc
[INFO] [stdout]                                at /rustc/6067b36314ab5eb2eb47cecc464545ba58e1ad24/library/std/src/sys/pal/unix/thread.rs:106:17
[INFO] [stdout]   46:     0x7685e06eeac3 - <unknown>
[INFO] [stdout]   47:     0x7685e077fa04 - clone
[INFO] [stdout]   48:                0x0 - <unknown>
[INFO] [stdout] 
[INFO] [stdout] ---- jaustp_my_class1_test stdout ----
[INFO] [stdout] 
[INFO] [stdout] thread 'jaustp_my_class1_test' panicked at tests/jaustp_test.rs:13:10:
[INFO] [stdout] Once instance has previously been poisoned
[INFO] [stdout] stack backtrace:
[INFO] [stdout]    0:     0x63189d57aada - std::backtrace_rs::backtrace::libunwind::trace::hb059275cfc8d6126
[INFO] [stdout]                                at /rustc/6067b36314ab5eb2eb47cecc464545ba58e1ad24/library/std/src/../../backtrace/src/backtrace/libunwind.rs:116:5
[INFO] [stdout]    1:     0x63189d57aada - std::backtrace_rs::backtrace::trace_unsynchronized::h2da071e4327ce3ee
[INFO] [stdout]                                at /rustc/6067b36314ab5eb2eb47cecc464545ba58e1ad24/library/std/src/../../backtrace/src/backtrace/mod.rs:66:5
[INFO] [stdout]    2:     0x63189d57aada - std::sys::backtrace::_print_fmt::h842a1474e6f8d23f
[INFO] [stdout]                                at /rustc/6067b36314ab5eb2eb47cecc464545ba58e1ad24/library/std/src/sys/backtrace.rs:66:9
[INFO] [stdout]    3:     0x63189d57aada - <std::sys::backtrace::BacktraceLock::print::DisplayBacktrace as core::fmt::Display>::fmt::h71a62eb3b9696b12
[INFO] [stdout]                                at /rustc/6067b36314ab5eb2eb47cecc464545ba58e1ad24/library/std/src/sys/backtrace.rs:39:26
[INFO] [stdout]    4:     0x63189d5a3003 - core::fmt::rt::Argument::fmt::hdb6b616786b41dc1
[INFO] [stdout]                                at /rustc/6067b36314ab5eb2eb47cecc464545ba58e1ad24/library/core/src/fmt/rt.rs:177:76
[INFO] [stdout]    5:     0x63189d5a3003 - core::fmt::write::h2cc1698af7e2d686
[INFO] [stdout]                                at /rustc/6067b36314ab5eb2eb47cecc464545ba58e1ad24/library/core/src/fmt/mod.rs:1440:21
[INFO] [stdout]    6:     0x63189d5770a3 - std::io::Write::write_fmt::hab1b4cd059a79022
[INFO] [stdout]                                at /rustc/6067b36314ab5eb2eb47cecc464545ba58e1ad24/library/std/src/io/mod.rs:1887:15
[INFO] [stdout]    7:     0x63189d57a922 - std::sys::backtrace::BacktraceLock::print::h147fe35b4ea13b08
[INFO] [stdout]                                at /rustc/6067b36314ab5eb2eb47cecc464545ba58e1ad24/library/std/src/sys/backtrace.rs:42:9
[INFO] [stdout]    8:     0x63189d57beff - std::panicking::default_hook::{{closure}}::hbd44223dbdc0d208
[INFO] [stdout]                                at /rustc/6067b36314ab5eb2eb47cecc464545ba58e1ad24/library/std/src/panicking.rs:298:22
[INFO] [stdout]    9:     0x63189d57bd18 - std::panicking::default_hook::h20f81eb0576efcec
[INFO] [stdout]                                at /rustc/6067b36314ab5eb2eb47cecc464545ba58e1ad24/library/std/src/panicking.rs:322:9
[INFO] [stdout]   10:     0x63189d504453 - <alloc::boxed::Box<F,A> as core::ops::function::Fn<Args>>::call::hdb53814c496a4d34
[INFO] [stdout]                                at /rustc/6067b36314ab5eb2eb47cecc464545ba58e1ad24/library/alloc/src/boxed.rs:2027:9
[INFO] [stdout]   11:     0x63189d504453 - test::test_main::{{closure}}::hc0a4963c59427c24
[INFO] [stdout]                                at /rustc/6067b36314ab5eb2eb47cecc464545ba58e1ad24/library/test/src/lib.rs:134:21
[INFO] [stdout]   12:     0x63189d57c9f3 - <alloc::boxed::Box<F,A> as core::ops::function::Fn<Args>>::call::h591b2225413a77e9
[INFO] [stdout]                                at /rustc/6067b36314ab5eb2eb47cecc464545ba58e1ad24/library/alloc/src/boxed.rs:2027:9
[INFO] [stdout]   13:     0x63189d57c9f3 - std::panicking::rust_panic_with_hook::h625eea43051b2edc
[INFO] [stdout]                                at /rustc/6067b36314ab5eb2eb47cecc464545ba58e1ad24/library/std/src/panicking.rs:839:13
[INFO] [stdout]   14:     0x63189d57c676 - std::panicking::begin_panic_handler::{{closure}}::h4f9159cfbc3f6bd3
[INFO] [stdout]                                at /rustc/6067b36314ab5eb2eb47cecc464545ba58e1ad24/library/std/src/panicking.rs:697:13
[INFO] [stdout]   15:     0x63189d57afd9 - std::sys::backtrace::__rust_end_short_backtrace::h0390abce48353151
[INFO] [stdout]                                at /rustc/6067b36314ab5eb2eb47cecc464545ba58e1ad24/library/std/src/sys/backtrace.rs:168:18
[INFO] [stdout]   16:     0x63189d57c33d - rust_begin_unwind
[INFO] [stdout]                                at /rustc/6067b36314ab5eb2eb47cecc464545ba58e1ad24/library/std/src/panicking.rs:695:5
[INFO] [stdout]   17:     0x63189d5a19b0 - core::panicking::panic_fmt::h9e7c637e9e5f29c9
[INFO] [stdout]                                at /rustc/6067b36314ab5eb2eb47cecc464545ba58e1ad24/library/core/src/panicking.rs:75:14
[INFO] [stdout]   18:     0x63189d585ad3 - std::sys::sync::once::futex::Once::call::h815b83ce02d0388e
[INFO] [stdout]                                at /rustc/6067b36314ab5eb2eb47cecc464545ba58e1ad24/library/std/src/sys/sync/once/futex.rs:148:21
[INFO] [stdout]   19:     0x63189d4c34e3 - std::sync::poison::once::Once::call_once::he9a81ceecaded911
[INFO] [stdout]                                at /rustc/6067b36314ab5eb2eb47cecc464545ba58e1ad24/library/std/src/sync/poison/once.rs:158:9
[INFO] [stdout]   20:     0x63189d4c8744 - jaustp_test::initialize::h9f67580fda7314d0
[INFO] [stdout]                                at /opt/rustwide/workdir/tests/jaustp_test.rs:13:5
[INFO] [stdout]   21:     0x63189d4c9d96 - jaustp_test::jaustp_test_template::ha61e957f28aa6ee8
[INFO] [stdout]                                at /opt/rustwide/workdir/tests/jaustp_test.rs:69:5
[INFO] [stdout]   22:     0x63189d4ca2a2 - jaustp_test::jaustp_my_class1_test::h98f55a0f4f2492cb
[INFO] [stdout]                                at /opt/rustwide/workdir/tests/jaustp_test.rs:85:13
[INFO] [stdout]   23:     0x63189d4ca277 - jaustp_test::jaustp_my_class1_test::{{closure}}::h6376097554d38fe3
[INFO] [stdout]                                at /opt/rustwide/workdir/tests/jaustp_test.rs:84:19
[INFO] [stdout]   24:     0x63189d4c3b06 - core::ops::function::FnOnce::call_once::h57b71ac6892785c0
[INFO] [stdout]                                at /rustc/6067b36314ab5eb2eb47cecc464545ba58e1ad24/library/core/src/ops/function.rs:250:5
[INFO] [stdout]   25:     0x63189d509bab - core::ops::function::FnOnce::call_once::he27718dfdd183f43
[INFO] [stdout]                                at /rustc/6067b36314ab5eb2eb47cecc464545ba58e1ad24/library/core/src/ops/function.rs:250:5
[INFO] [stdout]   26:     0x63189d509bab - test::__rust_begin_short_backtrace::h4e84902998457a5d
[INFO] [stdout]                                at /rustc/6067b36314ab5eb2eb47cecc464545ba58e1ad24/library/test/src/lib.rs:632:18
[INFO] [stdout]   27:     0x63189d508ae3 - test::run_test_in_process::{{closure}}::h7176fd18fc1feca0
[INFO] [stdout]                                at /rustc/6067b36314ab5eb2eb47cecc464545ba58e1ad24/library/test/src/lib.rs:655:60
[INFO] [stdout]   28:     0x63189d508ae3 - <core::panic::unwind_safe::AssertUnwindSafe<F> as core::ops::function::FnOnce<()>>::call_once::hf79cff2a624d8cf7
[INFO] [stdout]                                at /rustc/6067b36314ab5eb2eb47cecc464545ba58e1ad24/library/core/src/panic/unwind_safe.rs:272:9
[INFO] [stdout]   29:     0x63189d508ae3 - std::panicking::try::do_call::h3da0561d9ab99c25
[INFO] [stdout]                                at /rustc/6067b36314ab5eb2eb47cecc464545ba58e1ad24/library/std/src/panicking.rs:587:40
[INFO] [stdout]   30:     0x63189d508ae3 - std::panicking::try::h41c9fa508bc61df6
[INFO] [stdout]                                at /rustc/6067b36314ab5eb2eb47cecc464545ba58e1ad24/library/std/src/panicking.rs:550:19
[INFO] [stdout]   31:     0x63189d508ae3 - std::panic::catch_unwind::h6b3ff07bb5afad93
[INFO] [stdout]                                at /rustc/6067b36314ab5eb2eb47cecc464545ba58e1ad24/library/std/src/panic.rs:358:14
[INFO] [stdout]   32:     0x63189d508ae3 - test::run_test_in_process::hc7253dd11b39b9f4
[INFO] [stdout]                                at /rustc/6067b36314ab5eb2eb47cecc464545ba58e1ad24/library/test/src/lib.rs:655:27
[INFO] [stdout]   33:     0x63189d508ae3 - test::run_test::{{closure}}::hfb2007f8649c30bb
[INFO] [stdout]                                at /rustc/6067b36314ab5eb2eb47cecc464545ba58e1ad24/library/test/src/lib.rs:576:43
[INFO] [stdout]   34:     0x63189d4cbbc5 - test::run_test::{{closure}}::h56a17aa7a282a9f4
[INFO] [stdout]                                at /rustc/6067b36314ab5eb2eb47cecc464545ba58e1ad24/library/test/src/lib.rs:606:41
[INFO] [stdout]   35:     0x63189d4cbbc5 - std::sys::backtrace::__rust_begin_short_backtrace::hd2d2d2fb8e8c6aac
[INFO] [stdout]                                at /rustc/6067b36314ab5eb2eb47cecc464545ba58e1ad24/library/std/src/sys/backtrace.rs:152:18
[INFO] [stdout]   36:     0x63189d4cf4aa - std::thread::Builder::spawn_unchecked_::{{closure}}::{{closure}}::h4faa3f9db6133423
[INFO] [stdout]                                at /rustc/6067b36314ab5eb2eb47cecc464545ba58e1ad24/library/std/src/thread/mod.rs:559:17
[INFO] [stdout]   37:     0x63189d4cf4aa - <core::panic::unwind_safe::AssertUnwindSafe<F> as core::ops::function::FnOnce<()>>::call_once::hf2e855a36a4ea846
[INFO] [stdout]                                at /rustc/6067b36314ab5eb2eb47cecc464545ba58e1ad24/library/core/src/panic/unwind_safe.rs:272:9
[INFO] [stdout]   38:     0x63189d4cf4aa - std::panicking::try::do_call::h2f73af3616c35465
[INFO] [stdout]                                at /rustc/6067b36314ab5eb2eb47cecc464545ba58e1ad24/library/std/src/panicking.rs:587:40
[INFO] [stdout]   39:     0x63189d4cf4aa - std::panicking::try::hd1660ce9efadef5a
[INFO] [stdout]                                at /rustc/6067b36314ab5eb2eb47cecc464545ba58e1ad24/library/std/src/panicking.rs:550:19
[INFO] [stdout]   40:     0x63189d4cf4aa - std::panic::catch_unwind::h5ee8d7823b8ca744
[INFO] [stdout]                                at /rustc/6067b36314ab5eb2eb47cecc464545ba58e1ad24/library/std/src/panic.rs:358:14
[INFO] [stdout]   41:     0x63189d4cf4aa - std::thread::Builder::spawn_unchecked_::{{closure}}::h53c3a1894dce8407
[INFO] [stdout]                                at /rustc/6067b36314ab5eb2eb47cecc464545ba58e1ad24/library/std/src/thread/mod.rs:557:30
[INFO] [stdout]   42:     0x63189d4cf4aa - core::ops::function::FnOnce::call_once{{vtable.shim}}::h048ce291ad4f62bf
[INFO] [stdout]                                at /rustc/6067b36314ab5eb2eb47cecc464545ba58e1ad24/library/core/src/ops/function.rs:250:5
[INFO] [stdout]   43:     0x63189d58165b - <alloc::boxed::Box<F,A> as core::ops::function::FnOnce<Args>>::call_once::ha52bedf99a3b4981
[INFO] [stdout]                                at /rustc/6067b36314ab5eb2eb47cecc464545ba58e1ad24/library/alloc/src/boxed.rs:2013:9
[INFO] [stdout]   44:     0x63189d58165b - <alloc::boxed::Box<F,A> as core::ops::function::FnOnce<Args>>::call_once::h567748934d80ccf8
[INFO] [stdout]                                at /rustc/6067b36314ab5eb2eb47cecc464545ba58e1ad24/library/alloc/src/boxed.rs:2013:9
[INFO] [stdout]   45:     0x63189d58165b - std::sys::pal::unix::thread::Thread::new::thread_start::h2d970728ae887adc
[INFO] [stdout]                                at /rustc/6067b36314ab5eb2eb47cecc464545ba58e1ad24/library/std/src/sys/pal/unix/thread.rs:106:17
[INFO] [stdout]   46:     0x7685e06eeac3 - <unknown>
[INFO] [stdout]   47:     0x7685e077fa04 - clone
[INFO] [stdout]   48:                0x0 - <unknown>
[INFO] [stdout] 
[INFO] [stdout] ---- jaustp_example_test stdout ----
[INFO] [stdout] 
[INFO] [stdout] thread 'jaustp_example_test' panicked at tests/jaustp_test.rs:13:10:
[INFO] [stdout] Once instance has previously been poisoned
[INFO] [stdout] stack backtrace:
[INFO] [stdout]    0:     0x63189d57aada - std::backtrace_rs::backtrace::libunwind::trace::hb059275cfc8d6126
[INFO] [stdout]                                at /rustc/6067b36314ab5eb2eb47cecc464545ba58e1ad24/library/std/src/../../backtrace/src/backtrace/libunwind.rs:116:5
[INFO] [stdout]    1:     0x63189d57aada - std::backtrace_rs::backtrace::trace_unsynchronized::h2da071e4327ce3ee
[INFO] [stdout]                                at /rustc/6067b36314ab5eb2eb47cecc464545ba58e1ad24/library/std/src/../../backtrace/src/backtrace/mod.rs:66:5
[INFO] [stdout]    2:     0x63189d57aada - std::sys::backtrace::_print_fmt::h842a1474e6f8d23f
[INFO] [stdout]                                at /rustc/6067b36314ab5eb2eb47cecc464545ba58e1ad24/library/std/src/sys/backtrace.rs:66:9
[INFO] [stdout]    3:     0x63189d57aada - <std::sys::backtrace::BacktraceLock::print::DisplayBacktrace as core::fmt::Display>::fmt::h71a62eb3b9696b12
[INFO] [stdout]                                at /rustc/6067b36314ab5eb2eb47cecc464545ba58e1ad24/library/std/src/sys/backtrace.rs:39:26
[INFO] [stdout]    4:     0x63189d5a3003 - core::fmt::rt::Argument::fmt::hdb6b616786b41dc1
[INFO] [stdout]                                at /rustc/6067b36314ab5eb2eb47cecc464545ba58e1ad24/library/core/src/fmt/rt.rs:177:76
[INFO] [stdout]    5:     0x63189d5a3003 - core::fmt::write::h2cc1698af7e2d686
[INFO] [stdout]                                at /rustc/6067b36314ab5eb2eb47cecc464545ba58e1ad24/library/core/src/fmt/mod.rs:1440:21
[INFO] [stdout]    6:     0x63189d5770a3 - std::io::Write::write_fmt::hab1b4cd059a79022
[INFO] [stdout]                                at /rustc/6067b36314ab5eb2eb47cecc464545ba58e1ad24/library/std/src/io/mod.rs:1887:15
[INFO] [stdout]    7:     0x63189d57a922 - std::sys::backtrace::BacktraceLock::print::h147fe35b4ea13b08
[INFO] [stdout]                                at /rustc/6067b36314ab5eb2eb47cecc464545ba58e1ad24/library/std/src/sys/backtrace.rs:42:9
[INFO] [stdout]    8:     0x63189d57beff - std::panicking::default_hook::{{closure}}::hbd44223dbdc0d208
[INFO] [stdout]                                at /rustc/6067b36314ab5eb2eb47cecc464545ba58e1ad24/library/std/src/panicking.rs:298:22
[INFO] [stdout]    9:     0x63189d57bd18 - std::panicking::default_hook::h20f81eb0576efcec
[INFO] [stdout]                                at /rustc/6067b36314ab5eb2eb47cecc464545ba58e1ad24/library/std/src/panicking.rs:322:9
[INFO] [stdout]   10:     0x63189d504453 - <alloc::boxed::Box<F,A> as core::ops::function::Fn<Args>>::call::hdb53814c496a4d34
[INFO] [stdout]                                at /rustc/6067b36314ab5eb2eb47cecc464545ba58e1ad24/library/alloc/src/boxed.rs:2027:9
[INFO] [stdout]   11:     0x63189d504453 - test::test_main::{{closure}}::hc0a4963c59427c24
[INFO] [stdout]                                at /rustc/6067b36314ab5eb2eb47cecc464545ba58e1ad24/library/test/src/lib.rs:134:21
[INFO] [stdout]   12:     0x63189d57c9f3 - <alloc::boxed::Box<F,A> as core::ops::function::Fn<Args>>::call::h591b2225413a77e9
[INFO] [stdout]                                at /rustc/6067b36314ab5eb2eb47cecc464545ba58e1ad24/library/alloc/src/boxed.rs:2027:9
[INFO] [stdout]   13:     0x63189d57c9f3 - std::panicking::rust_panic_with_hook::h625eea43051b2edc
[INFO] [stdout]                                at /rustc/6067b36314ab5eb2eb47cecc464545ba58e1ad24/library/std/src/panicking.rs:839:13
[INFO] [stdout]   14:     0x63189d57c676 - std::panicking::begin_panic_handler::{{closure}}::h4f9159cfbc3f6bd3
[INFO] [stdout]                                at /rustc/6067b36314ab5eb2eb47cecc464545ba58e1ad24/library/std/src/panicking.rs:697:13
[INFO] [stdout]   15:     0x63189d57afd9 - std::sys::backtrace::__rust_end_short_backtrace::h0390abce48353151
[INFO] [stdout]                                at /rustc/6067b36314ab5eb2eb47cecc464545ba58e1ad24/library/std/src/sys/backtrace.rs:168:18
[INFO] [stdout]   16:     0x63189d57c33d - rust_begin_unwind
[INFO] [stdout]                                at /rustc/6067b36314ab5eb2eb47cecc464545ba58e1ad24/library/std/src/panicking.rs:695:5
[INFO] [stdout]   17:     0x63189d5a19b0 - core::panicking::panic_fmt::h9e7c637e9e5f29c9
[INFO] [stdout]                                at /rustc/6067b36314ab5eb2eb47cecc464545ba58e1ad24/library/core/src/panicking.rs:75:14
[INFO] [stdout]   18:     0x63189d585ad3 - std::sys::sync::once::futex::Once::call::h815b83ce02d0388e
[INFO] [stdout]                                at /rustc/6067b36314ab5eb2eb47cecc464545ba58e1ad24/library/std/src/sys/sync/once/futex.rs:148:21
[INFO] [stdout]   19:     0x63189d4c34e3 - std::sync::poison::once::Once::call_once::he9a81ceecaded911
[INFO] [stdout]                                at /rustc/6067b36314ab5eb2eb47cecc464545ba58e1ad24/library/std/src/sync/poison/once.rs:158:9
[INFO] [stdout]   20:     0x63189d4c8744 - jaustp_test::initialize::h9f67580fda7314d0
[INFO] [stdout]                                at /opt/rustwide/workdir/tests/jaustp_test.rs:13:5
[INFO] [stdout]   21:     0x63189d4c9d96 - jaustp_test::jaustp_test_template::ha61e957f28aa6ee8
[INFO] [stdout]                                at /opt/rustwide/workdir/tests/jaustp_test.rs:69:5
[INFO] [stdout]   22:     0x63189d4ca162 - jaustp_test::jaustp_example_test::hec6f524043230c40
[INFO] [stdout]                                at /opt/rustwide/workdir/tests/jaustp_test.rs:85:13
[INFO] [stdout]   23:     0x63189d4ca137 - jaustp_test::jaustp_example_test::{{closure}}::h95a89d34b5ea580e
[INFO] [stdout]                                at /opt/rustwide/workdir/tests/jaustp_test.rs:84:19
[INFO] [stdout]   24:     0x63189d4c3a06 - core::ops::function::FnOnce::call_once::h096c347d50eb99a3
[INFO] [stdout]                                at /rustc/6067b36314ab5eb2eb47cecc464545ba58e1ad24/library/core/src/ops/function.rs:250:5
[INFO] [stdout]   25:     0x63189d509bab - core::ops::function::FnOnce::call_once::he27718dfdd183f43
[INFO] [stdout]                                at /rustc/6067b36314ab5eb2eb47cecc464545ba58e1ad24/library/core/src/ops/function.rs:250:5
[INFO] [stdout]   26:     0x63189d509bab - test::__rust_begin_short_backtrace::h4e84902998457a5d
[INFO] [stdout]                                at /rustc/6067b36314ab5eb2eb47cecc464545ba58e1ad24/library/test/src/lib.rs:632:18
[INFO] [stdout]   27:     0x63189d508ae3 - test::run_test_in_process::{{closure}}::h7176fd18fc1feca0
[INFO] [stdout]                                at /rustc/6067b36314ab5eb2eb47cecc464545ba58e1ad24/library/test/src/lib.rs:655:60
[INFO] [stdout]   28:     0x63189d508ae3 - <core::panic::unwind_safe::AssertUnwindSafe<F> as core::ops::function::FnOnce<()>>::call_once::hf79cff2a624d8cf7
[INFO] [stdout]                                at /rustc/6067b36314ab5eb2eb47cecc464545ba58e1ad24/library/core/src/panic/unwind_safe.rs:272:9
[INFO] [stdout]   29:     0x63189d508ae3 - std::panicking::try::do_call::h3da0561d9ab99c25
[INFO] [stdout]                                at /rustc/6067b36314ab5eb2eb47cecc464545ba58e1ad24/library/std/src/panicking.rs:587:40
[INFO] [stdout]   30:     0x63189d508ae3 - std::panicking::try::h41c9fa508bc61df6
[INFO] [stdout]                                at /rustc/6067b36314ab5eb2eb47cecc464545ba58e1ad24/library/std/src/panicking.rs:550:19
[INFO] [stdout]   31:     0x63189d508ae3 - std::panic::catch_unwind::h6b3ff07bb5afad93
[INFO] [stdout]                                at /rustc/6067b36314ab5eb2eb47cecc464545ba58e1ad24/library/std/src/panic.rs:358:14
[INFO] [stdout]   32:     0x63189d508ae3 - test::run_test_in_process::hc7253dd11b39b9f4
[INFO] [stdout]                                at /rustc/6067b36314ab5eb2eb47cecc464545ba58e1ad24/library/test/src/lib.rs:655:27
[INFO] [stdout]   33:     0x63189d508ae3 - test::run_test::{{closure}}::hfb2007f8649c30bb
[INFO] [stdout]                                at /rustc/6067b36314ab5eb2eb47cecc464545ba58e1ad24/library/test/src/lib.rs:576:43
[INFO] [stdout]   34:     0x63189d4cbbc5 - test::run_test::{{closure}}::h56a17aa7a282a9f4
[INFO] [stdout]                                at /rustc/6067b36314ab5eb2eb47cecc464545ba58e1ad24/library/test/src/lib.rs:606:41
[INFO] [stdout]   35:     0x63189d4cbbc5 - std::sys::backtrace::__rust_begin_short_backtrace::hd2d2d2fb8e8c6aac
[INFO] [stdout]                                at /rustc/6067b36314ab5eb2eb47cecc464545ba58e1ad24/library/std/src/sys/backtrace.rs:152:18
[INFO] [stdout]   36:     0x63189d4cf4aa - std::thread::Builder::spawn_unchecked_::{{closure}}::{{closure}}::h4faa3f9db6133423
[INFO] [stdout]                                at /rustc/6067b36314ab5eb2eb47cecc464545ba58e1ad24/library/std/src/thread/mod.rs:559:17
[INFO] [stdout]   37:     0x63189d4cf4aa - <core::panic::unwind_safe::AssertUnwindSafe<F> as core::ops::function::FnOnce<()>>::call_once::hf2e855a36a4ea846
[INFO] [stdout]                                at /rustc/6067b36314ab5eb2eb47cecc464545ba58e1ad24/library/core/src/panic/unwind_safe.rs:272:9
[INFO] [stdout]   38:     0x63189d4cf4aa - std::panicking::try::do_call::h2f73af3616c35465
[INFO] [stdout]                                at /rustc/6067b36314ab5eb2eb47cecc464545ba58e1ad24/library/std/src/panicking.rs:587:40
[INFO] [stdout]   39:     0x63189d4cf4aa - std::panicking::try::hd1660ce9efadef5a
[INFO] [stdout]                                at /rustc/6067b36314ab5eb2eb47cecc464545ba58e1ad24/library/std/src/panicking.rs:550:19
[INFO] [stdout]   40:     0x63189d4cf4aa - std::panic::catch_unwind::h5ee8d7823b8ca744
[INFO] [stdout]                                at /rustc/6067b36314ab5eb2eb47cecc464545ba58e1ad24/library/std/src/panic.rs:358:14
[INFO] [stdout]   41:     0x63189d4cf4aa - std::thread::Builder::spawn_unchecked_::{{closure}}::h53c3a1894dce8407
[INFO] [stdout]                                at /rustc/6067b36314ab5eb2eb47cecc464545ba58e1ad24/library/std/src/thread/mod.rs:557:30
[INFO] [stdout]   42:     0x63189d4cf4aa - core::ops::function::FnOnce::call_once{{vtable.shim}}::h048ce291ad4f62bf
[INFO] [stdout]                                at /rustc/6067b36314ab5eb2eb47cecc464545ba58e1ad24/library/core/src/ops/function.rs:250:5
[INFO] [stdout]   43:     0x63189d58165b - <alloc::boxed::Box<F,A> as core::ops::function::FnOnce<Args>>::call_once::ha52bedf99a3b4981
[INFO] [stdout]                                at /rustc/6067b36314ab5eb2eb47cecc464545ba58e1ad24/library/alloc/src/boxed.rs:2013:9
[INFO] [stdout]   44:     0x63189d58165b - <alloc::boxed::Box<F,A> as core::ops::function::FnOnce<Args>>::call_once::h567748934d80ccf8
[INFO] [stdout]                                at /rustc/6067b36314ab5eb2eb47cecc464545ba58e1ad24/library/alloc/src/boxed.rs:2013:9
[INFO] [stdout]   45:     0x63189d58165b - std::sys::pal::unix::thread::Thread::new::thread_start::h2d970728ae887adc
[INFO] [stdout]                                at /rustc/6067b36314ab5eb2eb47cecc464545ba58e1ad24/library/std/src/sys/pal/unix/thread.rs:106:17
[INFO] [stdout]   46:     0x7685e06eeac3 - <unknown>
[INFO] [stdout]   47:     0x7685e077fa04 - clone
[INFO] [stdout]   48:                0x0 - <unknown>
[INFO] [stdout] 
[INFO] [stdout] ---- jaustp_enum_test stdout ----
[INFO] [stdout] 
[INFO] [stdout] thread 'jaustp_enum_test' panicked at tests/jaustp_test.rs:13:10:
[INFO] [stdout] Once instance has previously been poisoned
[INFO] [stdout] stack backtrace:
[INFO] [stdout]    0:     0x63189d57aada - std::backtrace_rs::backtrace::libunwind::trace::hb059275cfc8d6126
[INFO] [stdout]                                at /rustc/6067b36314ab5eb2eb47cecc464545ba58e1ad24/library/std/src/../../backtrace/src/backtrace/libunwind.rs:116:5
[INFO] [stdout]    1:     0x63189d57aada - std::backtrace_rs::backtrace::trace_unsynchronized::h2da071e4327ce3ee
[INFO] [stdout]                                at /rustc/6067b36314ab5eb2eb47cecc464545ba58e1ad24/library/std/src/../../backtrace/src/backtrace/mod.rs:66:5
[INFO] [stdout]    2:     0x63189d57aada - std::sys::backtrace::_print_fmt::h842a1474e6f8d23f
[INFO] [stdout]                                at /rustc/6067b36314ab5eb2eb47cecc464545ba58e1ad24/library/std/src/sys/backtrace.rs:66:9
[INFO] [stdout]    3:     0x63189d57aada - <std::sys::backtrace::BacktraceLock::print::DisplayBacktrace as core::fmt::Display>::fmt::h71a62eb3b9696b12
[INFO] [stdout]                                at /rustc/6067b36314ab5eb2eb47cecc464545ba58e1ad24/library/std/src/sys/backtrace.rs:39:26
[INFO] [stdout]    4:     0x63189d5a3003 - core::fmt::rt::Argument::fmt::hdb6b616786b41dc1
[INFO] [stdout]                                at /rustc/6067b36314ab5eb2eb47cecc464545ba58e1ad24/library/core/src/fmt/rt.rs:177:76
[INFO] [stdout]    5:     0x63189d5a3003 - core::fmt::write::h2cc1698af7e2d686
[INFO] [stdout]                                at /rustc/6067b36314ab5eb2eb47cecc464545ba58e1ad24/library/core/src/fmt/mod.rs:1440:21
[INFO] [stdout]    6:     0x63189d5770a3 - std::io::Write::write_fmt::hab1b4cd059a79022
[INFO] [stdout]                                at /rustc/6067b36314ab5eb2eb47cecc464545ba58e1ad24/library/std/src/io/mod.rs:1887:15
[INFO] [stdout]    7:     0x63189d57a922 - std::sys::backtrace::BacktraceLock::print::h147fe35b4ea13b08
[INFO] [stdout]                                at /rustc/6067b36314ab5eb2eb47cecc464545ba58e1ad24/library/std/src/sys/backtrace.rs:42:9
[INFO] [stdout]    8:     0x63189d57beff - std::panicking::default_hook::{{closure}}::hbd44223dbdc0d208
[INFO] [stdout]                                at /rustc/6067b36314ab5eb2eb47cecc464545ba58e1ad24/library/std/src/panicking.rs:298:22
[INFO] [stdout]    9:     0x63189d57bd18 - std::panicking::default_hook::h20f81eb0576efcec
[INFO] [stdout]                                at /rustc/6067b36314ab5eb2eb47cecc464545ba58e1ad24/library/std/src/panicking.rs:322:9
[INFO] [stdout]   10:     0x63189d504453 - <alloc::boxed::Box<F,A> as core::ops::function::Fn<Args>>::call::hdb53814c496a4d34
[INFO] [stdout]                                at /rustc/6067b36314ab5eb2eb47cecc464545ba58e1ad24/library/alloc/src/boxed.rs:2027:9
[INFO] [stdout]   11:     0x63189d504453 - test::test_main::{{closure}}::hc0a4963c59427c24
[INFO] [stdout]                                at /rustc/6067b36314ab5eb2eb47cecc464545ba58e1ad24/library/test/src/lib.rs:134:21
[INFO] [stdout]   12:     0x63189d57c9f3 - <alloc::boxed::Box<F,A> as core::ops::function::Fn<Args>>::call::h591b2225413a77e9
[INFO] [stdout]                                at /rustc/6067b36314ab5eb2eb47cecc464545ba58e1ad24/library/alloc/src/boxed.rs:2027:9
[INFO] [stdout]   13:     0x63189d57c9f3 - std::panicking::rust_panic_with_hook::h625eea43051b2edc
[INFO] [stdout]                                at /rustc/6067b36314ab5eb2eb47cecc464545ba58e1ad24/library/std/src/panicking.rs:839:13
[INFO] [stdout]   14:     0x63189d57c676 - std::panicking::begin_panic_handler::{{closure}}::h4f9159cfbc3f6bd3
[INFO] [stdout]                                at /rustc/6067b36314ab5eb2eb47cecc464545ba58e1ad24/library/std/src/panicking.rs:697:13
[INFO] [stdout]   15:     0x63189d57afd9 - std::sys::backtrace::__rust_end_short_backtrace::h0390abce48353151
[INFO] [stdout]                                at /rustc/6067b36314ab5eb2eb47cecc464545ba58e1ad24/library/std/src/sys/backtrace.rs:168:18
[INFO] [stdout]   16:     0x63189d57c33d - rust_begin_unwind
[INFO] [stdout]                                at /rustc/6067b36314ab5eb2eb47cecc464545ba58e1ad24/library/std/src/panicking.rs:695:5
[INFO] [stdout]   17:     0x63189d5a19b0 - core::panicking::panic_fmt::h9e7c637e9e5f29c9
[INFO] [stdout]                                at /rustc/6067b36314ab5eb2eb47cecc464545ba58e1ad24/library/core/src/panicking.rs:75:14
[INFO] [stdout]   18:     0x63189d585ad3 - std::sys::sync::once::futex::Once::call::h815b83ce02d0388e
[INFO] [stdout]                                at /rustc/6067b36314ab5eb2eb47cecc464545ba58e1ad24/library/std/src/sys/sync/once/futex.rs:148:21
[INFO] [stdout]   19:     0x63189d4c34e3 - std::sync::poison::once::Once::call_once::he9a81ceecaded911
[INFO] [stdout]                                at /rustc/6067b36314ab5eb2eb47cecc464545ba58e1ad24/library/std/src/sync/poison/once.rs:158:9
[INFO] [stdout]   20:     0x63189d4c8744 - jaustp_test::initialize::h9f67580fda7314d0
[INFO] [stdout]                                at /opt/rustwide/workdir/tests/jaustp_test.rs:13:5
[INFO] [stdout]   21:     0x63189d4c9d96 - jaustp_test::jaustp_test_template::ha61e957f28aa6ee8
[INFO] [stdout]                                at /opt/rustwide/workdir/tests/jaustp_test.rs:69:5
[INFO] [stdout]   22:     0x63189d4ca1b2 - jaustp_test::jaustp_enum_test::hb140cb6b51a16cca
[INFO] [stdout]                                at /opt/rustwide/workdir/tests/jaustp_test.rs:85:13
[INFO] [stdout]   23:     0x63189d4ca187 - jaustp_test::jaustp_enum_test::{{closure}}::h8f2b37a1a899473c
[INFO] [stdout]                                at /opt/rustwide/workdir/tests/jaustp_test.rs:84:19
[INFO] [stdout]   24:     0x63189d4c3a86 - core::ops::function::FnOnce::call_once::h3253858c68d706e1
[INFO] [stdout]                                at /rustc/6067b36314ab5eb2eb47cecc464545ba58e1ad24/library/core/src/ops/function.rs:250:5
[INFO] [stdout]   25:     0x63189d509bab - core::ops::function::FnOnce::call_once::he27718dfdd183f43
[INFO] [stdout]                                at /rustc/6067b36314ab5eb2eb47cecc464545ba58e1ad24/library/core/src/ops/function.rs:250:5
[INFO] [stdout]   26:     0x63189d509bab - test::__rust_begin_short_backtrace::h4e84902998457a5d
[INFO] [stdout]                                at /rustc/6067b36314ab5eb2eb47cecc464545ba58e1ad24/library/test/src/lib.rs:632:18
[INFO] [stdout]   27:     0x63189d508ae3 - test::run_test_in_process::{{closure}}::h7176fd18fc1feca0
[INFO] [stdout]                                at /rustc/6067b36314ab5eb2eb47cecc464545ba58e1ad24/library/test/src/lib.rs:655:60
[INFO] [stdout]   28:     0x63189d508ae3 - <core::panic::unwind_safe::AssertUnwindSafe<F> as core::ops::function::FnOnce<()>>::call_once::hf79cff2a624d8cf7
[INFO] [stdout]                                at /rustc/6067b36314ab5eb2eb47cecc464545ba58e1ad24/library/core/src/panic/unwind_safe.rs:272:9
[INFO] [stdout]   29:     0x63189d508ae3 - std::panicking::try::do_call::h3da0561d9ab99c25
[INFO] [stdout]                                at /rustc/6067b36314ab5eb2eb47cecc464545ba58e1ad24/library/std/src/panicking.rs:587:40
[INFO] [stdout]   30:     0x63189d508ae3 - std::panicking::try::h41c9fa508bc61df6
[INFO] [stdout]                                at /rustc/6067b36314ab5eb2eb47cecc464545ba58e1ad24/library/std/src/panicking.rs:550:19
[INFO] [stdout]   31:     0x63189d508ae3 - std::panic::catch_unwind::h6b3ff07bb5afad93
[INFO] [stdout]                                at /rustc/6067b36314ab5eb2eb47cecc464545ba58e1ad24/library/std/src/panic.rs:358:14
[INFO] [stdout]   32:     0x63189d508ae3 - test::run_test_in_process::hc7253dd11b39b9f4
[INFO] [stdout]                                at /rustc/6067b36314ab5eb2eb47cecc464545ba58e1ad24/library/test/src/lib.rs:655:27
[INFO] [stdout]   33:     0x63189d508ae3 - test::run_test::{{closure}}::hfb2007f8649c30bb
[INFO] [stdout]                                at /rustc/6067b36314ab5eb2eb47cecc464545ba58e1ad24/library/test/src/lib.rs:576:43
[INFO] [stdout]   34:     0x63189d4cbbc5 - test::run_test::{{closure}}::h56a17aa7a282a9f4
[INFO] [stdout]                                at /rustc/6067b36314ab5eb2eb47cecc464545ba58e1ad24/library/test/src/lib.rs:606:41
[INFO] [stdout]   35:     0x63189d4cbbc5 - std::sys::backtrace::__rust_begin_short_backtrace::hd2d2d2fb8e8c6aac
[INFO] [stdout]                                at /rustc/6067b36314ab5eb2eb47cecc464545ba58e1ad24/library/std/src/sys/backtrace.rs:152:18
[INFO] [stdout]   36:     0x63189d4cf4aa - std::thread::Builder::spawn_unchecked_::{{closure}}::{{closure}}::h4faa3f9db6133423
[INFO] [stdout]                                at /rustc/6067b36314ab5eb2eb47cecc464545ba58e1ad24/library/std/src/thread/mod.rs:559:17
[INFO] [stdout]   37:     0x63189d4cf4aa - <core::panic::unwind_safe::AssertUnwindSafe<F> as core::ops::function::FnOnce<()>>::call_once::hf2e855a36a4ea846
[INFO] [stdout]                                at /rustc/6067b36314ab5eb2eb47cecc464545ba58e1ad24/library/core/src/panic/unwind_safe.rs:272:9
[INFO] [stdout]   38:     0x63189d4cf4aa - std::panicking::try::do_call::h2f73af3616c35465
[INFO] [stdout]                                at /rustc/6067b36314ab5eb2eb47cecc464545ba58e1ad24/library/std/src/panicking.rs:587:40
[INFO] [stdout]   39:     0x63189d4cf4aa - std::panicking::try::hd1660ce9efadef5a
[INFO] [stdout]                                at /rustc/6067b36314ab5eb2eb47cecc464545ba58e1ad24/library/std/src/panicking.rs:550:19
[INFO] [stdout]   40:     0x63189d4cf4aa - std::panic::catch_unwind::h5ee8d7823b8ca744
[INFO] [stdout]                                at /rustc/6067b36314ab5eb2eb47cecc464545ba58e1ad24/library/std/src/panic.rs:358:14
[INFO] [stdout]   41:     0x63189d4cf4aa - std::thread::Builder::spawn_unchecked_::{{closure}}::h53c3a1894dce8407
[INFO] [stdout]                                at /rustc/6067b36314ab5eb2eb47cecc464545ba58e1ad24/library/std/src/thread/mod.rs:557:30
[INFO] [stdout]   42:     0x63189d4cf4aa - core::ops::function::FnOnce::call_once{{vtable.shim}}::h048ce291ad4f62bf
[INFO] [stdout]                                at /rustc/6067b36314ab5eb2eb47cecc464545ba58e1ad24/library/core/src/ops/function.rs:250:5
[INFO] [stdout]   43:     0x63189d58165b - <alloc::boxed::Box<F,A> as core::ops::function::FnOnce<Args>>::call_once::ha52bedf99a3b4981
[INFO] [stdout]                                at /rustc/6067b36314ab5eb2eb47cecc464545ba58e1ad24/library/alloc/src/boxed.rs:2013:9
[INFO] [stdout]   44:     0x63189d58165b - <alloc::boxed::Box<F,A> as core::ops::function::FnOnce<Args>>::call_once::h567748934d80ccf8
[INFO] [stdout]                                at /rustc/6067b36314ab5eb2eb47cecc464545ba58e1ad24/library/alloc/src/boxed.rs:2013:9
[INFO] [stdout]   45:     0x63189d58165b - std::sys::pal::unix::thread::Thread::new::thread_start::h2d970728ae887adc
[INFO] [stdout]                                at /rustc/6067b36314ab5eb2eb47cecc464545ba58e1ad24/library/std/src/sys/pal/unix/thread.rs:106:17
[INFO] [stdout]   46:     0x7685e06eeac3 - <unknown>
[INFO] [stdout]   47:     0x7685e077fa04 - clone
[INFO] [stdout]   48:                0x0 - <unknown>
[INFO] [stdout] 
[INFO] [stdout] ---- jaustp_b_test stdout ----
[INFO] [stdout] 
[INFO] [stdout] thread 'jaustp_b_test' panicked at tests/jaustp_test.rs:13:10:
[INFO] [stdout] Once instance has previously been poisoned
[INFO] [stdout] stack backtrace:
[INFO] [stdout]    0:     0x63189d57aada - std::backtrace_rs::backtrace::libunwind::trace::hb059275cfc8d6126
[INFO] [stdout]                                at /rustc/6067b36314ab5eb2eb47cecc464545ba58e1ad24/library/std/src/../../backtrace/src/backtrace/libunwind.rs:116:5
[INFO] [stdout]    1:     0x63189d57aada - std::backtrace_rs::backtrace::trace_unsynchronized::h2da071e4327ce3ee
[INFO] [stdout]                                at /rustc/6067b36314ab5eb2eb47cecc464545ba58e1ad24/library/std/src/../../backtrace/src/backtrace/mod.rs:66:5
[INFO] [stdout]    2:     0x63189d57aada - std::sys::backtrace::_print_fmt::h842a1474e6f8d23f
[INFO] [stdout]                                at /rustc/6067b36314ab5eb2eb47cecc464545ba58e1ad24/library/std/src/sys/backtrace.rs:66:9
[INFO] [stdout]    3:     0x63189d57aada - <std::sys::backtrace::BacktraceLock::print::DisplayBacktrace as core::fmt::Display>::fmt::h71a62eb3b9696b12
[INFO] [stdout]                                at /rustc/6067b36314ab5eb2eb47cecc464545ba58e1ad24/library/std/src/sys/backtrace.rs:39:26
[INFO] [stdout]    4:     0x63189d5a3003 - core::fmt::rt::Argument::fmt::hdb6b616786b41dc1
[INFO] [stdout]                                at /rustc/6067b36314ab5eb2eb47cecc464545ba58e1ad24/library/core/src/fmt/rt.rs:177:76
[INFO] [stdout]    5:     0x63189d5a3003 - core::fmt::write::h2cc1698af7e2d686
[INFO] [stdout]                                at /rustc/6067b36314ab5eb2eb47cecc464545ba58e1ad24/library/core/src/fmt/mod.rs:1440:21
[INFO] [stdout]    6:     0x63189d5770a3 - std::io::Write::write_fmt::hab1b4cd059a79022
[INFO] [stdout]                                at /rustc/6067b36314ab5eb2eb47cecc464545ba58e1ad24/library/std/src/io/mod.rs:1887:15
[INFO] [stdout]    7:     0x63189d57a922 - std::sys::backtrace::BacktraceLock::print::h147fe35b4ea13b08
[INFO] [stdout]                                at /rustc/6067b36314ab5eb2eb47cecc464545ba58e1ad24/library/std/src/sys/backtrace.rs:42:9
[INFO] [stdout]    8:     0x63189d57beff - std::panicking::default_hook::{{closure}}::hbd44223dbdc0d208
[INFO] [stdout]                                at /rustc/6067b36314ab5eb2eb47cecc464545ba58e1ad24/library/std/src/panicking.rs:298:22
[INFO] [stdout]    9:     0x63189d57bd18 - std::panicking::default_hook::h20f81eb0576efcec
[INFO] [stdout]                                at /rustc/6067b36314ab5eb2eb47cecc464545ba58e1ad24/library/std/src/panicking.rs:322:9
[INFO] [stdout]   10:     0x63189d504453 - <alloc::boxed::Box<F,A> as core::ops::function::Fn<Args>>::call::hdb53814c496a4d34
[INFO] [stdout]                                at /rustc/6067b36314ab5eb2eb47cecc464545ba58e1ad24/library/alloc/src/boxed.rs:2027:9
[INFO] [stdout]   11:     0x63189d504453 - test::test_main::{{closure}}::hc0a4963c59427c24
[INFO] [stdout]                                at /rustc/6067b36314ab5eb2eb47cecc464545ba58e1ad24/library/test/src/lib.rs:134:21
[INFO] [stdout]   12:     0x63189d57c9f3 - <alloc::boxed::Box<F,A> as core::ops::function::Fn<Args>>::call::h591b2225413a77e9
[INFO] [stdout]                                at /rustc/6067b36314ab5eb2eb47cecc464545ba58e1ad24/library/alloc/src/boxed.rs:2027:9
[INFO] [stdout]   13:     0x63189d57c9f3 - std::panicking::rust_panic_with_hook::h625eea43051b2edc
[INFO] [stdout]                                at /rustc/6067b36314ab5eb2eb47cecc464545ba58e1ad24/library/std/src/panicking.rs:839:13
[INFO] [stdout]   14:     0x63189d57c676 - std::panicking::begin_panic_handler::{{closure}}::h4f9159cfbc3f6bd3
[INFO] [stdout]                                at /rustc/6067b36314ab5eb2eb47cecc464545ba58e1ad24/library/std/src/panicking.rs:697:13
[INFO] [stdout]   15:     0x63189d57afd9 - std::sys::backtrace::__rust_end_short_backtrace::h0390abce48353151
[INFO] [stdout]                                at /rustc/6067b36314ab5eb2eb47cecc464545ba58e1ad24/library/std/src/sys/backtrace.rs:168:18
[INFO] [stdout]   16:     0x63189d57c33d - rust_begin_unwind
[INFO] [stdout]                                at /rustc/6067b36314ab5eb2eb47cecc464545ba58e1ad24/library/std/src/panicking.rs:695:5
[INFO] [stdout]   17:     0x63189d5a19b0 - core::panicking::panic_fmt::h9e7c637e9e5f29c9
[INFO] [stdout]                                at /rustc/6067b36314ab5eb2eb47cecc464545ba58e1ad24/library/core/src/panicking.rs:75:14
[INFO] [stdout]   18:     0x63189d585ad3 - std::sys::sync::once::futex::Once::call::h815b83ce02d0388e
[INFO] [stdout]                                at /rustc/6067b36314ab5eb2eb47cecc464545ba58e1ad24/library/std/src/sys/sync/once/futex.rs:148:21
[INFO] [stdout]   19:     0x63189d4c34e3 - std::sync::poison::once::Once::call_once::he9a81ceecaded911
[INFO] [stdout]                                at /rustc/6067b36314ab5eb2eb47cecc464545ba58e1ad24/library/std/src/sync/poison/once.rs:158:9
[INFO] [stdout]   20:     0x63189d4c8744 - jaustp_test::initialize::h9f67580fda7314d0
[INFO] [stdout]                                at /opt/rustwide/workdir/tests/jaustp_test.rs:13:5
[INFO] [stdout]   21:     0x63189d4c9d96 - jaustp_test::jaustp_test_template::ha61e957f28aa6ee8
[INFO] [stdout]                                at /opt/rustwide/workdir/tests/jaustp_test.rs:69:5
[INFO] [stdout]   22:     0x63189d4ca202 - jaustp_test::jaustp_b_test::hcfe970cb5425d5eb
[INFO] [stdout]                                at /opt/rustwide/workdir/tests/jaustp_test.rs:85:13
[INFO] [stdout]   23:     0x63189d4ca1d7 - jaustp_test::jaustp_b_test::{{closure}}::h9815fdeb1c1b8661
[INFO] [stdout]                                at /opt/rustwide/workdir/tests/jaustp_test.rs:84:19
[INFO] [stdout]   24:     0x63189d4c3b46 - core::ops::function::FnOnce::call_once::h706327ea9e1adede
[INFO] [stdout]                                at /rustc/6067b36314ab5eb2eb47cecc464545ba58e1ad24/library/core/src/ops/function.rs:250:5
[INFO] [stdout]   25:     0x63189d509bab - core::ops::function::FnOnce::call_once::he27718dfdd183f43
[INFO] [stdout]                                at /rustc/6067b36314ab5eb2eb47cecc464545ba58e1ad24/library/core/src/ops/function.rs:250:5
[INFO] [stdout]   26:     0x63189d509bab - test::__rust_begin_short_backtrace::h4e84902998457a5d
[INFO] [stdout]                                at /rustc/6067b36314ab5eb2eb47cecc464545ba58e1ad24/library/test/src/lib.rs:632:18
[INFO] [stdout]   27:     0x63189d508ae3 - test::run_test_in_process::{{closure}}::h7176fd18fc1feca0
[INFO] [stdout]                                at /rustc/6067b36314ab5eb2eb47cecc464545ba58e1ad24/library/test/src/lib.rs:655:60
[INFO] [stdout]   28:     0x63189d508ae3 - <core::panic::unwind_safe::AssertUnwindSafe<F> as core::ops::function::FnOnce<()>>::call_once::hf79cff2a624d8cf7
[INFO] [stdout]                                at /rustc/6067b36314ab5eb2eb47cecc464545ba58e1ad24/library/core/src/panic/unwind_safe.rs:272:9
[INFO] [stdout]   29:     0x63189d508ae3 - std::panicking::try::do_call::h3da0561d9ab99c25
[INFO] [stdout]                                at /rustc/6067b36314ab5eb2eb47cecc464545ba58e1ad24/library/std/src/panicking.rs:587:40
[INFO] [stdout]   30:     0x63189d508ae3 - std::panicking::try::h41c9fa508bc61df6
[INFO] [stdout]                                at /rustc/6067b36314ab5eb2eb47cecc464545ba58e1ad24/library/std/src/panicking.rs:550:19
[INFO] [stdout]   31:     0x63189d508ae3 - std::panic::catch_unwind::h6b3ff07bb5afad93
[INFO] [stdout]                                at /rustc/6067b36314ab5eb2eb47cecc464545ba58e1ad24/library/std/src/panic.rs:358:14
[INFO] [stdout]   32:     0x63189d508ae3 - test::run_test_in_process::hc7253dd11b39b9f4
[INFO] [stdout]                                at /rustc/6067b36314ab5eb2eb47cecc464545ba58e1ad24/library/test/src/lib.rs:655:27
[INFO] [stdout]   33:     0x63189d508ae3 - test::run_test::{{closure}}::hfb2007f8649c30bb
[INFO] [stdout]                                at /rustc/6067b36314ab5eb2eb47cecc464545ba58e1ad24/library/test/src/lib.rs:576:43
[INFO] [stdout]   34:     0x63189d4cbbc5 - test::run_test::{{closure}}::h56a17aa7a282a9f4
[INFO] [stdout]                                at /rustc/6067b36314ab5eb2eb47cecc464545ba58e1ad24/library/test/src/lib.rs:606:41
[INFO] [stdout]   35:     0x63189d4cbbc5 - std::sys::backtrace::__rust_begin_short_backtrace::hd2d2d2fb8e8c6aac
[INFO] [stdout]                                at /rustc/6067b36314ab5eb2eb47cecc464545ba58e1ad24/library/std/src/sys/backtrace.rs:152:18
[INFO] [stdout]   36:     0x63189d4cf4aa - std::thread::Builder::spawn_unchecked_::{{closure}}::{{closure}}::h4faa3f9db6133423
[INFO] [stdout]                                at /rustc/6067b36314ab5eb2eb47cecc464545ba58e1ad24/library/std/src/thread/mod.rs:559:17
[INFO] [stdout]   37:     0x63189d4cf4aa - <core::panic::unwind_safe::AssertUnwindSafe<F> as core::ops::function::FnOnce<()>>::call_once::hf2e855a36a4ea846
[INFO] [stdout]                                at /rustc/6067b36314ab5eb2eb47cecc464545ba58e1ad24/library/core/src/panic/unwind_safe.rs:272:9
[INFO] [stdout]   38:     0x63189d4cf4aa - std::panicking::try::do_call::h2f73af3616c35465
[INFO] [stdout]                                at /rustc/6067b36314ab5eb2eb47cecc464545ba58e1ad24/library/std/src/panicking.rs:587:40
[INFO] [stdout]   39:     0x63189d4cf4aa - std::panicking::try::hd1660ce9efadef5a
[INFO] [stdout]                                at /rustc/6067b36314ab5eb2eb47cecc464545ba58e1ad24/library/std/src/panicking.rs:550:19
[INFO] [stdout]   40:     0x63189d4cf4aa - std::panic::catch_unwind::h5ee8d7823b8ca744
[INFO] [stdout]                                at /rustc/6067b36314ab5eb2eb47cecc464545ba58e1ad24/library/std/src/panic.rs:358:14
[INFO] [stdout]   41:     0x63189d4cf4aa - std::thread::Builder::spawn_unchecked_::{{closure}}::h53c3a1894dce8407
[INFO] [stdout]                                at /rustc/6067b36314ab5eb2eb47cecc464545ba58e1ad24/library/std/src/thread/mod.rs:557:30
[INFO] [stdout]   42:     0x63189d4cf4aa - core::ops::function::FnOnce::call_once{{vtable.shim}}::h048ce291ad4f62bf
[INFO] [stdout]                                at /rustc/6067b36314ab5eb2eb47cecc464545ba58e1ad24/library/core/src/ops/function.rs:250:5
[INFO] [stdout]   43:     0x63189d58165b - <alloc::boxed::Box<F,A> as core::ops::function::FnOnce<Args>>::call_once::ha52bedf99a3b4981
[INFO] [stdout]                                at /rustc/6067b36314ab5eb2eb47cecc464545ba58e1ad24/library/alloc/src/boxed.rs:2013:9
[INFO] [stdout]   44:     0x63189d58165b - <alloc::boxed::Box<F,A> as core::ops::function::FnOnce<Args>>::call_once::h567748934d80ccf8
[INFO] [stdout]                                at /rustc/6067b36314ab5eb2eb47cecc464545ba58e1ad24/library/alloc/src/boxed.rs:2013:9
[INFO] [stdout]   45:     0x63189d58165b - std::sys::pal::unix::thread::Thread::new::thread_start::h2d970728ae887adc
[INFO] [stdout]                                at /rustc/6067b36314ab5eb2eb47cecc464545ba58e1ad24/library/std/src/sys/pal/unix/thread.rs:106:17
[INFO] [stdout]   46:     0x7685e06eeac3 - <unknown>
[INFO] [stdout]   47:     0x7685e077fa04 - clone
[INFO] [stdout]   48:                0x0 - <unknown>
[INFO] [stdout] 
[INFO] [stdout] ---- jaustp_my_class2_test stdout ----
[INFO] [stdout] 
[INFO] [stdout] thread 'jaustp_my_class2_test' panicked at tests/jaustp_test.rs:13:10:
[INFO] [stdout] Once instance has previously been poisoned
[INFO] [stdout] stack backtrace:
[INFO] [stdout]    0:     0x63189d57aada - std::backtrace_rs::backtrace::libunwind::trace::hb059275cfc8d6126
[INFO] [stdout]                                at /rustc/6067b36314ab5eb2eb47cecc464545ba58e1ad24/library/std/src/../../backtrace/src/backtrace/libunwind.rs:116:5
[INFO] [stdout]    1:     0x63189d57aada - std::backtrace_rs::backtrace::trace_unsynchronized::h2da071e4327ce3ee
[INFO] [stdout]                                at /rustc/6067b36314ab5eb2eb47cecc464545ba58e1ad24/library/std/src/../../backtrace/src/backtrace/mod.rs:66:5
[INFO] [stdout]    2:     0x63189d57aada - std::sys::backtrace::_print_fmt::h842a1474e6f8d23f
[INFO] [stdout]                                at /rustc/6067b36314ab5eb2eb47cecc464545ba58e1ad24/library/std/src/sys/backtrace.rs:66:9
[INFO] [stdout]    3:     0x63189d57aada - <std::sys::backtrace::BacktraceLock::print::DisplayBacktrace as core::fmt::Display>::fmt::h71a62eb3b9696b12
[INFO] [stdout]                                at /rustc/6067b36314ab5eb2eb47cecc464545ba58e1ad24/library/std/src/sys/backtrace.rs:39:26
[INFO] [stdout]    4:     0x63189d5a3003 - core::fmt::rt::Argument::fmt::hdb6b616786b41dc1
[INFO] [stdout]                                at /rustc/6067b36314ab5eb2eb47cecc464545ba58e1ad24/library/core/src/fmt/rt.rs:177:76
[INFO] [stdout]    5:     0x63189d5a3003 - core::fmt::write::h2cc1698af7e2d686
[INFO] [stdout]                                at /rustc/6067b36314ab5eb2eb47cecc464545ba58e1ad24/library/core/src/fmt/mod.rs:1440:21
[INFO] [stdout]    6:     0x63189d5770a3 - std::io::Write::write_fmt::hab1b4cd059a79022
[INFO] [stdout]                                at /rustc/6067b36314ab5eb2eb47cecc464545ba58e1ad24/library/std/src/io/mod.rs:1887:15
[INFO] [stdout]    7:     0x63189d57a922 - std::sys::backtrace::BacktraceLock::print::h147fe35b4ea13b08
[INFO] [stdout]                                at /rustc/6067b36314ab5eb2eb47cecc464545ba58e1ad24/library/std/src/sys/backtrace.rs:42:9
[INFO] [stdout]    8:     0x63189d57beff - std::panicking::default_hook::{{closure}}::hbd44223dbdc0d208
[INFO] [stdout]                                at /rustc/6067b36314ab5eb2eb47cecc464545ba58e1ad24/library/std/src/panicking.rs:298:22
[INFO] [stdout]    9:     0x63189d57bd18 - std::panicking::default_hook::h20f81eb0576efcec
[INFO] [stdout]                                at /rustc/6067b36314ab5eb2eb47cecc464545ba58e1ad24/library/std/src/panicking.rs:322:9
[INFO] [stdout]   10:     0x63189d504453 - <alloc::boxed::Box<F,A> as core::ops::function::Fn<Args>>::call::hdb53814c496a4d34
[INFO] [stdout]                                at /rustc/6067b36314ab5eb2eb47cecc464545ba58e1ad24/library/alloc/src/boxed.rs:2027:9
[INFO] [stdout]   11:     0x63189d504453 - test::test_main::{{closure}}::hc0a4963c59427c24
[INFO] [stdout]                                at /rustc/6067b36314ab5eb2eb47cecc464545ba58e1ad24/library/test/src/lib.rs:134:21
[INFO] [stdout]   12:     0x63189d57c9f3 - <alloc::boxed::Box<F,A> as core::ops::function::Fn<Args>>::call::h591b2225413a77e9
[INFO] [stdout]                                at /rustc/6067b36314ab5eb2eb47cecc464545ba58e1ad24/library/alloc/src/boxed.rs:2027:9
[INFO] [stdout]   13:     0x63189d57c9f3 - std::panicking::rust_panic_with_hook::h625eea43051b2edc
[INFO] [stdout]                                at /rustc/6067b36314ab5eb2eb47cecc464545ba58e1ad24/library/std/src/panicking.rs:839:13
[INFO] [stdout]   14:     0x63189d57c676 - std::panicking::begin_panic_handler::{{closure}}::h4f9159cfbc3f6bd3
[INFO] [stdout]                                at /rustc/6067b36314ab5eb2eb47cecc464545ba58e1ad24/library/std/src/panicking.rs:697:13
[INFO] [stdout]   15:     0x63189d57afd9 - std::sys::backtrace::__rust_end_short_backtrace::h0390abce48353151
[INFO] [stdout]                                at /rustc/6067b36314ab5eb2eb47cecc464545ba58e1ad24/library/std/src/sys/backtrace.rs:168:18
[INFO] [stdout]   16:     0x63189d57c33d - rust_begin_unwind
[INFO] [stdout]                                at /rustc/6067b36314ab5eb2eb47cecc464545ba58e1ad24/library/std/src/panicking.rs:695:5
[INFO] [stdout]   17:     0x63189d5a19b0 - core::panicking::panic_fmt::h9e7c637e9e5f29c9
[INFO] [stdout]                                at /rustc/6067b36314ab5eb2eb47cecc464545ba58e1ad24/library/core/src/panicking.rs:75:14
[INFO] [stdout]   18:     0x63189d585ad3 - std::sys::sync::once::futex::Once::call::h815b83ce02d0388e
[INFO] [stdout]                                at /rustc/6067b36314ab5eb2eb47cecc464545ba58e1ad24/library/std/src/sys/sync/once/futex.rs:148:21
[INFO] [stdout]   19:     0x63189d4c34e3 - std::sync::poison::once::Once::call_once::he9a81ceecaded911
[INFO] [stdout]                                at /rustc/6067b36314ab5eb2eb47cecc464545ba58e1ad24/library/std/src/sync/poison/once.rs:158:9
[INFO] [stdout]   20:     0x63189d4c8744 - jaustp_test::initialize::h9f67580fda7314d0
[INFO] [stdout]                                at /opt/rustwide/workdir/tests/jaustp_test.rs:13:5
[INFO] [stdout]   21:     0x63189d4c9d96 - jaustp_test::jaustp_test_template::ha61e957f28aa6ee8
[INFO] [stdout]                                at /opt/rustwide/workdir/tests/jaustp_test.rs:69:5
[INFO] [stdout]   22:     0x63189d4ca2f2 - jaustp_test::jaustp_my_class2_test::h10349ed8a93cf53b
[INFO] [stdout]                                at /opt/rustwide/workdir/tests/jaustp_test.rs:85:13
[INFO] [stdout]   23:     0x63189d4ca2c7 - jaustp_test::jaustp_my_class2_test::{{closure}}::h261108b8bf4097af
[INFO] [stdout]                                at /opt/rustwide/workdir/tests/jaustp_test.rs:84:19
[INFO] [stdout]   24:     0x63189d4c3a46 - core::ops::function::FnOnce::call_once::h2dc0b5999d01db28
[INFO] [stdout]                                at /rustc/6067b36314ab5eb2eb47cecc464545ba58e1ad24/library/core/src/ops/function.rs:250:5
[INFO] [stdout]   25:     0x63189d509bab - core::ops::function::FnOnce::call_once::he27718dfdd183f43
[INFO] [stdout]                                at /rustc/6067b36314ab5eb2eb47cecc464545ba58e1ad24/library/core/src/ops/function.rs:250:5
[INFO] [stdout]   26:     0x63189d509bab - test::__rust_begin_short_backtrace::h4e84902998457a5d
[INFO] [stdout]                                at /rustc/6067b36314ab5eb2eb47cecc464545ba58e1ad24/library/test/src/lib.rs:632:18
[INFO] [stdout]   27:     0x63189d508ae3 - test::run_test_in_process::{{closure}}::h7176fd18fc1feca0
[INFO] [stdout]                                at /rustc/6067b36314ab5eb2eb47cecc464545ba58e1ad24/library/test/src/lib.rs:655:60
[INFO] [stdout]   28:     0x63189d508ae3 - <core::panic::unwind_safe::AssertUnwindSafe<F> as core::ops::function::FnOnce<()>>::call_once::hf79cff2a624d8cf7
[INFO] [stdout]                                at /rustc/6067b36314ab5eb2eb47cecc464545ba58e1ad24/library/core/src/panic/unwind_safe.rs:272:9
[INFO] [stdout]   29:     0x63189d508ae3 - std::panicking::try::do_call::h3da0561d9ab99c25
[INFO] [stdout]                                at /rustc/6067b36314ab5eb2eb47cecc464545ba58e1ad24/library/std/src/panicking.rs:587:40
[INFO] [stdout]   30:     0x63189d508ae3 - std::panicking::try::h41c9fa508bc61df6
[INFO] [stdout]                                at /rustc/6067b36314ab5eb2eb47cecc464545ba58e1ad24/library/std/src/panicking.rs:550:19
[INFO] [stdout]   31:     0x63189d508ae3 - std::panic::catch_unwind::h6b3ff07bb5afad93
[INFO] [stdout]                                at /rustc/6067b36314ab5eb2eb47cecc464545ba58e1ad24/library/std/src/panic.rs:358:14
[INFO] [stdout]   32:     0x63189d508ae3 - test::run_test_in_process::hc7253dd11b39b9f4
[INFO] [stdout]                                at /rustc/6067b36314ab5eb2eb47cecc464545ba58e1ad24/library/test/src/lib.rs:655:27
[INFO] [stdout]   33:     0x63189d508ae3 - test::run_test::{{closure}}::hfb2007f8649c30bb
[INFO] [stdout]                                at /rustc/6067b36314ab5eb2eb47cecc464545ba58e1ad24/library/test/src/lib.rs:576:43
[INFO] [stdout]   34:     0x63189d4cbbc5 - test::run_test::{{closure}}::h56a17aa7a282a9f4
[INFO] [stdout]                                at /rustc/6067b36314ab5eb2eb47cecc464545ba58e1ad24/library/test/src/lib.rs:606:41
[INFO] [stdout]   35:     0x63189d4cbbc5 - std::sys::backtrace::__rust_begin_short_backtrace::hd2d2d2fb8e8c6aac
[INFO] [stdout]                                at /rustc/6067b36314ab5eb2eb47cecc464545ba58e1ad24/library/std/src/sys/backtrace.rs:152:18
[INFO] [stdout]   36:     0x63189d4cf4aa - std::thread::Builder::spawn_unchecked_::{{closure}}::{{closure}}::h4faa3f9db6133423
[INFO] [stdout]                                at /rustc/6067b36314ab5eb2eb47cecc464545ba58e1ad24/library/std/src/thread/mod.rs:559:17
[INFO] [stdout]   37:     0x63189d4cf4aa - <core::panic::unwind_safe::AssertUnwindSafe<F> as core::ops::function::FnOnce<()>>::call_once::hf2e855a36a4ea846
[INFO] [stdout]                                at /rustc/6067b36314ab5eb2eb47cecc464545ba58e1ad24/library/core/src/panic/unwind_safe.rs:272:9
[INFO] [stdout]   38:     0x63189d4cf4aa - std::panicking::try::do_call::h2f73af3616c35465
[INFO] [stdout]                                at /rustc/6067b36314ab5eb2eb47cecc464545ba58e1ad24/library/std/src/panicking.rs:587:40
[INFO] [stdout]   39:     0x63189d4cf4aa - std::panicking::try::hd1660ce9efadef5a
[INFO] [stdout]                                at /rustc/6067b36314ab5eb2eb47cecc464545ba58e1ad24/library/std/src/panicking.rs:550:19
[INFO] [stdout]   40:     0x63189d4cf4aa - std::panic::catch_unwind::h5ee8d7823b8ca744
[INFO] [stdout]                                at /rustc/6067b36314ab5eb2eb47cecc464545ba58e1ad24/library/std/src/panic.rs:358:14
[INFO] [stdout]   41:     0x63189d4cf4aa - std::thread::Builder::spawn_unchecked_::{{closure}}::h53c3a1894dce8407
[INFO] [stdout]                                at /rustc/6067b36314ab5eb2eb47cecc464545ba58e1ad24/library/std/src/thread/mod.rs:557:30
[INFO] [stdout]   42:     0x63189d4cf4aa - core::ops::function::FnOnce::call_once{{vtable.shim}}::h048ce291ad4f62bf
[INFO] [stdout]                                at /rustc/6067b36314ab5eb2eb47cecc464545ba58e1ad24/library/core/src/ops/function.rs:250:5
[INFO] [stdout]   43:     0x63189d58165b - <alloc::boxed::Box<F,A> as core::ops::function::FnOnce<Args>>::call_once::ha52bedf99a3b4981
[INFO] [stdout]                                at /rustc/6067b36314ab5eb2eb47cecc464545ba58e1ad24/library/alloc/src/boxed.rs:2013:9
[INFO] [stdout]   44:     0x63189d58165b - <alloc::boxed::Box<F,A> as core::ops::function::FnOnce<Args>>::call_once::h567748934d80ccf8
[INFO] [stdout]                                at /rustc/6067b36314ab5eb2eb47cecc464545ba58e1ad24/library/alloc/src/boxed.rs:2013:9
[INFO] [stdout]   45:     0x63189d58165b - std::sys::pal::unix::thread::Thread::new::thread_start::h2d970728ae887adc
[INFO] [stdout]                                at /rustc/6067b36314ab5eb2eb47cecc464545ba58e1ad24/library/std/src/sys/pal/unix/thread.rs:106:17
[INFO] [stdout]   46:     0x7685e06eeac3 - <unknown>
[INFO] [stdout]   47:     0x7685e077fa04 - clone
[INFO] [stdout]   48:                0x0 - <unknown>
[INFO] [stdout] 
[INFO] [stdout] 
[INFO] [stdout] failures:
[INFO] [stdout]     jaustp_b_test
[INFO] [stdout]     jaustp_c_test
[INFO] [stdout]     jaustp_com_example_record_test
[INFO] [stdout]     jaustp_enum_test
[INFO] [stdout]     jaustp_example_test
[INFO] [stdout]     jaustp_my_class1_test
[INFO] [stdout]     jaustp_my_class2_test
[INFO] [stdout] 
[INFO] [stdout] test result: FAILED. 0 passed; 7 failed; 0 ignored; 0 measured; 0 filtered out; finished in 0.08s
[INFO] [stdout] 
[INFO] running `Command { std: "docker" "inspect" "3a0c3910eaab082dd9d6be5302de640a5d588580799ac50a5ae8b42f9f12807d", kill_on_drop: false }`
[INFO] running `Command { std: "docker" "rm" "-f" "3a0c3910eaab082dd9d6be5302de640a5d588580799ac50a5ae8b42f9f12807d", kill_on_drop: false }`
[INFO] [stdout] 3a0c3910eaab082dd9d6be5302de640a5d588580799ac50a5ae8b42f9f12807d
