[INFO] cloning repository https://github.com/ghkivanc/rustmax-classifier
[INFO] running `Command { std: "git" "-c" "credential.helper=" "-c" "credential.helper=/workspace/cargo-home/bin/git-credential-null" "clone" "--bare" "https://github.com/ghkivanc/rustmax-classifier" "/workspace/cache/git-repos/https%3A%2F%2Fgithub.com%2Fghkivanc%2Frustmax-classifier", kill_on_drop: false }`
[INFO] [stderr] Cloning into bare repository '/workspace/cache/git-repos/https%3A%2F%2Fgithub.com%2Fghkivanc%2Frustmax-classifier'...
[INFO] running `Command { std: "git" "rev-parse" "HEAD", kill_on_drop: false }`
[INFO] [stdout] 53ad5bf27e976aaf4233c1cb71ea492263819afd
[INFO] testing ghkivanc/rustmax-classifier against nightly-2025-01-18+rustflags=-Zrandomize-layout for randomize-layout-2
[INFO] running `Command { std: "git" "clone" "/workspace/cache/git-repos/https%3A%2F%2Fgithub.com%2Fghkivanc%2Frustmax-classifier" "/workspace/builds/worker-7-tc2/source", kill_on_drop: false }`
[INFO] [stderr] Cloning into '/workspace/builds/worker-7-tc2/source'...
[INFO] [stderr] done.
[INFO] validating manifest of git repo https://github.com/ghkivanc/rustmax-classifier on toolchain nightly-2025-01-18
[INFO] running `Command { std: CARGO_HOME="/workspace/cargo-home" RUSTUP_HOME="/workspace/rustup-home" "/workspace/cargo-home/bin/cargo" "+nightly-2025-01-18" "metadata" "--manifest-path" "Cargo.toml" "--no-deps", kill_on_drop: false }`
[INFO] started tweaking git repo https://github.com/ghkivanc/rustmax-classifier
[INFO] finished tweaking git repo https://github.com/ghkivanc/rustmax-classifier
[INFO] tweaked toml for git repo https://github.com/ghkivanc/rustmax-classifier written to /workspace/builds/worker-7-tc2/source/Cargo.toml
[INFO] crate git repo https://github.com/ghkivanc/rustmax-classifier already has a lockfile, it will not be regenerated
[INFO] running `Command { std: CARGO_HOME="/workspace/cargo-home" RUSTUP_HOME="/workspace/rustup-home" "/workspace/cargo-home/bin/cargo" "+nightly-2025-01-18" "fetch" "--manifest-path" "Cargo.toml", kill_on_drop: false }`
[INFO] running `Command { std: "docker" "create" "-v" "/var/lib/crater-agent-workspace/builds/worker-7-tc2/target:/opt/rustwide/target:rw,Z" "-v" "/var/lib/crater-agent-workspace/builds/worker-7-tc2/source:/opt/rustwide/workdir:ro,Z" "-v" "/var/lib/crater-agent-workspace/cargo-home:/opt/rustwide/cargo-home:ro,Z" "-v" "/var/lib/crater-agent-workspace/rustup-home:/opt/rustwide/rustup-home:ro,Z" "-e" "SOURCE_DIR=/opt/rustwide/workdir" "-e" "CARGO_TARGET_DIR=/opt/rustwide/target" "-e" "CARGO_HOME=/opt/rustwide/cargo-home" "-e" "RUSTUP_HOME=/opt/rustwide/rustup-home" "-w" "/opt/rustwide/workdir" "-m" "1610612736" "--user" "0:0" "--network" "none" "ghcr.io/rust-lang/crates-build-env/linux@sha256:819108c5571ea2e421544af4d832f968d213c87fbe3707a016657f43d2f853bc" "/opt/rustwide/cargo-home/bin/cargo" "+nightly-2025-01-18" "metadata" "--no-deps" "--format-version=1", kill_on_drop: false }`
[INFO] [stdout] 1ca9891a5da7606732dbfa6b26600e93f9e82256ae7013cb1bba4d94eb2050cd
[INFO] running `Command { std: "docker" "start" "-a" "1ca9891a5da7606732dbfa6b26600e93f9e82256ae7013cb1bba4d94eb2050cd", kill_on_drop: false }`
[INFO] running `Command { std: "docker" "inspect" "1ca9891a5da7606732dbfa6b26600e93f9e82256ae7013cb1bba4d94eb2050cd", kill_on_drop: false }`
[INFO] running `Command { std: "docker" "rm" "-f" "1ca9891a5da7606732dbfa6b26600e93f9e82256ae7013cb1bba4d94eb2050cd", kill_on_drop: false }`
[INFO] [stdout] 1ca9891a5da7606732dbfa6b26600e93f9e82256ae7013cb1bba4d94eb2050cd
[INFO] running `Command { std: "docker" "create" "-v" "/var/lib/crater-agent-workspace/builds/worker-7-tc2/target:/opt/rustwide/target:rw,Z" "-v" "/var/lib/crater-agent-workspace/builds/worker-7-tc2/source:/opt/rustwide/workdir:ro,Z" "-v" "/var/lib/crater-agent-workspace/cargo-home:/opt/rustwide/cargo-home:ro,Z" "-v" "/var/lib/crater-agent-workspace/rustup-home:/opt/rustwide/rustup-home:ro,Z" "-e" "SOURCE_DIR=/opt/rustwide/workdir" "-e" "CARGO_TARGET_DIR=/opt/rustwide/target" "-e" "CARGO_INCREMENTAL=0" "-e" "RUST_BACKTRACE=full" "-e" "RUSTFLAGS=--cap-lints=forbid -Zrandomize-layout" "-e" "RUSTDOCFLAGS=--cap-lints=forbid" "-e" "CARGO_HOME=/opt/rustwide/cargo-home" "-e" "RUSTUP_HOME=/opt/rustwide/rustup-home" "-w" "/opt/rustwide/workdir" "-m" "1610612736" "--user" "0:0" "--network" "none" "ghcr.io/rust-lang/crates-build-env/linux@sha256:819108c5571ea2e421544af4d832f968d213c87fbe3707a016657f43d2f853bc" "/opt/rustwide/cargo-home/bin/cargo" "+nightly-2025-01-18" "build" "--frozen" "--message-format=json", kill_on_drop: false }`
[INFO] [stdout] 6cbadb8a0a208d5a7307f1c10b47288a983a5b8a62df059c69819653cc9491c1
[INFO] running `Command { std: "docker" "start" "-a" "6cbadb8a0a208d5a7307f1c10b47288a983a5b8a62df059c69819653cc9491c1", kill_on_drop: false }`
[INFO] [stderr]    Compiling proc-macro2 v1.0.92
[INFO] [stderr]    Compiling unicode-ident v1.0.14
[INFO] [stderr]    Compiling libc v0.2.169
[INFO] [stderr]    Compiling cfg-if v1.0.0
[INFO] [stderr]    Compiling byteorder v1.5.0
[INFO] [stderr]    Compiling serde v1.0.217
[INFO] [stderr]    Compiling memchr v2.7.4
[INFO] [stderr]    Compiling itoa v1.0.14
[INFO] [stderr]    Compiling ryu v1.0.18
[INFO] [stderr]    Compiling quote v1.0.37
[INFO] [stderr]    Compiling csv-core v0.1.11
[INFO] [stderr]    Compiling syn v2.0.90
[INFO] [stderr]    Compiling getrandom v0.2.15
[INFO] [stderr]    Compiling rand_core v0.6.4
[INFO] [stderr]    Compiling zerocopy-derive v0.7.35
[INFO] [stderr]    Compiling csv v1.3.1
[INFO] [stderr]    Compiling zerocopy v0.7.35
[INFO] [stderr]    Compiling ppv-lite86 v0.2.20
[INFO] [stderr]    Compiling rand_chacha v0.3.1
[INFO] [stderr]    Compiling rand v0.8.5
[INFO] [stderr]    Compiling softmax v0.1.0 (/opt/rustwide/workdir)
[INFO] [stdout] warning: type `fVector` should have an upper camel case name
[INFO] [stdout]  --> src/f_Vector/mod.rs:6:12
[INFO] [stdout]   |
[INFO] [stdout] 6 | pub struct fVector<const N: usize>
[INFO] [stdout]   |            ^^^^^^^ help: convert the identifier to upper camel case (notice the capitalization): `FVector`
[INFO] [stdout]   |
[INFO] [stdout]   = note: `#[warn(non_camel_case_types)]` on by default
[INFO] [stdout] 
[INFO] [stdout] 
[INFO] [stdout] warning: module `f_Vector` should have a snake case name
[INFO] [stdout]  --> src/lib.rs:1:9
[INFO] [stdout]   |
[INFO] [stdout] 1 | pub mod f_Vector;
[INFO] [stdout]   |         ^^^^^^^^ help: convert the identifier to snake case (notice the capitalization): `f_vector`
[INFO] [stdout]   |
[INFO] [stdout]   = note: `#[warn(non_snake_case)]` on by default
[INFO] [stdout] 
[INFO] [stdout] 
[INFO] [stdout] warning: variable `otherVec` should have a snake case name
[INFO] [stdout]   --> src/f_Vector/mod.rs:38:23
[INFO] [stdout]    |
[INFO] [stdout] 38 |     pub fn dot(&self, otherVec: &Self)->f64
[INFO] [stdout]    |                       ^^^^^^^^ help: convert the identifier to snake case: `other_vec`
[INFO] [stdout] 
[INFO] [stdout] 
[INFO] [stderr]     Finished `dev` profile [unoptimized + debuginfo] target(s) in 6.96s
[INFO] running `Command { std: "docker" "inspect" "6cbadb8a0a208d5a7307f1c10b47288a983a5b8a62df059c69819653cc9491c1", kill_on_drop: false }`
[INFO] running `Command { std: "docker" "rm" "-f" "6cbadb8a0a208d5a7307f1c10b47288a983a5b8a62df059c69819653cc9491c1", kill_on_drop: false }`
[INFO] [stdout] 6cbadb8a0a208d5a7307f1c10b47288a983a5b8a62df059c69819653cc9491c1
[INFO] running `Command { std: "docker" "create" "-v" "/var/lib/crater-agent-workspace/builds/worker-7-tc2/target:/opt/rustwide/target:rw,Z" "-v" "/var/lib/crater-agent-workspace/builds/worker-7-tc2/source:/opt/rustwide/workdir:ro,Z" "-v" "/var/lib/crater-agent-workspace/cargo-home:/opt/rustwide/cargo-home:ro,Z" "-v" "/var/lib/crater-agent-workspace/rustup-home:/opt/rustwide/rustup-home:ro,Z" "-e" "SOURCE_DIR=/opt/rustwide/workdir" "-e" "CARGO_TARGET_DIR=/opt/rustwide/target" "-e" "CARGO_INCREMENTAL=0" "-e" "RUST_BACKTRACE=full" "-e" "RUSTFLAGS=--cap-lints=forbid -Zrandomize-layout" "-e" "RUSTDOCFLAGS=--cap-lints=forbid" "-e" "CARGO_HOME=/opt/rustwide/cargo-home" "-e" "RUSTUP_HOME=/opt/rustwide/rustup-home" "-w" "/opt/rustwide/workdir" "-m" "1610612736" "--user" "0:0" "--network" "none" "ghcr.io/rust-lang/crates-build-env/linux@sha256:819108c5571ea2e421544af4d832f968d213c87fbe3707a016657f43d2f853bc" "/opt/rustwide/cargo-home/bin/cargo" "+nightly-2025-01-18" "test" "--frozen" "--no-run" "--message-format=json", kill_on_drop: false }`
[INFO] [stdout] ecb48992903dcb8afc570d6ce84fc3945f4cc9c70c12db136ef47ad7af07c2ad
[INFO] running `Command { std: "docker" "start" "-a" "ecb48992903dcb8afc570d6ce84fc3945f4cc9c70c12db136ef47ad7af07c2ad", kill_on_drop: false }`
[INFO] [stdout] warning: type `fVector` should have an upper camel case name
[INFO] [stdout]  --> src/f_Vector/mod.rs:6:12
[INFO] [stdout]   |
[INFO] [stdout] 6 | pub struct fVector<const N: usize>
[INFO] [stdout]   |            ^^^^^^^ help: convert the identifier to upper camel case (notice the capitalization): `FVector`
[INFO] [stdout]   |
[INFO] [stdout]   = note: `#[warn(non_camel_case_types)]` on by default
[INFO] [stdout] 
[INFO] [stdout] 
[INFO] [stderr]    Compiling softmax v0.1.0 (/opt/rustwide/workdir)
[INFO] [stdout] warning: module `f_Vector` should have a snake case name
[INFO] [stdout]  --> src/lib.rs:1:9
[INFO] [stdout]   |
[INFO] [stdout] 1 | pub mod f_Vector;
[INFO] [stdout]   |         ^^^^^^^^ help: convert the identifier to snake case (notice the capitalization): `f_vector`
[INFO] [stdout]   |
[INFO] [stdout]   = note: `#[warn(non_snake_case)]` on by default
[INFO] [stdout] 
[INFO] [stdout] 
[INFO] [stdout] warning: variable `otherVec` should have a snake case name
[INFO] [stdout]   --> src/f_Vector/mod.rs:38:23
[INFO] [stdout]    |
[INFO] [stdout] 38 |     pub fn dot(&self, otherVec: &Self)->f64
[INFO] [stdout]    |                       ^^^^^^^^ help: convert the identifier to snake case: `other_vec`
[INFO] [stdout] 
[INFO] [stdout] 
[INFO] [stdout] warning: type `fVector` should have an upper camel case name
[INFO] [stdout]  --> src/f_Vector/mod.rs:6:12
[INFO] [stdout]   |
[INFO] [stdout] 6 | pub struct fVector<const N: usize>
[INFO] [stdout]   |            ^^^^^^^ help: convert the identifier to upper camel case (notice the capitalization): `FVector`
[INFO] [stdout]   |
[INFO] [stdout]   = note: `#[warn(non_camel_case_types)]` on by default
[INFO] [stdout] 
[INFO] [stdout] 
[INFO] [stdout] warning: unused variable: `scaler`
[INFO] [stdout]    --> src/lib.rs:228:13
[INFO] [stdout]     |
[INFO] [stdout] 228 |         let scaler = 5.0;
[INFO] [stdout]     |             ^^^^^^ help: if this is intentional, prefix it with an underscore: `_scaler`
[INFO] [stdout]     |
[INFO] [stdout]     = note: `#[warn(unused_variables)]` on by default
[INFO] [stdout] 
[INFO] [stdout] 
[INFO] [stdout] warning: module `f_Vector` should have a snake case name
[INFO] [stdout]  --> src/lib.rs:1:9
[INFO] [stdout]   |
[INFO] [stdout] 1 | pub mod f_Vector;
[INFO] [stdout]   |         ^^^^^^^^ help: convert the identifier to snake case (notice the capitalization): `f_vector`
[INFO] [stdout]   |
[INFO] [stdout]   = note: `#[warn(non_snake_case)]` on by default
[INFO] [stdout] 
[INFO] [stdout] 
[INFO] [stdout] warning: variable `otherVec` should have a snake case name
[INFO] [stdout]   --> src/f_Vector/mod.rs:38:23
[INFO] [stdout]    |
[INFO] [stdout] 38 |     pub fn dot(&self, otherVec: &Self)->f64
[INFO] [stdout]    |                       ^^^^^^^^ help: convert the identifier to snake case: `other_vec`
[INFO] [stdout] 
[INFO] [stdout] 
[INFO] [stdout] warning: variable `addVec` should have a snake case name
[INFO] [stdout]    --> src/lib.rs:205:13
[INFO] [stdout]     |
[INFO] [stdout] 205 |         let addVec = vec1.add(vec2);
[INFO] [stdout]     |             ^^^^^^ help: convert the identifier to snake case: `add_vec`
[INFO] [stdout] 
[INFO] [stdout] 
[INFO] [stdout] warning: variable `compVec` should have a snake case name
[INFO] [stdout]    --> src/lib.rs:210:13
[INFO] [stdout]     |
[INFO] [stdout] 210 |         let compVec = fVector::<3>{data:result};
[INFO] [stdout]     |             ^^^^^^^ help: convert the identifier to snake case: `comp_vec`
[INFO] [stdout] 
[INFO] [stdout] 
[INFO] [stdout] warning: variable `addVec` should have a snake case name
[INFO] [stdout]    --> src/lib.rs:230:13
[INFO] [stdout]     |
[INFO] [stdout] 230 |         let addVec = vec1.mul(5.0);
[INFO] [stdout]     |             ^^^^^^ help: convert the identifier to snake case: `add_vec`
[INFO] [stdout] 
[INFO] [stdout] 
[INFO] [stdout] warning: variable `compVec` should have a snake case name
[INFO] [stdout]    --> src/lib.rs:235:13
[INFO] [stdout]     |
[INFO] [stdout] 235 |         let compVec = fVector::<3>{data:result};
[INFO] [stdout]     |             ^^^^^^^ help: convert the identifier to snake case: `comp_vec`
[INFO] [stdout] 
[INFO] [stdout] 
[INFO] [stderr]     Finished `test` profile [unoptimized + debuginfo] target(s) in 0.42s
[INFO] running `Command { std: "docker" "inspect" "ecb48992903dcb8afc570d6ce84fc3945f4cc9c70c12db136ef47ad7af07c2ad", kill_on_drop: false }`
[INFO] running `Command { std: "docker" "rm" "-f" "ecb48992903dcb8afc570d6ce84fc3945f4cc9c70c12db136ef47ad7af07c2ad", kill_on_drop: false }`
[INFO] [stdout] ecb48992903dcb8afc570d6ce84fc3945f4cc9c70c12db136ef47ad7af07c2ad
[INFO] running `Command { std: "docker" "create" "-v" "/var/lib/crater-agent-workspace/builds/worker-7-tc2/target:/opt/rustwide/target:rw,Z" "-v" "/var/lib/crater-agent-workspace/builds/worker-7-tc2/source:/opt/rustwide/workdir:ro,Z" "-v" "/var/lib/crater-agent-workspace/cargo-home:/opt/rustwide/cargo-home:ro,Z" "-v" "/var/lib/crater-agent-workspace/rustup-home:/opt/rustwide/rustup-home:ro,Z" "-e" "SOURCE_DIR=/opt/rustwide/workdir" "-e" "CARGO_TARGET_DIR=/opt/rustwide/target" "-e" "CARGO_INCREMENTAL=0" "-e" "RUST_BACKTRACE=full" "-e" "RUSTFLAGS=--cap-lints=forbid -Zrandomize-layout" "-e" "RUSTDOCFLAGS=--cap-lints=forbid" "-e" "CARGO_HOME=/opt/rustwide/cargo-home" "-e" "RUSTUP_HOME=/opt/rustwide/rustup-home" "-w" "/opt/rustwide/workdir" "-m" "1610612736" "--user" "0:0" "--network" "none" "ghcr.io/rust-lang/crates-build-env/linux@sha256:819108c5571ea2e421544af4d832f968d213c87fbe3707a016657f43d2f853bc" "/opt/rustwide/cargo-home/bin/cargo" "+nightly-2025-01-18" "test" "--frozen", kill_on_drop: false }`
[INFO] [stdout] 382349c8d003de1f3583b00feae1281581dc0608728a9c7672dcd474236250c8
[INFO] running `Command { std: "docker" "start" "-a" "382349c8d003de1f3583b00feae1281581dc0608728a9c7672dcd474236250c8", kill_on_drop: false }`
[INFO] [stderr] warning: type `fVector` should have an upper camel case name
[INFO] [stderr]  --> src/f_Vector/mod.rs:6:12
[INFO] [stderr]   |
[INFO] [stderr] 6 | pub struct fVector<const N: usize>
[INFO] [stderr]   |            ^^^^^^^ help: convert the identifier to upper camel case (notice the capitalization): `FVector`
[INFO] [stderr]   |
[INFO] [stderr]   = note: `#[warn(non_camel_case_types)]` on by default
[INFO] [stderr] 
[INFO] [stderr] warning: module `f_Vector` should have a snake case name
[INFO] [stderr]  --> src/lib.rs:1:9
[INFO] [stderr]   |
[INFO] [stderr] 1 | pub mod f_Vector;
[INFO] [stderr]   |         ^^^^^^^^ help: convert the identifier to snake case (notice the capitalization): `f_vector`
[INFO] [stderr]   |
[INFO] [stderr]   = note: `#[warn(non_snake_case)]` on by default
[INFO] [stderr] 
[INFO] [stderr] warning: variable `otherVec` should have a snake case name
[INFO] [stderr]   --> src/f_Vector/mod.rs:38:23
[INFO] [stderr]    |
[INFO] [stderr] 38 |     pub fn dot(&self, otherVec: &Self)->f64
[INFO] [stderr]    |                       ^^^^^^^^ help: convert the identifier to snake case: `other_vec`
[INFO] [stderr] 
[INFO] [stderr] warning: unused variable: `scaler`
[INFO] [stderr]    --> src/lib.rs:228:13
[INFO] [stderr]     |
[INFO] [stderr] 228 |         let scaler = 5.0;
[INFO] [stderr]     |             ^^^^^^ help: if this is intentional, prefix it with an underscore: `_scaler`
[INFO] [stderr]     |
[INFO] [stderr]     = note: `#[warn(unused_variables)]` on by default
[INFO] [stderr] 
[INFO] [stderr] warning: variable `addVec` should have a snake case name
[INFO] [stderr]    --> src/lib.rs:205:13
[INFO] [stderr]     |
[INFO] [stderr] 205 |         let addVec = vec1.add(vec2);
[INFO] [stderr]     |             ^^^^^^ help: convert the identifier to snake case: `add_vec`
[INFO] [stderr] 
[INFO] [stderr] warning: variable `compVec` should have a snake case name
[INFO] [stderr]    --> src/lib.rs:210:13
[INFO] [stderr]     |
[INFO] [stderr] 210 |         let compVec = fVector::<3>{data:result};
[INFO] [stderr]     |             ^^^^^^^ help: convert the identifier to snake case: `comp_vec`
[INFO] [stderr] 
[INFO] [stderr] warning: variable `addVec` should have a snake case name
[INFO] [stderr]    --> src/lib.rs:230:13
[INFO] [stderr]     |
[INFO] [stderr] 230 |         let addVec = vec1.mul(5.0);
[INFO] [stderr]     |             ^^^^^^ help: convert the identifier to snake case: `add_vec`
[INFO] [stderr] 
[INFO] [stderr] warning: variable `compVec` should have a snake case name
[INFO] [stderr]    --> src/lib.rs:235:13
[INFO] [stderr]     |
[INFO] [stderr] 235 |         let compVec = fVector::<3>{data:result};
[INFO] [stderr]     |             ^^^^^^^ help: convert the identifier to snake case: `comp_vec`
[INFO] [stderr] 
[INFO] [stderr] warning: `softmax` (lib) generated 3 warnings
[INFO] [stderr] warning: `softmax` (lib test) generated 8 warnings (3 duplicates)
[INFO] [stderr]     Finished `test` profile [unoptimized + debuginfo] target(s) in 0.02s
[INFO] [stderr]      Running unittests src/lib.rs (/opt/rustwide/target/debug/deps/my_softmax_classifier-3e85426fdd3a5afb)
[INFO] [stdout] 
[INFO] [stdout] running 8 tests
[INFO] [stdout] test tests::add_test ... ok
[INFO] [stdout] test tests::from_array ... ok
[INFO] [stdout] test tests::infer_test ... ok
[INFO] [stdout] test tests::gradient_test ... ok
[INFO] [stdout] test tests::mul_test ... ok
[INFO] [stdout] test tests::new_softmax_test ... ok
[INFO] [stdout] test tests::outer_test ... ok
[INFO] [stdout] test tests::fit_test ... FAILED
[INFO] [stdout] 
[INFO] [stdout] failures:
[INFO] [stdout] 
[INFO] [stdout] ---- tests::fit_test stdout ----
[INFO] [stdout] 
[INFO] [stdout] thread 'tests::fit_test' panicked at src/lib.rs:91:10:
[INFO] [stdout] Failed to open file: Error(Io(Os { code: 2, kind: NotFound, message: "No such file or directory" }))
[INFO] [stdout] stack backtrace:
[INFO] [stdout]    0:     0x62797ea1d62a - std::backtrace_rs::backtrace::libunwind::trace::hb059275cfc8d6126
[INFO] [stdout]                                at /rustc/6067b36314ab5eb2eb47cecc464545ba58e1ad24/library/std/src/../../backtrace/src/backtrace/libunwind.rs:116:5
[INFO] [stdout]    1:     0x62797ea1d62a - std::backtrace_rs::backtrace::trace_unsynchronized::h2da071e4327ce3ee
[INFO] [stdout]                                at /rustc/6067b36314ab5eb2eb47cecc464545ba58e1ad24/library/std/src/../../backtrace/src/backtrace/mod.rs:66:5
[INFO] [stdout]    2:     0x62797ea1d62a - std::sys::backtrace::_print_fmt::h842a1474e6f8d23f
[INFO] [stdout]                                at /rustc/6067b36314ab5eb2eb47cecc464545ba58e1ad24/library/std/src/sys/backtrace.rs:66:9
[INFO] [stdout]    3:     0x62797ea1d62a - <std::sys::backtrace::BacktraceLock::print::DisplayBacktrace as core::fmt::Display>::fmt::h71a62eb3b9696b12
[INFO] [stdout]                                at /rustc/6067b36314ab5eb2eb47cecc464545ba58e1ad24/library/std/src/sys/backtrace.rs:39:26
[INFO] [stdout]    4:     0x62797ea465f3 - core::fmt::rt::Argument::fmt::hdb6b616786b41dc1
[INFO] [stdout]                                at /rustc/6067b36314ab5eb2eb47cecc464545ba58e1ad24/library/core/src/fmt/rt.rs:177:76
[INFO] [stdout]    5:     0x62797ea465f3 - core::fmt::write::h2cc1698af7e2d686
[INFO] [stdout]                                at /rustc/6067b36314ab5eb2eb47cecc464545ba58e1ad24/library/core/src/fmt/mod.rs:1440:21
[INFO] [stdout]    6:     0x62797ea1a183 - std::io::Write::write_fmt::hab1b4cd059a79022
[INFO] [stdout]                                at /rustc/6067b36314ab5eb2eb47cecc464545ba58e1ad24/library/std/src/io/mod.rs:1887:15
[INFO] [stdout]    7:     0x62797ea1d472 - std::sys::backtrace::BacktraceLock::print::h147fe35b4ea13b08
[INFO] [stdout]                                at /rustc/6067b36314ab5eb2eb47cecc464545ba58e1ad24/library/std/src/sys/backtrace.rs:42:9
[INFO] [stdout]    8:     0x62797ea1ea4f - std::panicking::default_hook::{{closure}}::hbd44223dbdc0d208
[INFO] [stdout]                                at /rustc/6067b36314ab5eb2eb47cecc464545ba58e1ad24/library/std/src/panicking.rs:298:22
[INFO] [stdout]    9:     0x62797ea1e868 - std::panicking::default_hook::h20f81eb0576efcec
[INFO] [stdout]                                at /rustc/6067b36314ab5eb2eb47cecc464545ba58e1ad24/library/std/src/panicking.rs:322:9
[INFO] [stdout]   10:     0x62797e9a35f3 - <alloc::boxed::Box<F,A> as core::ops::function::Fn<Args>>::call::hdb53814c496a4d34
[INFO] [stdout]                                at /rustc/6067b36314ab5eb2eb47cecc464545ba58e1ad24/library/alloc/src/boxed.rs:2027:9
[INFO] [stdout]   11:     0x62797e9a35f3 - test::test_main::{{closure}}::hc0a4963c59427c24
[INFO] [stdout]                                at /rustc/6067b36314ab5eb2eb47cecc464545ba58e1ad24/library/test/src/lib.rs:134:21
[INFO] [stdout]   12:     0x62797ea1f543 - <alloc::boxed::Box<F,A> as core::ops::function::Fn<Args>>::call::h591b2225413a77e9
[INFO] [stdout]                                at /rustc/6067b36314ab5eb2eb47cecc464545ba58e1ad24/library/alloc/src/boxed.rs:2027:9
[INFO] [stdout]   13:     0x62797ea1f543 - std::panicking::rust_panic_with_hook::h625eea43051b2edc
[INFO] [stdout]                                at /rustc/6067b36314ab5eb2eb47cecc464545ba58e1ad24/library/std/src/panicking.rs:839:13
[INFO] [stdout]   14:     0x62797ea1f1fa - std::panicking::begin_panic_handler::{{closure}}::h4f9159cfbc3f6bd3
[INFO] [stdout]                                at /rustc/6067b36314ab5eb2eb47cecc464545ba58e1ad24/library/std/src/panicking.rs:704:13
[INFO] [stdout]   15:     0x62797ea1db29 - std::sys::backtrace::__rust_end_short_backtrace::h0390abce48353151
[INFO] [stdout]                                at /rustc/6067b36314ab5eb2eb47cecc464545ba58e1ad24/library/std/src/sys/backtrace.rs:168:18
[INFO] [stdout]   16:     0x62797ea1ee8d - rust_begin_unwind
[INFO] [stdout]                                at /rustc/6067b36314ab5eb2eb47cecc464545ba58e1ad24/library/std/src/panicking.rs:695:5
[INFO] [stdout]   17:     0x62797ea44c20 - core::panicking::panic_fmt::h9e7c637e9e5f29c9
[INFO] [stdout]                                at /rustc/6067b36314ab5eb2eb47cecc464545ba58e1ad24/library/core/src/panicking.rs:75:14
[INFO] [stdout]   18:     0x62797ea45096 - core::result::unwrap_failed::h7979f09313fe1849
[INFO] [stdout]                                at /rustc/6067b36314ab5eb2eb47cecc464545ba58e1ad24/library/core/src/result.rs:1704:5
[INFO] [stdout]   19:     0x62797e9536af - core::result::Result<T,E>::expect::h497f3a3376d0fda4
[INFO] [stdout]                                at /rustc/6067b36314ab5eb2eb47cecc464545ba58e1ad24/library/core/src/result.rs:1061:23
[INFO] [stdout]   20:     0x62797e963d13 - my_softmax_classifier::load_csv::h1b8c53fd90beb647
[INFO] [stdout]                                at /opt/rustwide/workdir/src/lib.rs:88:19
[INFO] [stdout]   21:     0x62797e964557 - my_softmax_classifier::load_real_data::h33453c34c206ae37
[INFO] [stdout]                                at /opt/rustwide/workdir/src/lib.rs:148:20
[INFO] [stdout]   22:     0x62797e957c60 - my_softmax_classifier::tests::fit_test::ha63bf8e3fce0ffa7
[INFO] [stdout]                                at /opt/rustwide/workdir/src/lib.rs:270:33
[INFO] [stdout]   23:     0x62797e957c27 - my_softmax_classifier::tests::fit_test::{{closure}}::hc37d340e2d190faa
[INFO] [stdout]                                at /opt/rustwide/workdir/src/lib.rs:266:18
[INFO] [stdout]   24:     0x62797e952596 - core::ops::function::FnOnce::call_once::he778f8492a0893c9
[INFO] [stdout]                                at /rustc/6067b36314ab5eb2eb47cecc464545ba58e1ad24/library/core/src/ops/function.rs:250:5
[INFO] [stdout]   25:     0x62797e9a8d4b - core::ops::function::FnOnce::call_once::he27718dfdd183f43
[INFO] [stdout]                                at /rustc/6067b36314ab5eb2eb47cecc464545ba58e1ad24/library/core/src/ops/function.rs:250:5
[INFO] [stdout]   26:     0x62797e9a8d4b - test::__rust_begin_short_backtrace::h4e84902998457a5d
[INFO] [stdout]                                at /rustc/6067b36314ab5eb2eb47cecc464545ba58e1ad24/library/test/src/lib.rs:632:18
[INFO] [stdout]   27:     0x62797e9a7c83 - test::run_test_in_process::{{closure}}::h7176fd18fc1feca0
[INFO] [stdout]                                at /rustc/6067b36314ab5eb2eb47cecc464545ba58e1ad24/library/test/src/lib.rs:655:60
[INFO] [stdout]   28:     0x62797e9a7c83 - <core::panic::unwind_safe::AssertUnwindSafe<F> as core::ops::function::FnOnce<()>>::call_once::hf79cff2a624d8cf7
[INFO] [stdout]                                at /rustc/6067b36314ab5eb2eb47cecc464545ba58e1ad24/library/core/src/panic/unwind_safe.rs:272:9
[INFO] [stdout]   29:     0x62797e9a7c83 - std::panicking::try::do_call::h3da0561d9ab99c25
[INFO] [stdout]                                at /rustc/6067b36314ab5eb2eb47cecc464545ba58e1ad24/library/std/src/panicking.rs:587:40
[INFO] [stdout]   30:     0x62797e9a7c83 - std::panicking::try::h41c9fa508bc61df6
[INFO] [stdout]                                at /rustc/6067b36314ab5eb2eb47cecc464545ba58e1ad24/library/std/src/panicking.rs:550:19
[INFO] [stdout]   31:     0x62797e9a7c83 - std::panic::catch_unwind::h6b3ff07bb5afad93
[INFO] [stdout]                                at /rustc/6067b36314ab5eb2eb47cecc464545ba58e1ad24/library/std/src/panic.rs:358:14
[INFO] [stdout]   32:     0x62797e9a7c83 - test::run_test_in_process::hc7253dd11b39b9f4
[INFO] [stdout]                                at /rustc/6067b36314ab5eb2eb47cecc464545ba58e1ad24/library/test/src/lib.rs:655:27
[INFO] [stdout]   33:     0x62797e9a7c83 - test::run_test::{{closure}}::hfb2007f8649c30bb
[INFO] [stdout]                                at /rustc/6067b36314ab5eb2eb47cecc464545ba58e1ad24/library/test/src/lib.rs:576:43
[INFO] [stdout]   34:     0x62797e96ad65 - test::run_test::{{closure}}::h56a17aa7a282a9f4
[INFO] [stdout]                                at /rustc/6067b36314ab5eb2eb47cecc464545ba58e1ad24/library/test/src/lib.rs:606:41
[INFO] [stdout]   35:     0x62797e96ad65 - std::sys::backtrace::__rust_begin_short_backtrace::hd2d2d2fb8e8c6aac
[INFO] [stdout]                                at /rustc/6067b36314ab5eb2eb47cecc464545ba58e1ad24/library/std/src/sys/backtrace.rs:152:18
[INFO] [stdout]   36:     0x62797e96e64a - std::thread::Builder::spawn_unchecked_::{{closure}}::{{closure}}::h4faa3f9db6133423
[INFO] [stdout]                                at /rustc/6067b36314ab5eb2eb47cecc464545ba58e1ad24/library/std/src/thread/mod.rs:559:17
[INFO] [stdout]   37:     0x62797e96e64a - <core::panic::unwind_safe::AssertUnwindSafe<F> as core::ops::function::FnOnce<()>>::call_once::hf2e855a36a4ea846
[INFO] [stdout]                                at /rustc/6067b36314ab5eb2eb47cecc464545ba58e1ad24/library/core/src/panic/unwind_safe.rs:272:9
[INFO] [stdout]   38:     0x62797e96e64a - std::panicking::try::do_call::h2f73af3616c35465
[INFO] [stdout]                                at /rustc/6067b36314ab5eb2eb47cecc464545ba58e1ad24/library/std/src/panicking.rs:587:40
[INFO] [stdout]   39:     0x62797e96e64a - std::panicking::try::hd1660ce9efadef5a
[INFO] [stdout]                                at /rustc/6067b36314ab5eb2eb47cecc464545ba58e1ad24/library/std/src/panicking.rs:550:19
[INFO] [stdout]   40:     0x62797e96e64a - std::panic::catch_unwind::h5ee8d7823b8ca744
[INFO] [stdout]                                at /rustc/6067b36314ab5eb2eb47cecc464545ba58e1ad24/library/std/src/panic.rs:358:14
[INFO] [stdout]   41:     0x62797e96e64a - std::thread::Builder::spawn_unchecked_::{{closure}}::h53c3a1894dce8407
[INFO] [stdout]                                at /rustc/6067b36314ab5eb2eb47cecc464545ba58e1ad24/library/std/src/thread/mod.rs:557:30
[INFO] [stdout]   42:     0x62797e96e64a - core::ops::function::FnOnce::call_once{{vtable.shim}}::h048ce291ad4f62bf
[INFO] [stdout]                                at /rustc/6067b36314ab5eb2eb47cecc464545ba58e1ad24/library/core/src/ops/function.rs:250:5
[INFO] [stdout]   43:     0x62797ea2348b - <alloc::boxed::Box<F,A> as core::ops::function::FnOnce<Args>>::call_once::ha52bedf99a3b4981
[INFO] [stdout]                                at /rustc/6067b36314ab5eb2eb47cecc464545ba58e1ad24/library/alloc/src/boxed.rs:2013:9
[INFO] [stdout]   44:     0x62797ea2348b - <alloc::boxed::Box<F,A> as core::ops::function::FnOnce<Args>>::call_once::h567748934d80ccf8
[INFO] [stdout]                                at /rustc/6067b36314ab5eb2eb47cecc464545ba58e1ad24/library/alloc/src/boxed.rs:2013:9
[INFO] [stdout]   45:     0x62797ea2348b - std::sys::pal::unix::thread::Thread::new::thread_start::h2d970728ae887adc
[INFO] [stdout]                                at /rustc/6067b36314ab5eb2eb47cecc464545ba58e1ad24/library/std/src/sys/pal/unix/thread.rs:106:17
[INFO] [stdout]   46:     0x7d5841defac3 - <unknown>
[INFO] [stdout]   47:     0x7d5841e80a04 - clone
[INFO] [stdout]   48:                0x0 - <unknown>
[INFO] [stdout] 
[INFO] [stdout] 
[INFO] [stdout] failures:
[INFO] [stdout]     tests::fit_test
[INFO] [stdout] 
[INFO] [stdout] test result: FAILED. 7 passed; 1 failed; 0 ignored; 0 measured; 0 filtered out; finished in 0.01s
[INFO] [stdout] 
[INFO] [stderr] error: test failed, to rerun pass `--lib`
[INFO] running `Command { std: "docker" "inspect" "382349c8d003de1f3583b00feae1281581dc0608728a9c7672dcd474236250c8", kill_on_drop: false }`
[INFO] running `Command { std: "docker" "rm" "-f" "382349c8d003de1f3583b00feae1281581dc0608728a9c7672dcd474236250c8", kill_on_drop: false }`
[INFO] [stdout] 382349c8d003de1f3583b00feae1281581dc0608728a9c7672dcd474236250c8
