[INFO] cloning repository https://github.com/getiAI/getiSDK
[INFO] running `Command { std: "git" "-c" "credential.helper=" "-c" "credential.helper=/workspace/cargo-home/bin/git-credential-null" "clone" "--bare" "https://github.com/getiAI/getiSDK" "/workspace/cache/git-repos/https%3A%2F%2Fgithub.com%2FgetiAI%2FgetiSDK", kill_on_drop: false }`
[INFO] [stderr] Cloning into bare repository '/workspace/cache/git-repos/https%3A%2F%2Fgithub.com%2FgetiAI%2FgetiSDK'...
[INFO] running `Command { std: "git" "rev-parse" "HEAD", kill_on_drop: false }`
[INFO] [stdout] ba7b23f61b7635d9d2364148cb4986bec618b319
[INFO] testing getiAI/getiSDK against nightly-2025-01-18 for randomize-layout-2
[INFO] running `Command { std: "git" "clone" "/workspace/cache/git-repos/https%3A%2F%2Fgithub.com%2FgetiAI%2FgetiSDK" "/workspace/builds/worker-2-tc1/source", kill_on_drop: false }`
[INFO] [stderr] Cloning into '/workspace/builds/worker-2-tc1/source'...
[INFO] [stderr] done.
[INFO] validating manifest of git repo https://github.com/getiAI/getiSDK on toolchain nightly-2025-01-18
[INFO] running `Command { std: CARGO_HOME="/workspace/cargo-home" RUSTUP_HOME="/workspace/rustup-home" "/workspace/cargo-home/bin/cargo" "+nightly-2025-01-18" "metadata" "--manifest-path" "Cargo.toml" "--no-deps", kill_on_drop: false }`
[INFO] started tweaking git repo https://github.com/getiAI/getiSDK
[INFO] finished tweaking git repo https://github.com/getiAI/getiSDK
[INFO] tweaked toml for git repo https://github.com/getiAI/getiSDK written to /workspace/builds/worker-2-tc1/source/Cargo.toml
[INFO] crate git repo https://github.com/getiAI/getiSDK already has a lockfile, it will not be regenerated
[INFO] running `Command { std: CARGO_HOME="/workspace/cargo-home" RUSTUP_HOME="/workspace/rustup-home" "/workspace/cargo-home/bin/cargo" "+nightly-2025-01-18" "fetch" "--manifest-path" "Cargo.toml", kill_on_drop: false }`
[INFO] running `Command { std: "docker" "create" "-v" "/var/lib/crater-agent-workspace/builds/worker-2-tc1/target:/opt/rustwide/target:rw,Z" "-v" "/var/lib/crater-agent-workspace/builds/worker-2-tc1/source:/opt/rustwide/workdir:ro,Z" "-v" "/var/lib/crater-agent-workspace/cargo-home:/opt/rustwide/cargo-home:ro,Z" "-v" "/var/lib/crater-agent-workspace/rustup-home:/opt/rustwide/rustup-home:ro,Z" "-e" "SOURCE_DIR=/opt/rustwide/workdir" "-e" "CARGO_TARGET_DIR=/opt/rustwide/target" "-e" "CARGO_HOME=/opt/rustwide/cargo-home" "-e" "RUSTUP_HOME=/opt/rustwide/rustup-home" "-w" "/opt/rustwide/workdir" "-m" "1610612736" "--user" "0:0" "--network" "none" "ghcr.io/rust-lang/crates-build-env/linux@sha256:819108c5571ea2e421544af4d832f968d213c87fbe3707a016657f43d2f853bc" "/opt/rustwide/cargo-home/bin/cargo" "+nightly-2025-01-18" "metadata" "--no-deps" "--format-version=1", kill_on_drop: false }`
[INFO] [stdout] ff70ff8389f3b641100ba971666baaa99d4e45fb22fd83a87e7342d8075591f9
[INFO] running `Command { std: "docker" "start" "-a" "ff70ff8389f3b641100ba971666baaa99d4e45fb22fd83a87e7342d8075591f9", kill_on_drop: false }`
[INFO] running `Command { std: "docker" "inspect" "ff70ff8389f3b641100ba971666baaa99d4e45fb22fd83a87e7342d8075591f9", kill_on_drop: false }`
[INFO] running `Command { std: "docker" "rm" "-f" "ff70ff8389f3b641100ba971666baaa99d4e45fb22fd83a87e7342d8075591f9", kill_on_drop: false }`
[INFO] [stdout] ff70ff8389f3b641100ba971666baaa99d4e45fb22fd83a87e7342d8075591f9
[INFO] running `Command { std: "docker" "create" "-v" "/var/lib/crater-agent-workspace/builds/worker-2-tc1/target:/opt/rustwide/target:rw,Z" "-v" "/var/lib/crater-agent-workspace/builds/worker-2-tc1/source:/opt/rustwide/workdir:ro,Z" "-v" "/var/lib/crater-agent-workspace/cargo-home:/opt/rustwide/cargo-home:ro,Z" "-v" "/var/lib/crater-agent-workspace/rustup-home:/opt/rustwide/rustup-home:ro,Z" "-e" "SOURCE_DIR=/opt/rustwide/workdir" "-e" "CARGO_TARGET_DIR=/opt/rustwide/target" "-e" "CARGO_INCREMENTAL=0" "-e" "RUST_BACKTRACE=full" "-e" "RUSTFLAGS=--cap-lints=forbid" "-e" "RUSTDOCFLAGS=--cap-lints=forbid" "-e" "CARGO_HOME=/opt/rustwide/cargo-home" "-e" "RUSTUP_HOME=/opt/rustwide/rustup-home" "-w" "/opt/rustwide/workdir" "-m" "1610612736" "--user" "0:0" "--network" "none" "ghcr.io/rust-lang/crates-build-env/linux@sha256:819108c5571ea2e421544af4d832f968d213c87fbe3707a016657f43d2f853bc" "/opt/rustwide/cargo-home/bin/cargo" "+nightly-2025-01-18" "build" "--frozen" "--message-format=json", kill_on_drop: false }`
[INFO] [stdout] caf636659d56dc45246b61cf5c284fd57ef4f162e594494cea0076121a73c278
[INFO] running `Command { std: "docker" "start" "-a" "caf636659d56dc45246b61cf5c284fd57ef4f162e594494cea0076121a73c278", kill_on_drop: false }`
[INFO] [stderr]    Compiling proc-macro2 v1.0.86
[INFO] [stderr]    Compiling unicode-ident v1.0.12
[INFO] [stderr]    Compiling libc v0.2.155
[INFO] [stderr]    Compiling autocfg v1.3.0
[INFO] [stderr]    Compiling version_check v0.9.5
[INFO] [stderr]    Compiling pkg-config v0.3.30
[INFO] [stderr]    Compiling cc v1.1.7
[INFO] [stderr]    Compiling vcpkg v0.2.15
[INFO] [stderr]    Compiling parking_lot_core v0.9.10
[INFO] [stderr]    Compiling once_cell v1.19.0
[INFO] [stderr]    Compiling pin-project-lite v0.2.14
[INFO] [stderr]    Compiling smallvec v1.13.2
[INFO] [stderr]    Compiling lock_api v0.4.12
[INFO] [stderr]    Compiling bytes v1.7.1
[INFO] [stderr]    Compiling scopeguard v1.2.0
[INFO] [stderr]    Compiling itoa v1.0.11
[INFO] [stderr]    Compiling futures-core v0.3.30
[INFO] [stderr]    Compiling slab v0.4.9
[INFO] [stderr]    Compiling unicase v2.7.0
[INFO] [stderr]    Compiling foreign-types-shared v0.1.1
[INFO] [stderr]    Compiling memchr v2.7.4
[INFO] [stderr]    Compiling openssl v0.10.66
[INFO] [stderr]    Compiling fnv v1.0.7
[INFO] [stderr]    Compiling foreign-types v0.3.2
[INFO] [stderr]    Compiling tracing-core v0.1.32
[INFO] [stderr]    Compiling quote v1.0.36
[INFO] [stderr]    Compiling proc-macro-error-attr v1.0.4
[INFO] [stderr]    Compiling http v0.2.12
[INFO] [stderr]    Compiling syn v2.0.70
[INFO] [stderr]    Compiling bitflags v2.6.0
[INFO] [stderr]    Compiling mio v1.0.1
[INFO] [stderr]    Compiling socket2 v0.5.7
[INFO] [stderr]    Compiling parking_lot v0.12.3
[INFO] [stderr]    Compiling openssl-sys v0.9.103
[INFO] [stderr]    Compiling signal-hook-registry v1.4.2
[INFO] [stderr]    Compiling serde v1.0.204
[INFO] [stderr]    Compiling httparse v1.9.4
[INFO] [stderr]    Compiling futures-task v0.3.30
[INFO] [stderr]    Compiling tinyvec_macros v0.1.1
[INFO] [stderr]    Compiling pin-utils v0.1.0
[INFO] [stderr]    Compiling native-tls v0.2.12
[INFO] [stderr]    Compiling equivalent v1.0.1
[INFO] [stderr]    Compiling futures-sink v0.3.30
[INFO] [stderr]    Compiling syn v1.0.109
[INFO] [stderr]    Compiling log v0.4.22
[INFO] [stderr]    Compiling hashbrown v0.14.5
[INFO] [stderr]    Compiling futures-util v0.3.30
[INFO] [stderr]    Compiling tinyvec v1.8.0
[INFO] [stderr]    Compiling tracing v0.1.40
[INFO] [stderr]    Compiling proc-macro-error v1.0.4
[INFO] [stderr]    Compiling percent-encoding v2.3.1
[INFO] [stderr]    Compiling openssl-probe v0.1.5
[INFO] [stderr]    Compiling try-lock v0.2.5
[INFO] [stderr]    Compiling want v0.3.1
[INFO] [stderr]    Compiling form_urlencoded v1.2.1
[INFO] [stderr]    Compiling unicode-normalization v0.1.23
[INFO] [stderr]    Compiling mime_guess v2.0.5
[INFO] [stderr]    Compiling indexmap v2.3.0
[INFO] [stderr]    Compiling http-body v0.4.6
[INFO] [stderr]    Compiling aho-corasick v1.1.3
[INFO] [stderr]    Compiling futures-channel v0.3.30
[INFO] [stderr]    Compiling indexmap v1.9.3
[INFO] [stderr]    Compiling ryu v1.0.18
[INFO] [stderr]    Compiling regex-syntax v0.8.4
[INFO] [stderr]    Compiling httpdate v1.0.3
[INFO] [stderr]    Compiling unicode-bidi v0.3.15
[INFO] [stderr]    Compiling tower-service v0.3.2
[INFO] [stderr]    Compiling serde_json v1.0.122
[INFO] [stderr]    Compiling atty v0.2.14
[INFO] [stderr]    Compiling heck v0.4.1
[INFO] [stderr]    Compiling mime v0.3.17
[INFO] [stderr]    Compiling base64 v0.21.7
[INFO] [stderr]    Compiling hashbrown v0.12.3
[INFO] [stderr]    Compiling os_str_bytes v6.6.1
[INFO] [stderr]    Compiling idna v0.5.0
[INFO] [stderr]    Compiling termcolor v1.4.1
[INFO] [stderr]    Compiling clap_lex v0.2.4
[INFO] [stderr]    Compiling rustls-pemfile v1.0.4
[INFO] [stderr]    Compiling encoding_rs v0.8.34
[INFO] [stderr]    Compiling regex-automata v0.4.7
[INFO] [stderr]    Compiling url v2.5.2
[INFO] [stderr]    Compiling textwrap v0.16.1
[INFO] [stderr]    Compiling tokio-macros v2.4.0
[INFO] [stderr]    Compiling openssl-macros v0.1.1
[INFO] [stderr]    Compiling serde_derive v1.0.204
[INFO] [stderr]    Compiling ipnet v2.9.0
[INFO] [stderr]    Compiling tokio v1.39.2
[INFO] [stderr]    Compiling humantime v2.1.0
[INFO] [stderr]    Compiling strsim v0.10.0
[INFO] [stderr]    Compiling sync_wrapper v0.1.2
[INFO] [stderr]    Compiling clap_derive v3.2.25
[INFO] [stderr]    Compiling regex v1.10.5
[INFO] [stderr]    Compiling env_logger v0.9.3
[INFO] [stderr]    Compiling clap v3.2.25
[INFO] [stderr]    Compiling tokio-util v0.7.11
[INFO] [stderr]    Compiling tokio-native-tls v0.3.1
[INFO] [stderr]    Compiling serde_urlencoded v0.7.1
[INFO] [stderr]    Compiling h2 v0.3.26
[INFO] [stderr]    Compiling hyper v0.14.30
[INFO] [stderr]    Compiling hyper-tls v0.5.0
[INFO] [stderr]    Compiling reqwest v0.11.27
[INFO] [stderr]    Compiling geti v0.3.1 (/opt/rustwide/workdir)
[INFO] [stderr]     Finished `dev` profile [unoptimized + debuginfo] target(s) in 1m 15s
[INFO] running `Command { std: "docker" "inspect" "caf636659d56dc45246b61cf5c284fd57ef4f162e594494cea0076121a73c278", kill_on_drop: false }`
[INFO] running `Command { std: "docker" "rm" "-f" "caf636659d56dc45246b61cf5c284fd57ef4f162e594494cea0076121a73c278", kill_on_drop: false }`
[INFO] [stdout] caf636659d56dc45246b61cf5c284fd57ef4f162e594494cea0076121a73c278
[INFO] running `Command { std: "docker" "create" "-v" "/var/lib/crater-agent-workspace/builds/worker-2-tc1/target:/opt/rustwide/target:rw,Z" "-v" "/var/lib/crater-agent-workspace/builds/worker-2-tc1/source:/opt/rustwide/workdir:ro,Z" "-v" "/var/lib/crater-agent-workspace/cargo-home:/opt/rustwide/cargo-home:ro,Z" "-v" "/var/lib/crater-agent-workspace/rustup-home:/opt/rustwide/rustup-home:ro,Z" "-e" "SOURCE_DIR=/opt/rustwide/workdir" "-e" "CARGO_TARGET_DIR=/opt/rustwide/target" "-e" "CARGO_INCREMENTAL=0" "-e" "RUST_BACKTRACE=full" "-e" "RUSTFLAGS=--cap-lints=forbid" "-e" "RUSTDOCFLAGS=--cap-lints=forbid" "-e" "CARGO_HOME=/opt/rustwide/cargo-home" "-e" "RUSTUP_HOME=/opt/rustwide/rustup-home" "-w" "/opt/rustwide/workdir" "-m" "1610612736" "--user" "0:0" "--network" "none" "ghcr.io/rust-lang/crates-build-env/linux@sha256:819108c5571ea2e421544af4d832f968d213c87fbe3707a016657f43d2f853bc" "/opt/rustwide/cargo-home/bin/cargo" "+nightly-2025-01-18" "test" "--frozen" "--no-run" "--message-format=json", kill_on_drop: false }`
[INFO] [stdout] ea5587bc5bb42a9333a18de705b775261d5476093836a1f6175c487df8da6b33
[INFO] running `Command { std: "docker" "start" "-a" "ea5587bc5bb42a9333a18de705b775261d5476093836a1f6175c487df8da6b33", kill_on_drop: false }`
[INFO] [stderr]    Compiling geti v0.3.1 (/opt/rustwide/workdir)
[INFO] [stderr]     Finished `test` profile [unoptimized + debuginfo] target(s) in 1.69s
[INFO] running `Command { std: "docker" "inspect" "ea5587bc5bb42a9333a18de705b775261d5476093836a1f6175c487df8da6b33", kill_on_drop: false }`
[INFO] running `Command { std: "docker" "rm" "-f" "ea5587bc5bb42a9333a18de705b775261d5476093836a1f6175c487df8da6b33", kill_on_drop: false }`
[INFO] [stdout] ea5587bc5bb42a9333a18de705b775261d5476093836a1f6175c487df8da6b33
[INFO] running `Command { std: "docker" "create" "-v" "/var/lib/crater-agent-workspace/builds/worker-2-tc1/target:/opt/rustwide/target:rw,Z" "-v" "/var/lib/crater-agent-workspace/builds/worker-2-tc1/source:/opt/rustwide/workdir:ro,Z" "-v" "/var/lib/crater-agent-workspace/cargo-home:/opt/rustwide/cargo-home:ro,Z" "-v" "/var/lib/crater-agent-workspace/rustup-home:/opt/rustwide/rustup-home:ro,Z" "-e" "SOURCE_DIR=/opt/rustwide/workdir" "-e" "CARGO_TARGET_DIR=/opt/rustwide/target" "-e" "CARGO_INCREMENTAL=0" "-e" "RUST_BACKTRACE=full" "-e" "RUSTFLAGS=--cap-lints=forbid" "-e" "RUSTDOCFLAGS=--cap-lints=forbid" "-e" "CARGO_HOME=/opt/rustwide/cargo-home" "-e" "RUSTUP_HOME=/opt/rustwide/rustup-home" "-w" "/opt/rustwide/workdir" "-m" "1610612736" "--user" "0:0" "--network" "none" "ghcr.io/rust-lang/crates-build-env/linux@sha256:819108c5571ea2e421544af4d832f968d213c87fbe3707a016657f43d2f853bc" "/opt/rustwide/cargo-home/bin/cargo" "+nightly-2025-01-18" "test" "--frozen", kill_on_drop: false }`
[INFO] [stdout] 800c3070f96cd1cc87a15234262e7462bc2fb74a1e1af756a24e3461e31ec794
[INFO] running `Command { std: "docker" "start" "-a" "800c3070f96cd1cc87a15234262e7462bc2fb74a1e1af756a24e3461e31ec794", kill_on_drop: false }`
[INFO] [stderr]     Finished `test` profile [unoptimized + debuginfo] target(s) in 0.22s
[INFO] [stderr]      Running unittests src/lib.rs (/opt/rustwide/target/debug/deps/geti-33148ef020ddd5ea)
[INFO] [stderr] [2025-01-20T13:39:27Z INFO  geti::extraction] Extracting contracts from directory: "/opt/rustwide/workdir"
[INFO] [stdout] 
[INFO] [stderr] [2025-01-20T13:39:27Z WARN  geti::extraction] Skipping non-contract file: "/opt/rustwide/workdir/README.md"
[INFO] [stdout] running 2 tests
[INFO] [stderr] [2025-01-20T13:39:27Z INFO  geti::extraction] Entering directory: "/opt/rustwide/workdir/.git"
[INFO] [stderr] [2025-01-20T13:39:27Z INFO  geti::extraction] Entering directory: "/opt/rustwide/workdir/.git/objects"
[INFO] [stderr] [2025-01-20T13:39:27Z INFO  geti::extraction] Entering directory: "/opt/rustwide/workdir/.git/objects/info"
[INFO] [stderr] [2025-01-20T13:39:27Z INFO  geti::extraction] Entering directory: "/opt/rustwide/workdir/.git/objects/pack"
[INFO] [stderr] [2025-01-20T13:39:27Z WARN  geti::extraction] Skipping non-contract file: "/opt/rustwide/workdir/.git/objects/pack/pack-572df59f7ebb6f886062bc91b6e0659d6c24757a.pack"
[INFO] [stderr] [2025-01-20T13:39:27Z WARN  geti::extraction] Skipping non-contract file: "/opt/rustwide/workdir/.git/objects/pack/pack-572df59f7ebb6f886062bc91b6e0659d6c24757a.rev"
[INFO] [stderr] [2025-01-20T13:39:27Z WARN  geti::extraction] Skipping non-contract file: "/opt/rustwide/workdir/.git/objects/pack/pack-572df59f7ebb6f886062bc91b6e0659d6c24757a.idx"
[INFO] [stderr] [2025-01-20T13:39:27Z WARN  geti::extraction] Skipping non-contract file: "/opt/rustwide/workdir/.git/index"
[INFO] [stderr] [2025-01-20T13:39:27Z INFO  geti::extraction] Entering directory: "/opt/rustwide/workdir/.git/branches"
[INFO] [stderr] [2025-01-20T13:39:27Z INFO  geti::extraction] Entering directory: "/opt/rustwide/workdir/.git/refs"
[INFO] [stderr] [2025-01-20T13:39:27Z INFO  geti::extraction] Entering directory: "/opt/rustwide/workdir/.git/refs/heads"
[INFO] [stderr] [2025-01-20T13:39:27Z WARN  geti::extraction] Skipping non-contract file: "/opt/rustwide/workdir/.git/refs/heads/main"
[INFO] [stderr] [2025-01-20T13:39:27Z INFO  geti::extraction] Entering directory: "/opt/rustwide/workdir/.git/refs/remotes"
[INFO] [stderr] [2025-01-20T13:39:27Z INFO  geti::extraction] Entering directory: "/opt/rustwide/workdir/.git/refs/remotes/origin"
[INFO] [stderr] [2025-01-20T13:39:27Z WARN  geti::extraction] Skipping non-contract file: "/opt/rustwide/workdir/.git/refs/remotes/origin/HEAD"
[INFO] [stderr] [2025-01-20T13:39:27Z INFO  geti::extraction] Entering directory: "/opt/rustwide/workdir/.git/refs/tags"
[INFO] [stderr] [2025-01-20T13:39:27Z INFO  geti::extraction] Entering directory: "/opt/rustwide/workdir/.git/hooks"
[INFO] [stderr] [2025-01-20T13:39:27Z WARN  geti::extraction] Skipping non-contract file: "/opt/rustwide/workdir/.git/hooks/update.sample"
[INFO] [stderr] [2025-01-20T13:39:27Z WARN  geti::extraction] Skipping non-contract file: "/opt/rustwide/workdir/.git/hooks/pre-merge-commit.sample"
[INFO] [stderr] [2025-01-20T13:39:27Z WARN  geti::extraction] Skipping non-contract file: "/opt/rustwide/workdir/.git/hooks/fsmonitor-watchman.sample"
[INFO] [stderr] [2025-01-20T13:39:27Z WARN  geti::extraction] Skipping non-contract file: "/opt/rustwide/workdir/.git/hooks/pre-receive.sample"
[INFO] [stderr] [2025-01-20T13:39:27Z WARN  geti::extraction] Skipping non-contract file: "/opt/rustwide/workdir/.git/hooks/pre-applypatch.sample"
[INFO] [stderr] [2025-01-20T13:39:27Z WARN  geti::extraction] Skipping non-contract file: "/opt/rustwide/workdir/.git/hooks/applypatch-msg.sample"
[INFO] [stderr] [2025-01-20T13:39:27Z WARN  geti::extraction] Skipping non-contract file: "/opt/rustwide/workdir/.git/hooks/pre-rebase.sample"
[INFO] [stderr] [2025-01-20T13:39:27Z WARN  geti::extraction] Skipping non-contract file: "/opt/rustwide/workdir/.git/hooks/push-to-checkout.sample"
[INFO] [stderr] [2025-01-20T13:39:27Z WARN  geti::extraction] Skipping non-contract file: "/opt/rustwide/workdir/.git/hooks/prepare-commit-msg.sample"
[INFO] [stderr] [2025-01-20T13:39:27Z WARN  geti::extraction] Skipping non-contract file: "/opt/rustwide/workdir/.git/hooks/commit-msg.sample"
[INFO] [stderr] [2025-01-20T13:39:27Z WARN  geti::extraction] Skipping non-contract file: "/opt/rustwide/workdir/.git/hooks/pre-push.sample"
[INFO] [stderr] [2025-01-20T13:39:27Z WARN  geti::extraction] Skipping non-contract file: "/opt/rustwide/workdir/.git/hooks/post-update.sample"
[INFO] [stderr] [2025-01-20T13:39:27Z WARN  geti::extraction] Skipping non-contract file: "/opt/rustwide/workdir/.git/hooks/sendemail-validate.sample"
[INFO] [stderr] [2025-01-20T13:39:27Z WARN  geti::extraction] Skipping non-contract file: "/opt/rustwide/workdir/.git/hooks/pre-commit.sample"
[INFO] [stderr] [2025-01-20T13:39:27Z WARN  geti::extraction] Skipping non-contract file: "/opt/rustwide/workdir/.git/HEAD"
[INFO] [stderr] [2025-01-20T13:39:27Z WARN  geti::extraction] Skipping non-contract file: "/opt/rustwide/workdir/.git/config"
[INFO] [stderr] [2025-01-20T13:39:27Z INFO  geti::extraction] Entering directory: "/opt/rustwide/workdir/.git/logs"
[INFO] [stderr] [2025-01-20T13:39:27Z INFO  geti::extraction] Entering directory: "/opt/rustwide/workdir/.git/logs/refs"
[INFO] [stderr] [2025-01-20T13:39:27Z INFO  geti::extraction] Entering directory: "/opt/rustwide/workdir/.git/logs/refs/heads"
[INFO] [stderr] [2025-01-20T13:39:27Z WARN  geti::extraction] Skipping non-contract file: "/opt/rustwide/workdir/.git/logs/refs/heads/main"
[INFO] [stderr] [2025-01-20T13:39:27Z INFO  geti::extraction] Entering directory: "/opt/rustwide/workdir/.git/logs/refs/remotes"
[INFO] [stderr] [2025-01-20T13:39:27Z INFO  geti::extraction] Entering directory: "/opt/rustwide/workdir/.git/logs/refs/remotes/origin"
[INFO] [stderr] [2025-01-20T13:39:27Z WARN  geti::extraction] Skipping non-contract file: "/opt/rustwide/workdir/.git/logs/refs/remotes/origin/HEAD"
[INFO] [stderr] [2025-01-20T13:39:27Z WARN  geti::extraction] Skipping non-contract file: "/opt/rustwide/workdir/.git/logs/HEAD"
[INFO] [stderr] [2025-01-20T13:39:27Z INFO  geti::extraction] Entering directory: "/opt/rustwide/workdir/.git/info"
[INFO] [stderr] [2025-01-20T13:39:27Z WARN  geti::extraction] Skipping non-contract file: "/opt/rustwide/workdir/.git/info/exclude"
[INFO] [stderr] [2025-01-20T13:39:27Z WARN  geti::extraction] Skipping non-contract file: "/opt/rustwide/workdir/.git/packed-refs"
[INFO] [stderr] [2025-01-20T13:39:27Z WARN  geti::extraction] Skipping non-contract file: "/opt/rustwide/workdir/.git/description"
[INFO] [stderr] [2025-01-20T13:39:27Z WARN  geti::extraction] Skipping non-contract file: "/opt/rustwide/workdir/LICENSE"
[INFO] [stderr] [2025-01-20T13:39:27Z WARN  geti::extraction] Skipping non-contract file: "/opt/rustwide/workdir/Cargo.lock"
[INFO] [stderr] [2025-01-20T13:39:27Z INFO  geti::extraction] Entering directory: "/opt/rustwide/workdir/src"
[INFO] [stderr] [2025-01-20T13:39:27Z INFO  geti::extraction] Found contract file: "/opt/rustwide/workdir/src/extraction_tests.rs"
[INFO] [stderr] [2025-01-20T13:39:27Z INFO  geti::extraction] Entering directory: "/opt/rustwide/workdir/src/test_contracts"
[INFO] [stderr] [2025-01-20T13:39:27Z INFO  geti::extraction] Found contract file: "/opt/rustwide/workdir/src/test_contracts/SimpleToken.rs"
[INFO] [stderr] [2025-01-20T13:39:27Z INFO  geti::extraction] Found contract file: "/opt/rustwide/workdir/src/test_contracts/SimpleStorage.rs"
[INFO] [stderr] [2025-01-20T13:39:27Z INFO  geti::extraction] Found contract file: "/opt/rustwide/workdir/src/cli.rs"
[INFO] [stderr] [2025-01-20T13:39:27Z INFO  geti::extraction] Found contract file: "/opt/rustwide/workdir/src/markdown.rs"
[INFO] [stderr] [2025-01-20T13:39:27Z INFO  geti::extraction] Found contract file: "/opt/rustwide/workdir/src/lib.rs"
[INFO] [stderr] [2025-01-20T13:39:27Z INFO  geti::extraction] Found contract file: "/opt/rustwide/workdir/src/integration_tests.rs"
[INFO] [stderr] [2025-01-20T13:39:27Z INFO  geti::extraction] Found contract file: "/opt/rustwide/workdir/src/extraction.rs"
[INFO] [stderr] [2025-01-20T13:39:27Z INFO  geti::extraction] Found contract file: "/opt/rustwide/workdir/src/main.rs"
[INFO] [stderr] [2025-01-20T13:39:27Z INFO  geti::extraction] Found contract file: "/opt/rustwide/workdir/src/api.rs"
[INFO] [stderr] [2025-01-20T13:39:27Z WARN  geti::extraction] Skipping non-contract file: "/opt/rustwide/workdir/markdown.md"
[INFO] [stderr] [2025-01-20T13:39:27Z WARN  geti::extraction] Skipping non-contract file: "/opt/rustwide/workdir/Cargo.toml"
[INFO] [stderr] [2025-01-20T13:39:27Z WARN  geti::extraction] Skipping non-contract file: "/opt/rustwide/workdir/.gitignore"
[INFO] [stdout] test extraction_tests::tests::test_extract_contracts_current_dir ... ok
[INFO] [stdout] test extraction_tests::tests::test_extract_contracts_specified_dir ... FAILED
[INFO] [stdout] 
[INFO] [stdout] failures:
[INFO] [stdout] 
[INFO] [stdout] ---- extraction_tests::tests::test_extract_contracts_specified_dir stdout ----
[INFO] [stdout] 
[INFO] [stdout] thread 'extraction_tests::tests::test_extract_contracts_specified_dir' panicked at src/extraction_tests.rs:20:38:
[INFO] [stdout] called `Result::unwrap()` on an `Err` value: Os { code: 30, kind: ReadOnlyFilesystem, message: "Read-only file system" }
[INFO] [stdout] stack backtrace:
[INFO] [stdout]    0:     0x61e83af65dea - std::backtrace_rs::backtrace::libunwind::trace::hb059275cfc8d6126
[INFO] [stdout]                                at /rustc/6067b36314ab5eb2eb47cecc464545ba58e1ad24/library/std/src/../../backtrace/src/backtrace/libunwind.rs:116:5
[INFO] [stdout]    1:     0x61e83af65dea - std::backtrace_rs::backtrace::trace_unsynchronized::h2da071e4327ce3ee
[INFO] [stdout]                                at /rustc/6067b36314ab5eb2eb47cecc464545ba58e1ad24/library/std/src/../../backtrace/src/backtrace/mod.rs:66:5
[INFO] [stdout]    2:     0x61e83af65dea - std::sys::backtrace::_print_fmt::h842a1474e6f8d23f
[INFO] [stdout]                                at /rustc/6067b36314ab5eb2eb47cecc464545ba58e1ad24/library/std/src/sys/backtrace.rs:66:9
[INFO] [stdout]    3:     0x61e83af65dea - <std::sys::backtrace::BacktraceLock::print::DisplayBacktrace as core::fmt::Display>::fmt::h71a62eb3b9696b12
[INFO] [stdout]                                at /rustc/6067b36314ab5eb2eb47cecc464545ba58e1ad24/library/std/src/sys/backtrace.rs:39:26
[INFO] [stdout]    4:     0x61e83af8ec93 - core::fmt::rt::Argument::fmt::hdb6b616786b41dc1
[INFO] [stdout]                                at /rustc/6067b36314ab5eb2eb47cecc464545ba58e1ad24/library/core/src/fmt/rt.rs:177:76
[INFO] [stdout]    5:     0x61e83af8ec93 - core::fmt::write::h2cc1698af7e2d686
[INFO] [stdout]                                at /rustc/6067b36314ab5eb2eb47cecc464545ba58e1ad24/library/core/src/fmt/mod.rs:1440:21
[INFO] [stdout]    6:     0x61e83af62543 - std::io::Write::write_fmt::hab1b4cd059a79022
[INFO] [stdout]                                at /rustc/6067b36314ab5eb2eb47cecc464545ba58e1ad24/library/std/src/io/mod.rs:1887:15
[INFO] [stdout]    7:     0x61e83af65c32 - std::sys::backtrace::BacktraceLock::print::h147fe35b4ea13b08
[INFO] [stdout]                                at /rustc/6067b36314ab5eb2eb47cecc464545ba58e1ad24/library/std/src/sys/backtrace.rs:42:9
[INFO] [stdout]    8:     0x61e83af6720f - std::panicking::default_hook::{{closure}}::hbd44223dbdc0d208
[INFO] [stdout]                                at /rustc/6067b36314ab5eb2eb47cecc464545ba58e1ad24/library/std/src/panicking.rs:298:22
[INFO] [stdout]    9:     0x61e83af67028 - std::panicking::default_hook::h20f81eb0576efcec
[INFO] [stdout]                                at /rustc/6067b36314ab5eb2eb47cecc464545ba58e1ad24/library/std/src/panicking.rs:322:9
[INFO] [stdout]   10:     0x61e83af090f3 - <alloc::boxed::Box<F,A> as core::ops::function::Fn<Args>>::call::hdb53814c496a4d34
[INFO] [stdout]                                at /rustc/6067b36314ab5eb2eb47cecc464545ba58e1ad24/library/alloc/src/boxed.rs:2027:9
[INFO] [stdout]   11:     0x61e83af090f3 - test::test_main::{{closure}}::hc0a4963c59427c24
[INFO] [stdout]                                at /rustc/6067b36314ab5eb2eb47cecc464545ba58e1ad24/library/test/src/lib.rs:134:21
[INFO] [stdout]   12:     0x61e83af67d03 - <alloc::boxed::Box<F,A> as core::ops::function::Fn<Args>>::call::h591b2225413a77e9
[INFO] [stdout]                                at /rustc/6067b36314ab5eb2eb47cecc464545ba58e1ad24/library/alloc/src/boxed.rs:2027:9
[INFO] [stdout]   13:     0x61e83af67d03 - std::panicking::rust_panic_with_hook::h625eea43051b2edc
[INFO] [stdout]                                at /rustc/6067b36314ab5eb2eb47cecc464545ba58e1ad24/library/std/src/panicking.rs:839:13
[INFO] [stdout]   14:     0x61e83af679ba - std::panicking::begin_panic_handler::{{closure}}::h4f9159cfbc3f6bd3
[INFO] [stdout]                                at /rustc/6067b36314ab5eb2eb47cecc464545ba58e1ad24/library/std/src/panicking.rs:704:13
[INFO] [stdout]   15:     0x61e83af662e9 - std::sys::backtrace::__rust_end_short_backtrace::h0390abce48353151
[INFO] [stdout]                                at /rustc/6067b36314ab5eb2eb47cecc464545ba58e1ad24/library/std/src/sys/backtrace.rs:168:18
[INFO] [stdout]   16:     0x61e83af6764d - rust_begin_unwind
[INFO] [stdout]                                at /rustc/6067b36314ab5eb2eb47cecc464545ba58e1ad24/library/std/src/panicking.rs:695:5
[INFO] [stdout]   17:     0x61e83af8d320 - core::panicking::panic_fmt::h9e7c637e9e5f29c9
[INFO] [stdout]                                at /rustc/6067b36314ab5eb2eb47cecc464545ba58e1ad24/library/core/src/panicking.rs:75:14
[INFO] [stdout]   18:     0x61e83af8d796 - core::result::unwrap_failed::h7979f09313fe1849
[INFO] [stdout]                                at /rustc/6067b36314ab5eb2eb47cecc464545ba58e1ad24/library/core/src/result.rs:1704:5
[INFO] [stdout]   19:     0x61e83ac542d2 - core::result::Result<T,E>::unwrap::h2443acdbb18a05ce
[INFO] [stdout]                                at /rustc/6067b36314ab5eb2eb47cecc464545ba58e1ad24/library/core/src/result.rs:1109:23
[INFO] [stdout]   20:     0x61e83ac542d2 - geti::extraction_tests::tests::test_extract_contracts_specified_dir::h400ed280fa80dda9
[INFO] [stdout]                                at /opt/rustwide/workdir/src/extraction_tests.rs:20:9
[INFO] [stdout]   21:     0x61e83ac54227 - geti::extraction_tests::tests::test_extract_contracts_specified_dir::{{closure}}::had0a5b480aff0d2d
[INFO] [stdout]                                at /opt/rustwide/workdir/src/extraction_tests.rs:17:46
[INFO] [stdout]   22:     0x61e83ac528b6 - core::ops::function::FnOnce::call_once::h4de9c26336ba5192
[INFO] [stdout]                                at /rustc/6067b36314ab5eb2eb47cecc464545ba58e1ad24/library/core/src/ops/function.rs:250:5
[INFO] [stdout]   23:     0x61e83af0e84b - core::ops::function::FnOnce::call_once::he27718dfdd183f43
[INFO] [stdout]                                at /rustc/6067b36314ab5eb2eb47cecc464545ba58e1ad24/library/core/src/ops/function.rs:250:5
[INFO] [stdout]   24:     0x61e83af0e84b - test::__rust_begin_short_backtrace::h4e84902998457a5d
[INFO] [stdout]                                at /rustc/6067b36314ab5eb2eb47cecc464545ba58e1ad24/library/test/src/lib.rs:632:18
[INFO] [stdout]   25:     0x61e83af0d783 - test::run_test_in_process::{{closure}}::h7176fd18fc1feca0
[INFO] [stdout]                                at /rustc/6067b36314ab5eb2eb47cecc464545ba58e1ad24/library/test/src/lib.rs:655:60
[INFO] [stdout]   26:     0x61e83af0d783 - <core::panic::unwind_safe::AssertUnwindSafe<F> as core::ops::function::FnOnce<()>>::call_once::hf79cff2a624d8cf7
[INFO] [stdout]                                at /rustc/6067b36314ab5eb2eb47cecc464545ba58e1ad24/library/core/src/panic/unwind_safe.rs:272:9
[INFO] [stdout]   27:     0x61e83af0d783 - std::panicking::try::do_call::h3da0561d9ab99c25
[INFO] [stdout]                                at /rustc/6067b36314ab5eb2eb47cecc464545ba58e1ad24/library/std/src/panicking.rs:587:40
[INFO] [stdout]   28:     0x61e83af0d783 - std::panicking::try::h41c9fa508bc61df6
[INFO] [stdout]                                at /rustc/6067b36314ab5eb2eb47cecc464545ba58e1ad24/library/std/src/panicking.rs:550:19
[INFO] [stdout]   29:     0x61e83af0d783 - std::panic::catch_unwind::h6b3ff07bb5afad93
[INFO] [stdout]                                at /rustc/6067b36314ab5eb2eb47cecc464545ba58e1ad24/library/std/src/panic.rs:358:14
[INFO] [stdout]   30:     0x61e83af0d783 - test::run_test_in_process::hc7253dd11b39b9f4
[INFO] [stdout]                                at /rustc/6067b36314ab5eb2eb47cecc464545ba58e1ad24/library/test/src/lib.rs:655:27
[INFO] [stdout]   31:     0x61e83af0d783 - test::run_test::{{closure}}::hfb2007f8649c30bb
[INFO] [stdout]                                at /rustc/6067b36314ab5eb2eb47cecc464545ba58e1ad24/library/test/src/lib.rs:576:43
[INFO] [stdout]   32:     0x61e83aed0865 - test::run_test::{{closure}}::h56a17aa7a282a9f4
[INFO] [stdout]                                at /rustc/6067b36314ab5eb2eb47cecc464545ba58e1ad24/library/test/src/lib.rs:606:41
[INFO] [stdout]   33:     0x61e83aed0865 - std::sys::backtrace::__rust_begin_short_backtrace::hd2d2d2fb8e8c6aac
[INFO] [stdout]                                at /rustc/6067b36314ab5eb2eb47cecc464545ba58e1ad24/library/std/src/sys/backtrace.rs:152:18
[INFO] [stdout]   34:     0x61e83aed414a - std::thread::Builder::spawn_unchecked_::{{closure}}::{{closure}}::h4faa3f9db6133423
[INFO] [stdout]                                at /rustc/6067b36314ab5eb2eb47cecc464545ba58e1ad24/library/std/src/thread/mod.rs:559:17
[INFO] [stdout]   35:     0x61e83aed414a - <core::panic::unwind_safe::AssertUnwindSafe<F> as core::ops::function::FnOnce<()>>::call_once::hf2e855a36a4ea846
[INFO] [stdout]                                at /rustc/6067b36314ab5eb2eb47cecc464545ba58e1ad24/library/core/src/panic/unwind_safe.rs:272:9
[INFO] [stdout]   36:     0x61e83aed414a - std::panicking::try::do_call::h2f73af3616c35465
[INFO] [stdout]                                at /rustc/6067b36314ab5eb2eb47cecc464545ba58e1ad24/library/std/src/panicking.rs:587:40
[INFO] [stdout]   37:     0x61e83aed414a - std::panicking::try::hd1660ce9efadef5a
[INFO] [stdout]                                at /rustc/6067b36314ab5eb2eb47cecc464545ba58e1ad24/library/std/src/panicking.rs:550:19
[INFO] [stdout]   38:     0x61e83aed414a - std::panic::catch_unwind::h5ee8d7823b8ca744
[INFO] [stdout]                                at /rustc/6067b36314ab5eb2eb47cecc464545ba58e1ad24/library/std/src/panic.rs:358:14
[INFO] [stdout]   39:     0x61e83aed414a - std::thread::Builder::spawn_unchecked_::{{closure}}::h53c3a1894dce8407
[INFO] [stdout]                                at /rustc/6067b36314ab5eb2eb47cecc464545ba58e1ad24/library/std/src/thread/mod.rs:557:30
[INFO] [stdout]   40:     0x61e83aed414a - core::ops::function::FnOnce::call_once{{vtable.shim}}::h048ce291ad4f62bf
[INFO] [stdout]                                at /rustc/6067b36314ab5eb2eb47cecc464545ba58e1ad24/library/core/src/ops/function.rs:250:5
[INFO] [stdout]   41:     0x61e83af6c84b - <alloc::boxed::Box<F,A> as core::ops::function::FnOnce<Args>>::call_once::ha52bedf99a3b4981
[INFO] [stdout]                                at /rustc/6067b36314ab5eb2eb47cecc464545ba58e1ad24/library/alloc/src/boxed.rs:2013:9
[INFO] [stdout]   42:     0x61e83af6c84b - <alloc::boxed::Box<F,A> as core::ops::function::FnOnce<Args>>::call_once::h567748934d80ccf8
[INFO] [stdout]                                at /rustc/6067b36314ab5eb2eb47cecc464545ba58e1ad24/library/alloc/src/boxed.rs:2013:9
[INFO] [stdout]   43:     0x61e83af6c84b - std::sys::pal::unix::thread::Thread::new::thread_start::h2d970728ae887adc
[INFO] [stdout]                                at /rustc/6067b36314ab5eb2eb47cecc464545ba58e1ad24/library/std/src/sys/pal/unix/thread.rs:106:17
[INFO] [stdout]   44:     0x72fb5cdf2ac3 - <unknown>
[INFO] [stdout]   45:     0x72fb5ce83a04 - clone
[INFO] [stdout]   46:                0x0 - <unknown>
[INFO] [stdout] 
[INFO] [stdout] 
[INFO] [stdout] failures:
[INFO] [stdout]     extraction_tests::tests::test_extract_contracts_specified_dir
[INFO] [stdout] 
[INFO] [stdout] test result: FAILED. 1 passed; 1 failed; 0 ignored; 0 measured; 0 filtered out; finished in 0.11s
[INFO] [stdout] 
[INFO] [stderr] error: test failed, to rerun pass `--lib`
[INFO] running `Command { std: "docker" "inspect" "800c3070f96cd1cc87a15234262e7462bc2fb74a1e1af756a24e3461e31ec794", kill_on_drop: false }`
[INFO] running `Command { std: "docker" "rm" "-f" "800c3070f96cd1cc87a15234262e7462bc2fb74a1e1af756a24e3461e31ec794", kill_on_drop: false }`
[INFO] [stdout] 800c3070f96cd1cc87a15234262e7462bc2fb74a1e1af756a24e3461e31ec794
