[INFO] cloning repository https://github.com/gaucho-labs/tailwind-utils
[INFO] running `Command { std: "git" "-c" "credential.helper=" "-c" "credential.helper=/workspace/cargo-home/bin/git-credential-null" "clone" "--bare" "https://github.com/gaucho-labs/tailwind-utils" "/workspace/cache/git-repos/https%3A%2F%2Fgithub.com%2Fgaucho-labs%2Ftailwind-utils", kill_on_drop: false }`
[INFO] [stderr] Cloning into bare repository '/workspace/cache/git-repos/https%3A%2F%2Fgithub.com%2Fgaucho-labs%2Ftailwind-utils'...
[INFO] running `Command { std: "git" "rev-parse" "HEAD", kill_on_drop: false }`
[INFO] [stdout] 5bed822577cc0448ab006a12d11491168a725a27
[INFO] testing gaucho-labs/tailwind-utils against nightly-2025-01-18 for randomize-layout-2
[INFO] running `Command { std: "git" "clone" "/workspace/cache/git-repos/https%3A%2F%2Fgithub.com%2Fgaucho-labs%2Ftailwind-utils" "/workspace/builds/worker-5-tc1/source", kill_on_drop: false }`
[INFO] [stderr] Cloning into '/workspace/builds/worker-5-tc1/source'...
[INFO] [stderr] done.
[INFO] validating manifest of git repo https://github.com/gaucho-labs/tailwind-utils on toolchain nightly-2025-01-18
[INFO] running `Command { std: CARGO_HOME="/workspace/cargo-home" RUSTUP_HOME="/workspace/rustup-home" "/workspace/cargo-home/bin/cargo" "+nightly-2025-01-18" "metadata" "--manifest-path" "Cargo.toml" "--no-deps", kill_on_drop: false }`
[INFO] started tweaking git repo https://github.com/gaucho-labs/tailwind-utils
[INFO] finished tweaking git repo https://github.com/gaucho-labs/tailwind-utils
[INFO] tweaked toml for git repo https://github.com/gaucho-labs/tailwind-utils written to /workspace/builds/worker-5-tc1/source/Cargo.toml
[INFO] crate git repo https://github.com/gaucho-labs/tailwind-utils already has a lockfile, it will not be regenerated
[INFO] running `Command { std: CARGO_HOME="/workspace/cargo-home" RUSTUP_HOME="/workspace/rustup-home" "/workspace/cargo-home/bin/cargo" "+nightly-2025-01-18" "fetch" "--manifest-path" "Cargo.toml", kill_on_drop: false }`
[INFO] [stderr]     Updating crates.io index
[INFO] [stderr]  Downloading crates ...
[INFO] [stderr]   Downloaded condtype v1.3.0
[INFO] [stderr]   Downloaded divan-macros v0.1.14
[INFO] [stderr]   Downloaded divan v0.1.14
[INFO] running `Command { std: "docker" "create" "-v" "/var/lib/crater-agent-workspace/builds/worker-5-tc1/target:/opt/rustwide/target:rw,Z" "-v" "/var/lib/crater-agent-workspace/builds/worker-5-tc1/source:/opt/rustwide/workdir:ro,Z" "-v" "/var/lib/crater-agent-workspace/cargo-home:/opt/rustwide/cargo-home:ro,Z" "-v" "/var/lib/crater-agent-workspace/rustup-home:/opt/rustwide/rustup-home:ro,Z" "-e" "SOURCE_DIR=/opt/rustwide/workdir" "-e" "CARGO_TARGET_DIR=/opt/rustwide/target" "-e" "CARGO_HOME=/opt/rustwide/cargo-home" "-e" "RUSTUP_HOME=/opt/rustwide/rustup-home" "-w" "/opt/rustwide/workdir" "-m" "1610612736" "--user" "0:0" "--network" "none" "ghcr.io/rust-lang/crates-build-env/linux@sha256:819108c5571ea2e421544af4d832f968d213c87fbe3707a016657f43d2f853bc" "/opt/rustwide/cargo-home/bin/cargo" "+nightly-2025-01-18" "metadata" "--no-deps" "--format-version=1", kill_on_drop: false }`
[INFO] [stdout] 98474eeb1350a1d45817314e25bfb13724e38abb393a1fac8e2e1685724d1126
[INFO] running `Command { std: "docker" "start" "-a" "98474eeb1350a1d45817314e25bfb13724e38abb393a1fac8e2e1685724d1126", kill_on_drop: false }`
[INFO] running `Command { std: "docker" "inspect" "98474eeb1350a1d45817314e25bfb13724e38abb393a1fac8e2e1685724d1126", kill_on_drop: false }`
[INFO] running `Command { std: "docker" "rm" "-f" "98474eeb1350a1d45817314e25bfb13724e38abb393a1fac8e2e1685724d1126", kill_on_drop: false }`
[INFO] [stdout] 98474eeb1350a1d45817314e25bfb13724e38abb393a1fac8e2e1685724d1126
[INFO] running `Command { std: "docker" "create" "-v" "/var/lib/crater-agent-workspace/builds/worker-5-tc1/target:/opt/rustwide/target:rw,Z" "-v" "/var/lib/crater-agent-workspace/builds/worker-5-tc1/source:/opt/rustwide/workdir:ro,Z" "-v" "/var/lib/crater-agent-workspace/cargo-home:/opt/rustwide/cargo-home:ro,Z" "-v" "/var/lib/crater-agent-workspace/rustup-home:/opt/rustwide/rustup-home:ro,Z" "-e" "SOURCE_DIR=/opt/rustwide/workdir" "-e" "CARGO_TARGET_DIR=/opt/rustwide/target" "-e" "CARGO_INCREMENTAL=0" "-e" "RUST_BACKTRACE=full" "-e" "RUSTFLAGS=--cap-lints=forbid" "-e" "RUSTDOCFLAGS=--cap-lints=forbid" "-e" "CARGO_HOME=/opt/rustwide/cargo-home" "-e" "RUSTUP_HOME=/opt/rustwide/rustup-home" "-w" "/opt/rustwide/workdir" "-m" "1610612736" "--user" "0:0" "--network" "none" "ghcr.io/rust-lang/crates-build-env/linux@sha256:819108c5571ea2e421544af4d832f968d213c87fbe3707a016657f43d2f853bc" "/opt/rustwide/cargo-home/bin/cargo" "+nightly-2025-01-18" "build" "--frozen" "--message-format=json", kill_on_drop: false }`
[INFO] [stdout] f2f2fe495fb079202b331b577ea9d4db2c87869645b25e75350f673529a362af
[INFO] running `Command { std: "docker" "start" "-a" "f2f2fe495fb079202b331b577ea9d4db2c87869645b25e75350f673529a362af", kill_on_drop: false }`
[INFO] [stderr]    Compiling proc-macro2 v1.0.78
[INFO] [stderr]    Compiling unicode-ident v1.0.12
[INFO] [stderr]    Compiling strsim v0.10.0
[INFO] [stderr]    Compiling ident_case v1.0.1
[INFO] [stderr]    Compiling fnv v1.0.7
[INFO] [stderr]    Compiling minimal-lexical v0.2.1
[INFO] [stderr]    Compiling memchr v2.7.1
[INFO] [stderr]    Compiling nom v7.1.3
[INFO] [stderr]    Compiling quote v1.0.35
[INFO] [stderr]    Compiling syn v2.0.52
[INFO] [stderr]    Compiling tailwind_fuse v0.3.2 (/opt/rustwide/workdir/fuse)
[INFO] [stderr]    Compiling darling_core v0.20.8
[INFO] [stderr]    Compiling darling_macro v0.20.8
[INFO] [stderr]    Compiling darling v0.20.8
[INFO] [stderr]    Compiling tailwind_fuse_macro v0.3.2 (/opt/rustwide/workdir/variant-macro)
[INFO] [stderr]     Finished `dev` profile [unoptimized + debuginfo] target(s) in 9.71s
[INFO] running `Command { std: "docker" "inspect" "f2f2fe495fb079202b331b577ea9d4db2c87869645b25e75350f673529a362af", kill_on_drop: false }`
[INFO] running `Command { std: "docker" "rm" "-f" "f2f2fe495fb079202b331b577ea9d4db2c87869645b25e75350f673529a362af", kill_on_drop: false }`
[INFO] [stdout] f2f2fe495fb079202b331b577ea9d4db2c87869645b25e75350f673529a362af
[INFO] running `Command { std: "docker" "create" "-v" "/var/lib/crater-agent-workspace/builds/worker-5-tc1/target:/opt/rustwide/target:rw,Z" "-v" "/var/lib/crater-agent-workspace/builds/worker-5-tc1/source:/opt/rustwide/workdir:ro,Z" "-v" "/var/lib/crater-agent-workspace/cargo-home:/opt/rustwide/cargo-home:ro,Z" "-v" "/var/lib/crater-agent-workspace/rustup-home:/opt/rustwide/rustup-home:ro,Z" "-e" "SOURCE_DIR=/opt/rustwide/workdir" "-e" "CARGO_TARGET_DIR=/opt/rustwide/target" "-e" "CARGO_INCREMENTAL=0" "-e" "RUST_BACKTRACE=full" "-e" "RUSTFLAGS=--cap-lints=forbid" "-e" "RUSTDOCFLAGS=--cap-lints=forbid" "-e" "CARGO_HOME=/opt/rustwide/cargo-home" "-e" "RUSTUP_HOME=/opt/rustwide/rustup-home" "-w" "/opt/rustwide/workdir" "-m" "1610612736" "--user" "0:0" "--network" "none" "ghcr.io/rust-lang/crates-build-env/linux@sha256:819108c5571ea2e421544af4d832f968d213c87fbe3707a016657f43d2f853bc" "/opt/rustwide/cargo-home/bin/cargo" "+nightly-2025-01-18" "test" "--frozen" "--no-run" "--message-format=json", kill_on_drop: false }`
[INFO] [stdout] 108ea0cafedd3306969eb0b52a98d0fcdcf11efd74cebbd52691c1a7bf4bce98
[INFO] running `Command { std: "docker" "start" "-a" "108ea0cafedd3306969eb0b52a98d0fcdcf11efd74cebbd52691c1a7bf4bce98", kill_on_drop: false }`
[INFO] [stderr]    Compiling rustix v0.38.31
[INFO] [stderr]    Compiling linux-raw-sys v0.4.13
[INFO] [stderr]    Compiling bitflags v2.4.2
[INFO] [stderr]    Compiling libc v0.2.153
[INFO] [stderr]    Compiling clap_lex v0.7.0
[INFO] [stderr]    Compiling anstyle v1.0.6
[INFO] [stderr]    Compiling divan-macros v0.1.14
[INFO] [stderr]    Compiling cfg-if v1.0.0
[INFO] [stderr]    Compiling regex-lite v0.1.5
[INFO] [stderr]    Compiling condtype v1.3.0
[INFO] [stderr]    Compiling fastrand v2.0.1
[INFO] [stderr]    Compiling tailwind_fuse_macro v0.3.2 (/opt/rustwide/workdir/variant-macro)
[INFO] [stderr]    Compiling terminal_size v0.3.0
[INFO] [stderr]    Compiling clap_builder v4.5.1
[INFO] [stderr]    Compiling clap v4.5.1
[INFO] [stderr]    Compiling divan v0.1.14
[INFO] [stderr]    Compiling tailwind_fuse v0.3.2 (/opt/rustwide/workdir/fuse)
[INFO] [stderr]     Finished `test` profile [unoptimized + debuginfo] target(s) in 10.67s
[INFO] running `Command { std: "docker" "inspect" "108ea0cafedd3306969eb0b52a98d0fcdcf11efd74cebbd52691c1a7bf4bce98", kill_on_drop: false }`
[INFO] running `Command { std: "docker" "rm" "-f" "108ea0cafedd3306969eb0b52a98d0fcdcf11efd74cebbd52691c1a7bf4bce98", kill_on_drop: false }`
[INFO] [stdout] 108ea0cafedd3306969eb0b52a98d0fcdcf11efd74cebbd52691c1a7bf4bce98
[INFO] running `Command { std: "docker" "create" "-v" "/var/lib/crater-agent-workspace/builds/worker-5-tc1/target:/opt/rustwide/target:rw,Z" "-v" "/var/lib/crater-agent-workspace/builds/worker-5-tc1/source:/opt/rustwide/workdir:ro,Z" "-v" "/var/lib/crater-agent-workspace/cargo-home:/opt/rustwide/cargo-home:ro,Z" "-v" "/var/lib/crater-agent-workspace/rustup-home:/opt/rustwide/rustup-home:ro,Z" "-e" "SOURCE_DIR=/opt/rustwide/workdir" "-e" "CARGO_TARGET_DIR=/opt/rustwide/target" "-e" "CARGO_INCREMENTAL=0" "-e" "RUST_BACKTRACE=full" "-e" "RUSTFLAGS=--cap-lints=forbid" "-e" "RUSTDOCFLAGS=--cap-lints=forbid" "-e" "CARGO_HOME=/opt/rustwide/cargo-home" "-e" "RUSTUP_HOME=/opt/rustwide/rustup-home" "-w" "/opt/rustwide/workdir" "-m" "1610612736" "--user" "0:0" "--network" "none" "ghcr.io/rust-lang/crates-build-env/linux@sha256:819108c5571ea2e421544af4d832f968d213c87fbe3707a016657f43d2f853bc" "/opt/rustwide/cargo-home/bin/cargo" "+nightly-2025-01-18" "test" "--frozen", kill_on_drop: false }`
[INFO] [stdout] d883eb2b27ad0bc4dc6486e1f958b76661fb929297473cbbc6a95e5be0e5cdb4
[INFO] running `Command { std: "docker" "start" "-a" "d883eb2b27ad0bc4dc6486e1f958b76661fb929297473cbbc6a95e5be0e5cdb4", kill_on_drop: false }`
[INFO] [stderr]     Finished `test` profile [unoptimized + debuginfo] target(s) in 0.11s
[INFO] [stderr]      Running unittests src/lib.rs (/opt/rustwide/target/debug/deps/tailwind_fuse-8eb2bd4d64a0671d)
[INFO] [stdout] 
[INFO] [stdout] running 30 tests
[INFO] [stdout] test ast::parser::test::arbitrary_variants ... ok
[INFO] [stdout] test ast::parser::test::multiple_variants ... ok
[INFO] [stdout] test ast::parser::test::basic_parse ... ok
[INFO] [stdout] test ast::parser::test::aria_attributes ... ok
[INFO] [stdout] test ast::parser::test::test_take_until_unbalanced ... ok
[INFO] [stdout] test ast::parser::test::test_with_options ... ok
[INFO] [stdout] test ast::parser::test::test_arbitrary_variant_parse ... ok
[INFO] [stdout] test ast::parser::test::test_with_important ... ok
[INFO] [stdout] test core::merge::get_collision_id::test::parse_border_color_arb ... ok
[INFO] [stdout] test core::merge::get_collision_id::test::parse_inset ... ok
[INFO] [stdout] test core::merge::get_collision_id::test::parse_margin_arb ... ok
[INFO] [stdout] test ast::parser::test::test_double_arbitrary ... ok
[INFO] [stdout] test core::merge::get_collision_id::test::parse_margin ... ok
[INFO] [stdout] test ast::parser::test::test_nested_variants ... ok
[INFO] [stdout] test ast::parser::test::non_tailwind ... ok
[INFO] [stdout] test ast::parser::test::test_variants ... ok
[INFO] [stdout] test ast::parser::test::test_data_attribute ... ok
[INFO] [stdout] test core::merge::validators::length::num_len ... ok
[INFO] [stdout] test core::merge::validators::color::not_len ... ok
[INFO] [stdout] test core::merge::validators::arbitrary::test_arb ... ok
[INFO] [stdout] test core::join::join ... ok
[INFO] [stdout] test core::merge::validators::test_invalid_single_digit_decimal ... ok
[INFO] [stdout] test core::merge::get_collision_id::test::parse_stroke ... ok
[INFO] [stdout] test core::merge::get_collision_id::test::test_len ... ok
[INFO] [stdout] test core::merge::merge_impl::check_arbitrary ... ok
[INFO] [stdout] test core::merge::get_collision_id::test::parse_text_color ... ok
[INFO] [stdout] test ast::parser::test::parse_with_negative ... ok
[INFO] [stdout] test core::merge::validators::length::len ... ok
[INFO] [stdout] test core::merge::validators::test_valid_single_digit_decimal ... ok
[INFO] [stdout] test core::merge::get_collision_id::test::parse_len ... ok
[INFO] [stdout] 
[INFO] [stdout] test result: ok. 30 passed; 0 failed; 0 ignored; 0 measured; 0 filtered out; finished in 0.03s
[INFO] [stdout] 
[INFO] [stderr]      Running tests/group_conflicts.rs (/opt/rustwide/target/debug/deps/group_conflicts-d27d4540cb6eeab7)
[INFO] [stdout] 
[INFO] [stdout] running 21 tests
[INFO] [stdout] test handles_negative_value_conflicts_correctly ... ok
[INFO] [stdout] test merges_classes_from_font_variant_numeric_section_correctly ... ok
[INFO] [stdout] test merges_classes_from_same_group_correctly ... ok
[INFO] [stdout] test ring_and_shadow_classes_do_not_create_conflict ... ok
[INFO] [stdout] test stroke_width ... ok
[INFO] [stdout] test handles_conflicts_across_class_groups_correctly ... ok
[INFO] [stdout] test line_clamp_classes_do_create_conflicts_correctly ... ok
[INFO] [stdout] test test_group_data_important_modifiers ... ok
[INFO] [stdout] test handles_color_conflicts_properly ... ok
[INFO] [stdout] test test_tw_merge_border_width_color ... ok
[INFO] [stdout] test test_tw_merge_grayscale ... ok
[INFO] [stdout] test test_line_height_font_size ... ok
[INFO] [stdout] test test_tw_merge_mixed_blend ... ok
[INFO] [stdout] test tailwind_3_4 ... ok
[INFO] [stdout] test test_gap_narrowing ... ok
[INFO] [stdout] test test_tw_merge_outline ... ok
[INFO] [stdout] test text_color_font_size ... ok
[INFO] [stdout] test touch_classes_do_create_conflicts_correctly ... ok
[INFO] [stdout] test test_padding_narrowing ... ok
[INFO] [stdout] test test_tw_merge_stroke ... ok
[INFO] [stdout] test test_tw_merge_height ... ok
[INFO] [stdout] 
[INFO] [stdout] test result: ok. 21 passed; 0 failed; 0 ignored; 0 measured; 0 filtered out; finished in 0.01s
[INFO] [stdout] 
[INFO] [stderr]      Running tests/merge.rs (/opt/rustwide/target/debug/deps/merge-365265375dbb1647)
[INFO] [stdout] 
[INFO] [stdout] running 24 tests
[INFO] [stdout] test arbitrary_variants_with_attribute_selectors ... ok
[INFO] [stdout] test basic_arbitrary_variants ... ok
[INFO] [stdout] test aspect_ratio ... ok
[INFO] [stdout] test arbitrary_property_conflicts ... ok
[INFO] [stdout] test columns ... ok
[INFO] [stdout] test handles_arbitrary_length_conflicts_with_labels_and_modifiers_correctly ... ok
[INFO] [stdout] test arbitrary_variants_with_complex_syntax_in_them ... ok
[INFO] [stdout] test handles_ambiguous_arbitrary_values_correctly ... ok
[INFO] [stdout] test merges_tailwind_classes_with_important_modifier_correctly ... ok
[INFO] [stdout] test arbitrary_variants_with_multiple_attribute_selectors ... ok
[INFO] [stdout] test multiple_arbitrary_variants ... ok
[INFO] [stdout] test invalid_class ... ok
[INFO] [stdout] test handles_complex_arbitrary_value_conflicts_correctly ... ok
[INFO] [stdout] test merges_content_utilities_correctly ... ok
[INFO] [stdout] test handles_color_conflicts_properly ... ok
[INFO] [stdout] test test_data_attributes ... ok
[INFO] [stdout] test test_negative_values ... ok
[INFO] [stdout] test test_tw_merge ... ok
[INFO] [stdout] test merges_classes_with_per_side_border_colors_correctly ... ok
[INFO] [stdout] test test_conflict ... ok
[INFO] [stdout] test test_merge_with_non_tailwind ... ok
[INFO] [stdout] test test_conflict_with_modifiers ... ok
[INFO] [stdout] test arbitrary_variants_with_modifiers ... ok
[INFO] [stdout] test test_conflict_with_arbitrary_values ... ok
[INFO] [stdout] 
[INFO] [stdout] test result: ok. 24 passed; 0 failed; 0 ignored; 0 measured; 0 filtered out; finished in 0.02s
[INFO] [stdout] 
[INFO] [stderr]      Running tests/override.rs (/opt/rustwide/target/debug/deps/override-929ecebec9a7896b)
[INFO] [stdout] 
[INFO] [stdout] running 2 tests
[INFO] [stdout] test test_override_config ... ok
[INFO] [stdout] test test_collisions ... ok
[INFO] [stdout] 
[INFO] [stdout] test result: ok. 2 passed; 0 failed; 0 ignored; 0 measured; 0 filtered out; finished in 0.01s
[INFO] [stderr]      Running tests/variant_macro.rs (/opt/rustwide/target/debug/deps/variant_macro-d00a6efc8091520e)
[INFO] [stdout] 
[INFO] [stderr]      Running unittests src/lib.rs (/opt/rustwide/target/debug/deps/tailwind_fuse_macro-2bc67454e7147cda)
[INFO] [stdout] 
[INFO] [stdout] running 0 tests
[INFO] [stdout] 
[INFO] [stdout] test result: ok. 0 passed; 0 failed; 0 ignored; 0 measured; 0 filtered out; finished in 0.00s
[INFO] [stdout] 
[INFO] [stdout] 
[INFO] [stdout] running 0 tests
[INFO] [stdout] 
[INFO] [stdout] test result: ok. 0 passed; 0 failed; 0 ignored; 0 measured; 0 filtered out; finished in 0.00s
[INFO] [stdout] 
[INFO] [stderr]    Doc-tests tailwind_fuse
[INFO] [stdout] 
[INFO] [stdout] running 8 tests
[INFO] [stdout] test fuse/src/lib.rs - (line 198) ... FAILED
[INFO] [stdout] test fuse/src/lib.rs - (line 114) ... FAILED
[INFO] [stdout] test fuse/src/core/merge/mod.rs - core::merge::tw_merge_slice_options (line 76) ... ok
[INFO] [stdout] test fuse/src/lib.rs - (line 150) ... FAILED
[INFO] [stdout] test fuse/src/core/merge/mod.rs - core::merge::tw_merge_options (line 48) ... ok
[INFO] [stdout] test fuse/src/lib.rs - (line 63) ... ok
[INFO] [stdout] test fuse/src/lib.rs - (line 78) ... ok
[INFO] [stdout] test fuse/src/lib.rs - (line 38) ... ok
[INFO] [stdout] 
[INFO] [stdout] failures:
[INFO] [stdout] 
[INFO] [stdout] ---- fuse/src/lib.rs - (line 198) stdout ----
[INFO] [stdout] error: cannot find derive macro `TwClass` in this scope
[INFO] [stdout]  --> fuse/src/lib.rs:202:10
[INFO] [stdout]   |
[INFO] [stdout] 7 | #[derive(TwClass)]
[INFO] [stdout]   |          ^^^^^^^
[INFO] [stdout] 
[INFO] [stdout] error: cannot find attribute `tw` in this scope
[INFO] [stdout]  --> fuse/src/lib.rs:204:3
[INFO] [stdout]   |
[INFO] [stdout] 9 | #[tw(class = "flex")]
[INFO] [stdout]   |   ^^
[INFO] [stdout] 
[INFO] [stdout] error: cannot find derive macro `TwVariant` in this scope
[INFO] [stdout]   --> fuse/src/lib.rs:211:10
[INFO] [stdout]    |
[INFO] [stdout] 16 | #[derive(TwVariant)]
[INFO] [stdout]    |          ^^^^^^^^^
[INFO] [stdout] 
[INFO] [stdout] error: cannot find attribute `tw` in this scope
[INFO] [stdout]   --> fuse/src/lib.rs:213:7
[INFO] [stdout]    |
[INFO] [stdout] 18 |     #[tw(default, class = "h-9 px-4 py-2")]
[INFO] [stdout]    |       ^^
[INFO] [stdout] 
[INFO] [stdout] error: cannot find attribute `tw` in this scope
[INFO] [stdout]   --> fuse/src/lib.rs:215:7
[INFO] [stdout]    |
[INFO] [stdout] 20 |     #[tw(class = "h-8 px-3")]
[INFO] [stdout]    |       ^^
[INFO] [stdout] 
[INFO] [stdout] error: cannot find attribute `tw` in this scope
[INFO] [stdout]   --> fuse/src/lib.rs:217:7
[INFO] [stdout]    |
[INFO] [stdout] 22 |     #[tw(class = "h-10 px-8")]
[INFO] [stdout]    |       ^^
[INFO] [stdout] 
[INFO] [stdout] error: cannot find derive macro `TwVariant` in this scope
[INFO] [stdout]   --> fuse/src/lib.rs:222:10
[INFO] [stdout]    |
[INFO] [stdout] 27 | #[derive(TwVariant)]
[INFO] [stdout]    |          ^^^^^^^^^
[INFO] [stdout] 
[INFO] [stdout] error: cannot find attribute `tw` in this scope
[INFO] [stdout]   --> fuse/src/lib.rs:224:7
[INFO] [stdout]    |
[INFO] [stdout] 29 |     #[tw(default, class = "bg-blue-500 text-blue-100")]
[INFO] [stdout]    |       ^^
[INFO] [stdout] 
[INFO] [stdout] error: cannot find attribute `tw` in this scope
[INFO] [stdout]   --> fuse/src/lib.rs:226:7
[INFO] [stdout]    |
[INFO] [stdout] 31 |     #[tw(class = "bg-red-500 text-red-100")]
[INFO] [stdout]    |       ^^
[INFO] [stdout] 
[INFO] [stdout] error[E0599]: no function or associated item named `builder` found for struct `Btn` in the current scope
[INFO] [stdout]   --> fuse/src/lib.rs:232:9
[INFO] [stdout]    |
[INFO] [stdout] 10 | struct Btn {
[INFO] [stdout]    | ---------- function or associated item `builder` not found for this struct
[INFO] [stdout] ...
[INFO] [stdout] 37 |    Btn::builder()
[INFO] [stdout]    |         ^^^^^^^ function or associated item not found in `Btn`
[INFO] [stdout] 
[INFO] [stdout] error[E0599]: no function or associated item named `builder` found for struct `Btn` in the current scope
[INFO] [stdout]   --> fuse/src/lib.rs:240:9
[INFO] [stdout]    |
[INFO] [stdout] 10 | struct Btn {
[INFO] [stdout]    | ---------- function or associated item `builder` not found for this struct
[INFO] [stdout] ...
[INFO] [stdout] 45 |    Btn::builder()
[INFO] [stdout]    |         ^^^^^^^ function or associated item not found in `Btn`
[INFO] [stdout] 
[INFO] [stdout] error: aborting due to 11 previous errors
[INFO] [stdout] 
[INFO] [stdout] For more information about this error, try `rustc --explain E0599`.
[INFO] [stdout] Couldn't compile the test.
[INFO] [stdout] ---- fuse/src/lib.rs - (line 114) stdout ----
[INFO] [stdout] error: cannot find derive macro `TwVariant` in this scope
[INFO] [stdout]   --> fuse/src/lib.rs:139:10
[INFO] [stdout]    |
[INFO] [stdout] 28 | #[derive(TwVariant)]
[INFO] [stdout]    |          ^^^^^^^^^
[INFO] [stdout] 
[INFO] [stdout] error: cannot find attribute `tw` in this scope
[INFO] [stdout]   --> fuse/src/lib.rs:141:7
[INFO] [stdout]    |
[INFO] [stdout] 30 |     #[tw(default, class = "bg-blue-500 text-blue-100")]
[INFO] [stdout]    |       ^^
[INFO] [stdout] 
[INFO] [stdout] error: cannot find attribute `tw` in this scope
[INFO] [stdout]   --> fuse/src/lib.rs:143:7
[INFO] [stdout]    |
[INFO] [stdout] 32 |     #[tw(class = "bg-red-500 text-red-100")]
[INFO] [stdout]    |       ^^
[INFO] [stdout] 
[INFO] [stdout] error: cannot find derive macro `TwVariant` in this scope
[INFO] [stdout]   --> fuse/src/lib.rs:128:10
[INFO] [stdout]    |
[INFO] [stdout] 17 | #[derive(TwVariant)]
[INFO] [stdout]    |          ^^^^^^^^^
[INFO] [stdout] 
[INFO] [stdout] error: cannot find attribute `tw` in this scope
[INFO] [stdout]   --> fuse/src/lib.rs:130:7
[INFO] [stdout]    |
[INFO] [stdout] 19 |     #[tw(default, class = "h-9 px-4 py-2")]
[INFO] [stdout]    |       ^^
[INFO] [stdout] 
[INFO] [stdout] error: cannot find attribute `tw` in this scope
[INFO] [stdout]   --> fuse/src/lib.rs:132:7
[INFO] [stdout]    |
[INFO] [stdout] 21 |     #[tw(class = "h-8 px-3")]
[INFO] [stdout]    |       ^^
[INFO] [stdout] 
[INFO] [stdout] error: cannot find attribute `tw` in this scope
[INFO] [stdout]   --> fuse/src/lib.rs:134:7
[INFO] [stdout]    |
[INFO] [stdout] 23 |     #[tw(class = "h-10 px-8")]
[INFO] [stdout]    |       ^^
[INFO] [stdout] 
[INFO] [stdout] error: cannot find derive macro `TwClass` in this scope
[INFO] [stdout]  --> fuse/src/lib.rs:119:10
[INFO] [stdout]   |
[INFO] [stdout] 8 | #[derive(TwClass)]
[INFO] [stdout]   |          ^^^^^^^
[INFO] [stdout] 
[INFO] [stdout] error: cannot find attribute `tw` in this scope
[INFO] [stdout]   --> fuse/src/lib.rs:121:3
[INFO] [stdout]    |
[INFO] [stdout] 10 | #[tw(class = "flex")]
[INFO] [stdout]    |   ^^
[INFO] [stdout] 
[INFO] [stdout] error: aborting due to 9 previous errors
[INFO] [stdout] 
[INFO] [stdout] Couldn't compile the test.
[INFO] [stdout] ---- fuse/src/lib.rs - (line 150) stdout ----
[INFO] [stdout] error: cannot find derive macro `TwClass` in this scope
[INFO] [stdout]  --> fuse/src/lib.rs:154:10
[INFO] [stdout]   |
[INFO] [stdout] 7 | #[derive(TwClass)]
[INFO] [stdout]   |          ^^^^^^^
[INFO] [stdout] 
[INFO] [stdout] error: cannot find attribute `tw` in this scope
[INFO] [stdout]  --> fuse/src/lib.rs:156:3
[INFO] [stdout]   |
[INFO] [stdout] 9 | #[tw(class = "flex")]
[INFO] [stdout]   |   ^^
[INFO] [stdout] 
[INFO] [stdout] error: cannot find derive macro `TwVariant` in this scope
[INFO] [stdout]   --> fuse/src/lib.rs:162:10
[INFO] [stdout]    |
[INFO] [stdout] 15 | #[derive(TwVariant)]
[INFO] [stdout]    |          ^^^^^^^^^
[INFO] [stdout] 
[INFO] [stdout] error: cannot find attribute `tw` in this scope
[INFO] [stdout]   --> fuse/src/lib.rs:164:7
[INFO] [stdout]    |
[INFO] [stdout] 17 |     #[tw(default, class = "h-9 px-4 py-2")]
[INFO] [stdout]    |       ^^
[INFO] [stdout] 
[INFO] [stdout] error: cannot find attribute `tw` in this scope
[INFO] [stdout]   --> fuse/src/lib.rs:166:7
[INFO] [stdout]    |
[INFO] [stdout] 19 |     #[tw(class = "h-8 px-3")]
[INFO] [stdout]    |       ^^
[INFO] [stdout] 
[INFO] [stdout] error: cannot find attribute `tw` in this scope
[INFO] [stdout]   --> fuse/src/lib.rs:168:7
[INFO] [stdout]    |
[INFO] [stdout] 21 |     #[tw(class = "h-10 px-8")]
[INFO] [stdout]    |       ^^
[INFO] [stdout] 
[INFO] [stdout] error: cannot find derive macro `TwVariant` in this scope
[INFO] [stdout]   --> fuse/src/lib.rs:172:10
[INFO] [stdout]    |
[INFO] [stdout] 25 | #[derive(TwVariant)]
[INFO] [stdout]    |          ^^^^^^^^^
[INFO] [stdout] 
[INFO] [stdout] error: cannot find attribute `tw` in this scope
[INFO] [stdout]   --> fuse/src/lib.rs:174:7
[INFO] [stdout]    |
[INFO] [stdout] 27 |     #[tw(default, class = "bg-blue-500 text-blue-100")]
[INFO] [stdout]    |       ^^
[INFO] [stdout] 
[INFO] [stdout] error: cannot find attribute `tw` in this scope
[INFO] [stdout]   --> fuse/src/lib.rs:176:7
[INFO] [stdout]    |
[INFO] [stdout] 29 |     #[tw(class = "bg-red-500 text-red-100")]
[INFO] [stdout]    |       ^^
[INFO] [stdout] 
[INFO] [stdout] error[E0599]: no method named `to_class` found for struct `Btn` in the current scope
[INFO] [stdout]   --> fuse/src/lib.rs:186:11
[INFO] [stdout]    |
[INFO] [stdout] 10 | struct Btn {
[INFO] [stdout]    | ---------- method `to_class` not found for this struct
[INFO] [stdout] ...
[INFO] [stdout] 39 |    button.to_class()
[INFO] [stdout]    |           ^^^^^^^^ method not found in `Btn`
[INFO] [stdout] 
[INFO] [stdout] error[E0599]: no method named `with_class` found for struct `Btn` in the current scope
[INFO] [stdout]   --> fuse/src/lib.rs:192:11
[INFO] [stdout]    |
[INFO] [stdout] 10 | struct Btn {
[INFO] [stdout]    | ---------- method `with_class` not found for this struct
[INFO] [stdout] ...
[INFO] [stdout] 45 |    button.with_class("bg-green-500")
[INFO] [stdout]    |           ^^^^^^^^^^ method not found in `Btn`
[INFO] [stdout] 
[INFO] [stdout] error: aborting due to 11 previous errors
[INFO] [stdout] 
[INFO] [stdout] For more information about this error, try `rustc --explain E0599`.
[INFO] [stdout] Couldn't compile the test.
[INFO] [stdout] 
[INFO] [stdout] failures:
[INFO] [stdout]     fuse/src/lib.rs - (line 114)
[INFO] [stdout]     fuse/src/lib.rs - (line 150)
[INFO] [stdout]     fuse/src/lib.rs - (line 198)
[INFO] [stdout] 
[INFO] [stdout] test result: FAILED. 5 passed; 3 failed; 0 ignored; 0 measured; 0 filtered out; finished in 0.85s
[INFO] [stdout] 
[INFO] [stderr] error: doctest failed, to rerun pass `-p tailwind_fuse --doc`
[INFO] running `Command { std: "docker" "inspect" "d883eb2b27ad0bc4dc6486e1f958b76661fb929297473cbbc6a95e5be0e5cdb4", kill_on_drop: false }`
[INFO] running `Command { std: "docker" "rm" "-f" "d883eb2b27ad0bc4dc6486e1f958b76661fb929297473cbbc6a95e5be0e5cdb4", kill_on_drop: false }`
[INFO] [stdout] d883eb2b27ad0bc4dc6486e1f958b76661fb929297473cbbc6a95e5be0e5cdb4
