[INFO] cloning repository https://github.com/gab50000/AdventOfCode2020
[INFO] running `Command { std: "git" "-c" "credential.helper=" "-c" "credential.helper=/workspace/cargo-home/bin/git-credential-null" "clone" "--bare" "https://github.com/gab50000/AdventOfCode2020" "/workspace/cache/git-repos/https%3A%2F%2Fgithub.com%2Fgab50000%2FAdventOfCode2020", kill_on_drop: false }`
[INFO] [stderr] Cloning into bare repository '/workspace/cache/git-repos/https%3A%2F%2Fgithub.com%2Fgab50000%2FAdventOfCode2020'...
[INFO] running `Command { std: "git" "rev-parse" "HEAD", kill_on_drop: false }`
[INFO] [stdout] e34ff86b135de8bb71d9c0cc4abd7dee821ccdc9
[INFO] testing gab50000/AdventOfCode2020 against nightly-2025-01-18 for randomize-layout-2
[INFO] running `Command { std: "git" "clone" "/workspace/cache/git-repos/https%3A%2F%2Fgithub.com%2Fgab50000%2FAdventOfCode2020" "/workspace/builds/worker-0-tc1/source", kill_on_drop: false }`
[INFO] [stderr] Cloning into '/workspace/builds/worker-0-tc1/source'...
[INFO] [stderr] done.
[INFO] validating manifest of git repo https://github.com/gab50000/AdventOfCode2020 on toolchain nightly-2025-01-18
[INFO] running `Command { std: CARGO_HOME="/workspace/cargo-home" RUSTUP_HOME="/workspace/rustup-home" "/workspace/cargo-home/bin/cargo" "+nightly-2025-01-18" "metadata" "--manifest-path" "Cargo.toml" "--no-deps", kill_on_drop: false }`
[INFO] started tweaking git repo https://github.com/gab50000/AdventOfCode2020
[INFO] finished tweaking git repo https://github.com/gab50000/AdventOfCode2020
[INFO] tweaked toml for git repo https://github.com/gab50000/AdventOfCode2020 written to /workspace/builds/worker-0-tc1/source/Cargo.toml
[INFO] crate git repo https://github.com/gab50000/AdventOfCode2020 already has a lockfile, it will not be regenerated
[INFO] running `Command { std: CARGO_HOME="/workspace/cargo-home" RUSTUP_HOME="/workspace/rustup-home" "/workspace/cargo-home/bin/cargo" "+nightly-2025-01-18" "fetch" "--manifest-path" "Cargo.toml", kill_on_drop: false }`
[INFO] running `Command { std: "docker" "create" "-v" "/var/lib/crater-agent-workspace/builds/worker-0-tc1/target:/opt/rustwide/target:rw,Z" "-v" "/var/lib/crater-agent-workspace/builds/worker-0-tc1/source:/opt/rustwide/workdir:ro,Z" "-v" "/var/lib/crater-agent-workspace/cargo-home:/opt/rustwide/cargo-home:ro,Z" "-v" "/var/lib/crater-agent-workspace/rustup-home:/opt/rustwide/rustup-home:ro,Z" "-e" "SOURCE_DIR=/opt/rustwide/workdir" "-e" "CARGO_TARGET_DIR=/opt/rustwide/target" "-e" "CARGO_HOME=/opt/rustwide/cargo-home" "-e" "RUSTUP_HOME=/opt/rustwide/rustup-home" "-w" "/opt/rustwide/workdir" "-m" "1610612736" "--user" "0:0" "--network" "none" "ghcr.io/rust-lang/crates-build-env/linux@sha256:819108c5571ea2e421544af4d832f968d213c87fbe3707a016657f43d2f853bc" "/opt/rustwide/cargo-home/bin/cargo" "+nightly-2025-01-18" "metadata" "--no-deps" "--format-version=1", kill_on_drop: false }`
[INFO] [stdout] e967e17b93d9e6c5a96173d09d6e8c1888f4ec74487abc0912f506da9c1ca866
[INFO] running `Command { std: "docker" "start" "-a" "e967e17b93d9e6c5a96173d09d6e8c1888f4ec74487abc0912f506da9c1ca866", kill_on_drop: false }`
[INFO] running `Command { std: "docker" "inspect" "e967e17b93d9e6c5a96173d09d6e8c1888f4ec74487abc0912f506da9c1ca866", kill_on_drop: false }`
[INFO] running `Command { std: "docker" "rm" "-f" "e967e17b93d9e6c5a96173d09d6e8c1888f4ec74487abc0912f506da9c1ca866", kill_on_drop: false }`
[INFO] [stdout] e967e17b93d9e6c5a96173d09d6e8c1888f4ec74487abc0912f506da9c1ca866
[INFO] running `Command { std: "docker" "create" "-v" "/var/lib/crater-agent-workspace/builds/worker-0-tc1/target:/opt/rustwide/target:rw,Z" "-v" "/var/lib/crater-agent-workspace/builds/worker-0-tc1/source:/opt/rustwide/workdir:ro,Z" "-v" "/var/lib/crater-agent-workspace/cargo-home:/opt/rustwide/cargo-home:ro,Z" "-v" "/var/lib/crater-agent-workspace/rustup-home:/opt/rustwide/rustup-home:ro,Z" "-e" "SOURCE_DIR=/opt/rustwide/workdir" "-e" "CARGO_TARGET_DIR=/opt/rustwide/target" "-e" "CARGO_INCREMENTAL=0" "-e" "RUST_BACKTRACE=full" "-e" "RUSTFLAGS=--cap-lints=forbid" "-e" "RUSTDOCFLAGS=--cap-lints=forbid" "-e" "CARGO_HOME=/opt/rustwide/cargo-home" "-e" "RUSTUP_HOME=/opt/rustwide/rustup-home" "-w" "/opt/rustwide/workdir" "-m" "1610612736" "--user" "0:0" "--network" "none" "ghcr.io/rust-lang/crates-build-env/linux@sha256:819108c5571ea2e421544af4d832f968d213c87fbe3707a016657f43d2f853bc" "/opt/rustwide/cargo-home/bin/cargo" "+nightly-2025-01-18" "build" "--frozen" "--message-format=json", kill_on_drop: false }`
[INFO] [stdout] cb7654c6c03c0f177e819456c369978f93b996d9c8815f1d67f88bce2aae1b28
[INFO] running `Command { std: "docker" "start" "-a" "cb7654c6c03c0f177e819456c369978f93b996d9c8815f1d67f88bce2aae1b28", kill_on_drop: false }`
[INFO] [stderr]    Compiling memchr v2.5.0
[INFO] [stderr]    Compiling minimal-lexical v0.2.1
[INFO] [stderr]    Compiling nom v7.1.1
[INFO] [stderr]    Compiling AdventOfCode2020 v0.1.0 (/opt/rustwide/workdir)
[INFO] [stdout] warning: crate `AdventOfCode2020` should have a snake case name
[INFO] [stdout]   |
[INFO] [stdout]   = help: convert the identifier to snake case: `advent_of_code2020`
[INFO] [stdout]   = note: `#[warn(non_snake_case)]` on by default
[INFO] [stdout] 
[INFO] [stdout] 
[INFO] [stdout] warning: unused imports: `Err`, `ErrorKind`, `Error`, `InputTakeAtPosition`, `anychar`, `line_ending`, and `multi::many1`
[INFO] [stdout]   --> src/day04.rs:6:27
[INFO] [stdout]    |
[INFO] [stdout] 6  |     character::complete::{anychar, char, digit1, line_ending, space1},
[INFO] [stdout]    |                           ^^^^^^^                ^^^^^^^^^^^
[INFO] [stdout] 7  |     combinator::{map_res, opt},
[INFO] [stdout] 8  |     error::{Error, ErrorKind},
[INFO] [stdout]    |             ^^^^^  ^^^^^^^^^
[INFO] [stdout] 9  |     multi::many1,
[INFO] [stdout]    |     ^^^^^^^^^^^^
[INFO] [stdout] 10 |     sequence::{terminated, tuple},
[INFO] [stdout] 11 |     Err, IResult, InputTakeAtPosition,
[INFO] [stdout]    |     ^^^           ^^^^^^^^^^^^^^^^^^^
[INFO] [stdout]    |
[INFO] [stdout]    = note: `#[warn(unused_imports)]` on by default
[INFO] [stdout] 
[INFO] [stdout] 
[INFO] [stdout] warning: unused macro definition: `parse_str`
[INFO] [stdout]   --> src/day04.rs:30:14
[INFO] [stdout]    |
[INFO] [stdout] 30 | macro_rules! parse_str {
[INFO] [stdout]    |              ^^^^^^^^^
[INFO] [stdout]    |
[INFO] [stdout]    = note: `#[warn(unused_macros)]` on by default
[INFO] [stdout] 
[INFO] [stdout] 
[INFO] [stdout] warning: function `space_or_newline` is never used
[INFO] [stdout]   --> src/day04.rs:41:4
[INFO] [stdout]    |
[INFO] [stdout] 41 | fn space_or_newline(input: &str) -> IResult<&str, &str> {
[INFO] [stdout]    |    ^^^^^^^^^^^^^^^^
[INFO] [stdout]    |
[INFO] [stdout]    = note: `#[warn(dead_code)]` on by default
[INFO] [stdout] 
[INFO] [stdout] 
[INFO] [stdout] warning: struct `BirthYear` is never constructed
[INFO] [stdout]   --> src/day04.rs:52:8
[INFO] [stdout]    |
[INFO] [stdout] 52 | struct BirthYear(u32);
[INFO] [stdout]    |        ^^^^^^^^^
[INFO] [stdout] 
[INFO] [stdout] 
[INFO] [stdout] warning: associated function `parse` is never used
[INFO] [stdout]   --> src/day04.rs:22:12
[INFO] [stdout]    |
[INFO] [stdout] 22 |         fn parse(input: &str) -> IResult<&str, Self> {
[INFO] [stdout]    |            ^^^^^
[INFO] [stdout] ...
[INFO] [stdout] 53 | impl BirthYear {
[INFO] [stdout]    | -------------- associated function in this implementation
[INFO] [stdout] 54 |     parse_num!("byr");
[INFO] [stdout]    |     ----------------- in this macro invocation
[INFO] [stdout]    |
[INFO] [stdout]    = note: this warning originates in the macro `parse_num` (in Nightly builds, run with -Z macro-backtrace for more info)
[INFO] [stdout] 
[INFO] [stdout] 
[INFO] [stdout] warning: struct `IssueYear` is never constructed
[INFO] [stdout]   --> src/day04.rs:65:8
[INFO] [stdout]    |
[INFO] [stdout] 65 | struct IssueYear(u32);
[INFO] [stdout]    |        ^^^^^^^^^
[INFO] [stdout] 
[INFO] [stdout] 
[INFO] [stdout] warning: associated function `parse` is never used
[INFO] [stdout]   --> src/day04.rs:22:12
[INFO] [stdout]    |
[INFO] [stdout] 22 |         fn parse(input: &str) -> IResult<&str, Self> {
[INFO] [stdout]    |            ^^^^^
[INFO] [stdout] ...
[INFO] [stdout] 66 | impl IssueYear {
[INFO] [stdout]    | -------------- associated function in this implementation
[INFO] [stdout] 67 |     parse_num!("iyr");
[INFO] [stdout]    |     ----------------- in this macro invocation
[INFO] [stdout]    |
[INFO] [stdout]    = note: this warning originates in the macro `parse_num` (in Nightly builds, run with -Z macro-backtrace for more info)
[INFO] [stdout] 
[INFO] [stdout] 
[INFO] [stdout] warning: struct `ExpirationYear` is never constructed
[INFO] [stdout]   --> src/day04.rs:70:8
[INFO] [stdout]    |
[INFO] [stdout] 70 | struct ExpirationYear(u32);
[INFO] [stdout]    |        ^^^^^^^^^^^^^^
[INFO] [stdout] 
[INFO] [stdout] 
[INFO] [stdout] warning: associated function `parse` is never used
[INFO] [stdout]   --> src/day04.rs:22:12
[INFO] [stdout]    |
[INFO] [stdout] 22 |         fn parse(input: &str) -> IResult<&str, Self> {
[INFO] [stdout]    |            ^^^^^
[INFO] [stdout] ...
[INFO] [stdout] 71 | impl ExpirationYear {
[INFO] [stdout]    | ------------------- associated function in this implementation
[INFO] [stdout] 72 |     parse_num!("eyr");
[INFO] [stdout]    |     ----------------- in this macro invocation
[INFO] [stdout]    |
[INFO] [stdout]    = note: this warning originates in the macro `parse_num` (in Nightly builds, run with -Z macro-backtrace for more info)
[INFO] [stdout] 
[INFO] [stdout] 
[INFO] [stdout] warning: enum `HeightUnit` is never used
[INFO] [stdout]   --> src/day04.rs:76:6
[INFO] [stdout]    |
[INFO] [stdout] 76 | enum HeightUnit {
[INFO] [stdout]    |      ^^^^^^^^^^
[INFO] [stdout] 
[INFO] [stdout] 
[INFO] [stdout] warning: associated function `parse` is never used
[INFO] [stdout]   --> src/day04.rs:82:8
[INFO] [stdout]    |
[INFO] [stdout] 81 | impl HeightUnit {
[INFO] [stdout]    | --------------- associated function in this implementation
[INFO] [stdout] 82 |     fn parse(input: &str) -> IResult<&str, Self> {
[INFO] [stdout]    |        ^^^^^
[INFO] [stdout] 
[INFO] [stdout] 
[INFO] [stdout] warning: struct `Height` is never constructed
[INFO] [stdout]   --> src/day04.rs:93:8
[INFO] [stdout]    |
[INFO] [stdout] 93 | struct Height(HeightUnit);
[INFO] [stdout]    |        ^^^^^^
[INFO] [stdout] 
[INFO] [stdout] 
[INFO] [stdout] warning: associated function `parse` is never used
[INFO] [stdout]   --> src/day04.rs:96:8
[INFO] [stdout]    |
[INFO] [stdout] 95 | impl Height {
[INFO] [stdout]    | ----------- associated function in this implementation
[INFO] [stdout] 96 |     fn parse(input: &str) -> IResult<&str, Self> {
[INFO] [stdout]    |        ^^^^^
[INFO] [stdout] 
[INFO] [stdout] 
[INFO] [stdout] warning: struct `HairColor` is never constructed
[INFO] [stdout]    --> src/day04.rs:117:8
[INFO] [stdout]     |
[INFO] [stdout] 117 | struct HairColor(String);
[INFO] [stdout]     |        ^^^^^^^^^
[INFO] [stdout] 
[INFO] [stdout] 
[INFO] [stdout] warning: associated function `parse` is never used
[INFO] [stdout]    --> src/day04.rs:120:8
[INFO] [stdout]     |
[INFO] [stdout] 119 | impl HairColor {
[INFO] [stdout]     | -------------- associated function in this implementation
[INFO] [stdout] 120 |     fn parse(input: &str) -> IResult<&str, Self> {
[INFO] [stdout]     |        ^^^^^
[INFO] [stdout] 
[INFO] [stdout] 
[INFO] [stdout] warning: struct `EyeColor` is never constructed
[INFO] [stdout]    --> src/day04.rs:146:8
[INFO] [stdout]     |
[INFO] [stdout] 146 | struct EyeColor(String);
[INFO] [stdout]     |        ^^^^^^^^
[INFO] [stdout] 
[INFO] [stdout] 
[INFO] [stdout] warning: associated function `parse` is never used
[INFO] [stdout]    --> src/day04.rs:149:8
[INFO] [stdout]     |
[INFO] [stdout] 148 | impl EyeColor {
[INFO] [stdout]     | ------------- associated function in this implementation
[INFO] [stdout] 149 |     fn parse(input: &str) -> IResult<&str, Self> {
[INFO] [stdout]     |        ^^^^^
[INFO] [stdout] 
[INFO] [stdout] 
[INFO] [stdout] warning: struct `PassportID` is never constructed
[INFO] [stdout]    --> src/day04.rs:158:8
[INFO] [stdout]     |
[INFO] [stdout] 158 | struct PassportID(u32);
[INFO] [stdout]     |        ^^^^^^^^^^
[INFO] [stdout] 
[INFO] [stdout] 
[INFO] [stdout] warning: associated function `parse` is never used
[INFO] [stdout]    --> src/day04.rs:22:12
[INFO] [stdout]     |
[INFO] [stdout] 22  |         fn parse(input: &str) -> IResult<&str, Self> {
[INFO] [stdout]     |            ^^^^^
[INFO] [stdout] ...
[INFO] [stdout] 160 | impl PassportID {
[INFO] [stdout]     | --------------- associated function in this implementation
[INFO] [stdout] 161 |     parse_num!("pid");
[INFO] [stdout]     |     ----------------- in this macro invocation
[INFO] [stdout]     |
[INFO] [stdout]     = note: this warning originates in the macro `parse_num` (in Nightly builds, run with -Z macro-backtrace for more info)
[INFO] [stdout] 
[INFO] [stdout] 
[INFO] [stdout] warning: struct `CountryID` is never constructed
[INFO] [stdout]    --> src/day04.rs:165:8
[INFO] [stdout]     |
[INFO] [stdout] 165 | struct CountryID(u32);
[INFO] [stdout]     |        ^^^^^^^^^
[INFO] [stdout] 
[INFO] [stdout] 
[INFO] [stdout] warning: associated function `parse` is never used
[INFO] [stdout]    --> src/day04.rs:22:12
[INFO] [stdout]     |
[INFO] [stdout] 22  |         fn parse(input: &str) -> IResult<&str, Self> {
[INFO] [stdout]     |            ^^^^^
[INFO] [stdout] ...
[INFO] [stdout] 167 | impl CountryID {
[INFO] [stdout]     | -------------- associated function in this implementation
[INFO] [stdout] 168 |     parse_num!("cid");
[INFO] [stdout]     |     ----------------- in this macro invocation
[INFO] [stdout]     |
[INFO] [stdout]     = note: this warning originates in the macro `parse_num` (in Nightly builds, run with -Z macro-backtrace for more info)
[INFO] [stdout] 
[INFO] [stdout] 
[INFO] [stdout] warning: struct `Passport` is never constructed
[INFO] [stdout]    --> src/day04.rs:172:8
[INFO] [stdout]     |
[INFO] [stdout] 172 | struct Passport {
[INFO] [stdout]     |        ^^^^^^^^
[INFO] [stdout] 
[INFO] [stdout] 
[INFO] [stdout] warning: associated items `new`, `parse`, and `is_valid` are never used
[INFO] [stdout]    --> src/day04.rs:184:8
[INFO] [stdout]     |
[INFO] [stdout] 183 | impl Passport {
[INFO] [stdout]     | ------------- associated items in this implementation
[INFO] [stdout] 184 |     fn new() -> Self {
[INFO] [stdout]     |        ^^^
[INFO] [stdout] ...
[INFO] [stdout] 197 |     fn parse(input: &str) -> Self {
[INFO] [stdout]     |        ^^^^^
[INFO] [stdout] ...
[INFO] [stdout] 224 |     fn is_valid(&self) -> bool {
[INFO] [stdout]     |        ^^^^^^^^
[INFO] [stdout] 
[INFO] [stdout] 
[INFO] [stdout] warning: function `solve_a` is never used
[INFO] [stdout]    --> src/day04.rs:286:8
[INFO] [stdout]     |
[INFO] [stdout] 286 | pub fn solve_a() -> io::Result<()> {
[INFO] [stdout]     |        ^^^^^^^
[INFO] [stdout] 
[INFO] [stdout] 
[INFO] [stdout] warning: function `till_whitespace` is never used
[INFO] [stdout]    --> src/day04.rs:297:4
[INFO] [stdout]     |
[INFO] [stdout] 297 | fn till_whitespace(input: &str) -> IResult<&str, &str> {
[INFO] [stdout]     |    ^^^^^^^^^^^^^^^
[INFO] [stdout] 
[INFO] [stdout] 
[INFO] [stdout] warning: for loop over an `Option`. This is more readably written as an `if let` statement
[INFO] [stdout]  --> src/day05.rs:7:14
[INFO] [stdout]   |
[INFO] [stdout] 7 |     for r in result {
[INFO] [stdout]   |              ^^^^^^
[INFO] [stdout]   |
[INFO] [stdout]   = note: `#[warn(for_loops_over_fallibles)]` on by default
[INFO] [stdout] help: to check pattern in a loop use `while let`
[INFO] [stdout]   |
[INFO] [stdout] 7 |     while let Some(r) = result {
[INFO] [stdout]   |     ~~~~~~~~~~~~~~~ ~~~
[INFO] [stdout] help: consider using `if let` to clear intent
[INFO] [stdout]   |
[INFO] [stdout] 7 |     if let Some(r) = result {
[INFO] [stdout]   |     ~~~~~~~~~~~~ ~~~
[INFO] [stdout] 
[INFO] [stdout] 
[INFO] [stderr]     Finished `dev` profile [unoptimized + debuginfo] target(s) in 3.93s
[INFO] running `Command { std: "docker" "inspect" "cb7654c6c03c0f177e819456c369978f93b996d9c8815f1d67f88bce2aae1b28", kill_on_drop: false }`
[INFO] running `Command { std: "docker" "rm" "-f" "cb7654c6c03c0f177e819456c369978f93b996d9c8815f1d67f88bce2aae1b28", kill_on_drop: false }`
[INFO] [stdout] cb7654c6c03c0f177e819456c369978f93b996d9c8815f1d67f88bce2aae1b28
[INFO] running `Command { std: "docker" "create" "-v" "/var/lib/crater-agent-workspace/builds/worker-0-tc1/target:/opt/rustwide/target:rw,Z" "-v" "/var/lib/crater-agent-workspace/builds/worker-0-tc1/source:/opt/rustwide/workdir:ro,Z" "-v" "/var/lib/crater-agent-workspace/cargo-home:/opt/rustwide/cargo-home:ro,Z" "-v" "/var/lib/crater-agent-workspace/rustup-home:/opt/rustwide/rustup-home:ro,Z" "-e" "SOURCE_DIR=/opt/rustwide/workdir" "-e" "CARGO_TARGET_DIR=/opt/rustwide/target" "-e" "CARGO_INCREMENTAL=0" "-e" "RUST_BACKTRACE=full" "-e" "RUSTFLAGS=--cap-lints=forbid" "-e" "RUSTDOCFLAGS=--cap-lints=forbid" "-e" "CARGO_HOME=/opt/rustwide/cargo-home" "-e" "RUSTUP_HOME=/opt/rustwide/rustup-home" "-w" "/opt/rustwide/workdir" "-m" "1610612736" "--user" "0:0" "--network" "none" "ghcr.io/rust-lang/crates-build-env/linux@sha256:819108c5571ea2e421544af4d832f968d213c87fbe3707a016657f43d2f853bc" "/opt/rustwide/cargo-home/bin/cargo" "+nightly-2025-01-18" "test" "--frozen" "--no-run" "--message-format=json", kill_on_drop: false }`
[INFO] [stdout] d9b0c69e9e1a4cf3e6613c83d42d32263af9ba6e933805dfc48469970194faa4
[INFO] running `Command { std: "docker" "start" "-a" "d9b0c69e9e1a4cf3e6613c83d42d32263af9ba6e933805dfc48469970194faa4", kill_on_drop: false }`
[INFO] [stderr]    Compiling AdventOfCode2020 v0.1.0 (/opt/rustwide/workdir)
[INFO] [stdout] warning: crate `AdventOfCode2020` should have a snake case name
[INFO] [stdout]   |
[INFO] [stdout]   = help: convert the identifier to snake case: `advent_of_code2020`
[INFO] [stdout]   = note: `#[warn(non_snake_case)]` on by default
[INFO] [stdout] 
[INFO] [stdout] 
[INFO] [stdout] warning: unused imports: `Err`, `ErrorKind`, `Error`, `InputTakeAtPosition`, `anychar`, `line_ending`, and `multi::many1`
[INFO] [stdout]   --> src/day04.rs:6:27
[INFO] [stdout]    |
[INFO] [stdout] 6  |     character::complete::{anychar, char, digit1, line_ending, space1},
[INFO] [stdout]    |                           ^^^^^^^                ^^^^^^^^^^^
[INFO] [stdout] 7  |     combinator::{map_res, opt},
[INFO] [stdout] 8  |     error::{Error, ErrorKind},
[INFO] [stdout]    |             ^^^^^  ^^^^^^^^^
[INFO] [stdout] 9  |     multi::many1,
[INFO] [stdout]    |     ^^^^^^^^^^^^
[INFO] [stdout] 10 |     sequence::{terminated, tuple},
[INFO] [stdout] 11 |     Err, IResult, InputTakeAtPosition,
[INFO] [stdout]    |     ^^^           ^^^^^^^^^^^^^^^^^^^
[INFO] [stdout]    |
[INFO] [stdout]    = note: `#[warn(unused_imports)]` on by default
[INFO] [stdout] 
[INFO] [stdout] 
[INFO] [stdout] warning: unused macro definition: `parse_str`
[INFO] [stdout]   --> src/day04.rs:30:14
[INFO] [stdout]    |
[INFO] [stdout] 30 | macro_rules! parse_str {
[INFO] [stdout]    |              ^^^^^^^^^
[INFO] [stdout]    |
[INFO] [stdout]    = note: `#[warn(unused_macros)]` on by default
[INFO] [stdout] 
[INFO] [stdout] 
[INFO] [stdout] warning: function `solve_a` is never used
[INFO] [stdout]    --> src/day04.rs:286:8
[INFO] [stdout]     |
[INFO] [stdout] 286 | pub fn solve_a() -> io::Result<()> {
[INFO] [stdout]     |        ^^^^^^^
[INFO] [stdout]     |
[INFO] [stdout]     = note: `#[warn(dead_code)]` on by default
[INFO] [stdout] 
[INFO] [stdout] 
[INFO] [stdout] warning: for loop over an `Option`. This is more readably written as an `if let` statement
[INFO] [stdout]  --> src/day05.rs:7:14
[INFO] [stdout]   |
[INFO] [stdout] 7 |     for r in result {
[INFO] [stdout]   |              ^^^^^^
[INFO] [stdout]   |
[INFO] [stdout]   = note: `#[warn(for_loops_over_fallibles)]` on by default
[INFO] [stdout] help: to check pattern in a loop use `while let`
[INFO] [stdout]   |
[INFO] [stdout] 7 |     while let Some(r) = result {
[INFO] [stdout]   |     ~~~~~~~~~~~~~~~ ~~~
[INFO] [stdout] help: consider using `if let` to clear intent
[INFO] [stdout]   |
[INFO] [stdout] 7 |     if let Some(r) = result {
[INFO] [stdout]   |     ~~~~~~~~~~~~ ~~~
[INFO] [stdout] 
[INFO] [stdout] 
[INFO] [stderr]     Finished `test` profile [unoptimized + debuginfo] target(s) in 0.85s
[INFO] running `Command { std: "docker" "inspect" "d9b0c69e9e1a4cf3e6613c83d42d32263af9ba6e933805dfc48469970194faa4", kill_on_drop: false }`
[INFO] running `Command { std: "docker" "rm" "-f" "d9b0c69e9e1a4cf3e6613c83d42d32263af9ba6e933805dfc48469970194faa4", kill_on_drop: false }`
[INFO] [stdout] d9b0c69e9e1a4cf3e6613c83d42d32263af9ba6e933805dfc48469970194faa4
[INFO] running `Command { std: "docker" "create" "-v" "/var/lib/crater-agent-workspace/builds/worker-0-tc1/target:/opt/rustwide/target:rw,Z" "-v" "/var/lib/crater-agent-workspace/builds/worker-0-tc1/source:/opt/rustwide/workdir:ro,Z" "-v" "/var/lib/crater-agent-workspace/cargo-home:/opt/rustwide/cargo-home:ro,Z" "-v" "/var/lib/crater-agent-workspace/rustup-home:/opt/rustwide/rustup-home:ro,Z" "-e" "SOURCE_DIR=/opt/rustwide/workdir" "-e" "CARGO_TARGET_DIR=/opt/rustwide/target" "-e" "CARGO_INCREMENTAL=0" "-e" "RUST_BACKTRACE=full" "-e" "RUSTFLAGS=--cap-lints=forbid" "-e" "RUSTDOCFLAGS=--cap-lints=forbid" "-e" "CARGO_HOME=/opt/rustwide/cargo-home" "-e" "RUSTUP_HOME=/opt/rustwide/rustup-home" "-w" "/opt/rustwide/workdir" "-m" "1610612736" "--user" "0:0" "--network" "none" "ghcr.io/rust-lang/crates-build-env/linux@sha256:819108c5571ea2e421544af4d832f968d213c87fbe3707a016657f43d2f853bc" "/opt/rustwide/cargo-home/bin/cargo" "+nightly-2025-01-18" "test" "--frozen", kill_on_drop: false }`
[INFO] [stdout] 2760db57e7db7c46d7f812cff9e0669b9823475b5d4c45eee28ce41c00b1d6bb
[INFO] running `Command { std: "docker" "start" "-a" "2760db57e7db7c46d7f812cff9e0669b9823475b5d4c45eee28ce41c00b1d6bb", kill_on_drop: false }`
[INFO] [stderr] warning: crate `AdventOfCode2020` should have a snake case name
[INFO] [stderr]   |
[INFO] [stderr]   = help: convert the identifier to snake case: `advent_of_code2020`
[INFO] [stderr]   = note: `#[warn(non_snake_case)]` on by default
[INFO] [stderr] 
[INFO] [stderr] warning: `AdventOfCode2020` (lib) generated 1 warning
[INFO] [stderr] warning: unused imports: `Err`, `ErrorKind`, `Error`, `InputTakeAtPosition`, `anychar`, `line_ending`, and `multi::many1`
[INFO] [stderr]   --> src/day04.rs:6:27
[INFO] [stderr]    |
[INFO] [stderr] 6  |     character::complete::{anychar, char, digit1, line_ending, space1},
[INFO] [stderr]    |                           ^^^^^^^                ^^^^^^^^^^^
[INFO] [stderr] 7  |     combinator::{map_res, opt},
[INFO] [stderr] 8  |     error::{Error, ErrorKind},
[INFO] [stderr]    |             ^^^^^  ^^^^^^^^^
[INFO] [stderr] 9  |     multi::many1,
[INFO] [stderr]    |     ^^^^^^^^^^^^
[INFO] [stderr] 10 |     sequence::{terminated, tuple},
[INFO] [stderr] 11 |     Err, IResult, InputTakeAtPosition,
[INFO] [stderr]    |     ^^^           ^^^^^^^^^^^^^^^^^^^
[INFO] [stderr]    |
[INFO] [stderr]    = note: `#[warn(unused_imports)]` on by default
[INFO] [stderr] 
[INFO] [stderr] warning: unused macro definition: `parse_str`
[INFO] [stderr]   --> src/day04.rs:30:14
[INFO] [stderr]    |
[INFO] [stderr] 30 | macro_rules! parse_str {
[INFO] [stderr]    |              ^^^^^^^^^
[INFO] [stderr]    |
[INFO] [stderr]    = note: `#[warn(unused_macros)]` on by default
[INFO] [stderr] 
[INFO] [stderr] warning: function `solve_a` is never used
[INFO] [stderr]    --> src/day04.rs:286:8
[INFO] [stderr]     |
[INFO] [stderr] 286 | pub fn solve_a() -> io::Result<()> {
[INFO] [stderr]     |        ^^^^^^^
[INFO] [stderr]     |
[INFO] [stderr]     = note: `#[warn(dead_code)]` on by default
[INFO] [stderr] 
[INFO] [stderr] warning: for loop over an `Option`. This is more readably written as an `if let` statement
[INFO] [stderr]  --> src/day05.rs:7:14
[INFO] [stderr]   |
[INFO] [stderr] 7 |     for r in result {
[INFO] [stderr]   |              ^^^^^^
[INFO] [stderr]   |
[INFO] [stderr]   = note: `#[warn(for_loops_over_fallibles)]` on by default
[INFO] [stderr] help: to check pattern in a loop use `while let`
[INFO] [stderr]   |
[INFO] [stderr] 7 |     while let Some(r) = result {
[INFO] [stderr]   |     ~~~~~~~~~~~~~~~ ~~~
[INFO] [stderr] help: consider using `if let` to clear intent
[INFO] [stdout] 
[INFO] [stderr]   |
[INFO] [stdout] running 0 tests
[INFO] [stderr] 7 |     if let Some(r) = result {
[INFO] [stderr]   |     ~~~~~~~~~~~~ ~~~
[INFO] [stderr] 
[INFO] [stderr] warning: `AdventOfCode2020` (bin "AdventOfCode2020" test) generated 4 warnings (run `cargo fix --bin "AdventOfCode2020" --tests` to apply 1 suggestion)
[INFO] [stderr]     Finished `test` profile [unoptimized + debuginfo] target(s) in 0.02s
[INFO] [stderr]      Running unittests src/lib.rs (/opt/rustwide/target/debug/deps/AdventOfCode2020-26b3b52263a07288)
[INFO] [stderr]      Running unittests src/main.rs (/opt/rustwide/target/debug/deps/AdventOfCode2020-25e8696308c80b72)
[INFO] [stdout] 
[INFO] [stdout] test result: ok. 0 passed; 0 failed; 0 ignored; 0 measured; 0 filtered out; finished in 0.00s
[INFO] [stdout] 
[INFO] [stdout] 
[INFO] [stdout] running 9 tests
[INFO] [stdout] test day04::test_height_parse ... ok
[INFO] [stdout] test day05::test_boarding_pass ... ok
[INFO] [stdout] test day04::test_passport ... ok
[INFO] [stdout] test day04::test_take_till ... ok
[INFO] [stdout] test day04::test_birth_year ... ok
[INFO] [stdout] test day04::test_hair_color ... ok
[INFO] [stdout] test day04::test_passport_parse ... FAILED
[INFO] [stdout] test day04::test_space_or_newline ... FAILED
[INFO] [stdout] test day04::test_passport_parse2 ... FAILED
[INFO] [stdout] 
[INFO] [stdout] failures:
[INFO] [stdout] 
[INFO] [stdout] ---- day04::test_passport_parse stdout ----
[INFO] [stdout] 
[INFO] [stdout] thread 'day04::test_passport_parse' panicked at src/day04.rs:249:5:
[INFO] [stdout] assertion `left == right` failed
[INFO] [stdout]   left: Passport { byr: None, iyr: None, eyr: None, hgt: Some(Height(Cm(172))), hcl: None, ecl: None, pid: Some(PassportID(170)), cid: None }
[INFO] [stdout]  right: Passport { byr: Some(BirthYear(1990)), iyr: Some(IssueYear(2012)), eyr: Some(ExpirationYear(2020)), hgt: Some(Height(Cm(172))), hcl: Some(HairColor("17106b")), ecl: Some(EyeColor("gry")), pid: Some(PassportID(170)), cid: Some(CountryID(123)) }
[INFO] [stdout] stack backtrace:
[INFO] [stdout]    0:     0x62e4977ac4da - std::backtrace_rs::backtrace::libunwind::trace::hb059275cfc8d6126
[INFO] [stdout]                                at /rustc/6067b36314ab5eb2eb47cecc464545ba58e1ad24/library/std/src/../../backtrace/src/backtrace/libunwind.rs:116:5
[INFO] [stdout]    1:     0x62e4977ac4da - std::backtrace_rs::backtrace::trace_unsynchronized::h2da071e4327ce3ee
[INFO] [stdout]                                at /rustc/6067b36314ab5eb2eb47cecc464545ba58e1ad24/library/std/src/../../backtrace/src/backtrace/mod.rs:66:5
[INFO] [stdout]    2:     0x62e4977ac4da - std::sys::backtrace::_print_fmt::h842a1474e6f8d23f
[INFO] [stdout]                                at /rustc/6067b36314ab5eb2eb47cecc464545ba58e1ad24/library/std/src/sys/backtrace.rs:66:9
[INFO] [stdout]    3:     0x62e4977ac4da - <std::sys::backtrace::BacktraceLock::print::DisplayBacktrace as core::fmt::Display>::fmt::h71a62eb3b9696b12
[INFO] [stdout]                                at /rustc/6067b36314ab5eb2eb47cecc464545ba58e1ad24/library/std/src/sys/backtrace.rs:39:26
[INFO] [stdout]    4:     0x62e4977d3a83 - core::fmt::rt::Argument::fmt::hdb6b616786b41dc1
[INFO] [stdout]                                at /rustc/6067b36314ab5eb2eb47cecc464545ba58e1ad24/library/core/src/fmt/rt.rs:177:76
[INFO] [stdout]    5:     0x62e4977d3a83 - core::fmt::write::h2cc1698af7e2d686
[INFO] [stdout]                                at /rustc/6067b36314ab5eb2eb47cecc464545ba58e1ad24/library/core/src/fmt/mod.rs:1440:21
[INFO] [stdout]    6:     0x62e4977a9033 - std::io::Write::write_fmt::hab1b4cd059a79022
[INFO] [stdout]                                at /rustc/6067b36314ab5eb2eb47cecc464545ba58e1ad24/library/std/src/io/mod.rs:1887:15
[INFO] [stdout]    7:     0x62e4977ac322 - std::sys::backtrace::BacktraceLock::print::h147fe35b4ea13b08
[INFO] [stdout]                                at /rustc/6067b36314ab5eb2eb47cecc464545ba58e1ad24/library/std/src/sys/backtrace.rs:42:9
[INFO] [stdout]    8:     0x62e4977ad8ff - std::panicking::default_hook::{{closure}}::hbd44223dbdc0d208
[INFO] [stdout]                                at /rustc/6067b36314ab5eb2eb47cecc464545ba58e1ad24/library/std/src/panicking.rs:298:22
[INFO] [stdout]    9:     0x62e4977ad718 - std::panicking::default_hook::h20f81eb0576efcec
[INFO] [stdout]                                at /rustc/6067b36314ab5eb2eb47cecc464545ba58e1ad24/library/std/src/panicking.rs:322:9
[INFO] [stdout]   10:     0x62e4977750d3 - <alloc::boxed::Box<F,A> as core::ops::function::Fn<Args>>::call::hdb53814c496a4d34
[INFO] [stdout]                                at /rustc/6067b36314ab5eb2eb47cecc464545ba58e1ad24/library/alloc/src/boxed.rs:2027:9
[INFO] [stdout]   11:     0x62e4977750d3 - test::test_main::{{closure}}::hc0a4963c59427c24
[INFO] [stdout]                                at /rustc/6067b36314ab5eb2eb47cecc464545ba58e1ad24/library/test/src/lib.rs:134:21
[INFO] [stdout]   12:     0x62e4977ae3f3 - <alloc::boxed::Box<F,A> as core::ops::function::Fn<Args>>::call::h591b2225413a77e9
[INFO] [stdout]                                at /rustc/6067b36314ab5eb2eb47cecc464545ba58e1ad24/library/alloc/src/boxed.rs:2027:9
[INFO] [stdout]   13:     0x62e4977ae3f3 - std::panicking::rust_panic_with_hook::h625eea43051b2edc
[INFO] [stdout]                                at /rustc/6067b36314ab5eb2eb47cecc464545ba58e1ad24/library/std/src/panicking.rs:839:13
[INFO] [stdout]   14:     0x62e4977ae0aa - std::panicking::begin_panic_handler::{{closure}}::h4f9159cfbc3f6bd3
[INFO] [stdout]                                at /rustc/6067b36314ab5eb2eb47cecc464545ba58e1ad24/library/std/src/panicking.rs:704:13
[INFO] [stdout]   15:     0x62e4977ac9d9 - std::sys::backtrace::__rust_end_short_backtrace::h0390abce48353151
[INFO] [stdout]                                at /rustc/6067b36314ab5eb2eb47cecc464545ba58e1ad24/library/std/src/sys/backtrace.rs:168:18
[INFO] [stdout]   16:     0x62e4977add3d - rust_begin_unwind
[INFO] [stdout]                                at /rustc/6067b36314ab5eb2eb47cecc464545ba58e1ad24/library/std/src/panicking.rs:695:5
[INFO] [stdout]   17:     0x62e4977d2500 - core::panicking::panic_fmt::h9e7c637e9e5f29c9
[INFO] [stdout]                                at /rustc/6067b36314ab5eb2eb47cecc464545ba58e1ad24/library/core/src/panicking.rs:75:14
[INFO] [stdout]   18:     0x62e4977d2852 - core::panicking::assert_failed_inner::h538bec7c1374cd9c
[INFO] [stdout]   19:     0x62e49772c295 - core::panicking::assert_failed::h4043674d553b3d62
[INFO] [stdout]                                at /rustc/6067b36314ab5eb2eb47cecc464545ba58e1ad24/library/core/src/panicking.rs:364:5
[INFO] [stdout]   20:     0x62e4977324d3 - AdventOfCode2020::day04::test_passport_parse::h6efad8fe3af597de
[INFO] [stdout]                                at /opt/rustwide/workdir/src/day04.rs:249:5
[INFO] [stdout]   21:     0x62e497732187 - AdventOfCode2020::day04::test_passport_parse::{{closure}}::h09c784c2ca83c5b1
[INFO] [stdout]                                at /opt/rustwide/workdir/src/day04.rs:242:25
[INFO] [stdout]   22:     0x62e49772ab96 - core::ops::function::FnOnce::call_once::h00eb175662873210
[INFO] [stdout]                                at /rustc/6067b36314ab5eb2eb47cecc464545ba58e1ad24/library/core/src/ops/function.rs:250:5
[INFO] [stdout]   23:     0x62e49777a82b - core::ops::function::FnOnce::call_once::he27718dfdd183f43
[INFO] [stdout]                                at /rustc/6067b36314ab5eb2eb47cecc464545ba58e1ad24/library/core/src/ops/function.rs:250:5
[INFO] [stdout]   24:     0x62e49777a82b - test::__rust_begin_short_backtrace::h4e84902998457a5d
[INFO] [stdout]                                at /rustc/6067b36314ab5eb2eb47cecc464545ba58e1ad24/library/test/src/lib.rs:632:18
[INFO] [stdout]   25:     0x62e497779763 - test::run_test_in_process::{{closure}}::h7176fd18fc1feca0
[INFO] [stdout]                                at /rustc/6067b36314ab5eb2eb47cecc464545ba58e1ad24/library/test/src/lib.rs:655:60
[INFO] [stdout]   26:     0x62e497779763 - <core::panic::unwind_safe::AssertUnwindSafe<F> as core::ops::function::FnOnce<()>>::call_once::hf79cff2a624d8cf7
[INFO] [stdout]                                at /rustc/6067b36314ab5eb2eb47cecc464545ba58e1ad24/library/core/src/panic/unwind_safe.rs:272:9
[INFO] [stdout]   27:     0x62e497779763 - std::panicking::try::do_call::h3da0561d9ab99c25
[INFO] [stdout]                                at /rustc/6067b36314ab5eb2eb47cecc464545ba58e1ad24/library/std/src/panicking.rs:587:40
[INFO] [stdout]   28:     0x62e497779763 - std::panicking::try::h41c9fa508bc61df6
[INFO] [stdout]                                at /rustc/6067b36314ab5eb2eb47cecc464545ba58e1ad24/library/std/src/panicking.rs:550:19
[INFO] [stdout]   29:     0x62e497779763 - std::panic::catch_unwind::h6b3ff07bb5afad93
[INFO] [stdout]                                at /rustc/6067b36314ab5eb2eb47cecc464545ba58e1ad24/library/std/src/panic.rs:358:14
[INFO] [stdout]   30:     0x62e497779763 - test::run_test_in_process::hc7253dd11b39b9f4
[INFO] [stdout]                                at /rustc/6067b36314ab5eb2eb47cecc464545ba58e1ad24/library/test/src/lib.rs:655:27
[INFO] [stdout]   31:     0x62e497779763 - test::run_test::{{closure}}::hfb2007f8649c30bb
[INFO] [stdout]                                at /rustc/6067b36314ab5eb2eb47cecc464545ba58e1ad24/library/test/src/lib.rs:576:43
[INFO] [stdout]   32:     0x62e49773c845 - test::run_test::{{closure}}::h56a17aa7a282a9f4
[INFO] [stdout]                                at /rustc/6067b36314ab5eb2eb47cecc464545ba58e1ad24/library/test/src/lib.rs:606:41
[INFO] [stdout]   33:     0x62e49773c845 - std::sys::backtrace::__rust_begin_short_backtrace::hd2d2d2fb8e8c6aac
[INFO] [stdout]                                at /rustc/6067b36314ab5eb2eb47cecc464545ba58e1ad24/library/std/src/sys/backtrace.rs:152:18
[INFO] [stdout]   34:     0x62e49774012a - std::thread::Builder::spawn_unchecked_::{{closure}}::{{closure}}::h4faa3f9db6133423
[INFO] [stdout]                                at /rustc/6067b36314ab5eb2eb47cecc464545ba58e1ad24/library/std/src/thread/mod.rs:559:17
[INFO] [stdout]   35:     0x62e49774012a - <core::panic::unwind_safe::AssertUnwindSafe<F> as core::ops::function::FnOnce<()>>::call_once::hf2e855a36a4ea846
[INFO] [stdout]                                at /rustc/6067b36314ab5eb2eb47cecc464545ba58e1ad24/library/core/src/panic/unwind_safe.rs:272:9
[INFO] [stdout]   36:     0x62e49774012a - std::panicking::try::do_call::h2f73af3616c35465
[INFO] [stdout]                                at /rustc/6067b36314ab5eb2eb47cecc464545ba58e1ad24/library/std/src/panicking.rs:587:40
[INFO] [stdout]   37:     0x62e49774012a - std::panicking::try::hd1660ce9efadef5a
[INFO] [stdout]                                at /rustc/6067b36314ab5eb2eb47cecc464545ba58e1ad24/library/std/src/panicking.rs:550:19
[INFO] [stdout]   38:     0x62e49774012a - std::panic::catch_unwind::h5ee8d7823b8ca744
[INFO] [stdout]                                at /rustc/6067b36314ab5eb2eb47cecc464545ba58e1ad24/library/std/src/panic.rs:358:14
[INFO] [stdout]   39:     0x62e49774012a - std::thread::Builder::spawn_unchecked_::{{closure}}::h53c3a1894dce8407
[INFO] [stdout]                                at /rustc/6067b36314ab5eb2eb47cecc464545ba58e1ad24/library/std/src/thread/mod.rs:557:30
[INFO] [stdout]   40:     0x62e49774012a - core::ops::function::FnOnce::call_once{{vtable.shim}}::h048ce291ad4f62bf
[INFO] [stdout]                                at /rustc/6067b36314ab5eb2eb47cecc464545ba58e1ad24/library/core/src/ops/function.rs:250:5
[INFO] [stdout]   41:     0x62e4977b232b - <alloc::boxed::Box<F,A> as core::ops::function::FnOnce<Args>>::call_once::ha52bedf99a3b4981
[INFO] [stdout]                                at /rustc/6067b36314ab5eb2eb47cecc464545ba58e1ad24/library/alloc/src/boxed.rs:2013:9
[INFO] [stdout]   42:     0x62e4977b232b - <alloc::boxed::Box<F,A> as core::ops::function::FnOnce<Args>>::call_once::h567748934d80ccf8
[INFO] [stdout]                                at /rustc/6067b36314ab5eb2eb47cecc464545ba58e1ad24/library/alloc/src/boxed.rs:2013:9
[INFO] [stdout]   43:     0x62e4977b232b - std::sys::pal::unix::thread::Thread::new::thread_start::h2d970728ae887adc
[INFO] [stdout]                                at /rustc/6067b36314ab5eb2eb47cecc464545ba58e1ad24/library/std/src/sys/pal/unix/thread.rs:106:17
[INFO] [stdout]   44:     0x701a010cfac3 - <unknown>
[INFO] [stdout]   45:     0x701a01160a04 - clone
[INFO] [stdout]   46:                0x0 - <unknown>
[INFO] [stdout] 
[INFO] [stdout] ---- day04::test_space_or_newline stdout ----
[INFO] [stdout] 
[INFO] [stdout] thread 'day04::test_space_or_newline' panicked at src/day04.rs:48:5:
[INFO] [stdout] assertion `left == right` failed
[INFO] [stdout]   left: Err(Error(Error { input: "\n", code: Space }))
[INFO] [stdout]  right: Ok(("", "\n"))
[INFO] [stdout] stack backtrace:
[INFO] [stdout]    0:     0x62e4977ac4da - std::backtrace_rs::backtrace::libunwind::trace::hb059275cfc8d6126
[INFO] [stdout]                                at /rustc/6067b36314ab5eb2eb47cecc464545ba58e1ad24/library/std/src/../../backtrace/src/backtrace/libunwind.rs:116:5
[INFO] [stdout]    1:     0x62e4977ac4da - std::backtrace_rs::backtrace::trace_unsynchronized::h2da071e4327ce3ee
[INFO] [stdout]                                at /rustc/6067b36314ab5eb2eb47cecc464545ba58e1ad24/library/std/src/../../backtrace/src/backtrace/mod.rs:66:5
[INFO] [stdout]    2:     0x62e4977ac4da - std::sys::backtrace::_print_fmt::h842a1474e6f8d23f
[INFO] [stdout]                                at /rustc/6067b36314ab5eb2eb47cecc464545ba58e1ad24/library/std/src/sys/backtrace.rs:66:9
[INFO] [stdout]    3:     0x62e4977ac4da - <std::sys::backtrace::BacktraceLock::print::DisplayBacktrace as core::fmt::Display>::fmt::h71a62eb3b9696b12
[INFO] [stdout]                                at /rustc/6067b36314ab5eb2eb47cecc464545ba58e1ad24/library/std/src/sys/backtrace.rs:39:26
[INFO] [stdout]    4:     0x62e4977d3a83 - core::fmt::rt::Argument::fmt::hdb6b616786b41dc1
[INFO] [stdout]                                at /rustc/6067b36314ab5eb2eb47cecc464545ba58e1ad24/library/core/src/fmt/rt.rs:177:76
[INFO] [stdout]    5:     0x62e4977d3a83 - core::fmt::write::h2cc1698af7e2d686
[INFO] [stdout]                                at /rustc/6067b36314ab5eb2eb47cecc464545ba58e1ad24/library/core/src/fmt/mod.rs:1440:21
[INFO] [stdout]    6:     0x62e4977a9033 - std::io::Write::write_fmt::hab1b4cd059a79022
[INFO] [stdout]                                at /rustc/6067b36314ab5eb2eb47cecc464545ba58e1ad24/library/std/src/io/mod.rs:1887:15
[INFO] [stdout]    7:     0x62e4977ac322 - std::sys::backtrace::BacktraceLock::print::h147fe35b4ea13b08
[INFO] [stdout]                                at /rustc/6067b36314ab5eb2eb47cecc464545ba58e1ad24/library/std/src/sys/backtrace.rs:42:9
[INFO] [stdout]    8:     0x62e4977ad8ff - std::panicking::default_hook::{{closure}}::hbd44223dbdc0d208
[INFO] [stdout]                                at /rustc/6067b36314ab5eb2eb47cecc464545ba58e1ad24/library/std/src/panicking.rs:298:22
[INFO] [stdout]    9:     0x62e4977ad718 - std::panicking::default_hook::h20f81eb0576efcec
[INFO] [stdout]                                at /rustc/6067b36314ab5eb2eb47cecc464545ba58e1ad24/library/std/src/panicking.rs:322:9
[INFO] [stdout]   10:     0x62e4977750d3 - <alloc::boxed::Box<F,A> as core::ops::function::Fn<Args>>::call::hdb53814c496a4d34
[INFO] [stdout]                                at /rustc/6067b36314ab5eb2eb47cecc464545ba58e1ad24/library/alloc/src/boxed.rs:2027:9
[INFO] [stdout]   11:     0x62e4977750d3 - test::test_main::{{closure}}::hc0a4963c59427c24
[INFO] [stdout]                                at /rustc/6067b36314ab5eb2eb47cecc464545ba58e1ad24/library/test/src/lib.rs:134:21
[INFO] [stdout]   12:     0x62e4977ae3f3 - <alloc::boxed::Box<F,A> as core::ops::function::Fn<Args>>::call::h591b2225413a77e9
[INFO] [stdout]                                at /rustc/6067b36314ab5eb2eb47cecc464545ba58e1ad24/library/alloc/src/boxed.rs:2027:9
[INFO] [stdout]   13:     0x62e4977ae3f3 - std::panicking::rust_panic_with_hook::h625eea43051b2edc
[INFO] [stdout]                                at /rustc/6067b36314ab5eb2eb47cecc464545ba58e1ad24/library/std/src/panicking.rs:839:13
[INFO] [stdout]   14:     0x62e4977ae0aa - std::panicking::begin_panic_handler::{{closure}}::h4f9159cfbc3f6bd3
[INFO] [stdout]                                at /rustc/6067b36314ab5eb2eb47cecc464545ba58e1ad24/library/std/src/panicking.rs:704:13
[INFO] [stdout]   15:     0x62e4977ac9d9 - std::sys::backtrace::__rust_end_short_backtrace::h0390abce48353151
[INFO] [stdout]                                at /rustc/6067b36314ab5eb2eb47cecc464545ba58e1ad24/library/std/src/sys/backtrace.rs:168:18
[INFO] [stdout]   16:     0x62e4977add3d - rust_begin_unwind
[INFO] [stdout]                                at /rustc/6067b36314ab5eb2eb47cecc464545ba58e1ad24/library/std/src/panicking.rs:695:5
[INFO] [stdout]   17:     0x62e4977d2500 - core::panicking::panic_fmt::h9e7c637e9e5f29c9
[INFO] [stdout]                                at /rustc/6067b36314ab5eb2eb47cecc464545ba58e1ad24/library/core/src/panicking.rs:75:14
[INFO] [stdout]   18:     0x62e4977d2852 - core::panicking::assert_failed_inner::h538bec7c1374cd9c
[INFO] [stdout]   19:     0x62e49772c219 - core::panicking::assert_failed::h1b4ea6d60c1af36f
[INFO] [stdout]                                at /rustc/6067b36314ab5eb2eb47cecc464545ba58e1ad24/library/core/src/panicking.rs:364:5
[INFO] [stdout]   20:     0x62e497730321 - AdventOfCode2020::day04::test_space_or_newline::h614a389e55b507df
[INFO] [stdout]                                at /opt/rustwide/workdir/src/day04.rs:48:5
[INFO] [stdout]   21:     0x62e497730207 - AdventOfCode2020::day04::test_space_or_newline::{{closure}}::hcf620e003e359f00
[INFO] [stdout]                                at /opt/rustwide/workdir/src/day04.rs:46:27
[INFO] [stdout]   22:     0x62e49772ace6 - core::ops::function::FnOnce::call_once::h7d4e5d53ccfbb1a5
[INFO] [stdout]                                at /rustc/6067b36314ab5eb2eb47cecc464545ba58e1ad24/library/core/src/ops/function.rs:250:5
[INFO] [stdout]   23:     0x62e49777a82b - core::ops::function::FnOnce::call_once::he27718dfdd183f43
[INFO] [stdout]                                at /rustc/6067b36314ab5eb2eb47cecc464545ba58e1ad24/library/core/src/ops/function.rs:250:5
[INFO] [stdout]   24:     0x62e49777a82b - test::__rust_begin_short_backtrace::h4e84902998457a5d
[INFO] [stdout]                                at /rustc/6067b36314ab5eb2eb47cecc464545ba58e1ad24/library/test/src/lib.rs:632:18
[INFO] [stdout]   25:     0x62e497779763 - test::run_test_in_process::{{closure}}::h7176fd18fc1feca0
[INFO] [stdout]                                at /rustc/6067b36314ab5eb2eb47cecc464545ba58e1ad24/library/test/src/lib.rs:655:60
[INFO] [stdout]   26:     0x62e497779763 - <core::panic::unwind_safe::AssertUnwindSafe<F> as core::ops::function::FnOnce<()>>::call_once::hf79cff2a624d8cf7
[INFO] [stdout]                                at /rustc/6067b36314ab5eb2eb47cecc464545ba58e1ad24/library/core/src/panic/unwind_safe.rs:272:9
[INFO] [stdout]   27:     0x62e497779763 - std::panicking::try::do_call::h3da0561d9ab99c25
[INFO] [stdout]                                at /rustc/6067b36314ab5eb2eb47cecc464545ba58e1ad24/library/std/src/panicking.rs:587:40
[INFO] [stdout]   28:     0x62e497779763 - std::panicking::try::h41c9fa508bc61df6
[INFO] [stdout]                                at /rustc/6067b36314ab5eb2eb47cecc464545ba58e1ad24/library/std/src/panicking.rs:550:19
[INFO] [stdout]   29:     0x62e497779763 - std::panic::catch_unwind::h6b3ff07bb5afad93
[INFO] [stdout]                                at /rustc/6067b36314ab5eb2eb47cecc464545ba58e1ad24/library/std/src/panic.rs:358:14
[INFO] [stdout]   30:     0x62e497779763 - test::run_test_in_process::hc7253dd11b39b9f4
[INFO] [stdout]                                at /rustc/6067b36314ab5eb2eb47cecc464545ba58e1ad24/library/test/src/lib.rs:655:27
[INFO] [stdout]   31:     0x62e497779763 - test::run_test::{{closure}}::hfb2007f8649c30bb
[INFO] [stdout]                                at /rustc/6067b36314ab5eb2eb47cecc464545ba58e1ad24/library/test/src/lib.rs:576:43
[INFO] [stdout]   32:     0x62e49773c845 - test::run_test::{{closure}}::h56a17aa7a282a9f4
[INFO] [stdout]                                at /rustc/6067b36314ab5eb2eb47cecc464545ba58e1ad24/library/test/src/lib.rs:606:41
[INFO] [stdout]   33:     0x62e49773c845 - std::sys::backtrace::__rust_begin_short_backtrace::hd2d2d2fb8e8c6aac
[INFO] [stdout]                                at /rustc/6067b36314ab5eb2eb47cecc464545ba58e1ad24/library/std/src/sys/backtrace.rs:152:18
[INFO] [stdout]   34:     0x62e49774012a - std::thread::Builder::spawn_unchecked_::{{closure}}::{{closure}}::h4faa3f9db6133423
[INFO] [stdout]                                at /rustc/6067b36314ab5eb2eb47cecc464545ba58e1ad24/library/std/src/thread/mod.rs:559:17
[INFO] [stdout]   35:     0x62e49774012a - <core::panic::unwind_safe::AssertUnwindSafe<F> as core::ops::function::FnOnce<()>>::call_once::hf2e855a36a4ea846
[INFO] [stdout]                                at /rustc/6067b36314ab5eb2eb47cecc464545ba58e1ad24/library/core/src/panic/unwind_safe.rs:272:9
[INFO] [stdout]   36:     0x62e49774012a - std::panicking::try::do_call::h2f73af3616c35465
[INFO] [stdout]                                at /rustc/6067b36314ab5eb2eb47cecc464545ba58e1ad24/library/std/src/panicking.rs:587:40
[INFO] [stdout]   37:     0x62e49774012a - std::panicking::try::hd1660ce9efadef5a
[INFO] [stdout]                                at /rustc/6067b36314ab5eb2eb47cecc464545ba58e1ad24/library/std/src/panicking.rs:550:19
[INFO] [stdout]   38:     0x62e49774012a - std::panic::catch_unwind::h5ee8d7823b8ca744
[INFO] [stdout]                                at /rustc/6067b36314ab5eb2eb47cecc464545ba58e1ad24/library/std/src/panic.rs:358:14
[INFO] [stdout]   39:     0x62e49774012a - std::thread::Builder::spawn_unchecked_::{{closure}}::h53c3a1894dce8407
[INFO] [stdout]                                at /rustc/6067b36314ab5eb2eb47cecc464545ba58e1ad24/library/std/src/thread/mod.rs:557:30
[INFO] [stdout]   40:     0x62e49774012a - core::ops::function::FnOnce::call_once{{vtable.shim}}::h048ce291ad4f62bf
[INFO] [stdout]                                at /rustc/6067b36314ab5eb2eb47cecc464545ba58e1ad24/library/core/src/ops/function.rs:250:5
[INFO] [stdout]   41:     0x62e4977b232b - <alloc::boxed::Box<F,A> as core::ops::function::FnOnce<Args>>::call_once::ha52bedf99a3b4981
[INFO] [stdout]                                at /rustc/6067b36314ab5eb2eb47cecc464545ba58e1ad24/library/alloc/src/boxed.rs:2013:9
[INFO] [stdout]   42:     0x62e4977b232b - <alloc::boxed::Box<F,A> as core::ops::function::FnOnce<Args>>::call_once::h567748934d80ccf8
[INFO] [stdout]                                at /rustc/6067b36314ab5eb2eb47cecc464545ba58e1ad24/library/alloc/src/boxed.rs:2013:9
[INFO] [stdout]   43:     0x62e4977b232b - std::sys::pal::unix::thread::Thread::new::thread_start::h2d970728ae887adc
[INFO] [stdout]                                at /rustc/6067b36314ab5eb2eb47cecc464545ba58e1ad24/library/std/src/sys/pal/unix/thread.rs:106:17
[INFO] [stdout]   44:     0x701a010cfac3 - <unknown>
[INFO] [stdout]   45:     0x701a01160a04 - clone
[INFO] [stdout]   46:                0x0 - <unknown>
[INFO] [stdout] 
[INFO] [stdout] ---- day04::test_passport_parse2 stdout ----
[INFO] [stdout] 
[INFO] [stdout] thread 'day04::test_passport_parse2' panicked at src/day04.rs:271:5:
[INFO] [stdout] assertion `left == right` failed
[INFO] [stdout]   left: Passport { byr: None, iyr: None, eyr: None, hgt: None, hcl: Some(HairColor("#ae17e1")), ecl: None, pid: None, cid: None }
[INFO] [stdout]  right: Passport { byr: Some(BirthYear(1931)), iyr: Some(IssueYear(2013)), eyr: Some(ExpirationYear(2024)), hgt: Some(Height(Cm(179))), hcl: Some(HairColor("#ae17e1")), ecl: Some(EyeColor("brn")), pid: Some(PassportID(760753108)), cid: Some(CountryID(339)) }
[INFO] [stdout] stack backtrace:
[INFO] [stdout]    0:     0x62e4977ac4da - std::backtrace_rs::backtrace::libunwind::trace::hb059275cfc8d6126
[INFO] [stdout]                                at /rustc/6067b36314ab5eb2eb47cecc464545ba58e1ad24/library/std/src/../../backtrace/src/backtrace/libunwind.rs:116:5
[INFO] [stdout]    1:     0x62e4977ac4da - std::backtrace_rs::backtrace::trace_unsynchronized::h2da071e4327ce3ee
[INFO] [stdout]                                at /rustc/6067b36314ab5eb2eb47cecc464545ba58e1ad24/library/std/src/../../backtrace/src/backtrace/mod.rs:66:5
[INFO] [stdout]    2:     0x62e4977ac4da - std::sys::backtrace::_print_fmt::h842a1474e6f8d23f
[INFO] [stdout]                                at /rustc/6067b36314ab5eb2eb47cecc464545ba58e1ad24/library/std/src/sys/backtrace.rs:66:9
[INFO] [stdout]    3:     0x62e4977ac4da - <std::sys::backtrace::BacktraceLock::print::DisplayBacktrace as core::fmt::Display>::fmt::h71a62eb3b9696b12
[INFO] [stdout]                                at /rustc/6067b36314ab5eb2eb47cecc464545ba58e1ad24/library/std/src/sys/backtrace.rs:39:26
[INFO] [stdout]    4:     0x62e4977d3a83 - core::fmt::rt::Argument::fmt::hdb6b616786b41dc1
[INFO] [stdout]                                at /rustc/6067b36314ab5eb2eb47cecc464545ba58e1ad24/library/core/src/fmt/rt.rs:177:76
[INFO] [stdout]    5:     0x62e4977d3a83 - core::fmt::write::h2cc1698af7e2d686
[INFO] [stdout]                                at /rustc/6067b36314ab5eb2eb47cecc464545ba58e1ad24/library/core/src/fmt/mod.rs:1440:21
[INFO] [stdout]    6:     0x62e4977a9033 - std::io::Write::write_fmt::hab1b4cd059a79022
[INFO] [stdout]                                at /rustc/6067b36314ab5eb2eb47cecc464545ba58e1ad24/library/std/src/io/mod.rs:1887:15
[INFO] [stdout]    7:     0x62e4977ac322 - std::sys::backtrace::BacktraceLock::print::h147fe35b4ea13b08
[INFO] [stdout]                                at /rustc/6067b36314ab5eb2eb47cecc464545ba58e1ad24/library/std/src/sys/backtrace.rs:42:9
[INFO] [stdout]    8:     0x62e4977ad8ff - std::panicking::default_hook::{{closure}}::hbd44223dbdc0d208
[INFO] [stdout]                                at /rustc/6067b36314ab5eb2eb47cecc464545ba58e1ad24/library/std/src/panicking.rs:298:22
[INFO] [stdout]    9:     0x62e4977ad718 - std::panicking::default_hook::h20f81eb0576efcec
[INFO] [stdout]                                at /rustc/6067b36314ab5eb2eb47cecc464545ba58e1ad24/library/std/src/panicking.rs:322:9
[INFO] [stdout]   10:     0x62e4977750d3 - <alloc::boxed::Box<F,A> as core::ops::function::Fn<Args>>::call::hdb53814c496a4d34
[INFO] [stdout]                                at /rustc/6067b36314ab5eb2eb47cecc464545ba58e1ad24/library/alloc/src/boxed.rs:2027:9
[INFO] [stdout]   11:     0x62e4977750d3 - test::test_main::{{closure}}::hc0a4963c59427c24
[INFO] [stdout]                                at /rustc/6067b36314ab5eb2eb47cecc464545ba58e1ad24/library/test/src/lib.rs:134:21
[INFO] [stdout]   12:     0x62e4977ae3f3 - <alloc::boxed::Box<F,A> as core::ops::function::Fn<Args>>::call::h591b2225413a77e9
[INFO] [stdout]                                at /rustc/6067b36314ab5eb2eb47cecc464545ba58e1ad24/library/alloc/src/boxed.rs:2027:9
[INFO] [stdout]   13:     0x62e4977ae3f3 - std::panicking::rust_panic_with_hook::h625eea43051b2edc
[INFO] [stdout]                                at /rustc/6067b36314ab5eb2eb47cecc464545ba58e1ad24/library/std/src/panicking.rs:839:13
[INFO] [stdout]   14:     0x62e4977ae0aa - std::panicking::begin_panic_handler::{{closure}}::h4f9159cfbc3f6bd3
[INFO] [stdout]                                at /rustc/6067b36314ab5eb2eb47cecc464545ba58e1ad24/library/std/src/panicking.rs:704:13
[INFO] [stdout]   15:     0x62e4977ac9d9 - std::sys::backtrace::__rust_end_short_backtrace::h0390abce48353151
[INFO] [stdout]                                at /rustc/6067b36314ab5eb2eb47cecc464545ba58e1ad24/library/std/src/sys/backtrace.rs:168:18
[INFO] [stdout]   16:     0x62e4977add3d - rust_begin_unwind
[INFO] [stdout]                                at /rustc/6067b36314ab5eb2eb47cecc464545ba58e1ad24/library/std/src/panicking.rs:695:5
[INFO] [stdout]   17:     0x62e4977d2500 - core::panicking::panic_fmt::h9e7c637e9e5f29c9
[INFO] [stdout]                                at /rustc/6067b36314ab5eb2eb47cecc464545ba58e1ad24/library/core/src/panicking.rs:75:14
[INFO] [stdout]   18:     0x62e4977d2852 - core::panicking::assert_failed_inner::h538bec7c1374cd9c
[INFO] [stdout]   19:     0x62e49772c295 - core::panicking::assert_failed::h4043674d553b3d62
[INFO] [stdout]                                at /rustc/6067b36314ab5eb2eb47cecc464545ba58e1ad24/library/core/src/panicking.rs:364:5
[INFO] [stdout]   20:     0x62e497732887 - AdventOfCode2020::day04::test_passport_parse2::h69d2d87340bea704
[INFO] [stdout]                                at /opt/rustwide/workdir/src/day04.rs:271:5
[INFO] [stdout]   21:     0x62e497732527 - AdventOfCode2020::day04::test_passport_parse2::{{closure}}::hf9b923fc3a036f70
[INFO] [stdout]                                at /opt/rustwide/workdir/src/day04.rs:265:26
[INFO] [stdout]   22:     0x62e49772abd6 - core::ops::function::FnOnce::call_once::h073b9af5e96379fe
[INFO] [stdout]                                at /rustc/6067b36314ab5eb2eb47cecc464545ba58e1ad24/library/core/src/ops/function.rs:250:5
[INFO] [stdout]   23:     0x62e49777a82b - core::ops::function::FnOnce::call_once::he27718dfdd183f43
[INFO] [stdout]                                at /rustc/6067b36314ab5eb2eb47cecc464545ba58e1ad24/library/core/src/ops/function.rs:250:5
[INFO] [stdout]   24:     0x62e49777a82b - test::__rust_begin_short_backtrace::h4e84902998457a5d
[INFO] [stdout]                                at /rustc/6067b36314ab5eb2eb47cecc464545ba58e1ad24/library/test/src/lib.rs:632:18
[INFO] [stdout]   25:     0x62e497779763 - test::run_test_in_process::{{closure}}::h7176fd18fc1feca0
[INFO] [stdout]                                at /rustc/6067b36314ab5eb2eb47cecc464545ba58e1ad24/library/test/src/lib.rs:655:60
[INFO] [stdout]   26:     0x62e497779763 - <core::panic::unwind_safe::AssertUnwindSafe<F> as core::ops::function::FnOnce<()>>::call_once::hf79cff2a624d8cf7
[INFO] [stdout]                                at /rustc/6067b36314ab5eb2eb47cecc464545ba58e1ad24/library/core/src/panic/unwind_safe.rs:272:9
[INFO] [stdout]   27:     0x62e497779763 - std::panicking::try::do_call::h3da0561d9ab99c25
[INFO] [stdout]                                at /rustc/6067b36314ab5eb2eb47cecc464545ba58e1ad24/library/std/src/panicking.rs:587:40
[INFO] [stdout]   28:     0x62e497779763 - std::panicking::try::h41c9fa508bc61df6
[INFO] [stdout]                                at /rustc/6067b36314ab5eb2eb47cecc464545ba58e1ad24/library/std/src/panicking.rs:550:19
[INFO] [stdout]   29:     0x62e497779763 - std::panic::catch_unwind::h6b3ff07bb5afad93
[INFO] [stdout]                                at /rustc/6067b36314ab5eb2eb47cecc464545ba58e1ad24/library/std/src/panic.rs:358:14
[INFO] [stdout]   30:     0x62e497779763 - test::run_test_in_process::hc7253dd11b39b9f4
[INFO] [stdout]                                at /rustc/6067b36314ab5eb2eb47cecc464545ba58e1ad24/library/test/src/lib.rs:655:27
[INFO] [stdout]   31:     0x62e497779763 - test::run_test::{{closure}}::hfb2007f8649c30bb
[INFO] [stdout]                                at /rustc/6067b36314ab5eb2eb47cecc464545ba58e1ad24/library/test/src/lib.rs:576:43
[INFO] [stdout]   32:     0x62e49773c845 - test::run_test::{{closure}}::h56a17aa7a282a9f4
[INFO] [stdout]                                at /rustc/6067b36314ab5eb2eb47cecc464545ba58e1ad24/library/test/src/lib.rs:606:41
[INFO] [stdout]   33:     0x62e49773c845 - std::sys::backtrace::__rust_begin_short_backtrace::hd2d2d2fb8e8c6aac
[INFO] [stdout]                                at /rustc/6067b36314ab5eb2eb47cecc464545ba58e1ad24/library/std/src/sys/backtrace.rs:152:18
[INFO] [stdout]   34:     0x62e49774012a - std::thread::Builder::spawn_unchecked_::{{closure}}::{{closure}}::h4faa3f9db6133423
[INFO] [stdout]                                at /rustc/6067b36314ab5eb2eb47cecc464545ba58e1ad24/library/std/src/thread/mod.rs:559:17
[INFO] [stdout]   35:     0x62e49774012a - <core::panic::unwind_safe::AssertUnwindSafe<F> as core::ops::function::FnOnce<()>>::call_once::hf2e855a36a4ea846
[INFO] [stdout]                                at /rustc/6067b36314ab5eb2eb47cecc464545ba58e1ad24/library/core/src/panic/unwind_safe.rs:272:9
[INFO] [stdout]   36:     0x62e49774012a - std::panicking::try::do_call::h2f73af3616c35465
[INFO] [stdout]                                at /rustc/6067b36314ab5eb2eb47cecc464545ba58e1ad24/library/std/src/panicking.rs:587:40
[INFO] [stdout]   37:     0x62e49774012a - std::panicking::try::hd1660ce9efadef5a
[INFO] [stdout]                                at /rustc/6067b36314ab5eb2eb47cecc464545ba58e1ad24/library/std/src/panicking.rs:550:19
[INFO] [stdout]   38:     0x62e49774012a - std::panic::catch_unwind::h5ee8d7823b8ca744
[INFO] [stdout]                                at /rustc/6067b36314ab5eb2eb47cecc464545ba58e1ad24/library/std/src/panic.rs:358:14
[INFO] [stdout]   39:     0x62e49774012a - std::thread::Builder::spawn_unchecked_::{{closure}}::h53c3a1894dce8407
[INFO] [stdout]                                at /rustc/6067b36314ab5eb2eb47cecc464545ba58e1ad24/library/std/src/thread/mod.rs:557:30
[INFO] [stdout]   40:     0x62e49774012a - core::ops::function::FnOnce::call_once{{vtable.shim}}::h048ce291ad4f62bf
[INFO] [stdout]                                at /rustc/6067b36314ab5eb2eb47cecc464545ba58e1ad24/library/core/src/ops/function.rs:250:5
[INFO] [stdout]   41:     0x62e4977b232b - <alloc::boxed::Box<F,A> as core::ops::function::FnOnce<Args>>::call_once::ha52bedf99a3b4981
[INFO] [stdout]                                at /rustc/6067b36314ab5eb2eb47cecc464545ba58e1ad24/library/alloc/src/boxed.rs:2013:9
[INFO] [stdout]   42:     0x62e4977b232b - <alloc::boxed::Box<F,A> as core::ops::function::FnOnce<Args>>::call_once::h567748934d80ccf8
[INFO] [stdout]                                at /rustc/6067b36314ab5eb2eb47cecc464545ba58e1ad24/library/alloc/src/boxed.rs:2013:9
[INFO] [stdout]   43:     0x62e4977b232b - std::sys::pal::unix::thread::Thread::new::thread_start::h2d970728ae887adc
[INFO] [stdout]                                at /rustc/6067b36314ab5eb2eb47cecc464545ba58e1ad24/library/std/src/sys/pal/unix/thread.rs:106:17
[INFO] [stdout]   44:     0x701a010cfac3 - <unknown>
[INFO] [stdout]   45:     0x701a01160a04 - clone
[INFO] [stdout]   46:                0x0 - <unknown>
[INFO] [stdout] 
[INFO] [stdout] 
[INFO] [stdout] failures:
[INFO] [stdout]     day04::test_passport_parse
[INFO] [stdout]     day04::test_passport_parse2
[INFO] [stdout]     day04::test_space_or_newline
[INFO] [stdout] 
[INFO] [stdout] test result: FAILED. 6 passed; 3 failed; 0 ignored; 0 measured; 0 filtered out; finished in 0.03s
[INFO] [stdout] 
[INFO] [stderr] error: test failed, to rerun pass `--bin AdventOfCode2020`
[INFO] running `Command { std: "docker" "inspect" "2760db57e7db7c46d7f812cff9e0669b9823475b5d4c45eee28ce41c00b1d6bb", kill_on_drop: false }`
[INFO] running `Command { std: "docker" "rm" "-f" "2760db57e7db7c46d7f812cff9e0669b9823475b5d4c45eee28ce41c00b1d6bb", kill_on_drop: false }`
[INFO] [stdout] 2760db57e7db7c46d7f812cff9e0669b9823475b5d4c45eee28ce41c00b1d6bb
