[INFO] cloning repository https://github.com/fpauselli-fiuba/taller-diff
[INFO] running `Command { std: "git" "-c" "credential.helper=" "-c" "credential.helper=/workspace/cargo-home/bin/git-credential-null" "clone" "--bare" "https://github.com/fpauselli-fiuba/taller-diff" "/workspace/cache/git-repos/https%3A%2F%2Fgithub.com%2Ffpauselli-fiuba%2Ftaller-diff", kill_on_drop: false }`
[INFO] [stderr] Cloning into bare repository '/workspace/cache/git-repos/https%3A%2F%2Fgithub.com%2Ffpauselli-fiuba%2Ftaller-diff'...
[INFO] running `Command { std: "git" "rev-parse" "HEAD", kill_on_drop: false }`
[INFO] [stdout] d04a424cc978b301ca617703a7d6d87b64a2cdf5
[INFO] testing fpauselli-fiuba/taller-diff against nightly-2025-01-18 for randomize-layout-2
[INFO] running `Command { std: "git" "clone" "/workspace/cache/git-repos/https%3A%2F%2Fgithub.com%2Ffpauselli-fiuba%2Ftaller-diff" "/workspace/builds/worker-6-tc1/source", kill_on_drop: false }`
[INFO] [stderr] Cloning into '/workspace/builds/worker-6-tc1/source'...
[INFO] [stderr] done.
[INFO] validating manifest of git repo https://github.com/fpauselli-fiuba/taller-diff on toolchain nightly-2025-01-18
[INFO] running `Command { std: CARGO_HOME="/workspace/cargo-home" RUSTUP_HOME="/workspace/rustup-home" "/workspace/cargo-home/bin/cargo" "+nightly-2025-01-18" "metadata" "--manifest-path" "Cargo.toml" "--no-deps", kill_on_drop: false }`
[INFO] started tweaking git repo https://github.com/fpauselli-fiuba/taller-diff
[INFO] finished tweaking git repo https://github.com/fpauselli-fiuba/taller-diff
[INFO] tweaked toml for git repo https://github.com/fpauselli-fiuba/taller-diff written to /workspace/builds/worker-6-tc1/source/Cargo.toml
[INFO] crate git repo https://github.com/fpauselli-fiuba/taller-diff already has a lockfile, it will not be regenerated
[INFO] running `Command { std: CARGO_HOME="/workspace/cargo-home" RUSTUP_HOME="/workspace/rustup-home" "/workspace/cargo-home/bin/cargo" "+nightly-2025-01-18" "fetch" "--manifest-path" "Cargo.toml", kill_on_drop: false }`
[INFO] running `Command { std: "docker" "create" "-v" "/var/lib/crater-agent-workspace/builds/worker-6-tc1/target:/opt/rustwide/target:rw,Z" "-v" "/var/lib/crater-agent-workspace/builds/worker-6-tc1/source:/opt/rustwide/workdir:ro,Z" "-v" "/var/lib/crater-agent-workspace/cargo-home:/opt/rustwide/cargo-home:ro,Z" "-v" "/var/lib/crater-agent-workspace/rustup-home:/opt/rustwide/rustup-home:ro,Z" "-e" "SOURCE_DIR=/opt/rustwide/workdir" "-e" "CARGO_TARGET_DIR=/opt/rustwide/target" "-e" "CARGO_HOME=/opt/rustwide/cargo-home" "-e" "RUSTUP_HOME=/opt/rustwide/rustup-home" "-w" "/opt/rustwide/workdir" "-m" "1610612736" "--user" "0:0" "--network" "none" "ghcr.io/rust-lang/crates-build-env/linux@sha256:819108c5571ea2e421544af4d832f968d213c87fbe3707a016657f43d2f853bc" "/opt/rustwide/cargo-home/bin/cargo" "+nightly-2025-01-18" "metadata" "--no-deps" "--format-version=1", kill_on_drop: false }`
[INFO] [stdout] fa54143c41c065be9934ac1ea02a44994ec5585b558962a8f86d3ee0c224b3b5
[INFO] running `Command { std: "docker" "start" "-a" "fa54143c41c065be9934ac1ea02a44994ec5585b558962a8f86d3ee0c224b3b5", kill_on_drop: false }`
[INFO] running `Command { std: "docker" "inspect" "fa54143c41c065be9934ac1ea02a44994ec5585b558962a8f86d3ee0c224b3b5", kill_on_drop: false }`
[INFO] running `Command { std: "docker" "rm" "-f" "fa54143c41c065be9934ac1ea02a44994ec5585b558962a8f86d3ee0c224b3b5", kill_on_drop: false }`
[INFO] [stdout] fa54143c41c065be9934ac1ea02a44994ec5585b558962a8f86d3ee0c224b3b5
[INFO] running `Command { std: "docker" "create" "-v" "/var/lib/crater-agent-workspace/builds/worker-6-tc1/target:/opt/rustwide/target:rw,Z" "-v" "/var/lib/crater-agent-workspace/builds/worker-6-tc1/source:/opt/rustwide/workdir:ro,Z" "-v" "/var/lib/crater-agent-workspace/cargo-home:/opt/rustwide/cargo-home:ro,Z" "-v" "/var/lib/crater-agent-workspace/rustup-home:/opt/rustwide/rustup-home:ro,Z" "-e" "SOURCE_DIR=/opt/rustwide/workdir" "-e" "CARGO_TARGET_DIR=/opt/rustwide/target" "-e" "CARGO_INCREMENTAL=0" "-e" "RUST_BACKTRACE=full" "-e" "RUSTFLAGS=--cap-lints=forbid" "-e" "RUSTDOCFLAGS=--cap-lints=forbid" "-e" "CARGO_HOME=/opt/rustwide/cargo-home" "-e" "RUSTUP_HOME=/opt/rustwide/rustup-home" "-w" "/opt/rustwide/workdir" "-m" "1610612736" "--user" "0:0" "--network" "none" "ghcr.io/rust-lang/crates-build-env/linux@sha256:819108c5571ea2e421544af4d832f968d213c87fbe3707a016657f43d2f853bc" "/opt/rustwide/cargo-home/bin/cargo" "+nightly-2025-01-18" "build" "--frozen" "--message-format=json", kill_on_drop: false }`
[INFO] [stdout] af2837ed3799f55499b8e4fb2804cadcdd290b9083c1d773142292cb31f4be5f
[INFO] running `Command { std: "docker" "start" "-a" "af2837ed3799f55499b8e4fb2804cadcdd290b9083c1d773142292cb31f4be5f", kill_on_drop: false }`
[INFO] [stderr]    Compiling diff v1.1.0 (/opt/rustwide/workdir)
[INFO] [stderr]     Finished `dev` profile [unoptimized + debuginfo] target(s) in 0.69s
[INFO] running `Command { std: "docker" "inspect" "af2837ed3799f55499b8e4fb2804cadcdd290b9083c1d773142292cb31f4be5f", kill_on_drop: false }`
[INFO] running `Command { std: "docker" "rm" "-f" "af2837ed3799f55499b8e4fb2804cadcdd290b9083c1d773142292cb31f4be5f", kill_on_drop: false }`
[INFO] [stdout] af2837ed3799f55499b8e4fb2804cadcdd290b9083c1d773142292cb31f4be5f
[INFO] running `Command { std: "docker" "create" "-v" "/var/lib/crater-agent-workspace/builds/worker-6-tc1/target:/opt/rustwide/target:rw,Z" "-v" "/var/lib/crater-agent-workspace/builds/worker-6-tc1/source:/opt/rustwide/workdir:ro,Z" "-v" "/var/lib/crater-agent-workspace/cargo-home:/opt/rustwide/cargo-home:ro,Z" "-v" "/var/lib/crater-agent-workspace/rustup-home:/opt/rustwide/rustup-home:ro,Z" "-e" "SOURCE_DIR=/opt/rustwide/workdir" "-e" "CARGO_TARGET_DIR=/opt/rustwide/target" "-e" "CARGO_INCREMENTAL=0" "-e" "RUST_BACKTRACE=full" "-e" "RUSTFLAGS=--cap-lints=forbid" "-e" "RUSTDOCFLAGS=--cap-lints=forbid" "-e" "CARGO_HOME=/opt/rustwide/cargo-home" "-e" "RUSTUP_HOME=/opt/rustwide/rustup-home" "-w" "/opt/rustwide/workdir" "-m" "1610612736" "--user" "0:0" "--network" "none" "ghcr.io/rust-lang/crates-build-env/linux@sha256:819108c5571ea2e421544af4d832f968d213c87fbe3707a016657f43d2f853bc" "/opt/rustwide/cargo-home/bin/cargo" "+nightly-2025-01-18" "test" "--frozen" "--no-run" "--message-format=json", kill_on_drop: false }`
[INFO] [stdout] a9df3faaa766222ab379122ab118374eaa4d01c7e8e1fc854b657ab172a1e41d
[INFO] running `Command { std: "docker" "start" "-a" "a9df3faaa766222ab379122ab118374eaa4d01c7e8e1fc854b657ab172a1e41d", kill_on_drop: false }`
[INFO] [stderr]    Compiling diff v1.1.0 (/opt/rustwide/workdir)
[INFO] [stderr]     Finished `test` profile [unoptimized + debuginfo] target(s) in 0.36s
[INFO] running `Command { std: "docker" "inspect" "a9df3faaa766222ab379122ab118374eaa4d01c7e8e1fc854b657ab172a1e41d", kill_on_drop: false }`
[INFO] running `Command { std: "docker" "rm" "-f" "a9df3faaa766222ab379122ab118374eaa4d01c7e8e1fc854b657ab172a1e41d", kill_on_drop: false }`
[INFO] [stdout] a9df3faaa766222ab379122ab118374eaa4d01c7e8e1fc854b657ab172a1e41d
[INFO] running `Command { std: "docker" "create" "-v" "/var/lib/crater-agent-workspace/builds/worker-6-tc1/target:/opt/rustwide/target:rw,Z" "-v" "/var/lib/crater-agent-workspace/builds/worker-6-tc1/source:/opt/rustwide/workdir:ro,Z" "-v" "/var/lib/crater-agent-workspace/cargo-home:/opt/rustwide/cargo-home:ro,Z" "-v" "/var/lib/crater-agent-workspace/rustup-home:/opt/rustwide/rustup-home:ro,Z" "-e" "SOURCE_DIR=/opt/rustwide/workdir" "-e" "CARGO_TARGET_DIR=/opt/rustwide/target" "-e" "CARGO_INCREMENTAL=0" "-e" "RUST_BACKTRACE=full" "-e" "RUSTFLAGS=--cap-lints=forbid" "-e" "RUSTDOCFLAGS=--cap-lints=forbid" "-e" "CARGO_HOME=/opt/rustwide/cargo-home" "-e" "RUSTUP_HOME=/opt/rustwide/rustup-home" "-w" "/opt/rustwide/workdir" "-m" "1610612736" "--user" "0:0" "--network" "none" "ghcr.io/rust-lang/crates-build-env/linux@sha256:819108c5571ea2e421544af4d832f968d213c87fbe3707a016657f43d2f853bc" "/opt/rustwide/cargo-home/bin/cargo" "+nightly-2025-01-18" "test" "--frozen", kill_on_drop: false }`
[INFO] [stdout] afa400b9d014871c7cb31a69bf8eb410241687b2f392d7b28b198c0814011ef8
[INFO] running `Command { std: "docker" "start" "-a" "afa400b9d014871c7cb31a69bf8eb410241687b2f392d7b28b198c0814011ef8", kill_on_drop: false }`
[INFO] [stderr]     Finished `test` profile [unoptimized + debuginfo] target(s) in 0.03s
[INFO] [stderr]      Running unittests src/lib.rs (/opt/rustwide/target/debug/deps/diff-ff46674e6833b6df)
[INFO] [stdout] 
[INFO] [stdout] running 0 tests
[INFO] [stdout] 
[INFO] [stdout] test result: ok. 0 passed; 0 failed; 0 ignored; 0 measured; 0 filtered out; finished in 0.00s
[INFO] [stdout] 
[INFO] [stderr]      Running unittests src/main.rs (/opt/rustwide/target/debug/deps/diff-eb9f8394fb8e8b56)
[INFO] [stdout] 
[INFO] [stdout] running 0 tests
[INFO] [stdout] 
[INFO] [stdout] test result: ok. 0 passed; 0 failed; 0 ignored; 0 measured; 0 filtered out; finished in 0.00s
[INFO] [stdout] 
[INFO] [stderr]    Doc-tests diff
[INFO] [stdout] 
[INFO] [stdout] running 1 test
[INFO] [stdout] test src/config.rs - config::Config::new (line 16) ... FAILED
[INFO] [stdout] 
[INFO] [stdout] failures:
[INFO] [stdout] 
[INFO] [stdout] ---- src/config.rs - config::Config::new (line 16) stdout ----
[INFO] [stdout] error[E0425]: cannot find value `config` in this scope
[INFO] [stdout]  --> src/config.rs:18:7
[INFO] [stdout]   |
[INFO] [stdout] 4 | if(Ok(config)) {
[INFO] [stdout]   |       ^^^^^^ not found in this scope
[INFO] [stdout] 
[INFO] [stdout] error[E0433]: failed to resolve: use of undeclared type `Config`
[INFO] [stdout]  --> src/config.rs:17:19
[INFO] [stdout]   |
[INFO] [stdout] 3 | let maybeConfig = Config::new();
[INFO] [stdout]   |                   ^^^^^^ use of undeclared type `Config`
[INFO] [stdout] 
[INFO] [stdout] error: aborting due to 2 previous errors
[INFO] [stdout] 
[INFO] [stdout] Some errors have detailed explanations: E0425, E0433.
[INFO] [stdout] For more information about an error, try `rustc --explain E0425`.
[INFO] [stdout] Couldn't compile the test.
[INFO] [stdout] 
[INFO] [stdout] failures:
[INFO] [stdout]     src/config.rs - config::Config::new (line 16)
[INFO] [stdout] 
[INFO] [stdout] test result: FAILED. 0 passed; 1 failed; 0 ignored; 0 measured; 0 filtered out; finished in 0.18s
[INFO] [stdout] 
[INFO] [stderr] error: doctest failed, to rerun pass `--doc`
[INFO] running `Command { std: "docker" "inspect" "afa400b9d014871c7cb31a69bf8eb410241687b2f392d7b28b198c0814011ef8", kill_on_drop: false }`
[INFO] running `Command { std: "docker" "rm" "-f" "afa400b9d014871c7cb31a69bf8eb410241687b2f392d7b28b198c0814011ef8", kill_on_drop: false }`
[INFO] [stdout] afa400b9d014871c7cb31a69bf8eb410241687b2f392d7b28b198c0814011ef8
