[INFO] cloning repository https://github.com/floscodes/rust-sitescraper
[INFO] running `Command { std: "git" "-c" "credential.helper=" "-c" "credential.helper=/workspace/cargo-home/bin/git-credential-null" "clone" "--bare" "https://github.com/floscodes/rust-sitescraper" "/workspace/cache/git-repos/https%3A%2F%2Fgithub.com%2Ffloscodes%2Frust-sitescraper", kill_on_drop: false }`
[INFO] [stderr] Cloning into bare repository '/workspace/cache/git-repos/https%3A%2F%2Fgithub.com%2Ffloscodes%2Frust-sitescraper'...
[INFO] running `Command { std: "git" "rev-parse" "HEAD", kill_on_drop: false }`
[INFO] [stdout] 0ad8318cc7f1bf3b17094ac7ede3868d61b9d1ef
[INFO] testing floscodes/rust-sitescraper against nightly-2025-01-18 for randomize-layout-2
[INFO] running `Command { std: "git" "clone" "/workspace/cache/git-repos/https%3A%2F%2Fgithub.com%2Ffloscodes%2Frust-sitescraper" "/workspace/builds/worker-3-tc1/source", kill_on_drop: false }`
[INFO] [stderr] Cloning into '/workspace/builds/worker-3-tc1/source'...
[INFO] [stderr] done.
[INFO] validating manifest of git repo https://github.com/floscodes/rust-sitescraper on toolchain nightly-2025-01-18
[INFO] running `Command { std: CARGO_HOME="/workspace/cargo-home" RUSTUP_HOME="/workspace/rustup-home" "/workspace/cargo-home/bin/cargo" "+nightly-2025-01-18" "metadata" "--manifest-path" "Cargo.toml" "--no-deps", kill_on_drop: false }`
[INFO] started tweaking git repo https://github.com/floscodes/rust-sitescraper
[INFO] finished tweaking git repo https://github.com/floscodes/rust-sitescraper
[INFO] tweaked toml for git repo https://github.com/floscodes/rust-sitescraper written to /workspace/builds/worker-3-tc1/source/Cargo.toml
[INFO] running `Command { std: CARGO_HOME="/workspace/cargo-home" RUSTUP_HOME="/workspace/rustup-home" "/workspace/cargo-home/bin/cargo" "+nightly-2025-01-18" "generate-lockfile" "--manifest-path" "Cargo.toml", kill_on_drop: false }`
[INFO] [stderr]     Updating crates.io index
[INFO] [stderr]      Locking 150 packages to latest compatible versions
[INFO] [stderr]       Adding reqwest v0.11.27 (available: v0.12.12)
[INFO] [stderr]       Adding slicestring v0.1.3 (available: v0.3.3)
[INFO] running `Command { std: CARGO_HOME="/workspace/cargo-home" RUSTUP_HOME="/workspace/rustup-home" "/workspace/cargo-home/bin/cargo" "+nightly-2025-01-18" "fetch" "--manifest-path" "Cargo.toml", kill_on_drop: false }`
[INFO] [stderr]  Downloading crates ...
[INFO] [stderr]   Downloaded slicestring v0.1.3
[INFO] running `Command { std: "docker" "create" "-v" "/var/lib/crater-agent-workspace/builds/worker-3-tc1/target:/opt/rustwide/target:rw,Z" "-v" "/var/lib/crater-agent-workspace/builds/worker-3-tc1/source:/opt/rustwide/workdir:ro,Z" "-v" "/var/lib/crater-agent-workspace/cargo-home:/opt/rustwide/cargo-home:ro,Z" "-v" "/var/lib/crater-agent-workspace/rustup-home:/opt/rustwide/rustup-home:ro,Z" "-e" "SOURCE_DIR=/opt/rustwide/workdir" "-e" "CARGO_TARGET_DIR=/opt/rustwide/target" "-e" "CARGO_HOME=/opt/rustwide/cargo-home" "-e" "RUSTUP_HOME=/opt/rustwide/rustup-home" "-w" "/opt/rustwide/workdir" "-m" "1610612736" "--user" "0:0" "--network" "none" "ghcr.io/rust-lang/crates-build-env/linux@sha256:819108c5571ea2e421544af4d832f968d213c87fbe3707a016657f43d2f853bc" "/opt/rustwide/cargo-home/bin/cargo" "+nightly-2025-01-18" "metadata" "--no-deps" "--format-version=1", kill_on_drop: false }`
[INFO] [stdout] 1a71fd9fc43e364a1d3a4a9e578c3566691b1832c0da03c2544f154791e4ffdd
[INFO] running `Command { std: "docker" "start" "-a" "1a71fd9fc43e364a1d3a4a9e578c3566691b1832c0da03c2544f154791e4ffdd", kill_on_drop: false }`
[INFO] running `Command { std: "docker" "inspect" "1a71fd9fc43e364a1d3a4a9e578c3566691b1832c0da03c2544f154791e4ffdd", kill_on_drop: false }`
[INFO] running `Command { std: "docker" "rm" "-f" "1a71fd9fc43e364a1d3a4a9e578c3566691b1832c0da03c2544f154791e4ffdd", kill_on_drop: false }`
[INFO] [stdout] 1a71fd9fc43e364a1d3a4a9e578c3566691b1832c0da03c2544f154791e4ffdd
[INFO] running `Command { std: "docker" "create" "-v" "/var/lib/crater-agent-workspace/builds/worker-3-tc1/target:/opt/rustwide/target:rw,Z" "-v" "/var/lib/crater-agent-workspace/builds/worker-3-tc1/source:/opt/rustwide/workdir:ro,Z" "-v" "/var/lib/crater-agent-workspace/cargo-home:/opt/rustwide/cargo-home:ro,Z" "-v" "/var/lib/crater-agent-workspace/rustup-home:/opt/rustwide/rustup-home:ro,Z" "-e" "SOURCE_DIR=/opt/rustwide/workdir" "-e" "CARGO_TARGET_DIR=/opt/rustwide/target" "-e" "CARGO_INCREMENTAL=0" "-e" "RUST_BACKTRACE=full" "-e" "RUSTFLAGS=--cap-lints=forbid" "-e" "RUSTDOCFLAGS=--cap-lints=forbid" "-e" "CARGO_HOME=/opt/rustwide/cargo-home" "-e" "RUSTUP_HOME=/opt/rustwide/rustup-home" "-w" "/opt/rustwide/workdir" "-m" "1610612736" "--user" "0:0" "--network" "none" "ghcr.io/rust-lang/crates-build-env/linux@sha256:819108c5571ea2e421544af4d832f968d213c87fbe3707a016657f43d2f853bc" "/opt/rustwide/cargo-home/bin/cargo" "+nightly-2025-01-18" "build" "--frozen" "--message-format=json", kill_on_drop: false }`
[INFO] [stdout] bf31d76769983c1b84ce4566dd4c6951c1660e95934d473f3994a90017c1643a
[INFO] running `Command { std: "docker" "start" "-a" "bf31d76769983c1b84ce4566dd4c6951c1660e95934d473f3994a90017c1643a", kill_on_drop: false }`
[INFO] [stderr]    Compiling proc-macro2 v1.0.93
[INFO] [stderr]    Compiling unicode-ident v1.0.14
[INFO] [stderr]    Compiling libc v0.2.169
[INFO] [stderr]    Compiling stable_deref_trait v1.2.0
[INFO] [stderr]    Compiling shlex v1.3.0
[INFO] [stderr]    Compiling pkg-config v0.3.31
[INFO] [stderr]    Compiling vcpkg v0.2.15
[INFO] [stderr]    Compiling pin-project-lite v0.2.16
[INFO] [stderr]    Compiling bytes v1.9.0
[INFO] [stderr]    Compiling once_cell v1.20.2
[INFO] [stderr]    Compiling litemap v0.7.4
[INFO] [stderr]    Compiling writeable v0.5.5
[INFO] [stderr]    Compiling autocfg v1.4.0
[INFO] [stderr]    Compiling itoa v1.0.14
[INFO] [stderr]    Compiling icu_locid_transform_data v1.5.0
[INFO] [stderr]    Compiling futures-core v0.3.31
[INFO] [stderr]    Compiling icu_properties_data v1.5.0
[INFO] [stderr]    Compiling openssl v0.10.68
[INFO] [stderr]    Compiling write16 v1.0.0
[INFO] [stderr]    Compiling futures-task v0.3.31
[INFO] [stderr]    Compiling cc v1.2.10
[INFO] [stderr]    Compiling hashbrown v0.15.2
[INFO] [stderr]    Compiling smallvec v1.13.2
[INFO] [stderr]    Compiling icu_normalizer_data v1.5.0
[INFO] [stderr]    Compiling bitflags v2.8.0
[INFO] [stderr]    Compiling tracing-core v0.1.33
[INFO] [stderr]    Compiling futures-sink v0.3.31
[INFO] [stderr]    Compiling equivalent v1.0.1
[INFO] [stderr]    Compiling utf16_iter v1.0.5
[INFO] [stderr]    Compiling utf8_iter v1.0.4
[INFO] [stderr]    Compiling httparse v1.9.5
[INFO] [stderr]    Compiling native-tls v0.2.12
[INFO] [stderr]    Compiling futures-util v0.3.31
[INFO] [stderr]    Compiling percent-encoding v2.3.1
[INFO] [stderr]    Compiling serde v1.0.217
[INFO] [stderr]    Compiling log v0.4.25
[INFO] [stderr]    Compiling try-lock v0.2.5
[INFO] [stderr]    Compiling form_urlencoded v1.2.1
[INFO] [stderr]    Compiling want v0.3.1
[INFO] [stderr]    Compiling slab v0.4.9
[INFO] [stderr]    Compiling futures-channel v0.3.31
[INFO] [stderr]    Compiling http v0.2.12
[INFO] [stderr]    Compiling httpdate v1.0.3
[INFO] [stderr]    Compiling tower-service v0.3.3
[INFO] [stderr]    Compiling tracing v0.1.41
[INFO] [stderr]    Compiling indexmap v2.7.1
[INFO] [stderr]    Compiling base64 v0.21.7
[INFO] [stderr]    Compiling ryu v1.0.18
[INFO] [stderr]    Compiling encoding_rs v0.8.35
[INFO] [stderr]    Compiling quote v1.0.38
[INFO] [stderr]    Compiling mime v0.3.17
[INFO] [stderr]    Compiling ipnet v2.11.0
[INFO] [stderr]    Compiling sync_wrapper v0.1.2
[INFO] [stderr]    Compiling slicestring v0.1.3
[INFO] [stderr]    Compiling rustls-pemfile v1.0.4
[INFO] [stderr]    Compiling syn v2.0.96
[INFO] [stderr]    Compiling http-body v0.4.6
[INFO] [stderr]    Compiling openssl-sys v0.9.104
[INFO] [stderr]    Compiling socket2 v0.5.8
[INFO] [stderr]    Compiling mio v1.0.3
[INFO] [stderr]    Compiling tokio v1.43.0
[INFO] [stderr]    Compiling serde_urlencoded v0.7.1
[INFO] [stderr]    Compiling synstructure v0.13.1
[INFO] [stderr]    Compiling zerofrom-derive v0.1.5
[INFO] [stderr]    Compiling yoke-derive v0.7.5
[INFO] [stderr]    Compiling zerovec-derive v0.10.3
[INFO] [stderr]    Compiling displaydoc v0.2.5
[INFO] [stderr]    Compiling icu_provider_macros v1.5.0
[INFO] [stderr]    Compiling openssl-macros v0.1.1
[INFO] [stderr]    Compiling tokio-util v0.7.13
[INFO] [stderr]    Compiling h2 v0.3.26
[INFO] [stderr]    Compiling zerofrom v0.1.5
[INFO] [stderr]    Compiling yoke v0.7.5
[INFO] [stderr]    Compiling zerovec v0.10.4
[INFO] [stderr]    Compiling tinystr v0.7.6
[INFO] [stderr]    Compiling icu_collections v1.5.0
[INFO] [stderr]    Compiling icu_locid v1.5.0
[INFO] [stderr]    Compiling icu_provider v1.5.0
[INFO] [stderr]    Compiling icu_locid_transform v1.5.0
[INFO] [stderr]    Compiling tokio-native-tls v0.3.1
[INFO] [stderr]    Compiling hyper v0.14.32
[INFO] [stderr]    Compiling icu_properties v1.5.1
[INFO] [stderr]    Compiling hyper-tls v0.5.0
[INFO] [stderr]    Compiling icu_normalizer v1.5.0
[INFO] [stderr]    Compiling idna_adapter v1.2.0
[INFO] [stderr]    Compiling idna v1.0.3
[INFO] [stderr]    Compiling url v2.5.4
[INFO] [stderr]    Compiling reqwest v0.11.27
[INFO] [stderr]    Compiling sitescraper v0.2.1 (/opt/rustwide/workdir)
[INFO] [stderr]     Finished `dev` profile [unoptimized + debuginfo] target(s) in 20.44s
[INFO] running `Command { std: "docker" "inspect" "bf31d76769983c1b84ce4566dd4c6951c1660e95934d473f3994a90017c1643a", kill_on_drop: false }`
[INFO] running `Command { std: "docker" "rm" "-f" "bf31d76769983c1b84ce4566dd4c6951c1660e95934d473f3994a90017c1643a", kill_on_drop: false }`
[INFO] [stdout] bf31d76769983c1b84ce4566dd4c6951c1660e95934d473f3994a90017c1643a
[INFO] running `Command { std: "docker" "create" "-v" "/var/lib/crater-agent-workspace/builds/worker-3-tc1/target:/opt/rustwide/target:rw,Z" "-v" "/var/lib/crater-agent-workspace/builds/worker-3-tc1/source:/opt/rustwide/workdir:ro,Z" "-v" "/var/lib/crater-agent-workspace/cargo-home:/opt/rustwide/cargo-home:ro,Z" "-v" "/var/lib/crater-agent-workspace/rustup-home:/opt/rustwide/rustup-home:ro,Z" "-e" "SOURCE_DIR=/opt/rustwide/workdir" "-e" "CARGO_TARGET_DIR=/opt/rustwide/target" "-e" "CARGO_INCREMENTAL=0" "-e" "RUST_BACKTRACE=full" "-e" "RUSTFLAGS=--cap-lints=forbid" "-e" "RUSTDOCFLAGS=--cap-lints=forbid" "-e" "CARGO_HOME=/opt/rustwide/cargo-home" "-e" "RUSTUP_HOME=/opt/rustwide/rustup-home" "-w" "/opt/rustwide/workdir" "-m" "1610612736" "--user" "0:0" "--network" "none" "ghcr.io/rust-lang/crates-build-env/linux@sha256:819108c5571ea2e421544af4d832f968d213c87fbe3707a016657f43d2f853bc" "/opt/rustwide/cargo-home/bin/cargo" "+nightly-2025-01-18" "test" "--frozen" "--no-run" "--message-format=json", kill_on_drop: false }`
[INFO] [stdout] e8c35e5c8db19f1a29bce616cbb9eb48c537bafc469caf02035f59f350a1bac4
[INFO] running `Command { std: "docker" "start" "-a" "e8c35e5c8db19f1a29bce616cbb9eb48c537bafc469caf02035f59f350a1bac4", kill_on_drop: false }`
[INFO] [stderr]    Compiling sitescraper v0.2.1 (/opt/rustwide/workdir)
[INFO] [stderr]     Finished `test` profile [unoptimized + debuginfo] target(s) in 0.91s
[INFO] running `Command { std: "docker" "inspect" "e8c35e5c8db19f1a29bce616cbb9eb48c537bafc469caf02035f59f350a1bac4", kill_on_drop: false }`
[INFO] running `Command { std: "docker" "rm" "-f" "e8c35e5c8db19f1a29bce616cbb9eb48c537bafc469caf02035f59f350a1bac4", kill_on_drop: false }`
[INFO] [stdout] e8c35e5c8db19f1a29bce616cbb9eb48c537bafc469caf02035f59f350a1bac4
[INFO] running `Command { std: "docker" "create" "-v" "/var/lib/crater-agent-workspace/builds/worker-3-tc1/target:/opt/rustwide/target:rw,Z" "-v" "/var/lib/crater-agent-workspace/builds/worker-3-tc1/source:/opt/rustwide/workdir:ro,Z" "-v" "/var/lib/crater-agent-workspace/cargo-home:/opt/rustwide/cargo-home:ro,Z" "-v" "/var/lib/crater-agent-workspace/rustup-home:/opt/rustwide/rustup-home:ro,Z" "-e" "SOURCE_DIR=/opt/rustwide/workdir" "-e" "CARGO_TARGET_DIR=/opt/rustwide/target" "-e" "CARGO_INCREMENTAL=0" "-e" "RUST_BACKTRACE=full" "-e" "RUSTFLAGS=--cap-lints=forbid" "-e" "RUSTDOCFLAGS=--cap-lints=forbid" "-e" "CARGO_HOME=/opt/rustwide/cargo-home" "-e" "RUSTUP_HOME=/opt/rustwide/rustup-home" "-w" "/opt/rustwide/workdir" "-m" "1610612736" "--user" "0:0" "--network" "none" "ghcr.io/rust-lang/crates-build-env/linux@sha256:819108c5571ea2e421544af4d832f968d213c87fbe3707a016657f43d2f853bc" "/opt/rustwide/cargo-home/bin/cargo" "+nightly-2025-01-18" "test" "--frozen", kill_on_drop: false }`
[INFO] [stdout] 59a885e88ee62273bfe6ddfa58e77cae214443c59f7060ff682c233934b7afd9
[INFO] running `Command { std: "docker" "start" "-a" "59a885e88ee62273bfe6ddfa58e77cae214443c59f7060ff682c233934b7afd9", kill_on_drop: false }`
[INFO] [stderr]     Finished `test` profile [unoptimized + debuginfo] target(s) in 0.13s
[INFO] [stderr]      Running unittests src/lib.rs (/opt/rustwide/target/debug/deps/sitescraper-b5808f33044b2d1d)
[INFO] [stdout] 
[INFO] [stdout] running 1 test
[INFO] [stdout] test test_filter_method ... ok
[INFO] [stdout] 
[INFO] [stdout] test result: ok. 1 passed; 0 failed; 0 ignored; 0 measured; 0 filtered out; finished in 0.00s
[INFO] [stdout] 
[INFO] [stderr]    Doc-tests sitescraper
[INFO] [stdout] 
[INFO] [stdout] running 26 tests
[INFO] [stdout] test src/lib.rs - (line 92) ... FAILED
[INFO] [stdout] test src/lib.rs - crate::Dom::filter (line 166) ... FAILED
[INFO] [stdout] test src/lib.rs - (line 50) ... FAILED
[INFO] [stdout] test src/lib.rs - crate::Dom::filter (line 161) ... FAILED
[INFO] [stdout] test src/http.rs - http::get (line 7) ... FAILED
[INFO] [stdout] test src/lib.rs - (line 70) ... FAILED
[INFO] [stdout] test src/lib.rs - crate::Dom::filter (line 180) ... FAILED
[INFO] [stdout] test src/lib.rs - crate::Dom::filter (line 171) ... FAILED
[INFO] [stdout] test src/lib.rs - crate::Dom::filter (line 175) ... FAILED
[INFO] [stdout] test src/lib.rs - (line 36) ... ok
[INFO] [stdout] test src/lib.rs - (line 10) ... ok
[INFO] [stdout] test src/lib.rs - (line 56) ... FAILED
[INFO] [stdout] test src/lib.rs - crate::Dom::filter (line 151) ... ok
[INFO] [stdout] test src/lib.rs - (line 76) ... FAILED
[INFO] [stdout] test src/lib.rs - crate::Dom::get_inner_html (line 489) ... ok
[INFO] [stdout] test src/lib.rs - crate::Dom::to_string (line 430) ... ok
[INFO] [stdout] test src/lib.rs - crate::Dom::get_attr_value (line 607) ... ok
[INFO] [stdout] test src/lib.rs - crate::Tag::to_string (line 312) ... ok
[INFO] [stdout] test src/lib.rs - crate::Tag::get_tagname (line 271) ... ok
[INFO] [stdout] test src/lib.rs - crate::Tag::get_text (line 291) ... ok
[INFO] [stdout] test src/lib.rs - crate::Tag::get_inner_html (line 251) ... ok
[INFO] [stdout] test src/lib.rs - crate::Tag::get_attr_value (line 333) ... ok
[INFO] [stdout] test src/lib.rs - crate::Dom::filter (line 185) ... ok
[INFO] [stdout] test src/lib.rs - crate::Dom::get_text (line 548) ... ok
[INFO] [stdout] test src/lib.rs - parse_html (line 118) ... ok
[INFO] [stdout] test src/lib.rs - (line 22) ... ok
[INFO] [stdout] 
[INFO] [stdout] failures:
[INFO] [stdout] 
[INFO] [stdout] ---- src/lib.rs - (line 92) stdout ----
[INFO] [stdout] error[E0765]: unterminated double quote string
[INFO] [stdout]   --> src/lib.rs:101:13
[INFO] [stdout]    |
[INFO] [stdout] 9  |   println!("{}", filtered_dom.get_inner_html());
[INFO] [stdout]    |  _____________^
[INFO] [stdout] 10 | |  
[INFO] [stdout]    | |_^
[INFO] [stdout] 
[INFO] [stdout] error: aborting due to 1 previous error
[INFO] [stdout] 
[INFO] [stdout] For more information about this error, try `rustc --explain E0765`.
[INFO] [stdout] Couldn't compile the test.
[INFO] [stdout] ---- src/lib.rs - crate::Dom::filter (line 166) stdout ----
[INFO] [stdout] error[E0425]: cannot find value `dom` in this scope
[INFO] [stdout]  --> src/lib.rs:167:20
[INFO] [stdout]   |
[INFO] [stdout] 3 | let filtered_dom = dom.filter(("div, "id, "hello"));
[INFO] [stdout]   |                    ^^^ not found in this scope
[INFO] [stdout] 
[INFO] [stdout] error: suffixes on string literals are invalid
[INFO] [stdout]  --> src/lib.rs:167:32
[INFO] [stdout]   |
[INFO] [stdout] 3 | let filtered_dom = dom.filter(("div, "id, "hello"));
[INFO] [stdout]   |                                ^^^^^^^^^ invalid suffix `id`
[INFO] [stdout] 
[INFO] [stdout] error: aborting due to 2 previous errors
[INFO] [stdout] 
[INFO] [stdout] For more information about this error, try `rustc --explain E0425`.
[INFO] [stdout] Couldn't compile the test.
[INFO] [stdout] ---- src/lib.rs - (line 50) stdout ----
[INFO] [stdout] error[E0425]: cannot find function `get_inner_html` in this scope
[INFO] [stdout]  --> src/lib.rs:51:1
[INFO] [stdout]   |
[INFO] [stdout] 3 | get_inner_html()
[INFO] [stdout]   | ^^^^^^^^^^^^^^ not found in this scope
[INFO] [stdout] 
[INFO] [stdout] error: aborting due to 1 previous error
[INFO] [stdout] 
[INFO] [stdout] For more information about this error, try `rustc --explain E0425`.
[INFO] [stdout] Couldn't compile the test.
[INFO] [stdout] ---- src/lib.rs - crate::Dom::filter (line 161) stdout ----
[INFO] [stdout] error[E0425]: cannot find value `dom` in this scope
[INFO] [stdout]  --> src/lib.rs:162:20
[INFO] [stdout]   |
[INFO] [stdout] 3 | let filtered_dom = dom.filter(("div", "id"));
[INFO] [stdout]   |                    ^^^ not found in this scope
[INFO] [stdout] 
[INFO] [stdout] error: aborting due to 1 previous error
[INFO] [stdout] 
[INFO] [stdout] For more information about this error, try `rustc --explain E0425`.
[INFO] [stdout] Couldn't compile the test.
[INFO] [stdout] ---- src/http.rs - http::get (line 7) stdout ----
[INFO] [stdout] error[E0728]: `await` is only allowed inside `async` functions and blocks
[INFO] [stdout]  --> src/http.rs:11:58
[INFO] [stdout]   |
[INFO] [stdout] 4 | fn main() { #[allow(non_snake_case)] fn _doctest_main_src_http_rs_7_0() {
[INFO] [stdout]   |                                      ---------------------------------- this is not `async`
[INFO] [stdout] ...
[INFO] [stdout] 7 | let html = sitescraper::http::get("http://example.com/").await.unwrap();
[INFO] [stdout]   |                                                          ^^^^^ only allowed inside `async` functions and blocks
[INFO] [stdout] 
[INFO] [stdout] error: aborting due to 1 previous error
[INFO] [stdout] 
[INFO] [stdout] For more information about this error, try `rustc --explain E0728`.
[INFO] [stdout] Couldn't compile the test.
[INFO] [stdout] ---- src/lib.rs - (line 70) stdout ----
[INFO] [stdout] error[E0425]: cannot find value `dom` in this scope
[INFO] [stdout]  --> src/lib.rs:71:20
[INFO] [stdout]   |
[INFO] [stdout] 3 | let filtered_dom = dom.filter(("div", "id"));
[INFO] [stdout]   |                    ^^^ not found in this scope
[INFO] [stdout] 
[INFO] [stdout] error: aborting due to 1 previous error
[INFO] [stdout] 
[INFO] [stdout] For more information about this error, try `rustc --explain E0425`.
[INFO] [stdout] Couldn't compile the test.
[INFO] [stdout] ---- src/lib.rs - crate::Dom::filter (line 180) stdout ----
[INFO] [stdout] error[E0425]: cannot find value `dom` in this scope
[INFO] [stdout]  --> src/lib.rs:181:20
[INFO] [stdout]   |
[INFO] [stdout] 3 | let filtered_dom = dom.filter(("*", "*", "hello"));
[INFO] [stdout]   |                    ^^^ not found in this scope
[INFO] [stdout] 
[INFO] [stdout] error: aborting due to 1 previous error
[INFO] [stdout] 
[INFO] [stdout] For more information about this error, try `rustc --explain E0425`.
[INFO] [stdout] Couldn't compile the test.
[INFO] [stdout] ---- src/lib.rs - crate::Dom::filter (line 171) stdout ----
[INFO] [stdout] error[E0425]: cannot find value `dom` in this scope
[INFO] [stdout]  --> src/lib.rs:172:20
[INFO] [stdout]   |
[INFO] [stdout] 3 | let filtered_dom = dom.filter(("", "id", "hello"));
[INFO] [stdout]   |                    ^^^ not found in this scope
[INFO] [stdout] 
[INFO] [stdout] error: aborting due to 1 previous error
[INFO] [stdout] 
[INFO] [stdout] For more information about this error, try `rustc --explain E0425`.
[INFO] [stdout] Couldn't compile the test.
[INFO] [stdout] ---- src/lib.rs - crate::Dom::filter (line 175) stdout ----
[INFO] [stdout] error[E0425]: cannot find value `dom` in this scope
[INFO] [stdout]  --> src/lib.rs:176:20
[INFO] [stdout]   |
[INFO] [stdout] 3 | let filtered_dom = dom.filter(("", "", "hello"));
[INFO] [stdout]   |                    ^^^ not found in this scope
[INFO] [stdout] 
[INFO] [stdout] error: aborting due to 1 previous error
[INFO] [stdout] 
[INFO] [stdout] For more information about this error, try `rustc --explain E0425`.
[INFO] [stdout] Couldn't compile the test.
[INFO] [stdout] ---- src/lib.rs - (line 56) stdout ----
[INFO] [stdout] Test executable failed (exit status: 101).
[INFO] [stdout] 
[INFO] [stdout] stderr:
[INFO] [stdout] 
[INFO] [stdout] thread 'main' panicked at src/lib.rs:13:32:
[INFO] [stdout] index out of bounds: the len is 0 but the index is 0
[INFO] [stdout] stack backtrace:
[INFO] [stdout]    0:     0x5e451e572b0a - std::backtrace_rs::backtrace::libunwind::trace::hb059275cfc8d6126
[INFO] [stdout]                                at /rustc/6067b36314ab5eb2eb47cecc464545ba58e1ad24/library/std/src/../../backtrace/src/backtrace/libunwind.rs:116:5
[INFO] [stdout]    1:     0x5e451e572b0a - std::backtrace_rs::backtrace::trace_unsynchronized::h2da071e4327ce3ee
[INFO] [stdout]                                at /rustc/6067b36314ab5eb2eb47cecc464545ba58e1ad24/library/std/src/../../backtrace/src/backtrace/mod.rs:66:5
[INFO] [stdout]    2:     0x5e451e572b0a - std::sys::backtrace::_print_fmt::h842a1474e6f8d23f
[INFO] [stdout]                                at /rustc/6067b36314ab5eb2eb47cecc464545ba58e1ad24/library/std/src/sys/backtrace.rs:66:9
[INFO] [stdout]    3:     0x5e451e572b0a - <std::sys::backtrace::BacktraceLock::print::DisplayBacktrace as core::fmt::Display>::fmt::h71a62eb3b9696b12
[INFO] [stdout]                                at /rustc/6067b36314ab5eb2eb47cecc464545ba58e1ad24/library/std/src/sys/backtrace.rs:39:26
[INFO] [stdout]    4:     0x5e451e590373 - core::fmt::rt::Argument::fmt::hdb6b616786b41dc1
[INFO] [stdout]                                at /rustc/6067b36314ab5eb2eb47cecc464545ba58e1ad24/library/core/src/fmt/rt.rs:177:76
[INFO] [stdout]    5:     0x5e451e590373 - core::fmt::write::h2cc1698af7e2d686
[INFO] [stdout]                                at /rustc/6067b36314ab5eb2eb47cecc464545ba58e1ad24/library/core/src/fmt/mod.rs:1440:21
[INFO] [stdout]    6:     0x5e451e570043 - std::io::Write::write_fmt::h00c8700df393f328
[INFO] [stdout]                                at /rustc/6067b36314ab5eb2eb47cecc464545ba58e1ad24/library/std/src/io/mod.rs:1887:15
[INFO] [stdout]    7:     0x5e451e572952 - std::sys::backtrace::BacktraceLock::print::h147fe35b4ea13b08
[INFO] [stdout]                                at /rustc/6067b36314ab5eb2eb47cecc464545ba58e1ad24/library/std/src/sys/backtrace.rs:42:9
[INFO] [stdout]    8:     0x5e451e57389f - std::panicking::default_hook::{{closure}}::hbd44223dbdc0d208
[INFO] [stdout]                                at /rustc/6067b36314ab5eb2eb47cecc464545ba58e1ad24/library/std/src/panicking.rs:298:22
[INFO] [stdout]    9:     0x5e451e57370a - std::panicking::default_hook::h20f81eb0576efcec
[INFO] [stdout]                                at /rustc/6067b36314ab5eb2eb47cecc464545ba58e1ad24/library/std/src/panicking.rs:325:9
[INFO] [stdout]   10:     0x5e451e574172 - std::panicking::rust_panic_with_hook::h625eea43051b2edc
[INFO] [stdout]                                at /rustc/6067b36314ab5eb2eb47cecc464545ba58e1ad24/library/std/src/panicking.rs:831:13
[INFO] [stdout]   11:     0x5e451e57400a - std::panicking::begin_panic_handler::{{closure}}::h4f9159cfbc3f6bd3
[INFO] [stdout]                                at /rustc/6067b36314ab5eb2eb47cecc464545ba58e1ad24/library/std/src/panicking.rs:704:13
[INFO] [stdout]   12:     0x5e451e573009 - std::sys::backtrace::__rust_end_short_backtrace::h0390abce48353151
[INFO] [stdout]                                at /rustc/6067b36314ab5eb2eb47cecc464545ba58e1ad24/library/std/src/sys/backtrace.rs:168:18
[INFO] [stdout]   13:     0x5e451e573c9d - rust_begin_unwind
[INFO] [stdout]                                at /rustc/6067b36314ab5eb2eb47cecc464545ba58e1ad24/library/std/src/panicking.rs:695:5
[INFO] [stdout]   14:     0x5e451e58f500 - core::panicking::panic_fmt::h9e7c637e9e5f29c9
[INFO] [stdout]                                at /rustc/6067b36314ab5eb2eb47cecc464545ba58e1ad24/library/core/src/panicking.rs:75:14
[INFO] [stdout]   15:     0x5e451e58f681 - core::panicking::panic_bounds_check::hab62625bddb22ea0
[INFO] [stdout]                                at /rustc/6067b36314ab5eb2eb47cecc464545ba58e1ad24/library/core/src/panicking.rs:273:5
[INFO] [stdout]   16:     0x5e451e531c07 - <usize as core::slice::index::SliceIndex<[T]>>::index::hd65b711782327830
[INFO] [stdout]                                at /rustc/6067b36314ab5eb2eb47cecc464545ba58e1ad24/library/core/src/slice/index.rs:274:10
[INFO] [stdout]   17:     0x5e451e53fef1 - core::slice::index::<impl core::ops::index::Index<I> for [T]>::index::he46c3845113091c6
[INFO] [stdout]                                at /rustc/6067b36314ab5eb2eb47cecc464545ba58e1ad24/library/core/src/slice/index.rs:16:9
[INFO] [stdout]   18:     0x5e451e53fef1 - <alloc::vec::Vec<T,A> as core::ops::index::Index<I>>::index::h440fcd35156de40f
[INFO] [stdout]                                at /rustc/6067b36314ab5eb2eb47cecc464545ba58e1ad24/library/alloc/src/vec/mod.rs:3361:9
[INFO] [stdout]   19:     0x5e451e52fcc3 - rust_out::main::_doctest_main_src_lib_rs_56_0::h2d4efa8871c463de
[INFO] [stdout]   20:     0x5e451e52fb46 - rust_out::main::he88f0b9b281d54e0
[INFO] [stdout]   21:     0x5e451e52f893 - core::ops::function::FnOnce::call_once::hcf3829d8b58d0254
[INFO] [stdout]   22:     0x5e451e52f876 - std::sys::backtrace::__rust_begin_short_backtrace::h5e1527399e8d5bd4
[INFO] [stdout]   23:     0x5e451e52f859 - std::rt::lang_start::{{closure}}::h2c234101ed7b1b74
[INFO] [stdout]   24:     0x5e451e56d320 - core::ops::function::impls::<impl core::ops::function::FnOnce<A> for &F>::call_once::h1b085b6c1d2518b2
[INFO] [stdout]                                at /rustc/6067b36314ab5eb2eb47cecc464545ba58e1ad24/library/core/src/ops/function.rs:284:13
[INFO] [stdout]   25:     0x5e451e56d320 - std::panicking::try::do_call::h382f964a5a23b565
[INFO] [stdout]                                at /rustc/6067b36314ab5eb2eb47cecc464545ba58e1ad24/library/std/src/panicking.rs:587:40
[INFO] [stdout]   26:     0x5e451e56d320 - std::panicking::try::h57f991055eb622f9
[INFO] [stdout]                                at /rustc/6067b36314ab5eb2eb47cecc464545ba58e1ad24/library/std/src/panicking.rs:550:19
[INFO] [stdout]   27:     0x5e451e56d320 - std::panic::catch_unwind::h4d9a74ef04456343
[INFO] [stdout]                                at /rustc/6067b36314ab5eb2eb47cecc464545ba58e1ad24/library/std/src/panic.rs:358:14
[INFO] [stdout]   28:     0x5e451e56d320 - std::rt::lang_start_internal::{{closure}}::h2faa8ae84a93f314
[INFO] [stdout]                                at /rustc/6067b36314ab5eb2eb47cecc464545ba58e1ad24/library/std/src/rt.rs:163:24
[INFO] [stdout]   29:     0x5e451e56d320 - std::panicking::try::do_call::h0f8932bf638a9bf5
[INFO] [stdout]                                at /rustc/6067b36314ab5eb2eb47cecc464545ba58e1ad24/library/std/src/panicking.rs:587:40
[INFO] [stdout]   30:     0x5e451e56d320 - std::panicking::try::h683416ea756b175d
[INFO] [stdout]                                at /rustc/6067b36314ab5eb2eb47cecc464545ba58e1ad24/library/std/src/panicking.rs:550:19
[INFO] [stdout]   31:     0x5e451e56d320 - std::panic::catch_unwind::h56189fac8994979f
[INFO] [stdout]                                at /rustc/6067b36314ab5eb2eb47cecc464545ba58e1ad24/library/std/src/panic.rs:358:14
[INFO] [stdout]   32:     0x5e451e56d320 - std::rt::lang_start_internal::h8bbc1061691274fe
[INFO] [stdout]                                at /rustc/6067b36314ab5eb2eb47cecc464545ba58e1ad24/library/std/src/rt.rs:159:5
[INFO] [stdout]   33:     0x5e451e52f841 - std::rt::lang_start::h601b10a269c70ef7
[INFO] [stdout]   34:     0x5e451e52fe05 - main
[INFO] [stdout]   35:     0x72720dec2d90 - <unknown>
[INFO] [stdout]   36:     0x72720dec2e40 - __libc_start_main
[INFO] [stdout]   37:     0x5e451e52ef15 - _start
[INFO] [stdout]   38:                0x0 - <unknown>
[INFO] [stdout] 
[INFO] [stdout] 
[INFO] [stdout] ---- src/lib.rs - (line 76) stdout ----
[INFO] [stdout] Test executable failed (exit status: 101).
[INFO] [stdout] 
[INFO] [stdout] stderr:
[INFO] [stdout] 
[INFO] [stdout] thread 'main' panicked at src/lib.rs:13:32:
[INFO] [stdout] index out of bounds: the len is 0 but the index is 0
[INFO] [stdout] stack backtrace:
[INFO] [stdout]    0:     0x55d35ed50aea - std::backtrace_rs::backtrace::libunwind::trace::hb059275cfc8d6126
[INFO] [stdout]                                at /rustc/6067b36314ab5eb2eb47cecc464545ba58e1ad24/library/std/src/../../backtrace/src/backtrace/libunwind.rs:116:5
[INFO] [stdout]    1:     0x55d35ed50aea - std::backtrace_rs::backtrace::trace_unsynchronized::h2da071e4327ce3ee
[INFO] [stdout]                                at /rustc/6067b36314ab5eb2eb47cecc464545ba58e1ad24/library/std/src/../../backtrace/src/backtrace/mod.rs:66:5
[INFO] [stdout]    2:     0x55d35ed50aea - std::sys::backtrace::_print_fmt::h842a1474e6f8d23f
[INFO] [stdout]                                at /rustc/6067b36314ab5eb2eb47cecc464545ba58e1ad24/library/std/src/sys/backtrace.rs:66:9
[INFO] [stdout]    3:     0x55d35ed50aea - <std::sys::backtrace::BacktraceLock::print::DisplayBacktrace as core::fmt::Display>::fmt::h71a62eb3b9696b12
[INFO] [stdout]                                at /rustc/6067b36314ab5eb2eb47cecc464545ba58e1ad24/library/std/src/sys/backtrace.rs:39:26
[INFO] [stdout]    4:     0x55d35ed6e353 - core::fmt::rt::Argument::fmt::hdb6b616786b41dc1
[INFO] [stdout]                                at /rustc/6067b36314ab5eb2eb47cecc464545ba58e1ad24/library/core/src/fmt/rt.rs:177:76
[INFO] [stdout]    5:     0x55d35ed6e353 - core::fmt::write::h2cc1698af7e2d686
[INFO] [stdout]                                at /rustc/6067b36314ab5eb2eb47cecc464545ba58e1ad24/library/core/src/fmt/mod.rs:1440:21
[INFO] [stdout]    6:     0x55d35ed4e023 - std::io::Write::write_fmt::h00c8700df393f328
[INFO] [stdout]                                at /rustc/6067b36314ab5eb2eb47cecc464545ba58e1ad24/library/std/src/io/mod.rs:1887:15
[INFO] [stdout]    7:     0x55d35ed50932 - std::sys::backtrace::BacktraceLock::print::h147fe35b4ea13b08
[INFO] [stdout]                                at /rustc/6067b36314ab5eb2eb47cecc464545ba58e1ad24/library/std/src/sys/backtrace.rs:42:9
[INFO] [stdout]    8:     0x55d35ed5187f - std::panicking::default_hook::{{closure}}::hbd44223dbdc0d208
[INFO] [stdout]                                at /rustc/6067b36314ab5eb2eb47cecc464545ba58e1ad24/library/std/src/panicking.rs:298:22
[INFO] [stdout]    9:     0x55d35ed516ea - std::panicking::default_hook::h20f81eb0576efcec
[INFO] [stdout]                                at /rustc/6067b36314ab5eb2eb47cecc464545ba58e1ad24/library/std/src/panicking.rs:325:9
[INFO] [stdout]   10:     0x55d35ed52152 - std::panicking::rust_panic_with_hook::h625eea43051b2edc
[INFO] [stdout]                                at /rustc/6067b36314ab5eb2eb47cecc464545ba58e1ad24/library/std/src/panicking.rs:831:13
[INFO] [stdout]   11:     0x55d35ed51fea - std::panicking::begin_panic_handler::{{closure}}::h4f9159cfbc3f6bd3
[INFO] [stdout]                                at /rustc/6067b36314ab5eb2eb47cecc464545ba58e1ad24/library/std/src/panicking.rs:704:13
[INFO] [stdout]   12:     0x55d35ed50fe9 - std::sys::backtrace::__rust_end_short_backtrace::h0390abce48353151
[INFO] [stdout]                                at /rustc/6067b36314ab5eb2eb47cecc464545ba58e1ad24/library/std/src/sys/backtrace.rs:168:18
[INFO] [stdout]   13:     0x55d35ed51c7d - rust_begin_unwind
[INFO] [stdout]                                at /rustc/6067b36314ab5eb2eb47cecc464545ba58e1ad24/library/std/src/panicking.rs:695:5
[INFO] [stdout]   14:     0x55d35ed6d4e0 - core::panicking::panic_fmt::h9e7c637e9e5f29c9
[INFO] [stdout]                                at /rustc/6067b36314ab5eb2eb47cecc464545ba58e1ad24/library/core/src/panicking.rs:75:14
[INFO] [stdout]   15:     0x55d35ed6d661 - core::panicking::panic_bounds_check::hab62625bddb22ea0
[INFO] [stdout]                                at /rustc/6067b36314ab5eb2eb47cecc464545ba58e1ad24/library/core/src/panicking.rs:273:5
[INFO] [stdout]   16:     0x55d35ed0fbe7 - <usize as core::slice::index::SliceIndex<[T]>>::index::hd65b711782327830
[INFO] [stdout]                                at /rustc/6067b36314ab5eb2eb47cecc464545ba58e1ad24/library/core/src/slice/index.rs:274:10
[INFO] [stdout]   17:     0x55d35ed1ded1 - core::slice::index::<impl core::ops::index::Index<I> for [T]>::index::he46c3845113091c6
[INFO] [stdout]                                at /rustc/6067b36314ab5eb2eb47cecc464545ba58e1ad24/library/core/src/slice/index.rs:16:9
[INFO] [stdout]   18:     0x55d35ed1ded1 - <alloc::vec::Vec<T,A> as core::ops::index::Index<I>>::index::h440fcd35156de40f
[INFO] [stdout]                                at /rustc/6067b36314ab5eb2eb47cecc464545ba58e1ad24/library/alloc/src/vec/mod.rs:3361:9
[INFO] [stdout]   19:     0x55d35ed0dcad - rust_out::main::_doctest_main_src_lib_rs_76_0::h1a6c6ad0685f1cdb
[INFO] [stdout]   20:     0x55d35ed0db36 - rust_out::main::he88f0b9b281d54e0
[INFO] [stdout]   21:     0x55d35ed0d883 - core::ops::function::FnOnce::call_once::hcf3829d8b58d0254
[INFO] [stdout]   22:     0x55d35ed0d866 - std::sys::backtrace::__rust_begin_short_backtrace::h5e1527399e8d5bd4
[INFO] [stdout]   23:     0x55d35ed0d849 - std::rt::lang_start::{{closure}}::h2c234101ed7b1b74
[INFO] [stdout]   24:     0x55d35ed4b300 - core::ops::function::impls::<impl core::ops::function::FnOnce<A> for &F>::call_once::h1b085b6c1d2518b2
[INFO] [stdout]                                at /rustc/6067b36314ab5eb2eb47cecc464545ba58e1ad24/library/core/src/ops/function.rs:284:13
[INFO] [stdout]   25:     0x55d35ed4b300 - std::panicking::try::do_call::h382f964a5a23b565
[INFO] [stdout]                                at /rustc/6067b36314ab5eb2eb47cecc464545ba58e1ad24/library/std/src/panicking.rs:587:40
[INFO] [stdout]   26:     0x55d35ed4b300 - std::panicking::try::h57f991055eb622f9
[INFO] [stdout]                                at /rustc/6067b36314ab5eb2eb47cecc464545ba58e1ad24/library/std/src/panicking.rs:550:19
[INFO] [stdout]   27:     0x55d35ed4b300 - std::panic::catch_unwind::h4d9a74ef04456343
[INFO] [stdout]                                at /rustc/6067b36314ab5eb2eb47cecc464545ba58e1ad24/library/std/src/panic.rs:358:14
[INFO] [stdout]   28:     0x55d35ed4b300 - std::rt::lang_start_internal::{{closure}}::h2faa8ae84a93f314
[INFO] [stdout]                                at /rustc/6067b36314ab5eb2eb47cecc464545ba58e1ad24/library/std/src/rt.rs:163:24
[INFO] [stdout]   29:     0x55d35ed4b300 - std::panicking::try::do_call::h0f8932bf638a9bf5
[INFO] [stdout]                                at /rustc/6067b36314ab5eb2eb47cecc464545ba58e1ad24/library/std/src/panicking.rs:587:40
[INFO] [stdout]   30:     0x55d35ed4b300 - std::panicking::try::h683416ea756b175d
[INFO] [stdout]                                at /rustc/6067b36314ab5eb2eb47cecc464545ba58e1ad24/library/std/src/panicking.rs:550:19
[INFO] [stdout]   31:     0x55d35ed4b300 - std::panic::catch_unwind::h56189fac8994979f
[INFO] [stdout]                                at /rustc/6067b36314ab5eb2eb47cecc464545ba58e1ad24/library/std/src/panic.rs:358:14
[INFO] [stdout]   32:     0x55d35ed4b300 - std::rt::lang_start_internal::h8bbc1061691274fe
[INFO] [stdout]                                at /rustc/6067b36314ab5eb2eb47cecc464545ba58e1ad24/library/std/src/rt.rs:159:5
[INFO] [stdout]   33:     0x55d35ed0d831 - std::rt::lang_start::h601b10a269c70ef7
[INFO] [stdout]   34:     0x55d35ed0dde5 - main
[INFO] [stdout]   35:     0x7b371d35dd90 - <unknown>
[INFO] [stdout]   36:     0x7b371d35de40 - __libc_start_main
[INFO] [stdout]   37:     0x55d35ed0cf05 - _start
[INFO] [stdout]   38:                0x0 - <unknown>
[INFO] [stdout] 
[INFO] [stdout] 
[INFO] [stdout] 
[INFO] [stdout] failures:
[INFO] [stdout]     src/http.rs - http::get (line 7)
[INFO] [stdout]     src/lib.rs - (line 50)
[INFO] [stdout]     src/lib.rs - (line 56)
[INFO] [stdout]     src/lib.rs - (line 70)
[INFO] [stdout]     src/lib.rs - (line 76)
[INFO] [stdout]     src/lib.rs - (line 92)
[INFO] [stdout]     src/lib.rs - crate::Dom::filter (line 161)
[INFO] [stdout]     src/lib.rs - crate::Dom::filter (line 166)
[INFO] [stdout]     src/lib.rs - crate::Dom::filter (line 171)
[INFO] [stdout]     src/lib.rs - crate::Dom::filter (line 175)
[INFO] [stdout]     src/lib.rs - crate::Dom::filter (line 180)
[INFO] [stdout] 
[INFO] [stdout] test result: FAILED. 15 passed; 11 failed; 0 ignored; 0 measured; 0 filtered out; finished in 5.06s
[INFO] [stdout] 
[INFO] [stderr] error: doctest failed, to rerun pass `--doc`
[INFO] running `Command { std: "docker" "inspect" "59a885e88ee62273bfe6ddfa58e77cae214443c59f7060ff682c233934b7afd9", kill_on_drop: false }`
[INFO] running `Command { std: "docker" "rm" "-f" "59a885e88ee62273bfe6ddfa58e77cae214443c59f7060ff682c233934b7afd9", kill_on_drop: false }`
[INFO] [stdout] 59a885e88ee62273bfe6ddfa58e77cae214443c59f7060ff682c233934b7afd9
