[INFO] cloning repository https://github.com/flibX0r/redscript-mkdocs
[INFO] running `Command { std: "git" "-c" "credential.helper=" "-c" "credential.helper=/workspace/cargo-home/bin/git-credential-null" "clone" "--bare" "https://github.com/flibX0r/redscript-mkdocs" "/workspace/cache/git-repos/https%3A%2F%2Fgithub.com%2FflibX0r%2Fredscript-mkdocs", kill_on_drop: false }`
[INFO] [stderr] Cloning into bare repository '/workspace/cache/git-repos/https%3A%2F%2Fgithub.com%2FflibX0r%2Fredscript-mkdocs'...
[INFO] running `Command { std: "git" "rev-parse" "HEAD", kill_on_drop: false }`
[INFO] [stdout] b08ac940e4e980f369cf6898fe8792b7a3252255
[INFO] testing flibX0r/redscript-mkdocs against nightly-2025-01-18+rustflags=-Zrandomize-layout for randomize-layout-2
[INFO] running `Command { std: "git" "clone" "/workspace/cache/git-repos/https%3A%2F%2Fgithub.com%2FflibX0r%2Fredscript-mkdocs" "/workspace/builds/worker-1-tc2/source", kill_on_drop: false }`
[INFO] [stderr] Cloning into '/workspace/builds/worker-1-tc2/source'...
[INFO] [stderr] done.
[INFO] validating manifest of git repo https://github.com/flibX0r/redscript-mkdocs on toolchain nightly-2025-01-18
[INFO] running `Command { std: CARGO_HOME="/workspace/cargo-home" RUSTUP_HOME="/workspace/rustup-home" "/workspace/cargo-home/bin/cargo" "+nightly-2025-01-18" "metadata" "--manifest-path" "Cargo.toml" "--no-deps", kill_on_drop: false }`
[INFO] started tweaking git repo https://github.com/flibX0r/redscript-mkdocs
[INFO] finished tweaking git repo https://github.com/flibX0r/redscript-mkdocs
[INFO] tweaked toml for git repo https://github.com/flibX0r/redscript-mkdocs written to /workspace/builds/worker-1-tc2/source/Cargo.toml
[INFO] crate git repo https://github.com/flibX0r/redscript-mkdocs already has a lockfile, it will not be regenerated
[INFO] running `Command { std: CARGO_HOME="/workspace/cargo-home" RUSTUP_HOME="/workspace/rustup-home" "/workspace/cargo-home/bin/cargo" "+nightly-2025-01-18" "fetch" "--manifest-path" "Cargo.toml", kill_on_drop: false }`
[INFO] [stderr] warning: /workspace/builds/worker-1-tc2/source/Cargo.toml: the cargo feature `strip` has been stabilized in the 1.58 release and is no longer necessary to be listed in the manifest
[INFO] [stderr]   See https://doc.rust-lang.org/nightly/cargo/reference/profiles.html#strip-option for more information about using this feature.
[INFO] running `Command { std: "docker" "create" "-v" "/var/lib/crater-agent-workspace/builds/worker-1-tc2/target:/opt/rustwide/target:rw,Z" "-v" "/var/lib/crater-agent-workspace/builds/worker-1-tc2/source:/opt/rustwide/workdir:ro,Z" "-v" "/var/lib/crater-agent-workspace/cargo-home:/opt/rustwide/cargo-home:ro,Z" "-v" "/var/lib/crater-agent-workspace/rustup-home:/opt/rustwide/rustup-home:ro,Z" "-e" "SOURCE_DIR=/opt/rustwide/workdir" "-e" "CARGO_TARGET_DIR=/opt/rustwide/target" "-e" "CARGO_HOME=/opt/rustwide/cargo-home" "-e" "RUSTUP_HOME=/opt/rustwide/rustup-home" "-w" "/opt/rustwide/workdir" "-m" "1610612736" "--user" "0:0" "--network" "none" "ghcr.io/rust-lang/crates-build-env/linux@sha256:819108c5571ea2e421544af4d832f968d213c87fbe3707a016657f43d2f853bc" "/opt/rustwide/cargo-home/bin/cargo" "+nightly-2025-01-18" "metadata" "--no-deps" "--format-version=1", kill_on_drop: false }`
[INFO] [stdout] d28b5eb7ffdb61dae7767b20ad20b6d1bfd5fe84a45bb4af8bbf5f7164393168
[INFO] running `Command { std: "docker" "start" "-a" "d28b5eb7ffdb61dae7767b20ad20b6d1bfd5fe84a45bb4af8bbf5f7164393168", kill_on_drop: false }`
[INFO] running `Command { std: "docker" "inspect" "d28b5eb7ffdb61dae7767b20ad20b6d1bfd5fe84a45bb4af8bbf5f7164393168", kill_on_drop: false }`
[INFO] running `Command { std: "docker" "rm" "-f" "d28b5eb7ffdb61dae7767b20ad20b6d1bfd5fe84a45bb4af8bbf5f7164393168", kill_on_drop: false }`
[INFO] [stdout] d28b5eb7ffdb61dae7767b20ad20b6d1bfd5fe84a45bb4af8bbf5f7164393168
[INFO] running `Command { std: "docker" "create" "-v" "/var/lib/crater-agent-workspace/builds/worker-1-tc2/target:/opt/rustwide/target:rw,Z" "-v" "/var/lib/crater-agent-workspace/builds/worker-1-tc2/source:/opt/rustwide/workdir:ro,Z" "-v" "/var/lib/crater-agent-workspace/cargo-home:/opt/rustwide/cargo-home:ro,Z" "-v" "/var/lib/crater-agent-workspace/rustup-home:/opt/rustwide/rustup-home:ro,Z" "-e" "SOURCE_DIR=/opt/rustwide/workdir" "-e" "CARGO_TARGET_DIR=/opt/rustwide/target" "-e" "CARGO_INCREMENTAL=0" "-e" "RUST_BACKTRACE=full" "-e" "RUSTFLAGS=--cap-lints=forbid -Zrandomize-layout" "-e" "RUSTDOCFLAGS=--cap-lints=forbid" "-e" "CARGO_HOME=/opt/rustwide/cargo-home" "-e" "RUSTUP_HOME=/opt/rustwide/rustup-home" "-w" "/opt/rustwide/workdir" "-m" "1610612736" "--user" "0:0" "--network" "none" "ghcr.io/rust-lang/crates-build-env/linux@sha256:819108c5571ea2e421544af4d832f968d213c87fbe3707a016657f43d2f853bc" "/opt/rustwide/cargo-home/bin/cargo" "+nightly-2025-01-18" "build" "--frozen" "--message-format=json", kill_on_drop: false }`
[INFO] [stdout] dc59bff6df7a6cf4489545da4420ad0bbfde6fa6d793a61994105927541f7c35
[INFO] running `Command { std: "docker" "start" "-a" "dc59bff6df7a6cf4489545da4420ad0bbfde6fa6d793a61994105927541f7c35", kill_on_drop: false }`
[INFO] [stderr] warning: /opt/rustwide/workdir/Cargo.toml: the cargo feature `strip` has been stabilized in the 1.58 release and is no longer necessary to be listed in the manifest
[INFO] [stderr]   See https://doc.rust-lang.org/nightly/cargo/reference/profiles.html#strip-option for more information about using this feature.
[INFO] [stderr]    Compiling proc-macro2 v1.0.26
[INFO] [stderr]    Compiling unicode-xid v0.2.2
[INFO] [stderr]    Compiling autocfg v1.0.1
[INFO] [stderr]    Compiling syn v1.0.72
[INFO] [stderr]    Compiling ryu v1.0.5
[INFO] [stderr]    Compiling radium v0.5.3
[INFO] [stderr]    Compiling serde_derive v1.0.126
[INFO] [stderr]    Compiling bitflags v1.2.1
[INFO] [stderr]    Compiling cfg-if v1.0.0
[INFO] [stderr]    Compiling serde v1.0.126
[INFO] [stderr]    Compiling memchr v2.4.0
[INFO] [stderr]    Compiling version_check v0.9.3
[INFO] [stderr]    Compiling lexical-core v0.7.6
[INFO] [stderr]    Compiling static_assertions v1.1.0
[INFO] [stderr]    Compiling wyz v0.2.0
[INFO] [stderr]    Compiling tap v1.0.1
[INFO] [stderr]    Compiling libc v0.2.94
[INFO] [stderr]    Compiling arrayvec v0.5.2
[INFO] [stderr]    Compiling funty v1.1.0
[INFO] [stderr]    Compiling percent-encoding v2.1.0
[INFO] [stderr]    Compiling askama_escape v0.10.1
[INFO] [stderr]    Compiling humansize v1.1.0
[INFO] [stderr]    Compiling log v0.4.14
[INFO] [stderr]    Compiling peg-runtime v0.7.0
[INFO] [stderr]    Compiling termcolor v1.1.2
[INFO] [stderr]    Compiling nom v6.1.2
[INFO] [stderr]    Compiling num-traits v0.2.14
[INFO] [stderr]    Compiling num-integer v0.1.44
[INFO] [stderr]    Compiling time v0.1.44
[INFO] [stderr]    Compiling bitvec v0.19.5
[INFO] [stderr]    Compiling quote v1.0.9
[INFO] [stderr]    Compiling chrono v0.4.19
[INFO] [stderr]    Compiling peg-macros v0.7.0
[INFO] [stderr]    Compiling simplelog v0.10.0
[INFO] [stderr]    Compiling peg v0.7.0
[INFO] [stderr]    Compiling parser v1.0.0 (/opt/rustwide/workdir/parser)
[INFO] [stdout] warning: unused import: `std::str::FromStr`
[INFO] [stdout]  --> parser/src/lib.rs:2:5
[INFO] [stdout]   |
[INFO] [stdout] 2 | use std::str::FromStr;
[INFO] [stdout]   |     ^^^^^^^^^^^^^^^^^
[INFO] [stdout]   |
[INFO] [stdout]   = note: `#[warn(unused_imports)]` on by default
[INFO] [stdout] 
[INFO] [stdout] 
[INFO] [stdout] warning: unused import: `peg::error::ParseError`
[INFO] [stdout]  --> parser/src/lib.rs:5:5
[INFO] [stdout]   |
[INFO] [stdout] 5 | use peg::error::ParseError;
[INFO] [stdout]   |     ^^^^^^^^^^^^^^^^^^^^^^
[INFO] [stdout] 
[INFO] [stdout] 
[INFO] [stdout] warning: unused import: `AnyDefinition`
[INFO] [stdout]  --> parser/src/lib.rs:7:18
[INFO] [stdout]   |
[INFO] [stdout] 7 | use crate::ast::{AnyDefinition, Ident, ScalarType, ContainerType, VariableType, TypeDeclaration};
[INFO] [stdout]   |                  ^^^^^^^^^^^^^
[INFO] [stdout] 
[INFO] [stdout] 
[INFO] [stdout] warning: unused imports: `ClassDefinition`, `EnumDefinition`, and `EnumValDefinition`
[INFO] [stdout]  --> parser/src/lib.rs:9:37
[INFO] [stdout]   |
[INFO] [stdout] 9 | use crate::ast::{CommentDefinition, EnumDefinition, EnumValDefinition, ClassDefinition};
[INFO] [stdout]   |                                     ^^^^^^^^^^^^^^  ^^^^^^^^^^^^^^^^^  ^^^^^^^^^^^^^^^
[INFO] [stdout] 
[INFO] [stdout] 
[INFO] [stdout] warning: unused imports: `FileDefinition` and `MemberDefinition`
[INFO] [stdout]   --> parser/src/lib.rs:10:18
[INFO] [stdout]    |
[INFO] [stdout] 10 | use crate::ast::{MemberDefinition, FuncDefinition, ParamDefinition, FieldDefinition, FileDefinition};
[INFO] [stdout]    |                  ^^^^^^^^^^^^^^^^                                                    ^^^^^^^^^^^^^^
[INFO] [stdout] 
[INFO] [stdout] 
[INFO] [stdout] warning: function `VecToStringTrimmed` should have a snake case name
[INFO] [stdout]   --> parser/src/lib.rs:14:4
[INFO] [stdout]    |
[INFO] [stdout] 14 | fn VecToStringTrimmed(v: Vec<&str>) -> String {
[INFO] [stdout]    |    ^^^^^^^^^^^^^^^^^^ help: convert the identifier to snake case: `vec_to_string_trimmed`
[INFO] [stdout]    |
[INFO] [stdout]    = note: `#[warn(non_snake_case)]` on by default
[INFO] [stdout] 
[INFO] [stdout] 
[INFO] [stderr]    Compiling gumdrop_derive v0.8.0 (https://github.com/flibX0r/gumdrop#a0c7f07e)
[INFO] [stderr]    Compiling gumdrop v0.8.0 (https://github.com/flibX0r/gumdrop#a0c7f07e)
[INFO] [stderr]    Compiling toml v0.5.8
[INFO] [stderr]    Compiling askama_shared v0.11.1
[INFO] [stderr]    Compiling askama_derive v0.10.5
[INFO] [stderr]    Compiling askama v0.10.5
[INFO] [stderr]    Compiling redscript-mkdocs v1.0.0 (/opt/rustwide/workdir/core)
[INFO] [stderr]     Finished `dev` profile [unoptimized + debuginfo] target(s) in 26.25s
[INFO] [stderr] warning: the following packages contain code that will be rejected by a future version of Rust: nom v6.1.2
[INFO] [stderr] note: to see what the problems were, use the option `--future-incompat-report`, or run `cargo report future-incompatibilities --id 1`
[INFO] running `Command { std: "docker" "inspect" "dc59bff6df7a6cf4489545da4420ad0bbfde6fa6d793a61994105927541f7c35", kill_on_drop: false }`
[INFO] running `Command { std: "docker" "rm" "-f" "dc59bff6df7a6cf4489545da4420ad0bbfde6fa6d793a61994105927541f7c35", kill_on_drop: false }`
[INFO] [stdout] dc59bff6df7a6cf4489545da4420ad0bbfde6fa6d793a61994105927541f7c35
[INFO] running `Command { std: "docker" "create" "-v" "/var/lib/crater-agent-workspace/builds/worker-1-tc2/target:/opt/rustwide/target:rw,Z" "-v" "/var/lib/crater-agent-workspace/builds/worker-1-tc2/source:/opt/rustwide/workdir:ro,Z" "-v" "/var/lib/crater-agent-workspace/cargo-home:/opt/rustwide/cargo-home:ro,Z" "-v" "/var/lib/crater-agent-workspace/rustup-home:/opt/rustwide/rustup-home:ro,Z" "-e" "SOURCE_DIR=/opt/rustwide/workdir" "-e" "CARGO_TARGET_DIR=/opt/rustwide/target" "-e" "CARGO_INCREMENTAL=0" "-e" "RUST_BACKTRACE=full" "-e" "RUSTFLAGS=--cap-lints=forbid -Zrandomize-layout" "-e" "RUSTDOCFLAGS=--cap-lints=forbid" "-e" "CARGO_HOME=/opt/rustwide/cargo-home" "-e" "RUSTUP_HOME=/opt/rustwide/rustup-home" "-w" "/opt/rustwide/workdir" "-m" "1610612736" "--user" "0:0" "--network" "none" "ghcr.io/rust-lang/crates-build-env/linux@sha256:819108c5571ea2e421544af4d832f968d213c87fbe3707a016657f43d2f853bc" "/opt/rustwide/cargo-home/bin/cargo" "+nightly-2025-01-18" "test" "--frozen" "--no-run" "--message-format=json", kill_on_drop: false }`
[INFO] [stdout] 9789b9ce992cbdc24a239e776fb7ad76deed763f6a426055e3cdcd740a2ca390
[INFO] running `Command { std: "docker" "start" "-a" "9789b9ce992cbdc24a239e776fb7ad76deed763f6a426055e3cdcd740a2ca390", kill_on_drop: false }`
[INFO] [stderr] warning: /opt/rustwide/workdir/Cargo.toml: the cargo feature `strip` has been stabilized in the 1.58 release and is no longer necessary to be listed in the manifest
[INFO] [stderr]   See https://doc.rust-lang.org/nightly/cargo/reference/profiles.html#strip-option for more information about using this feature.
[INFO] [stdout] warning: unused import: `std::str::FromStr`
[INFO] [stdout]  --> parser/src/lib.rs:2:5
[INFO] [stdout]   |
[INFO] [stdout] 2 | use std::str::FromStr;
[INFO] [stdout]   |     ^^^^^^^^^^^^^^^^^
[INFO] [stdout]   |
[INFO] [stdout]   = note: `#[warn(unused_imports)]` on by default
[INFO] [stdout] 
[INFO] [stdout] 
[INFO] [stdout] warning: unused import: `peg::error::ParseError`
[INFO] [stdout]  --> parser/src/lib.rs:5:5
[INFO] [stdout]   |
[INFO] [stdout] 5 | use peg::error::ParseError;
[INFO] [stdout]   |     ^^^^^^^^^^^^^^^^^^^^^^
[INFO] [stdout] 
[INFO] [stdout] 
[INFO] [stdout] warning: unused import: `AnyDefinition`
[INFO] [stdout]  --> parser/src/lib.rs:7:18
[INFO] [stdout]   |
[INFO] [stdout] 7 | use crate::ast::{AnyDefinition, Ident, ScalarType, ContainerType, VariableType, TypeDeclaration};
[INFO] [stdout]   |                  ^^^^^^^^^^^^^
[INFO] [stdout] 
[INFO] [stdout] 
[INFO] [stdout] warning: unused imports: `ClassDefinition`, `EnumDefinition`, and `EnumValDefinition`
[INFO] [stdout]  --> parser/src/lib.rs:9:37
[INFO] [stdout]   |
[INFO] [stdout] 9 | use crate::ast::{CommentDefinition, EnumDefinition, EnumValDefinition, ClassDefinition};
[INFO] [stdout]   |                                     ^^^^^^^^^^^^^^  ^^^^^^^^^^^^^^^^^  ^^^^^^^^^^^^^^^
[INFO] [stdout] 
[INFO] [stdout] 
[INFO] [stderr]    Compiling parser v1.0.0 (/opt/rustwide/workdir/parser)
[INFO] [stdout] warning: unused imports: `FileDefinition` and `MemberDefinition`
[INFO] [stdout]   --> parser/src/lib.rs:10:18
[INFO] [stdout]    |
[INFO] [stdout] 10 | use crate::ast::{MemberDefinition, FuncDefinition, ParamDefinition, FieldDefinition, FileDefinition};
[INFO] [stdout]    |                  ^^^^^^^^^^^^^^^^                                                    ^^^^^^^^^^^^^^
[INFO] [stdout] 
[INFO] [stdout] 
[INFO] [stdout] warning: function `VecToStringTrimmed` should have a snake case name
[INFO] [stdout]   --> parser/src/lib.rs:14:4
[INFO] [stdout]    |
[INFO] [stdout] 14 | fn VecToStringTrimmed(v: Vec<&str>) -> String {
[INFO] [stdout]    |    ^^^^^^^^^^^^^^^^^^ help: convert the identifier to snake case: `vec_to_string_trimmed`
[INFO] [stdout]    |
[INFO] [stdout]    = note: `#[warn(non_snake_case)]` on by default
[INFO] [stdout] 
[INFO] [stdout] 
[INFO] [stderr]    Compiling redscript-mkdocs v1.0.0 (/opt/rustwide/workdir/core)
[INFO] [stdout] warning: unused import: `std::str::FromStr`
[INFO] [stdout]  --> parser/src/lib.rs:2:5
[INFO] [stdout]   |
[INFO] [stdout] 2 | use std::str::FromStr;
[INFO] [stdout]   |     ^^^^^^^^^^^^^^^^^
[INFO] [stdout]   |
[INFO] [stdout]   = note: `#[warn(unused_imports)]` on by default
[INFO] [stdout] 
[INFO] [stdout] 
[INFO] [stdout] warning: unused import: `peg::error::ParseError`
[INFO] [stdout]  --> parser/src/lib.rs:5:5
[INFO] [stdout]   |
[INFO] [stdout] 5 | use peg::error::ParseError;
[INFO] [stdout]   |     ^^^^^^^^^^^^^^^^^^^^^^
[INFO] [stdout] 
[INFO] [stdout] 
[INFO] [stdout] warning: unused import: `AnyDefinition`
[INFO] [stdout]  --> parser/src/lib.rs:7:18
[INFO] [stdout]   |
[INFO] [stdout] 7 | use crate::ast::{AnyDefinition, Ident, ScalarType, ContainerType, VariableType, TypeDeclaration};
[INFO] [stdout]   |                  ^^^^^^^^^^^^^
[INFO] [stdout] 
[INFO] [stdout] 
[INFO] [stdout] warning: unused imports: `ClassDefinition`, `EnumDefinition`, and `EnumValDefinition`
[INFO] [stdout]  --> parser/src/lib.rs:9:37
[INFO] [stdout]   |
[INFO] [stdout] 9 | use crate::ast::{CommentDefinition, EnumDefinition, EnumValDefinition, ClassDefinition};
[INFO] [stdout]   |                                     ^^^^^^^^^^^^^^  ^^^^^^^^^^^^^^^^^  ^^^^^^^^^^^^^^^
[INFO] [stdout] 
[INFO] [stdout] 
[INFO] [stdout] warning: unused imports: `FileDefinition` and `MemberDefinition`
[INFO] [stdout]   --> parser/src/lib.rs:10:18
[INFO] [stdout]    |
[INFO] [stdout] 10 | use crate::ast::{MemberDefinition, FuncDefinition, ParamDefinition, FieldDefinition, FileDefinition};
[INFO] [stdout]    |                  ^^^^^^^^^^^^^^^^                                                    ^^^^^^^^^^^^^^
[INFO] [stdout] 
[INFO] [stdout] 
[INFO] [stdout] warning: function `VecToStringTrimmed` should have a snake case name
[INFO] [stdout]   --> parser/src/lib.rs:14:4
[INFO] [stdout]    |
[INFO] [stdout] 14 | fn VecToStringTrimmed(v: Vec<&str>) -> String {
[INFO] [stdout]    |    ^^^^^^^^^^^^^^^^^^ help: convert the identifier to snake case: `vec_to_string_trimmed`
[INFO] [stdout]    |
[INFO] [stdout]    = note: `#[warn(non_snake_case)]` on by default
[INFO] [stdout] 
[INFO] [stdout] 
[INFO] [stderr]     Finished `test` profile [unoptimized + debuginfo] target(s) in 1.13s
[INFO] [stderr] warning: the following packages contain code that will be rejected by a future version of Rust: nom v6.1.2
[INFO] [stderr] note: to see what the problems were, use the option `--future-incompat-report`, or run `cargo report future-incompatibilities --id 1`
[INFO] running `Command { std: "docker" "inspect" "9789b9ce992cbdc24a239e776fb7ad76deed763f6a426055e3cdcd740a2ca390", kill_on_drop: false }`
[INFO] running `Command { std: "docker" "rm" "-f" "9789b9ce992cbdc24a239e776fb7ad76deed763f6a426055e3cdcd740a2ca390", kill_on_drop: false }`
[INFO] [stdout] 9789b9ce992cbdc24a239e776fb7ad76deed763f6a426055e3cdcd740a2ca390
[INFO] running `Command { std: "docker" "create" "-v" "/var/lib/crater-agent-workspace/builds/worker-1-tc2/target:/opt/rustwide/target:rw,Z" "-v" "/var/lib/crater-agent-workspace/builds/worker-1-tc2/source:/opt/rustwide/workdir:ro,Z" "-v" "/var/lib/crater-agent-workspace/cargo-home:/opt/rustwide/cargo-home:ro,Z" "-v" "/var/lib/crater-agent-workspace/rustup-home:/opt/rustwide/rustup-home:ro,Z" "-e" "SOURCE_DIR=/opt/rustwide/workdir" "-e" "CARGO_TARGET_DIR=/opt/rustwide/target" "-e" "CARGO_INCREMENTAL=0" "-e" "RUST_BACKTRACE=full" "-e" "RUSTFLAGS=--cap-lints=forbid -Zrandomize-layout" "-e" "RUSTDOCFLAGS=--cap-lints=forbid" "-e" "CARGO_HOME=/opt/rustwide/cargo-home" "-e" "RUSTUP_HOME=/opt/rustwide/rustup-home" "-w" "/opt/rustwide/workdir" "-m" "1610612736" "--user" "0:0" "--network" "none" "ghcr.io/rust-lang/crates-build-env/linux@sha256:819108c5571ea2e421544af4d832f968d213c87fbe3707a016657f43d2f853bc" "/opt/rustwide/cargo-home/bin/cargo" "+nightly-2025-01-18" "test" "--frozen", kill_on_drop: false }`
[INFO] [stdout] 0cc140991f283665ea1df35dbc70b66763866e271276968c110178a5c04cfecc
[INFO] running `Command { std: "docker" "start" "-a" "0cc140991f283665ea1df35dbc70b66763866e271276968c110178a5c04cfecc", kill_on_drop: false }`
[INFO] [stderr] warning: /opt/rustwide/workdir/Cargo.toml: the cargo feature `strip` has been stabilized in the 1.58 release and is no longer necessary to be listed in the manifest
[INFO] [stderr]   See https://doc.rust-lang.org/nightly/cargo/reference/profiles.html#strip-option for more information about using this feature.
[INFO] [stderr] warning: unused import: `std::str::FromStr`
[INFO] [stderr]  --> parser/src/lib.rs:2:5
[INFO] [stderr]   |
[INFO] [stderr] 2 | use std::str::FromStr;
[INFO] [stderr]   |     ^^^^^^^^^^^^^^^^^
[INFO] [stderr]   |
[INFO] [stderr]   = note: `#[warn(unused_imports)]` on by default
[INFO] [stderr] 
[INFO] [stderr] warning: unused import: `peg::error::ParseError`
[INFO] [stderr]  --> parser/src/lib.rs:5:5
[INFO] [stderr]   |
[INFO] [stderr] 5 | use peg::error::ParseError;
[INFO] [stderr]   |     ^^^^^^^^^^^^^^^^^^^^^^
[INFO] [stderr] 
[INFO] [stderr] warning: unused import: `AnyDefinition`
[INFO] [stderr]  --> parser/src/lib.rs:7:18
[INFO] [stderr]   |
[INFO] [stderr] 7 | use crate::ast::{AnyDefinition, Ident, ScalarType, ContainerType, VariableType, TypeDeclaration};
[INFO] [stderr]   |                  ^^^^^^^^^^^^^
[INFO] [stderr] 
[INFO] [stderr] warning: unused imports: `ClassDefinition`, `EnumDefinition`, and `EnumValDefinition`
[INFO] [stderr]  --> parser/src/lib.rs:9:37
[INFO] [stderr]   |
[INFO] [stderr] 9 | use crate::ast::{CommentDefinition, EnumDefinition, EnumValDefinition, ClassDefinition};
[INFO] [stderr]   |                                     ^^^^^^^^^^^^^^  ^^^^^^^^^^^^^^^^^  ^^^^^^^^^^^^^^^
[INFO] [stderr] 
[INFO] [stderr] warning: unused imports: `FileDefinition` and `MemberDefinition`
[INFO] [stderr]   --> parser/src/lib.rs:10:18
[INFO] [stderr]    |
[INFO] [stderr] 10 | use crate::ast::{MemberDefinition, FuncDefinition, ParamDefinition, FieldDefinition, FileDefinition};
[INFO] [stderr]    |                  ^^^^^^^^^^^^^^^^                                                    ^^^^^^^^^^^^^^
[INFO] [stderr] 
[INFO] [stderr] warning: function `VecToStringTrimmed` should have a snake case name
[INFO] [stderr]   --> parser/src/lib.rs:14:4
[INFO] [stderr]    |
[INFO] [stderr] 14 | fn VecToStringTrimmed(v: Vec<&str>) -> String {
[INFO] [stderr]    |    ^^^^^^^^^^^^^^^^^^ help: convert the identifier to snake case: `vec_to_string_trimmed`
[INFO] [stderr]    |
[INFO] [stderr]    = note: `#[warn(non_snake_case)]` on by default
[INFO] [stderr] 
[INFO] [stderr] warning: `parser` (lib) generated 6 warnings (run `cargo fix --lib -p parser` to apply 5 suggestions)
[INFO] [stderr] warning: `parser` (lib test) generated 6 warnings (6 duplicates)
[INFO] [stderr]     Finished `test` profile [unoptimized + debuginfo] target(s) in 0.08s
[INFO] [stderr] warning: the following packages contain code that will be rejected by a future version of Rust: nom v6.1.2
[INFO] [stderr] note: to see what the problems were, use the option `--future-incompat-report`, or run `cargo report future-incompatibilities --id 1`
[INFO] [stderr]      Running unittests src/lib.rs (/opt/rustwide/target/debug/deps/parser-e7f2da2dd2abb9ac)
[INFO] [stdout] 
[INFO] [stdout] running 5 tests
[INFO] [stdout] test tests::parse_comment_block ... ok
[INFO] [stdout] test tests::parse_comment_line ... ok
[INFO] [stdout] test tests::parse_field_uncommented ... ok
[INFO] [stdout] test tests::parse_type_args ... FAILED
[INFO] [stdout] test tests::parse_field_commented ... FAILED
[INFO] [stdout] 
[INFO] [stdout] failures:
[INFO] [stdout] 
[INFO] [stdout] ---- tests::parse_type_args stdout ----
[INFO] [stdout] 
[INFO] [stdout] thread 'tests::parse_type_args' panicked at parser/src/lib.rs:264:67:
[INFO] [stdout] called `Result::unwrap()` on an `Err` value: ParseError { location: LineCol { line: 1, column: 6, offset: 5 }, expected: ExpectedSet { expected: {"['0'..='9' | 'a'..='z' | 'A'..='Z' | '_']", "EOF"} } }
[INFO] [stdout] stack backtrace:
[INFO] [stdout]    0:     0x64bf31a3a07a - std::backtrace_rs::backtrace::libunwind::trace::hb059275cfc8d6126
[INFO] [stdout]                                at /rustc/6067b36314ab5eb2eb47cecc464545ba58e1ad24/library/std/src/../../backtrace/src/backtrace/libunwind.rs:116:5
[INFO] [stdout]    1:     0x64bf31a3a07a - std::backtrace_rs::backtrace::trace_unsynchronized::h2da071e4327ce3ee
[INFO] [stdout]                                at /rustc/6067b36314ab5eb2eb47cecc464545ba58e1ad24/library/std/src/../../backtrace/src/backtrace/mod.rs:66:5
[INFO] [stdout]    2:     0x64bf31a3a07a - std::sys::backtrace::_print_fmt::h842a1474e6f8d23f
[INFO] [stdout]                                at /rustc/6067b36314ab5eb2eb47cecc464545ba58e1ad24/library/std/src/sys/backtrace.rs:66:9
[INFO] [stdout]    3:     0x64bf31a3a07a - <std::sys::backtrace::BacktraceLock::print::DisplayBacktrace as core::fmt::Display>::fmt::h71a62eb3b9696b12
[INFO] [stdout]                                at /rustc/6067b36314ab5eb2eb47cecc464545ba58e1ad24/library/std/src/sys/backtrace.rs:39:26
[INFO] [stdout]    4:     0x64bf31a61713 - core::fmt::rt::Argument::fmt::hdb6b616786b41dc1
[INFO] [stdout]                                at /rustc/6067b36314ab5eb2eb47cecc464545ba58e1ad24/library/core/src/fmt/rt.rs:177:76
[INFO] [stdout]    5:     0x64bf31a61713 - core::fmt::write::h2cc1698af7e2d686
[INFO] [stdout]                                at /rustc/6067b36314ab5eb2eb47cecc464545ba58e1ad24/library/core/src/fmt/mod.rs:1440:21
[INFO] [stdout]    6:     0x64bf31a36bd3 - std::io::Write::write_fmt::hab1b4cd059a79022
[INFO] [stdout]                                at /rustc/6067b36314ab5eb2eb47cecc464545ba58e1ad24/library/std/src/io/mod.rs:1887:15
[INFO] [stdout]    7:     0x64bf31a39ec2 - std::sys::backtrace::BacktraceLock::print::h147fe35b4ea13b08
[INFO] [stdout]                                at /rustc/6067b36314ab5eb2eb47cecc464545ba58e1ad24/library/std/src/sys/backtrace.rs:42:9
[INFO] [stdout]    8:     0x64bf31a3b49f - std::panicking::default_hook::{{closure}}::hbd44223dbdc0d208
[INFO] [stdout]                                at /rustc/6067b36314ab5eb2eb47cecc464545ba58e1ad24/library/std/src/panicking.rs:298:22
[INFO] [stdout]    9:     0x64bf31a3b2b8 - std::panicking::default_hook::h20f81eb0576efcec
[INFO] [stdout]                                at /rustc/6067b36314ab5eb2eb47cecc464545ba58e1ad24/library/std/src/panicking.rs:322:9
[INFO] [stdout]   10:     0x64bf319fb133 - <alloc::boxed::Box<F,A> as core::ops::function::Fn<Args>>::call::hdb53814c496a4d34
[INFO] [stdout]                                at /rustc/6067b36314ab5eb2eb47cecc464545ba58e1ad24/library/alloc/src/boxed.rs:2027:9
[INFO] [stdout]   11:     0x64bf319fb133 - test::test_main::{{closure}}::hc0a4963c59427c24
[INFO] [stdout]                                at /rustc/6067b36314ab5eb2eb47cecc464545ba58e1ad24/library/test/src/lib.rs:134:21
[INFO] [stdout]   12:     0x64bf31a3bf93 - <alloc::boxed::Box<F,A> as core::ops::function::Fn<Args>>::call::h591b2225413a77e9
[INFO] [stdout]                                at /rustc/6067b36314ab5eb2eb47cecc464545ba58e1ad24/library/alloc/src/boxed.rs:2027:9
[INFO] [stdout]   13:     0x64bf31a3bf93 - std::panicking::rust_panic_with_hook::h625eea43051b2edc
[INFO] [stdout]                                at /rustc/6067b36314ab5eb2eb47cecc464545ba58e1ad24/library/std/src/panicking.rs:839:13
[INFO] [stdout]   14:     0x64bf31a3bc4a - std::panicking::begin_panic_handler::{{closure}}::h4f9159cfbc3f6bd3
[INFO] [stdout]                                at /rustc/6067b36314ab5eb2eb47cecc464545ba58e1ad24/library/std/src/panicking.rs:704:13
[INFO] [stdout]   15:     0x64bf31a3a579 - std::sys::backtrace::__rust_end_short_backtrace::h0390abce48353151
[INFO] [stdout]                                at /rustc/6067b36314ab5eb2eb47cecc464545ba58e1ad24/library/std/src/sys/backtrace.rs:168:18
[INFO] [stdout]   16:     0x64bf31a3b8dd - rust_begin_unwind
[INFO] [stdout]                                at /rustc/6067b36314ab5eb2eb47cecc464545ba58e1ad24/library/std/src/panicking.rs:695:5
[INFO] [stdout]   17:     0x64bf31a600b0 - core::panicking::panic_fmt::h9e7c637e9e5f29c9
[INFO] [stdout]                                at /rustc/6067b36314ab5eb2eb47cecc464545ba58e1ad24/library/core/src/panicking.rs:75:14
[INFO] [stdout]   18:     0x64bf31a60526 - core::result::unwrap_failed::h7979f09313fe1849
[INFO] [stdout]                                at /rustc/6067b36314ab5eb2eb47cecc464545ba58e1ad24/library/core/src/result.rs:1704:5
[INFO] [stdout]   19:     0x64bf319af77d - core::result::Result<T,E>::unwrap::hfdc181cf41d7b018
[INFO] [stdout]                                at /rustc/6067b36314ab5eb2eb47cecc464545ba58e1ad24/library/core/src/result.rs:1109:23
[INFO] [stdout]   20:     0x64bf319af77d - parser::tests::parse_type_args::h69ca7efc029b6dec
[INFO] [stdout]                                at /opt/rustwide/workdir/parser/src/lib.rs:264:22
[INFO] [stdout]   21:     0x64bf319af6c7 - parser::tests::parse_type_args::{{closure}}::h22493e88071d8047
[INFO] [stdout]                                at /opt/rustwide/workdir/parser/src/lib.rs:263:25
[INFO] [stdout]   22:     0x64bf319bded6 - core::ops::function::FnOnce::call_once::heb0ad6d2e69be39a
[INFO] [stdout]                                at /rustc/6067b36314ab5eb2eb47cecc464545ba58e1ad24/library/core/src/ops/function.rs:250:5
[INFO] [stdout]   23:     0x64bf31a0088b - core::ops::function::FnOnce::call_once::he27718dfdd183f43
[INFO] [stdout]                                at /rustc/6067b36314ab5eb2eb47cecc464545ba58e1ad24/library/core/src/ops/function.rs:250:5
[INFO] [stdout]   24:     0x64bf31a0088b - test::__rust_begin_short_backtrace::h4e84902998457a5d
[INFO] [stdout]                                at /rustc/6067b36314ab5eb2eb47cecc464545ba58e1ad24/library/test/src/lib.rs:632:18
[INFO] [stdout]   25:     0x64bf319ff7c3 - test::run_test_in_process::{{closure}}::h7176fd18fc1feca0
[INFO] [stdout]                                at /rustc/6067b36314ab5eb2eb47cecc464545ba58e1ad24/library/test/src/lib.rs:655:60
[INFO] [stdout]   26:     0x64bf319ff7c3 - <core::panic::unwind_safe::AssertUnwindSafe<F> as core::ops::function::FnOnce<()>>::call_once::hf79cff2a624d8cf7
[INFO] [stdout]                                at /rustc/6067b36314ab5eb2eb47cecc464545ba58e1ad24/library/core/src/panic/unwind_safe.rs:272:9
[INFO] [stdout]   27:     0x64bf319ff7c3 - std::panicking::try::do_call::h3da0561d9ab99c25
[INFO] [stdout]                                at /rustc/6067b36314ab5eb2eb47cecc464545ba58e1ad24/library/std/src/panicking.rs:587:40
[INFO] [stdout]   28:     0x64bf319ff7c3 - std::panicking::try::h41c9fa508bc61df6
[INFO] [stdout]                                at /rustc/6067b36314ab5eb2eb47cecc464545ba58e1ad24/library/std/src/panicking.rs:550:19
[INFO] [stdout]   29:     0x64bf319ff7c3 - std::panic::catch_unwind::h6b3ff07bb5afad93
[INFO] [stdout]                                at /rustc/6067b36314ab5eb2eb47cecc464545ba58e1ad24/library/std/src/panic.rs:358:14
[INFO] [stdout]   30:     0x64bf319ff7c3 - test::run_test_in_process::hc7253dd11b39b9f4
[INFO] [stdout]                                at /rustc/6067b36314ab5eb2eb47cecc464545ba58e1ad24/library/test/src/lib.rs:655:27
[INFO] [stdout]   31:     0x64bf319ff7c3 - test::run_test::{{closure}}::hfb2007f8649c30bb
[INFO] [stdout]                                at /rustc/6067b36314ab5eb2eb47cecc464545ba58e1ad24/library/test/src/lib.rs:576:43
[INFO] [stdout]   32:     0x64bf319c28a5 - test::run_test::{{closure}}::h56a17aa7a282a9f4
[INFO] [stdout]                                at /rustc/6067b36314ab5eb2eb47cecc464545ba58e1ad24/library/test/src/lib.rs:606:41
[INFO] [stdout]   33:     0x64bf319c28a5 - std::sys::backtrace::__rust_begin_short_backtrace::hd2d2d2fb8e8c6aac
[INFO] [stdout]                                at /rustc/6067b36314ab5eb2eb47cecc464545ba58e1ad24/library/std/src/sys/backtrace.rs:152:18
[INFO] [stdout]   34:     0x64bf319c618a - std::thread::Builder::spawn_unchecked_::{{closure}}::{{closure}}::h4faa3f9db6133423
[INFO] [stdout]                                at /rustc/6067b36314ab5eb2eb47cecc464545ba58e1ad24/library/std/src/thread/mod.rs:559:17
[INFO] [stdout]   35:     0x64bf319c618a - <core::panic::unwind_safe::AssertUnwindSafe<F> as core::ops::function::FnOnce<()>>::call_once::hf2e855a36a4ea846
[INFO] [stdout]                                at /rustc/6067b36314ab5eb2eb47cecc464545ba58e1ad24/library/core/src/panic/unwind_safe.rs:272:9
[INFO] [stdout]   36:     0x64bf319c618a - std::panicking::try::do_call::h2f73af3616c35465
[INFO] [stdout]                                at /rustc/6067b36314ab5eb2eb47cecc464545ba58e1ad24/library/std/src/panicking.rs:587:40
[INFO] [stdout]   37:     0x64bf319c618a - std::panicking::try::hd1660ce9efadef5a
[INFO] [stdout]                                at /rustc/6067b36314ab5eb2eb47cecc464545ba58e1ad24/library/std/src/panicking.rs:550:19
[INFO] [stdout]   38:     0x64bf319c618a - std::panic::catch_unwind::h5ee8d7823b8ca744
[INFO] [stdout]                                at /rustc/6067b36314ab5eb2eb47cecc464545ba58e1ad24/library/std/src/panic.rs:358:14
[INFO] [stdout]   39:     0x64bf319c618a - std::thread::Builder::spawn_unchecked_::{{closure}}::h53c3a1894dce8407
[INFO] [stdout]                                at /rustc/6067b36314ab5eb2eb47cecc464545ba58e1ad24/library/std/src/thread/mod.rs:557:30
[INFO] [stdout]   40:     0x64bf319c618a - core::ops::function::FnOnce::call_once{{vtable.shim}}::h048ce291ad4f62bf
[INFO] [stdout]                                at /rustc/6067b36314ab5eb2eb47cecc464545ba58e1ad24/library/core/src/ops/function.rs:250:5
[INFO] [stdout]   41:     0x64bf31a3fecb - <alloc::boxed::Box<F,A> as core::ops::function::FnOnce<Args>>::call_once::ha52bedf99a3b4981
[INFO] [stdout]                                at /rustc/6067b36314ab5eb2eb47cecc464545ba58e1ad24/library/alloc/src/boxed.rs:2013:9
[INFO] [stdout]   42:     0x64bf31a3fecb - <alloc::boxed::Box<F,A> as core::ops::function::FnOnce<Args>>::call_once::h567748934d80ccf8
[INFO] [stdout]                                at /rustc/6067b36314ab5eb2eb47cecc464545ba58e1ad24/library/alloc/src/boxed.rs:2013:9
[INFO] [stdout]   43:     0x64bf31a3fecb - std::sys::pal::unix::thread::Thread::new::thread_start::h2d970728ae887adc
[INFO] [stdout]                                at /rustc/6067b36314ab5eb2eb47cecc464545ba58e1ad24/library/std/src/sys/pal/unix/thread.rs:106:17
[INFO] [stdout]   44:     0x7d7d92fd9ac3 - <unknown>
[INFO] [stdout]   45:     0x7d7d9306aa04 - clone
[INFO] [stdout]   46:                0x0 - <unknown>
[INFO] [stdout] 
[INFO] [stdout] ---- tests::parse_field_commented stdout ----
[INFO] [stdout] 
[INFO] [stdout] thread 'tests::parse_field_commented' panicked at parser/src/lib.rs:281:66:
[INFO] [stdout] called `Result::unwrap()` on an `Err` value: ParseError { location: LineCol { line: 8, column: 54, offset: 280 }, expected: ExpectedSet { expected: {"\";\"", "['0'..='9' | 'a'..='z' | 'A'..='Z' | '_']"} } }
[INFO] [stdout] stack backtrace:
[INFO] [stdout]    0:     0x64bf31a3a07a - std::backtrace_rs::backtrace::libunwind::trace::hb059275cfc8d6126
[INFO] [stdout]                                at /rustc/6067b36314ab5eb2eb47cecc464545ba58e1ad24/library/std/src/../../backtrace/src/backtrace/libunwind.rs:116:5
[INFO] [stdout]    1:     0x64bf31a3a07a - std::backtrace_rs::backtrace::trace_unsynchronized::h2da071e4327ce3ee
[INFO] [stdout]                                at /rustc/6067b36314ab5eb2eb47cecc464545ba58e1ad24/library/std/src/../../backtrace/src/backtrace/mod.rs:66:5
[INFO] [stdout]    2:     0x64bf31a3a07a - std::sys::backtrace::_print_fmt::h842a1474e6f8d23f
[INFO] [stdout]                                at /rustc/6067b36314ab5eb2eb47cecc464545ba58e1ad24/library/std/src/sys/backtrace.rs:66:9
[INFO] [stdout]    3:     0x64bf31a3a07a - <std::sys::backtrace::BacktraceLock::print::DisplayBacktrace as core::fmt::Display>::fmt::h71a62eb3b9696b12
[INFO] [stdout]                                at /rustc/6067b36314ab5eb2eb47cecc464545ba58e1ad24/library/std/src/sys/backtrace.rs:39:26
[INFO] [stdout]    4:     0x64bf31a61713 - core::fmt::rt::Argument::fmt::hdb6b616786b41dc1
[INFO] [stdout]                                at /rustc/6067b36314ab5eb2eb47cecc464545ba58e1ad24/library/core/src/fmt/rt.rs:177:76
[INFO] [stdout]    5:     0x64bf31a61713 - core::fmt::write::h2cc1698af7e2d686
[INFO] [stdout]                                at /rustc/6067b36314ab5eb2eb47cecc464545ba58e1ad24/library/core/src/fmt/mod.rs:1440:21
[INFO] [stdout]    6:     0x64bf31a36bd3 - std::io::Write::write_fmt::hab1b4cd059a79022
[INFO] [stdout]                                at /rustc/6067b36314ab5eb2eb47cecc464545ba58e1ad24/library/std/src/io/mod.rs:1887:15
[INFO] [stdout]    7:     0x64bf31a39ec2 - std::sys::backtrace::BacktraceLock::print::h147fe35b4ea13b08
[INFO] [stdout]                                at /rustc/6067b36314ab5eb2eb47cecc464545ba58e1ad24/library/std/src/sys/backtrace.rs:42:9
[INFO] [stdout]    8:     0x64bf31a3b49f - std::panicking::default_hook::{{closure}}::hbd44223dbdc0d208
[INFO] [stdout]                                at /rustc/6067b36314ab5eb2eb47cecc464545ba58e1ad24/library/std/src/panicking.rs:298:22
[INFO] [stdout]    9:     0x64bf31a3b2b8 - std::panicking::default_hook::h20f81eb0576efcec
[INFO] [stdout]                                at /rustc/6067b36314ab5eb2eb47cecc464545ba58e1ad24/library/std/src/panicking.rs:322:9
[INFO] [stdout]   10:     0x64bf319fb133 - <alloc::boxed::Box<F,A> as core::ops::function::Fn<Args>>::call::hdb53814c496a4d34
[INFO] [stdout]                                at /rustc/6067b36314ab5eb2eb47cecc464545ba58e1ad24/library/alloc/src/boxed.rs:2027:9
[INFO] [stdout]   11:     0x64bf319fb133 - test::test_main::{{closure}}::hc0a4963c59427c24
[INFO] [stdout]                                at /rustc/6067b36314ab5eb2eb47cecc464545ba58e1ad24/library/test/src/lib.rs:134:21
[INFO] [stdout]   12:     0x64bf31a3bf93 - <alloc::boxed::Box<F,A> as core::ops::function::Fn<Args>>::call::h591b2225413a77e9
[INFO] [stdout]                                at /rustc/6067b36314ab5eb2eb47cecc464545ba58e1ad24/library/alloc/src/boxed.rs:2027:9
[INFO] [stdout]   13:     0x64bf31a3bf93 - std::panicking::rust_panic_with_hook::h625eea43051b2edc
[INFO] [stdout]                                at /rustc/6067b36314ab5eb2eb47cecc464545ba58e1ad24/library/std/src/panicking.rs:839:13
[INFO] [stdout]   14:     0x64bf31a3bc4a - std::panicking::begin_panic_handler::{{closure}}::h4f9159cfbc3f6bd3
[INFO] [stdout]                                at /rustc/6067b36314ab5eb2eb47cecc464545ba58e1ad24/library/std/src/panicking.rs:704:13
[INFO] [stdout]   15:     0x64bf31a3a579 - std::sys::backtrace::__rust_end_short_backtrace::h0390abce48353151
[INFO] [stdout]                                at /rustc/6067b36314ab5eb2eb47cecc464545ba58e1ad24/library/std/src/sys/backtrace.rs:168:18
[INFO] [stdout]   16:     0x64bf31a3b8dd - rust_begin_unwind
[INFO] [stdout]                                at /rustc/6067b36314ab5eb2eb47cecc464545ba58e1ad24/library/std/src/panicking.rs:695:5
[INFO] [stdout]   17:     0x64bf31a600b0 - core::panicking::panic_fmt::h9e7c637e9e5f29c9
[INFO] [stdout]                                at /rustc/6067b36314ab5eb2eb47cecc464545ba58e1ad24/library/core/src/panicking.rs:75:14
[INFO] [stdout]   18:     0x64bf31a60526 - core::result::unwrap_failed::h7979f09313fe1849
[INFO] [stdout]                                at /rustc/6067b36314ab5eb2eb47cecc464545ba58e1ad24/library/core/src/result.rs:1704:5
[INFO] [stdout]   19:     0x64bf319afc2a - core::result::Result<T,E>::unwrap::ha2dfb66a5dcc028d
[INFO] [stdout]                                at /rustc/6067b36314ab5eb2eb47cecc464545ba58e1ad24/library/core/src/result.rs:1109:23
[INFO] [stdout]   20:     0x64bf319afc2a - parser::tests::parse_field_commented::hab05033664199e21
[INFO] [stdout]                                at /opt/rustwide/workdir/parser/src/lib.rs:273:21
[INFO] [stdout]   21:     0x64bf319afb47 - parser::tests::parse_field_commented::{{closure}}::h8ec7664fd165c5e2
[INFO] [stdout]                                at /opt/rustwide/workdir/parser/src/lib.rs:272:31
[INFO] [stdout]   22:     0x64bf319bddd6 - core::ops::function::FnOnce::call_once::h4e815d94e8fa520a
[INFO] [stdout]                                at /rustc/6067b36314ab5eb2eb47cecc464545ba58e1ad24/library/core/src/ops/function.rs:250:5
[INFO] [stdout]   23:     0x64bf31a0088b - core::ops::function::FnOnce::call_once::he27718dfdd183f43
[INFO] [stdout]                                at /rustc/6067b36314ab5eb2eb47cecc464545ba58e1ad24/library/core/src/ops/function.rs:250:5
[INFO] [stdout]   24:     0x64bf31a0088b - test::__rust_begin_short_backtrace::h4e84902998457a5d
[INFO] [stdout]                                at /rustc/6067b36314ab5eb2eb47cecc464545ba58e1ad24/library/test/src/lib.rs:632:18
[INFO] [stdout]   25:     0x64bf319ff7c3 - test::run_test_in_process::{{closure}}::h7176fd18fc1feca0
[INFO] [stdout]                                at /rustc/6067b36314ab5eb2eb47cecc464545ba58e1ad24/library/test/src/lib.rs:655:60
[INFO] [stdout]   26:     0x64bf319ff7c3 - <core::panic::unwind_safe::AssertUnwindSafe<F> as core::ops::function::FnOnce<()>>::call_once::hf79cff2a624d8cf7
[INFO] [stdout]                                at /rustc/6067b36314ab5eb2eb47cecc464545ba58e1ad24/library/core/src/panic/unwind_safe.rs:272:9
[INFO] [stdout]   27:     0x64bf319ff7c3 - std::panicking::try::do_call::h3da0561d9ab99c25
[INFO] [stdout]                                at /rustc/6067b36314ab5eb2eb47cecc464545ba58e1ad24/library/std/src/panicking.rs:587:40
[INFO] [stdout]   28:     0x64bf319ff7c3 - std::panicking::try::h41c9fa508bc61df6
[INFO] [stdout]                                at /rustc/6067b36314ab5eb2eb47cecc464545ba58e1ad24/library/std/src/panicking.rs:550:19
[INFO] [stdout]   29:     0x64bf319ff7c3 - std::panic::catch_unwind::h6b3ff07bb5afad93
[INFO] [stdout]                                at /rustc/6067b36314ab5eb2eb47cecc464545ba58e1ad24/library/std/src/panic.rs:358:14
[INFO] [stdout]   30:     0x64bf319ff7c3 - test::run_test_in_process::hc7253dd11b39b9f4
[INFO] [stdout]                                at /rustc/6067b36314ab5eb2eb47cecc464545ba58e1ad24/library/test/src/lib.rs:655:27
[INFO] [stdout]   31:     0x64bf319ff7c3 - test::run_test::{{closure}}::hfb2007f8649c30bb
[INFO] [stdout]                                at /rustc/6067b36314ab5eb2eb47cecc464545ba58e1ad24/library/test/src/lib.rs:576:43
[INFO] [stdout]   32:     0x64bf319c28a5 - test::run_test::{{closure}}::h56a17aa7a282a9f4
[INFO] [stdout]                                at /rustc/6067b36314ab5eb2eb47cecc464545ba58e1ad24/library/test/src/lib.rs:606:41
[INFO] [stdout]   33:     0x64bf319c28a5 - std::sys::backtrace::__rust_begin_short_backtrace::hd2d2d2fb8e8c6aac
[INFO] [stdout]                                at /rustc/6067b36314ab5eb2eb47cecc464545ba58e1ad24/library/std/src/sys/backtrace.rs:152:18
[INFO] [stdout]   34:     0x64bf319c618a - std::thread::Builder::spawn_unchecked_::{{closure}}::{{closure}}::h4faa3f9db6133423
[INFO] [stdout]                                at /rustc/6067b36314ab5eb2eb47cecc464545ba58e1ad24/library/std/src/thread/mod.rs:559:17
[INFO] [stdout]   35:     0x64bf319c618a - <core::panic::unwind_safe::AssertUnwindSafe<F> as core::ops::function::FnOnce<()>>::call_once::hf2e855a36a4ea846
[INFO] [stdout]                                at /rustc/6067b36314ab5eb2eb47cecc464545ba58e1ad24/library/core/src/panic/unwind_safe.rs:272:9
[INFO] [stdout]   36:     0x64bf319c618a - std::panicking::try::do_call::h2f73af3616c35465
[INFO] [stdout]                                at /rustc/6067b36314ab5eb2eb47cecc464545ba58e1ad24/library/std/src/panicking.rs:587:40
[INFO] [stdout]   37:     0x64bf319c618a - std::panicking::try::hd1660ce9efadef5a
[INFO] [stdout]                                at /rustc/6067b36314ab5eb2eb47cecc464545ba58e1ad24/library/std/src/panicking.rs:550:19
[INFO] [stdout]   38:     0x64bf319c618a - std::panic::catch_unwind::h5ee8d7823b8ca744
[INFO] [stdout]                                at /rustc/6067b36314ab5eb2eb47cecc464545ba58e1ad24/library/std/src/panic.rs:358:14
[INFO] [stdout]   39:     0x64bf319c618a - std::thread::Builder::spawn_unchecked_::{{closure}}::h53c3a1894dce8407
[INFO] [stdout]                                at /rustc/6067b36314ab5eb2eb47cecc464545ba58e1ad24/library/std/src/thread/mod.rs:557:30
[INFO] [stdout]   40:     0x64bf319c618a - core::ops::function::FnOnce::call_once{{vtable.shim}}::h048ce291ad4f62bf
[INFO] [stdout]                                at /rustc/6067b36314ab5eb2eb47cecc464545ba58e1ad24/library/core/src/ops/function.rs:250:5
[INFO] [stdout]   41:     0x64bf31a3fecb - <alloc::boxed::Box<F,A> as core::ops::function::FnOnce<Args>>::call_once::ha52bedf99a3b4981
[INFO] [stdout]                                at /rustc/6067b36314ab5eb2eb47cecc464545ba58e1ad24/library/alloc/src/boxed.rs:2013:9
[INFO] [stdout]   42:     0x64bf31a3fecb - <alloc::boxed::Box<F,A> as core::ops::function::FnOnce<Args>>::call_once::h567748934d80ccf8
[INFO] [stdout]                                at /rustc/6067b36314ab5eb2eb47cecc464545ba58e1ad24/library/alloc/src/boxed.rs:2013:9
[INFO] [stdout]   43:     0x64bf31a3fecb - std::sys::pal::unix::thread::Thread::new::thread_start::h2d970728ae887adc
[INFO] [stdout]                                at /rustc/6067b36314ab5eb2eb47cecc464545ba58e1ad24/library/std/src/sys/pal/unix/thread.rs:106:17
[INFO] [stdout]   44:     0x7d7d92fd9ac3 - <unknown>
[INFO] [stdout]   45:     0x7d7d9306aa04 - clone
[INFO] [stdout]   46:                0x0 - <unknown>
[INFO] [stdout] 
[INFO] [stdout] 
[INFO] [stdout] failures:
[INFO] [stdout]     tests::parse_field_commented
[INFO] [stdout]     tests::parse_type_args
[INFO] [stdout] 
[INFO] [stdout] test result: FAILED. 3 passed; 2 failed; 0 ignored; 0 measured; 0 filtered out; finished in 0.04s
[INFO] [stdout] 
[INFO] [stderr] error: test failed, to rerun pass `-p parser --lib`
[INFO] running `Command { std: "docker" "inspect" "0cc140991f283665ea1df35dbc70b66763866e271276968c110178a5c04cfecc", kill_on_drop: false }`
[INFO] running `Command { std: "docker" "rm" "-f" "0cc140991f283665ea1df35dbc70b66763866e271276968c110178a5c04cfecc", kill_on_drop: false }`
[INFO] [stdout] 0cc140991f283665ea1df35dbc70b66763866e271276968c110178a5c04cfecc
